207.46.13.111 - - [09/Nov/2024:14:28:41 -0500] "GET /aestheticbfp.xml HTTP/1.1" 404 14950 "-" "Mozilla/5.0 AppleWebKit/537.36 (KHTML, like Gecko; compatible; bingbot/2.0; +http://www.bing.com/bingbot.htm) Chrome/116.0.1938.76 Safari/537.36"
207.46.13.111 - - [09/Nov/2024:14:28:44 -0500] "GET /reprehendingzxj.xml HTTP/1.1" 404 14947 "-" "Mozilla/5.0 AppleWebKit/537.36 (KHTML, like Gecko; compatible; bingbot/2.0; +http://www.bing.com/bingbot.htm) Chrome/116.0.1938.76 Safari/537.36"
207.46.13.111 - - [09/Nov/2024:14:28:45 -0500] "GET /harpyeagleiki.xml HTTP/1.1" 404 14974 "-" "Mozilla/5.0 AppleWebKit/537.36 (KHTML, like Gecko; compatible; bingbot/2.0; +http://www.bing.com/bingbot.htm) Chrome/116.0.1938.76 Safari/537.36"
52.167.144.206 - - [09/Nov/2024:14:28:52 -0500] "GET /sitemap_index.xml HTTP/1.1" 200 381 "-" "Mozilla/5.0 AppleWebKit/537.36 (KHTML, like Gecko; compatible; bingbot/2.0; +http://www.bing.com/bingbot.htm) Chrome/116.0.1938.76 Safari/537.36"
52.167.144.206 - - [09/Nov/2024:14:28:55 -0500] "GET /preimagerrv.xml HTTP/1.1" 404 14977 "-" "Mozilla/5.0 AppleWebKit/537.36 (KHTML, like Gecko; compatible; bingbot/2.0; +http://www.bing.com/bingbot.htm) Chrome/116.0.1938.76 Safari/537.36"
52.167.144.206 - - [09/Nov/2024:14:28:57 -0500] "GET /laoighisolw.xml HTTP/1.1" 404 14993 "-" "Mozilla/5.0 AppleWebKit/537.36 (KHTML, like Gecko; compatible; bingbot/2.0; +http://www.bing.com/bingbot.htm) Chrome/116.0.1938.76 Safari/537.36"
52.167.144.206 - - [09/Nov/2024:14:28:58 -0500] "GET /declinometerjsq.xml HTTP/1.1" 404 14981 "-" "Mozilla/5.0 AppleWebKit/537.36 (KHTML, like Gecko; compatible; bingbot/2.0; +http://www.bing.com/bingbot.htm) Chrome/116.0.1938.76 Safari/537.36"
52.167.144.206 - - [09/Nov/2024:14:29:01 -0500] "GET /selfrepressionnnb.xml HTTP/1.1" 404 14993 "-" "Mozilla/5.0 AppleWebKit/537.36 (KHTML, like Gecko; compatible; bingbot/2.0; +http://www.bing.com/bingbot.htm) Chrome/116.0.1938.76 Safari/537.36"
68.65.122.142 - - [09/Nov/2024:14:36:33 -0500] "POST /wp-cron.php?doing_wp_cron=1731180993.9885640144348144531250 HTTP/1.1" 403 1242 "-" "WordPress/6.2.1; https://glenbowcollege.ca"
66.249.68.38 - - [09/Nov/2024:14:36:46 -0500] "GET / HTTP/1.1" 200 20458 "-" "Mozilla/5.0 (compatible; Googlebot/2.1; +http://www.google.com/bot.html)"
66.249.68.39 - - [09/Nov/2024:14:36:49 -0500] "GET /wp-content/plugins/coblocks/dist/style-coblocks-1.css?ver=3.1.5 HTTP/1.1" 200 34606 "https://glenbowcollege.ca/" "Mozilla/5.0 AppleWebKit/537.36 (KHTML, like Gecko; compatible; Googlebot/2.1; +http://www.google.com/bot.html) Chrome/130.0.6723.69 Safari/537.36"
66.249.68.38 - - [09/Nov/2024:14:36:49 -0500] "GET /wp-content/themes/education-hub-pro/style.css?ver=3.4.1 HTTP/1.1" 200 14555 "https://glenbowcollege.ca/" "Mozilla/5.0 AppleWebKit/537.36 (KHTML, like Gecko; compatible; Googlebot/2.1; +http://www.google.com/bot.html) Chrome/130.0.6723.69 Safari/537.36"
66.249.68.39 - - [09/Nov/2024:14:36:49 -0500] "GET /wp-content/plugins/contact-form-7/includes/css/styles.css?ver=5.8.6 HTTP/1.1" 200 890 "https://glenbowcollege.ca/" "Mozilla/5.0 AppleWebKit/537.36 (KHTML, like Gecko; compatible; Googlebot/2.1; +http://www.google.com/bot.html) Chrome/130.0.6723.69 Safari/537.36"
66.249.68.38 - - [09/Nov/2024:14:36:50 -0500] "GET /wp-content/plugins/add-to-cart-direct-checkout-for-woocommerce/public/css/pi-dcw-public.css?ver=2.1.64 HTTP/1.1" 200 294 "https://glenbowcollege.ca/" "Mozilla/5.0 AppleWebKit/537.36 (KHTML, like Gecko; compatible; Googlebot/2.1; +http://www.google.com/bot.html) Chrome/130.0.6723.69 Safari/537.36"
66.249.68.38 - - [09/Nov/2024:14:36:50 -0500] "GET /wp-content/plugins/woocommerce/assets/css/woocommerce.css?ver=7.8.0 HTTP/1.1" 200 8786 "https://glenbowcollege.ca/" "Mozilla/5.0 AppleWebKit/537.36 (KHTML, like Gecko; compatible; Googlebot/2.1; +http://www.google.com/bot.html) Chrome/130.0.6723.69 Safari/537.36"
68.65.122.142 - - [09/Nov/2024:14:28:42 -0500] "POST /wp-cron.php?doing_wp_cron=1731180522.3940660953521728515625 HTTP/1.1" 403 1242 "-" "WordPress/6.2.1; https://glenbowcollege.ca"
207.46.13.111 - - [09/Nov/2024:14:28:42 -0500] "GET /derotremadlo.xml HTTP/1.1" 404 14987 "-" "Mozilla/5.0 AppleWebKit/537.36 (KHTML, like Gecko; compatible; bingbot/2.0; +http://www.bing.com/bingbot.htm) Chrome/116.0.1938.76 Safari/537.36"
52.167.144.233 - - [09/Nov/2024:14:28:46 -0500] "GET /dicalcicxkl.xml HTTP/1.1" 404 15007 "-" "Mozilla/5.0 AppleWebKit/537.36 (KHTML, like Gecko; compatible; bingbot/2.0; +http://www.bing.com/bingbot.htm) Chrome/116.0.1938.76 Safari/537.36"
52.167.144.233 - - [09/Nov/2024:14:28:47 -0500] "GET /setsyxr.xml HTTP/1.1" 404 14978 "-" "Mozilla/5.0 AppleWebKit/537.36 (KHTML, like Gecko; compatible; bingbot/2.0; +http://www.bing.com/bingbot.htm) Chrome/116.0.1938.76 Safari/537.36"
52.167.144.233 - - [09/Nov/2024:14:28:49 -0500] "GET /nantzeti.xml HTTP/1.1" 404 14994 "-" "Mozilla/5.0 AppleWebKit/537.36 (KHTML, like Gecko; compatible; bingbot/2.0; +http://www.bing.com/bingbot.htm) Chrome/116.0.1938.76 Safari/537.36"
52.167.144.206 - - [09/Nov/2024:14:28:51 -0500] "GET /sitemap.xml HTTP/1.1" 301 0 "-" "Mozilla/5.0 AppleWebKit/537.36 (KHTML, like Gecko; compatible; bingbot/2.0; +http://www.bing.com/bingbot.htm) Chrome/116.0.1938.76 Safari/537.36"
52.167.144.206 - - [09/Nov/2024:14:28:54 -0500] "GET /likinckn.xml HTTP/1.1" 404 14996 "-" "Mozilla/5.0 AppleWebKit/537.36 (KHTML, like Gecko; compatible; bingbot/2.0; +http://www.bing.com/bingbot.htm) Chrome/116.0.1938.76 Safari/537.36"
52.167.144.206 - - [09/Nov/2024:14:28:59 -0500] "GET /rusesezy.xml HTTP/1.1" 404 14985 "-" "Mozilla/5.0 AppleWebKit/537.36 (KHTML, like Gecko; compatible; bingbot/2.0; +http://www.bing.com/bingbot.htm) Chrome/116.0.1938.76 Safari/537.36"
52.167.144.206 - - [09/Nov/2024:14:29:00 -0500] "GET /neoidiym.xml HTTP/1.1" 404 14987 "-" "Mozilla/5.0 AppleWebKit/537.36 (KHTML, like Gecko; compatible; bingbot/2.0; +http://www.bing.com/bingbot.htm) Chrome/116.0.1938.76 Safari/537.36"
52.167.144.206 - - [09/Nov/2024:14:29:03 -0500] "GET /efficaciouslyknz.xml HTTP/1.1" 404 14956 "-" "Mozilla/5.0 AppleWebKit/537.36 (KHTML, like Gecko; compatible; bingbot/2.0; +http://www.bing.com/bingbot.htm) Chrome/116.0.1938.76 Safari/537.36"
40.77.167.9 - - [09/Nov/2024:14:36:32 -0500] "GET /ownerd4e56/ HTTP/1.1" 404 14984 "-" "Mozilla/5.0 AppleWebKit/537.36 (KHTML, like Gecko; compatible; bingbot/2.0; +http://www.bing.com/bingbot.htm) Chrome/116.0.1938.76 Safari/537.36"
66.249.68.38 - - [09/Nov/2024:14:36:48 -0500] "GET /wp-content/plugins/woocommerce/packages/woocommerce-blocks/build/wc-blocks-style.css?ver=10.2.3 HTTP/1.1" 200 26445 "https://glenbowcollege.ca/" "Mozilla/5.0 AppleWebKit/537.36 (KHTML, like Gecko; compatible; Googlebot/2.1; +http://www.google.com/bot.html) Chrome/130.0.6723.69 Safari/537.36"
66.249.68.39 - - [09/Nov/2024:14:36:49 -0500] "GET /wp-includes/css/dist/block-library/style.min.css?ver=6.2.1 HTTP/1.1" 200 11775 "https://glenbowcollege.ca/" "Mozilla/5.0 AppleWebKit/537.36 (KHTML, like Gecko; compatible; Googlebot/2.1; +http://www.google.com/bot.html) Chrome/130.0.6723.69 Safari/537.36"
66.249.68.39 - - [09/Nov/2024:14:36:50 -0500] "GET /wp-includes/css/classic-themes.min.css?ver=6.2.1 HTTP/1.1" 200 291 "https://glenbowcollege.ca/" "Mozilla/5.0 AppleWebKit/537.36 (KHTML, like Gecko; compatible; Googlebot/2.1; +http://www.google.com/bot.html) Chrome/130.0.6723.69 Safari/537.36"
66.249.68.39 - - [09/Nov/2024:14:36:50 -0500] "GET /wp-content/plugins/woocommerce/assets/css/woocommerce-layout.css?ver=7.8.0 HTTP/1.1" 200 2313 "https://glenbowcollege.ca/" "Mozilla/5.0 AppleWebKit/537.36 (KHTML, like Gecko; compatible; Googlebot/2.1; +http://www.google.com/bot.html) Chrome/130.0.6723.69 Safari/537.36"
66.249.68.38 - - [09/Nov/2024:14:36:52 -0500] "GET /wp-content/themes/education-hub-pro/third-party/font-awesome/css/font-awesome.min.css?ver=4.7.0 HTTP/1.1" 200 6658 "https://glenbowcollege.ca/" "Mozilla/5.0 AppleWebKit/537.36 (KHTML, like Gecko; compatible; Googlebot/2.1; +http://www.google.com/bot.html) Chrome/130.0.6723.69 Safari/537.36"
66.249.68.38 - - [09/Nov/2024:14:36:53 -0500] "GET /wp-includes/css/dist/components/style.min.css?ver=6.2.1 HTTP/1.1" 200 11247 "https://glenbowcollege.ca/" "Mozilla/5.0 AppleWebKit/537.36 (KHTML, like Gecko; compatible; Googlebot/2.1; +http://www.google.com/bot.html) Chrome/130.0.6723.69 Safari/537.36"
66.249.68.38 - - [09/Nov/2024:14:36:53 -0500] "GET /wp-content/plugins/woocommerce-menu-bar-cart/assets/css/wpmenucart-icons.min.css?ver=2.14.2 HTTP/1.1" 200 192 "https://glenbowcollege.ca/" "Mozilla/5.0 AppleWebKit/537.36 (KHTML, like Gecko; compatible; Googlebot/2.1; +http://www.google.com/bot.html) Chrome/130.0.6723.69 Safari/537.36"
66.249.68.38 - - [09/Nov/2024:14:36:53 -0500] "GET /wp-content/plugins/if-menu/assets/if-menu-site.css?ver=6.2.1 HTTP/1.1" 200 426 "https://glenbowcollege.ca/" "Mozilla/5.0 AppleWebKit/537.36 (KHTML, like Gecko; compatible; Googlebot/2.1; +http://www.google.com/bot.html) Chrome/130.0.6723.69 Safari/537.36"
66.249.68.38 - - [09/Nov/2024:14:36:54 -0500] "GET /wp-content/plugins/woocommerce/packages/woocommerce-blocks/build/wc-blocks-vendors-style.css?ver=10.2.3 HTTP/1.1" 200 1760 "https://glenbowcollege.ca/" "Mozilla/5.0 AppleWebKit/537.36 (KHTML, like Gecko; compatible; Googlebot/2.1; +http://www.google.com/bot.html) Chrome/130.0.6723.69 Safari/537.36"
66.249.68.38 - - [09/Nov/2024:14:36:55 -0500] "GET /wp-content/plugins/woocommerce/assets/css/woocommerce-smallscreen.css?ver=7.8.0 HTTP/1.1" 200 1058 "https://glenbowcollege.ca/" "Mozilla/5.0 AppleWebKit/537.36 (KHTML, like Gecko; compatible; Googlebot/2.1; +http://www.google.com/bot.html) Chrome/130.0.6723.69 Safari/537.36"
66.249.68.38 - - [09/Nov/2024:14:36:56 -0500] "GET /wp-content/plugins/strong-testimonials/public/svg/chevron-right-solid.svg HTTP/1.1" 200 285 "https://glenbowcollege.ca/wp-content/plugins/strong-testimonials/public/css/slider-controls-simple-buttons.css?ver=3.1.7" "Mozilla/5.0 AppleWebKit/537.36 (KHTML, like Gecko; compatible; Googlebot/2.1; +http://www.google.com/bot.html) Chrome/130.0.6723.69 Safari/537.36"
178.156.136.36 - - [09/Nov/2024:14:37:14 -0500] "POST /wp-load.php?3205fd=4572 HTTP/1.1" 403 1242 "-" "Mozilla/5.0 (Windows NT 10.0; Win64; x64) AppleWebKit/537.36 (KHTML, like Gecko) Chrome/104.0.5112.97 Safari/537.36"
68.65.122.142 - - [09/Nov/2024:14:37:54 -0500] "POST /wp-cron.php?doing_wp_cron=1731181074.1566770076751708984375 HTTP/1.1" 403 1242 "-" "WordPress/6.2.1; https://glenbowcollege.ca"
66.249.68.39 - - [09/Nov/2024:14:41:57 -0500] "GET /wp-content/uploads/2020/02/cropped-logo6.png HTTP/1.1" 304 0 "-" "Googlebot-Image/1.0"
66.249.68.38 - - [09/Nov/2024:14:36:51 -0500] "GET /wp-content/plugins/woocommerce-menu-bar-cart/assets/css/wpmenucart-main.min.css?ver=2.14.2 HTTP/1.1" 200 329 "https://glenbowcollege.ca/" "Mozilla/5.0 AppleWebKit/537.36 (KHTML, like Gecko; compatible; Googlebot/2.1; +http://www.google.com/bot.html) Chrome/130.0.6723.69 Safari/537.36"
66.249.68.39 - - [09/Nov/2024:14:36:51 -0500] "GET /wp-content/plugins/coblocks/includes/Dependencies/GoDaddy/Styles/build/latest.css?ver=2.0.2 HTTP/1.1" 200 1313 "https://glenbowcollege.ca/" "Mozilla/5.0 AppleWebKit/537.36 (KHTML, like Gecko; compatible; Googlebot/2.1; +http://www.google.com/bot.html) Chrome/130.0.6723.69 Safari/537.36"
66.249.68.39 - - [09/Nov/2024:14:36:52 -0500] "GET /wp-content/plugins/strong-testimonials/templates/default/content.css?ver=3.1.7 HTTP/1.1" 200 1833 "https://glenbowcollege.ca/" "Mozilla/5.0 AppleWebKit/537.36 (KHTML, like Gecko; compatible; Googlebot/2.1; +http://www.google.com/bot.html) Chrome/130.0.6723.69 Safari/537.36"
66.249.68.38 - - [09/Nov/2024:14:36:52 -0500] "GET /wp-content/plugins/coblocks/dist/style-coblocks-extensions.css?ver=3.1.5 HTTP/1.1" 200 304 "https://glenbowcollege.ca/" "Mozilla/5.0 AppleWebKit/537.36 (KHTML, like Gecko; compatible; Googlebot/2.1; +http://www.google.com/bot.html) Chrome/130.0.6723.69 Safari/537.36"
66.249.68.39 - - [09/Nov/2024:14:36:52 -0500] "GET /wp-content/plugins/coblocks/dist/style-coblocks-animation.css?ver=d9b2b27566e6a2a85d1b HTTP/1.1" 200 871 "https://glenbowcollege.ca/" "Mozilla/5.0 AppleWebKit/537.36 (KHTML, like Gecko; compatible; Googlebot/2.1; +http://www.google.com/bot.html) Chrome/130.0.6723.69 Safari/537.36"
66.249.68.38 - - [09/Nov/2024:14:36:53 -0500] "GET /wp-content/plugins/strong-testimonials/public/css/slider-controls-simple-buttons.css?ver=3.1.7 HTTP/1.1" 200 788 "https://glenbowcollege.ca/" "Mozilla/5.0 AppleWebKit/537.36 (KHTML, like Gecko; compatible; Googlebot/2.1; +http://www.google.com/bot.html) Chrome/130.0.6723.69 Safari/537.36"
66.249.68.38 - - [09/Nov/2024:14:36:54 -0500] "GET /wp-content/plugins/strong-testimonials/public/css/rating-display.css?ver=3.1.7 HTTP/1.1" 200 910 "https://glenbowcollege.ca/" "Mozilla/5.0 AppleWebKit/537.36 (KHTML, like Gecko; compatible; Googlebot/2.1; +http://www.google.com/bot.html) Chrome/130.0.6723.69 Safari/537.36"
66.249.68.38 - - [09/Nov/2024:14:36:55 -0500] "GET /wp-content/themes/education-hub-pro/third-party/font-awesome/fonts/fontawesome-webfont.woff2?v=4.7.0 HTTP/1.1" 200 77160 "https://glenbowcollege.ca/wp-content/themes/education-hub-pro/third-party/font-awesome/css/font-awesome.min.css?ver=4.7.0" "Mozilla/5.0 AppleWebKit/537.36 (KHTML, like Gecko; compatible; Googlebot/2.1; +http://www.google.com/bot.html) Chrome/130.0.6723.69 Safari/537.36"
66.249.68.38 - - [09/Nov/2024:14:36:57 -0500] "GET /wp-content/plugins/strong-testimonials/public/svg/chevron-left-solid.svg HTTP/1.1" 200 267 "https://glenbowcollege.ca/wp-content/plugins/strong-testimonials/public/css/slider-controls-simple-buttons.css?ver=3.1.7" "Mozilla/5.0 AppleWebKit/537.36 (KHTML, like Gecko; compatible; Googlebot/2.1; +http://www.google.com/bot.html) Chrome/130.0.6723.69 Safari/537.36"
40.77.167.9 - - [09/Nov/2024:14:37:53 -0500] "GET /pps850/cabae377903.htm HTTP/1.1" 404 14994 "-" "Mozilla/5.0 AppleWebKit/537.36 (KHTML, like Gecko; compatible; bingbot/2.0; +http://www.bing.com/bingbot.htm) Chrome/116.0.1938.76 Safari/537.36"
68.65.122.142 - - [09/Nov/2024:14:44:24 -0500] "POST /wp-cron.php?doing_wp_cron=1731181464.8158309459686279296875 HTTP/1.1" 403 1242 "-" "WordPress/6.2.1; https://glenbowcollege.ca"
157.55.39.11 - - [09/Nov/2024:14:44:23 -0500] "GET /coefficient4d730/ HTTP/1.1" 404 14989 "-" "Mozilla/5.0 AppleWebKit/537.36 (KHTML, like Gecko; compatible; bingbot/2.0; +http://www.bing.com/bingbot.htm) Chrome/116.0.1938.76 Safari/537.36"
68.65.122.142 - - [09/Nov/2024:14:50:26 -0500] "POST /wp-cron.php?doing_wp_cron=1731181826.4090049266815185546875 HTTP/1.1" 403 1242 "-" "WordPress/6.2.1; https://glenbowcollege.ca"
157.55.39.63 - - [09/Nov/2024:14:50:25 -0500] "GET /therapist16/ HTTP/1.1" 404 15006 "-" "Mozilla/5.0 AppleWebKit/537.36 (KHTML, like Gecko; compatible; bingbot/2.0; +http://www.bing.com/bingbot.htm) Chrome/116.0.1938.76 Safari/537.36"
66.249.68.32 - - [09/Nov/2024:14:52:49 -0500] "GET /feed/ HTTP/1.1" 304 0 "-" "Mozilla/5.0 (compatible; Googlebot/2.1; +http://www.google.com/bot.html)"
66.249.68.38 - - [09/Nov/2024:14:52:49 -0500] "GET /robots.txt HTTP/1.1" 200 233 "-" "Mozilla/5.0 (compatible; Googlebot/2.1; +http://www.google.com/bot.html)"
68.65.122.142 - - [09/Nov/2024:14:52:50 -0500] "POST /wp-cron.php?doing_wp_cron=1731181970.5014050006866455078125 HTTP/1.1" 403 1242 "-" "WordPress/6.2.1; https://glenbowcollege.ca"
68.65.122.142 - - [09/Nov/2024:14:59:38 -0500] "POST /wp-cron.php?doing_wp_cron=1731182378.8821210861206054687500 HTTP/1.1" 403 1242 "-" "WordPress/6.2.1; https://glenbowcollege.ca"
134.209.180.78 - - [09/Nov/2024:14:59:37 -0500] "GET /about/why-us/ HTTP/1.1" 200 20859 "-" "Mozilla/5.0 (Windows NT 10.0; Win64; x64) AppleWebKit/537.36 (KHTML, like Gecko) Chrome/124.0.0.0 Safari/537.36"
68.65.122.142 - - [09/Nov/2024:15:01:13 -0500] "POST /wp-cron.php?doing_wp_cron=1731182473.4334499835968017578125 HTTP/1.1" 403 1242 "-" "WordPress/6.2.1; https://glenbowcollege.ca"
62.173.138.88 - - [09/Nov/2024:15:01:15 -0500] "GET /2020/02/23/blog/ HTTP/1.0" 200 83360 "https://glenbowcollege.ca/2020/02/23/blog/" "Mozilla/5.0 (Windows NT 10.0; Win64; x64) AppleWebKit/537.36 (KHTML, like Gecko) Chrome/103.0.5060.134 Safari/537.36"
62.173.138.88 - - [09/Nov/2024:15:01:12 -0500] "GET /2020/02/23/blog/ HTTP/1.0" 200 83405 "https://glenbowcollege.ca/2020/02/23/blog/" "Mozilla/5.0 (Windows NT 10.0; Win64; x64) AppleWebKit/537.36 (KHTML, like Gecko) Chrome/103.0.5060.134 Safari/537.36"
62.173.138.88 - - [09/Nov/2024:15:01:17 -0500] "GET /category/blog/ HTTP/1.0" 200 70465 "https://glenbowcollege.ca/category/blog/" "Mozilla/5.0 (Windows NT 10.0; Win64; x64) AppleWebKit/537.36 (KHTML, like Gecko) Chrome/103.0.5060.134 Safari/537.36"
68.65.122.142 - - [09/Nov/2024:15:05:10 -0500] "POST /wp-cron.php?doing_wp_cron=1731182710.1839630603790283203125 HTTP/1.1" 403 1242 "-" "WordPress/6.2.1; https://glenbowcollege.ca"
52.167.144.191 - - [09/Nov/2024:15:05:09 -0500] "GET /philosophicalaf885/caba450668.htm HTTP/1.1" 404 15006 "-" "Mozilla/5.0 AppleWebKit/537.36 (KHTML, like Gecko; compatible; bingbot/2.0; +http://www.bing.com/bingbot.htm) Chrome/116.0.1938.76 Safari/537.36"
68.65.122.142 - - [09/Nov/2024:15:08:28 -0500] "POST /wp-cron.php?doing_wp_cron=1731182908.0090680122375488281250 HTTP/1.1" 403 1242 "-" "WordPress/6.2.1; https://glenbowcollege.ca"
157.55.39.48 - - [09/Nov/2024:15:08:26 -0500] "GET /just5c552/accba1380109.htm HTTP/1.1" 404 14980 "-" "Mozilla/5.0 AppleWebKit/537.36 (KHTML, like Gecko; compatible; bingbot/2.0; +http://www.bing.com/bingbot.htm) Chrome/116.0.1938.76 Safari/537.36"
68.65.122.142 - - [09/Nov/2024:15:12:06 -0500] "POST /wp-cron.php?doing_wp_cron=1731183126.3565709590911865234375 HTTP/1.1" 403 1242 "-" "WordPress/6.2.1; https://glenbowcollege.ca"
66.249.68.39 - - [09/Nov/2024:15:13:08 -0500] "GET /wp-content/themes/education-hub-pro/js/navigation.min.js?ver=20160421 HTTP/1.1" 200 2592 "https://glenbowcollege.ca/" "Mozilla/5.0 AppleWebKit/537.36 (KHTML, like Gecko; compatible; Googlebot/2.1; +http://www.google.com/bot.html) Chrome/130.0.6723.69 Safari/537.36"
68.65.122.142 - - [09/Nov/2024:15:13:21 -0500] "POST /wp-cron.php?doing_wp_cron=1731183201.1877179145812988281250 HTTP/1.1" 403 1242 "-" "WordPress/6.2.1; https://glenbowcollege.ca"
66.249.68.38 - - [09/Nov/2024:15:13:20 -0500] "GET /about/ HTTP/1.1" 200 17539 "-" "Mozilla/5.0 (Linux; Android 6.0.1; Nexus 5X Build/MMB29P) AppleWebKit/537.36 (KHTML, like Gecko) Chrome/130.0.6723.69 Mobile Safari/537.36 (compatible; Googlebot/2.1; +http://www.google.com/bot.html)"
157.55.39.194 - - [09/Nov/2024:15:12:05 -0500] "GET /reprehendingzxj.xml HTTP/1.1" 404 14978 "-" "Mozilla/5.0 AppleWebKit/537.36 (KHTML, like Gecko; compatible; bingbot/2.0; +http://www.bing.com/bingbot.htm) Chrome/116.0.1938.76 Safari/537.36"
66.249.68.32 - - [09/Nov/2024:15:13:02 -0500] "GET / HTTP/1.1" 200 20461 "-" "Mozilla/5.0 (compatible; Googlebot/2.1; +http://www.google.com/bot.html)"
66.249.68.38 - - [09/Nov/2024:15:13:08 -0500] "GET /wp-content/plugins/strong-testimonials/public/js/controller.min.js?ver=3.1.7 HTTP/1.1" 200 3094 "https://glenbowcollege.ca/" "Mozilla/5.0 AppleWebKit/537.36 (KHTML, like Gecko; compatible; Googlebot/2.1; +http://www.google.com/bot.html) Chrome/130.0.6723.69 Safari/537.36"
66.249.68.38 - - [09/Nov/2024:15:13:24 -0500] "GET /wp-includes/css/dist/components/style.min.css?ver=6.2.1 HTTP/1.1" 200 11247 "https://glenbowcollege.ca/about/" "Mozilla/5.0 (Linux; Android 6.0.1; Nexus 5X Build/MMB29P) AppleWebKit/537.36 (KHTML, like Gecko) Chrome/130.0.6723.69 Mobile Safari/537.36 (compatible; Googlebot/2.1; +http://www.google.com/bot.html)"
77.75.79.36 - - [09/Nov/2024:15:28:54 -0500] "GET /certifications/data-analysis-biomedical-health/ HTTP/1.1" 200 21407 "-" "Mozilla/5.0 (compatible; SeznamBot/4.0; +http://napoveda.seznam.cz/seznambot-intro/)"
68.65.122.142 - - [09/Nov/2024:15:28:55 -0500] "POST /wp-cron.php?doing_wp_cron=1731184135.3462519645690917968750 HTTP/1.1" 403 1242 "-" "WordPress/6.2.1; https://glenbowcollege.ca"
68.65.122.142 - - [09/Nov/2024:15:33:44 -0500] "POST /wp-cron.php?doing_wp_cron=1731184424.8096420764923095703125 HTTP/1.1" 403 1242 "-" "WordPress/6.2.1; https://glenbowcollege.ca"
52.167.144.158 - - [09/Nov/2024:15:33:43 -0500] "GET /judgments7561a/cfad1713928.htm HTTP/1.1" 404 14987 "-" "Mozilla/5.0 AppleWebKit/537.36 (KHTML, like Gecko; compatible; bingbot/2.0; +http://www.bing.com/bingbot.htm) Chrome/116.0.1938.76 Safari/537.36"
5.161.44.164 - - [09/Nov/2024:15:37:13 -0500] "POST /wp-load.php?956cf0=93719 HTTP/1.1" 403 1242 "-" "Mozilla/5.0 (Windows NT 10.0; Win64; x64) AppleWebKit/537.36 (KHTML, like Gecko) Chrome/104.0.5112.97 Safari/537.36"
68.65.122.142 - - [09/Nov/2024:15:46:52 -0500] "POST /wp-cron.php?doing_wp_cron=1731185212.2422790527343750000000 HTTP/1.1" 403 1242 "-" "WordPress/6.2.1; https://glenbowcollege.ca"
44.209.113.59 - - [09/Nov/2024:15:46:51 -0500] "GET / HTTP/1.1" 200 20450 "-" "Mozilla/5.0 (Macintosh; Intel Mac OS X 10_15_7) AppleWebKit/537.36 (KHTML, like Gecko) Chrome/124.0.0.0 Safari/537.36"
66.249.79.197 - - [09/Nov/2024:15:53:38 -0500] "GET /robots.txt HTTP/1.1" 200 233 "-" "Mozilla/5.0 (compatible; Googlebot/2.1; +http://www.google.com/bot.html)"
66.249.68.38 - - [09/Nov/2024:15:53:57 -0500] "GET /wp-includes/js/dist/hooks.min.js?ver=4169d3cf8e8d95a3d6d5 HTTP/1.1" 200 3211 "https://glenbowcollege.ca/make-payment/" "Mozilla/5.0 (Linux; Android 6.0.1; Nexus 5X Build/MMB29P) AppleWebKit/537.36 (KHTML, like Gecko) Chrome/130.0.6723.69 Mobile Safari/537.36 (compatible; Googlebot/2.1; +http://www.google.com/bot.html)"
66.249.68.38 - - [09/Nov/2024:15:53:57 -0500] "GET /wp-content/plugins/woocommerce/assets/js/jquery-blockui/jquery.blockUI.min.js?ver=2.7.0-wc.7.8.0 HTTP/1.1" 200 4871 "https://glenbowcollege.ca/make-payment/" "Mozilla/5.0 (Linux; Android 6.0.1; Nexus 5X Build/MMB29P) AppleWebKit/537.36 (KHTML, like Gecko) Chrome/130.0.6723.69 Mobile Safari/537.36 (compatible; Googlebot/2.1; +http://www.google.com/bot.html)"
66.249.68.38 - - [09/Nov/2024:15:53:57 -0500] "GET /wp-includes/js/jquery/jquery-migrate.min.js?ver=3.4.0 HTTP/1.1" 200 6238 "https://glenbowcollege.ca/make-payment/" "Mozilla/5.0 (Linux; Android 6.0.1; Nexus 5X Build/MMB29P) AppleWebKit/537.36 (KHTML, like Gecko) Chrome/130.0.6723.69 Mobile Safari/537.36 (compatible; Googlebot/2.1; +http://www.google.com/bot.html)"
68.65.122.142 - - [09/Nov/2024:16:02:46 -0500] "POST /wp-cron.php?doing_wp_cron=1731186166.3483119010925292968750 HTTP/1.1" 403 1242 "-" "WordPress/6.2.1; https://glenbowcollege.ca"
66.249.68.38 - - [09/Nov/2024:15:53:45 -0500] "GET /wp-content/themes/education-hub-pro/third-party/ticker/jquery.easy-ticker.min.js?ver=2.0 HTTP/1.1" 200 2686 "https://glenbowcollege.ca/international/prospective-international-students/studying-in-canada/" "Mozilla/5.0 (Linux; Android 6.0.1; Nexus 5X Build/MMB29P) AppleWebKit/537.36 (KHTML, like Gecko) Chrome/130.0.6723.69 Mobile Safari/537.36 (compatible; Googlebot/2.1; +http://www.google.com/bot.html)"
66.249.68.38 - - [09/Nov/2024:15:53:57 -0500] "GET /wp-includes/js/underscore.min.js?ver=1.13.4 HTTP/1.1" 200 8801 "https://glenbowcollege.ca/make-payment/" "Mozilla/5.0 (Linux; Android 6.0.1; Nexus 5X Build/MMB29P) AppleWebKit/537.36 (KHTML, like Gecko) Chrome/130.0.6723.69 Mobile Safari/537.36 (compatible; Googlebot/2.1; +http://www.google.com/bot.html)"
40.77.167.144 - - [09/Nov/2024:16:02:45 -0500] "GET /ez3966/ HTTP/1.1" 404 14980 "-" "Mozilla/5.0 AppleWebKit/537.36 (KHTML, like Gecko; compatible; bingbot/2.0; +http://www.bing.com/bingbot.htm) Chrome/116.0.1938.76 Safari/537.36"
128.14.239.38 - - [09/Nov/2024:16:11:23 -0500] "GET /wp-content/uploads/2020/02/cropped-logo11-192x192.png HTTP/1.1" 200 11934 "-" "Mozilla/5.0 (Macintosh; Intel Mac OS X 10_7_0) AppleWebKit/535.11 (KHTML, like Gecko) Chrome/17.0.963.56 Safari/535.11"
128.14.239.38 - - [09/Nov/2024:16:11:27 -0500] "GET /sitemap_index.xml HTTP/1.1" 200 423 "https://glenbowcollege.ca/sitemap.xml" "Mozilla/5.0 (Macintosh; Intel Mac OS X 10_7_0) AppleWebKit/535.11 (KHTML, like Gecko) Chrome/17.0.963.56 Safari/535.11"
68.65.122.142 - - [09/Nov/2024:16:11:35 -0500] "POST /?wordfence_syncAttackData=1731186695.4156 HTTP/1.1" 200 0 "-" "WordPress/6.2.1; https://glenbowcollege.ca"
128.14.239.38 - - [09/Nov/2024:16:11:37 -0500] "GET /wp-content/plugins/add-to-cart-direct-checkout-for-woocommerce/readme.txt HTTP/1.1" 404 16563 "-" "python-requests/2.31.0"
34.73.96.156 - - [09/Nov/2024:16:11:56 -0500] "GET /robots.txt HTTP/1.0" 200 242 "-" "ZoominfoBot (zoominfobot at zoominfo dot com)"
68.65.122.142 - - [09/Nov/2024:16:11:57 -0500] "POST /?wordfence_syncAttackData=1731186717.8249 HTTP/1.1" 200 0 "-" "WordPress/6.2.1; https://glenbowcollege.ca"
68.65.122.142 - - [09/Nov/2024:16:13:22 -0500] "POST /wp-cron.php?doing_wp_cron=1731186802.4708108901977539062500 HTTP/1.1" 403 1242 "-" "WordPress/6.2.1; https://glenbowcollege.ca"
66.249.68.39 - - [09/Nov/2024:16:13:43 -0500] "GET /programs/administrative-assistant-diploma/ HTTP/1.1" 200 20362 "-" "Mozilla/5.0 (Linux; Android 6.0.1; Nexus 5X Build/MMB29P) AppleWebKit/537.36 (KHTML, like Gecko) Chrome/130.0.6723.69 Mobile Safari/537.36 (compatible; Googlebot/2.1; +http://www.google.com/bot.html)"
68.65.122.142 - - [09/Nov/2024:16:08:39 -0500] "POST /wp-cron.php?doing_wp_cron=1731186519.9471979141235351562500 HTTP/1.1" 403 1242 "-" "WordPress/6.2.1; https://glenbowcollege.ca"
45.55.41.148 - - [09/Nov/2024:16:08:38 -0500] "GET /about/academic/ HTTP/1.1" 200 20274 "-" "Mozilla/5.0 (Macintosh; Intel Mac OS X 10_15_7) AppleWebKit/537.36 (KHTML, like Gecko) Chrome/124.0.0.0 Safari/537.36"
128.14.239.38 - - [09/Nov/2024:16:11:21 -0500] "GET / HTTP/1.1" 200 23157 "http://glenbowcollege.ca/" "Mozilla/5.0 (Macintosh; Intel Mac OS X 10_7_0) AppleWebKit/535.11 (KHTML, like Gecko) Chrome/17.0.963.56 Safari/535.11"
128.14.239.38 - - [09/Nov/2024:16:11:26 -0500] "GET /sitemap.xml HTTP/1.1" 301 0 "http://glenbowcollege.ca/sitemap.xml" "Mozilla/5.0 (Macintosh; Intel Mac OS X 10_7_0) AppleWebKit/535.11 (KHTML, like Gecko) Chrome/17.0.963.56 Safari/535.11"
34.73.96.156 - - [09/Nov/2024:16:11:57 -0500] "GET /about/why-us/ HTTP/1.0" 200 20857 "-" "ZoominfoBot (zoominfobot at zoominfo dot com)"
66.249.68.39 - - [09/Nov/2024:16:13:21 -0500] "GET /programs/administrative-assistant-diploma HTTP/1.1" 301 0 "-" "Mozilla/5.0 (Linux; Android 6.0.1; Nexus 5X Build/MMB29P) AppleWebKit/537.36 (KHTML, like Gecko) Chrome/130.0.6723.69 Mobile Safari/537.36 (compatible; Googlebot/2.1; +http://www.google.com/bot.html)"
66.249.68.39 - - [09/Nov/2024:16:13:45 -0500] "GET /wp-content/plugins/add-to-cart-direct-checkout-for-woocommerce/public/css/pi-dcw-public.css?ver=2.1.64 HTTP/1.1" 200 294 "https://glenbowcollege.ca/programs/administrative-assistant-diploma/" "Mozilla/5.0 (Linux; Android 6.0.1; Nexus 5X Build/MMB29P) AppleWebKit/537.36 (KHTML, like Gecko) Chrome/130.0.6723.69 Mobile Safari/537.36 (compatible; Googlebot/2.1; +http://www.google.com/bot.html)"
66.249.68.39 - - [09/Nov/2024:16:13:46 -0500] "GET /wp-content/plugins/woocommerce/assets/js/frontend/add-to-cart.min.js?ver=7.8.0 HTTP/1.1" 200 2605 "https://glenbowcollege.ca/programs/administrative-assistant-diploma/" "Mozilla/5.0 (Linux; Android 6.0.1; Nexus 5X Build/MMB29P) AppleWebKit/537.36 (KHTML, like Gecko) Chrome/130.0.6723.69 Mobile Safari/537.36 (compatible; Googlebot/2.1; +http://www.google.com/bot.html)"
34.73.96.156 - - [09/Nov/2024:16:26:43 -0500] "GET /xmlrpc.php?rsd HTTP/1.0" 403 1242 "-" "ZoominfoBot (zoominfobot at zoominfo dot com)"
68.65.122.142 - - [09/Nov/2024:16:34:43 -0500] "POST /wp-cron.php?doing_wp_cron=1731188083.0383949279785156250000 HTTP/1.1" 403 1242 "-" "WordPress/6.2.1; https://glenbowcollege.ca"
66.249.68.39 - - [09/Nov/2024:16:34:41 -0500] "GET /programs/administrative-assistant-diploma HTTP/1.1" 301 0 "-" "Mozilla/5.0 (Linux; Android 6.0.1; Nexus 5X Build/MMB29P) AppleWebKit/537.36 (KHTML, like Gecko) Chrome/130.0.6723.69 Mobile Safari/537.36 (compatible; Googlebot/2.1; +http://www.google.com/bot.html)"
66.249.68.39 - - [09/Nov/2024:16:34:59 -0500] "GET /wp-content/themes/education-hub-pro/style.css?ver=3.4.1 HTTP/1.1" 200 14555 "https://glenbowcollege.ca/programs/administrative-assistant-diploma/" "Mozilla/5.0 (Linux; Android 6.0.1; Nexus 5X Build/MMB29P) AppleWebKit/537.36 (KHTML, like Gecko) Chrome/130.0.6723.69 Mobile Safari/537.36 (compatible; Googlebot/2.1; +http://www.google.com/bot.html)"
198.187.31.67 - - [09/Nov/2024:16:25:32 -0500] "POST /xmlrpc.php HTTP/1.1" 403 1242 "-" "Mozilla/5.0 (Windows NT 10.0; Win64; x64) AppleWebKit/537.36 (KHTML, like Gecko) Chrome/88.0.4324.190 Safari/537.36"
45.77.175.206 - - [09/Nov/2024:16:25:42 -0500] "POST /xmlrpc.php HTTP/1.1" 403 1242 "-" "Mozilla/5.0 (Windows NT 10.0; Win64; x64; rv:84.0) Gecko/20100101 Firefox/84.0"
45.139.11.74 - - [09/Nov/2024:16:26:33 -0500] "POST /xmlrpc.php HTTP/1.1" 403 1242 "-" "Mozilla/5.0 (Windows NT 10.0; WOW64; rv:52.0) Gecko/20100101 Firefox/52.0"
68.65.122.142 - - [09/Nov/2024:16:28:25 -0500] "POST /wp-cron.php?doing_wp_cron=1731187705.4283258914947509765625 HTTP/1.1" 403 1242 "-" "WordPress/6.2.1; https://glenbowcollege.ca"
52.167.144.182 - - [09/Nov/2024:16:28:24 -0500] "GET /timestamp9b614/ HTTP/1.1" 404 14979 "-" "Mozilla/5.0 AppleWebKit/537.36 (KHTML, like Gecko; compatible; bingbot/2.0; +http://www.bing.com/bingbot.htm) Chrome/116.0.1938.76 Safari/537.36"
66.249.68.38 - - [09/Nov/2024:16:34:55 -0500] "GET /programs/administrative-assistant-diploma/ HTTP/1.1" 200 20418 "-" "Mozilla/5.0 (Linux; Android 6.0.1; Nexus 5X Build/MMB29P) AppleWebKit/537.36 (KHTML, like Gecko) Chrome/130.0.6723.69 Mobile Safari/537.36 (compatible; Googlebot/2.1; +http://www.google.com/bot.html)"
178.156.136.36 - - [09/Nov/2024:16:37:13 -0500] "POST /wp-load.php?657c27=41040 HTTP/1.1" 403 1242 "-" "Mozilla/5.0 (Windows NT 10.0; Win64; x64) AppleWebKit/537.36 (KHTML, like Gecko) Chrome/104.0.5112.97 Safari/537.36"
52.167.144.137 - - [09/Nov/2024:16:41:20 -0500] "GET /surfersef/dea1995201.htm HTTP/1.1" 404 14991 "-" "Mozilla/5.0 AppleWebKit/537.36 (KHTML, like Gecko; compatible; bingbot/2.0; +http://www.bing.com/bingbot.htm) Chrome/116.0.1938.76 Safari/537.36"
188.130.128.18 - - [09/Nov/2024:16:44:58 -0500] "GET /about/contact-us/ HTTP/1.0" 200 75970 "https://glenbowcollege.ca/about/contact-us/" "Mozilla/5.0 (Windows NT 10.0.0; Win64; x64; ) AppleWebKit/537.36 (KHTML, like Gecko) Chrome/124.0.6367.119 Chrome/124.0.6367.119 Not-A.Brand/99  Safari/537.36"
188.130.128.18 - - [09/Nov/2024:16:45:01 -0500] "GET /2020/02/23/blog/ HTTP/1.0" 200 83405 "https://glenbowcollege.ca/2020/02/23/blog/" "Mozilla/5.0 (Windows NT 10.0.0; Win64; x64; ) AppleWebKit/537.36 (KHTML, like Gecko) Chrome/124.0.6367.119 Chrome/124.0.6367.119 Not-A.Brand/99  Safari/537.36"
188.130.128.18 - - [09/Nov/2024:16:45:04 -0500] "GET /category/blog/ HTTP/1.0" 200 70460 "https://glenbowcollege.ca/category/blog/" "Mozilla/5.0 (Windows NT 10.0.0; Win64; x64; ) AppleWebKit/537.36 (KHTML, like Gecko) Chrome/124.0.6367.119 Chrome/124.0.6367.119 Not-A.Brand/99  Safari/537.36"
68.65.122.142 - - [09/Nov/2024:16:46:15 -0500] "POST /wp-cron.php?doing_wp_cron=1731188775.2035501003265380859375 HTTP/1.1" 403 1242 "-" "WordPress/6.2.1; https://glenbowcollege.ca"
34.73.96.156 - - [09/Nov/2024:16:48:44 -0500] "GET /page/2/ HTTP/1.0" 200 23164 "-" "ZoominfoBot (zoominfobot at zoominfo dot com)"
34.73.96.156 - - [09/Nov/2024:16:50:54 -0500] "GET /programs/medical-office-administration-diploma/ HTTP/1.0" 200 23010 "-" "ZoominfoBot (zoominfobot at zoominfo dot com)"
77.75.79.36 - - [09/Nov/2024:16:50:59 -0500] "GET /robots.txt HTTP/1.1" 200 242 "-" "Mozilla/5.0 (compatible; SeznamBot/4.0; +http://napoveda.seznam.cz/seznambot-intro/)"
66.249.79.196 - - [09/Nov/2024:16:51:19 -0500] "GET /home/ HTTP/1.1" 301 0 "-" "Mozilla/5.0 (Linux; Android 6.0.1; Nexus 5X Build/MMB29P) AppleWebKit/537.36 (KHTML, like Gecko) Chrome/130.0.6723.69 Mobile Safari/537.36 (compatible; Googlebot/2.1; +http://www.google.com/bot.html)"
66.249.68.38 - - [09/Nov/2024:16:51:49 -0500] "GET /popupbuilder/home-stay/ HTTP/1.1" 302 0 "-" "Mozilla/5.0 (Linux; Android 6.0.1; Nexus 5X Build/MMB29P) AppleWebKit/537.36 (KHTML, like Gecko) Chrome/130.0.6723.69 Mobile Safari/537.36 (compatible; Googlebot/2.1; +http://www.google.com/bot.html)"
66.249.68.39 - - [09/Nov/2024:16:52:17 -0500] "GET / HTTP/1.1" 200 20472 "-" "Mozilla/5.0 (Linux; Android 6.0.1; Nexus 5X Build/MMB29P) AppleWebKit/537.36 (KHTML, like Gecko) Chrome/130.0.6723.69 Mobile Safari/537.36 (compatible; Googlebot/2.1; +http://www.google.com/bot.html)"
68.65.122.142 - - [09/Nov/2024:16:41:21 -0500] "POST /wp-cron.php?doing_wp_cron=1731188481.3248250484466552734375 HTTP/1.1" 403 1242 "-" "WordPress/6.2.1; https://glenbowcollege.ca"
188.130.128.18 - - [09/Nov/2024:16:45:07 -0500] "GET /comment/ HTTP/1.0" 200 95469 "https://glenbowcollege.ca/comment/" "Mozilla/5.0 (Windows NT 10.0.0; Win64; x64; ) AppleWebKit/537.36 (KHTML, like Gecko) Chrome/124.0.6367.119 Chrome/124.0.6367.119 Not-A.Brand/99  Safari/537.36"
34.73.96.156 - - [09/Nov/2024:16:45:49 -0500] "GET /certifications-esl/ HTTP/1.0" 200 23346 "-" "ZoominfoBot (zoominfobot at zoominfo dot com)"
188.130.128.18 - - [09/Nov/2024:16:45:09 -0500] "POST /comment/ HTTP/1.0" 302 0 "https://glenbowcollege.ca/comment/" "Mozilla/5.0 (Windows NT 10.0.0; Win64; x64; ) AppleWebKit/537.36 (KHTML, like Gecko) Chrome/124.0.6367.119 Chrome/124.0.6367.119 Not-A.Brand/99  Safari/537.36"
188.130.128.18 - - [09/Nov/2024:16:46:14 -0500] "GET /comment/?success&formid=1 HTTP/1.0" 200 84987 "https://glenbowcollege.ca/?success&formid=1" "Mozilla/5.0 (Windows NT 10.0.0; Win64; x64; ) AppleWebKit/537.36 (KHTML, like Gecko) Chrome/124.0.6367.119 Chrome/124.0.6367.119 Not-A.Brand/99  Safari/537.36"
34.73.96.156 - - [09/Nov/2024:16:46:27 -0500] "GET /about/academic/ HTTP/1.0" 200 20285 "-" "ZoominfoBot (zoominfobot at zoominfo dot com)"
68.65.122.142 - - [09/Nov/2024:16:48:19 -0500] "POST /wp-cron.php?doing_wp_cron=1731188899.0839250087738037109375 HTTP/1.1" 403 1242 "-" "WordPress/6.2.1; https://glenbowcollege.ca"
34.73.96.156 - - [09/Nov/2024:16:48:18 -0500] "GET /programs/hospitality-management-diploma-program/ HTTP/1.0" 200 22084 "-" "ZoominfoBot (zoominfobot at zoominfo dot com)"
68.65.122.142 - - [09/Nov/2024:16:50:55 -0500] "POST /wp-cron.php?doing_wp_cron=1731189055.2743270397186279296875 HTTP/1.1" 403 1242 "-" "WordPress/6.2.1; https://glenbowcollege.ca"
77.75.79.36 - - [09/Nov/2024:16:50:59 -0500] "GET /wp-content/uploads/2020/02/616x321-ziraat-fakultesi-ogrencisine-burs-1543613768524-2.jpeg HTTP/1.1" 304 0 "-" "Mozilla/5.0 (compatible; SeznamBot/4.0; +http://napoveda.seznam.cz/seznambot-intro/)"
68.65.122.142 - - [09/Nov/2024:16:52:18 -0500] "POST /wp-cron.php?doing_wp_cron=1731189138.3368160724639892578125 HTTP/1.1" 403 1242 "-" "WordPress/6.2.1; https://glenbowcollege.ca"
68.65.122.142 - - [09/Nov/2024:16:59:37 -0500] "POST /wp-cron.php?doing_wp_cron=1731189577.7497639656066894531250 HTTP/1.1" 403 1242 "-" "WordPress/6.2.1; https://glenbowcollege.ca"
70.74.150.112 - - [09/Nov/2024:17:03:41 -0500] "GET /programs/education-assistant-diploma/ HTTP/1.1" 200 18975 "https://glenbowcollege.ca/admissions/" "Mozilla/5.0 (Windows NT 10.0; Win64; x64) AppleWebKit/537.36 (KHTML, like Gecko) Chrome/130.0.0.0 Safari/537.36"
70.74.150.112 - - [09/Nov/2024:17:03:43 -0500] "GET /wp-content/uploads/2020/02/education_asistan.jpg HTTP/1.1" 200 123610 "https://glenbowcollege.ca/programs/education-assistant-diploma/" "Mozilla/5.0 (Windows NT 10.0; Win64; x64) AppleWebKit/537.36 (KHTML, like Gecko) Chrome/130.0.0.0 Safari/537.36"
66.249.79.198 - - [09/Nov/2024:17:05:25 -0500] "GET /international/international-current-students/student-resources/ HTTP/1.1" 301 0 "-" "Mozilla/5.0 (Linux; Android 6.0.1; Nexus 5X Build/MMB29P) AppleWebKit/537.36 (KHTML, like Gecko) Chrome/130.0.6723.69 Mobile Safari/537.36 (compatible; Googlebot/2.1; +http://www.google.com/bot.html)"
66.249.68.38 - - [09/Nov/2024:17:06:01 -0500] "GET /wp-content/plugins/coblocks/dist/style-coblocks-1.css?ver=3.1.5 HTTP/1.1" 200 34606 "https://glenbowcollege.ca/international/current-international-students/student-resources/" "Mozilla/5.0 (Linux; Android 6.0.1; Nexus 5X Build/MMB29P) AppleWebKit/537.36 (KHTML, like Gecko) Chrome/130.0.6723.69 Mobile Safari/537.36 (compatible; Googlebot/2.1; +http://www.google.com/bot.html)"
68.65.122.142 - - [09/Nov/2024:17:11:59 -0500] "POST /wp-cron.php?doing_wp_cron=1731190319.5466790199279785156250 HTTP/1.1" 403 1242 "-" "WordPress/6.2.1; https://glenbowcollege.ca"
34.73.96.156 - - [09/Nov/2024:17:13:33 -0500] "GET /international/international-programs/computerized-accounting-payroll-diploma-program/ HTTP/1.0" 200 19983 "-" "ZoominfoBot (zoominfobot at zoominfo dot com)"
157.55.39.56 - - [09/Nov/2024:16:59:36 -0500] "GET /new/ HTTP/1.1" 301 0 "-" "Mozilla/5.0 AppleWebKit/537.36 (KHTML, like Gecko; compatible; bingbot/2.0; +http://www.bing.com/bingbot.htm) Chrome/116.0.1938.76 Safari/537.36"
68.65.122.142 - - [09/Nov/2024:17:03:41 -0500] "POST /wp-cron.php?doing_wp_cron=1731189821.6411049365997314453125 HTTP/1.1" 403 1242 "-" "WordPress/6.2.1; https://glenbowcollege.ca"
70.74.150.112 - - [09/Nov/2024:17:03:40 -0500] "GET /programs/education-assistant-diploma/ HTTP/1.1" 200 0 "https://glenbowcollege.ca/admissions/" "Mozilla/5.0 (Windows NT 10.0; Win64; x64) AppleWebKit/537.36 (KHTML, like Gecko) Chrome/130.0.0.0 Safari/537.36"
84.246.85.11 - - [09/Nov/2024:17:05:08 -0500] "GET / HTTP/1.1" 200 23176 "http://glenbowcollege.ca" "2ip bot/1.1 (+http://2ip.io)"
84.246.85.11 - - [09/Nov/2024:17:05:32 -0500] "GET / HTTP/1.1" 200 23168 "http://glenbowcollege.ca" "2ip bot/1.1 (+http://2ip.io)"
68.65.122.142 - - [09/Nov/2024:17:05:57 -0500] "POST /wp-cron.php?doing_wp_cron=1731189957.3616650104522705078125 HTTP/1.1" 403 1242 "-" "WordPress/6.2.1; https://glenbowcollege.ca"
66.249.68.39 - - [09/Nov/2024:17:05:56 -0500] "GET /international/current-international-students/student-resources/ HTTP/1.1" 200 19356 "-" "Mozilla/5.0 (Linux; Android 6.0.1; Nexus 5X Build/MMB29P) AppleWebKit/537.36 (KHTML, like Gecko) Chrome/130.0.6723.69 Mobile Safari/537.36 (compatible; Googlebot/2.1; +http://www.google.com/bot.html)"
68.65.122.142 - - [09/Nov/2024:17:08:15 -0500] "POST /wp-cron.php?doing_wp_cron=1731190095.2896080017089843750000 HTTP/1.1" 403 1242 "-" "WordPress/6.2.1; https://glenbowcollege.ca"
66.249.68.32 - - [09/Nov/2024:17:08:14 -0500] "GET /?3x=3x HTTP/1.1" 200 20439 "-" "Mozilla/5.0 (Linux; Android 6.0.1; Nexus 5X Build/MMB29P) AppleWebKit/537.36 (KHTML, like Gecko) Chrome/130.0.6723.69 Mobile Safari/537.36 (compatible; Googlebot/2.1; +http://www.google.com/bot.html)"
66.249.68.39 - - [09/Nov/2024:17:08:24 -0500] "GET /wp-content/plugins/strong-testimonials/public/js/lib/verge/verge.min.js?ver=1.10.2 HTTP/1.1" 200 2151 "https://glenbowcollege.ca/?3x=3x" "Mozilla/5.0 (Linux; Android 6.0.1; Nexus 5X Build/MMB29P) AppleWebKit/537.36 (KHTML, like Gecko) Chrome/130.0.6723.69 Mobile Safari/537.36 (compatible; Googlebot/2.1; +http://www.google.com/bot.html)"
66.249.68.39 - - [09/Nov/2024:17:08:24 -0500] "GET /wp-includes/js/jquery/jquery.min.js?ver=3.6.4 HTTP/1.1" 200 31997 "https://glenbowcollege.ca/?3x=3x" "Mozilla/5.0 (Linux; Android 6.0.1; Nexus 5X Build/MMB29P) AppleWebKit/537.36 (KHTML, like Gecko) Chrome/130.0.6723.69 Mobile Safari/537.36 (compatible; Googlebot/2.1; +http://www.google.com/bot.html)"
207.46.13.78 - - [09/Nov/2024:17:11:57 -0500] "GET /academicddad/adcadd981506.htm HTTP/1.1" 404 14994 "-" "Mozilla/5.0 AppleWebKit/537.36 (KHTML, like Gecko; compatible; bingbot/2.0; +http://www.bing.com/bingbot.htm) Chrome/116.0.1938.76 Safari/537.36"
68.65.122.142 - - [09/Nov/2024:17:13:34 -0500] "POST /wp-cron.php?doing_wp_cron=1731190414.5496199131011962890625 HTTP/1.1" 403 1242 "-" "WordPress/6.2.1; https://glenbowcollege.ca"
94.232.46.47 - - [09/Nov/2024:17:14:32 -0500] "GET /remote/login HTTP/1.1" 404 14998 "-" "Mozilla/5.0 (Windows NT 10.0; Win64; x64) AppleWebKit/537.36 (KHTML, like Gecko) Chrome/115.0.0.0 Safari/537.36 Edg/115.0.1901.203"
68.65.122.142 - - [09/Nov/2024:17:14:41 -0500] "POST /wp-cron.php?doing_wp_cron=1731190481.9718520641326904296875 HTTP/1.1" 403 1242 "-" "WordPress/6.2.1; https://glenbowcollege.ca"
94.232.46.47 - - [09/Nov/2024:17:14:40 -0500] "GET /login HTTP/1.1" 302 0 "-" "Mozilla/5.0 (Windows NT 10.0; Win64; x64) AppleWebKit/537.36 (KHTML, like Gecko) Chrome/115.0.0.0 Safari/537.36 Edg/115.0.1901.203"
68.65.122.142 - - [09/Nov/2024:17:17:04 -0500] "POST /wp-cron.php?doing_wp_cron=1731190624.3536660671234130859375 HTTP/1.1" 403 1242 "-" "WordPress/6.2.1; https://glenbowcollege.ca"
68.65.122.142 - - [09/Nov/2024:17:23:25 -0500] "POST /wp-cron.php?doing_wp_cron=1731191005.1846299171447753906250 HTTP/1.1" 403 1242 "-" "WordPress/6.2.1; https://glenbowcollege.ca"
94.232.46.47 - - [09/Nov/2024:17:14:48 -0500] "GET /yonetici HTTP/1.1" 200 1969 "-" "Mozilla/5.0 (Windows NT 10.0; Win64; x64) AppleWebKit/537.36 (KHTML, like Gecko) Chrome/115.0.0.0 Safari/537.36 Edg/115.0.1901.203"
34.73.96.156 - - [09/Nov/2024:17:17:02 -0500] "GET /international/international-about/world-class-education/ HTTP/1.0" 200 19683 "-" "ZoominfoBot (zoominfobot at zoominfo dot com)"
157.55.39.63 - - [09/Nov/2024:17:23:24 -0500] "GET /aestheticbfp.xml HTTP/1.1" 404 14984 "-" "Mozilla/5.0 AppleWebKit/537.36 (KHTML, like Gecko; compatible; bingbot/2.0; +http://www.bing.com/bingbot.htm) Chrome/116.0.1938.76 Safari/537.36"
157.55.39.193 - - [09/Nov/2024:17:43:32 -0500] "GET /henderson32/fb1547670.htm HTTP/1.1" 404 15010 "-" "Mozilla/5.0 AppleWebKit/537.36 (KHTML, like Gecko; compatible; bingbot/2.0; +http://www.bing.com/bingbot.htm) Chrome/116.0.1938.76 Safari/537.36"
5.161.216.238 - - [09/Nov/2024:17:37:24 -0500] "POST /wp-load.php?860af7=81498 HTTP/1.1" 403 1242 "-" "Mozilla/5.0 (Windows NT 10.0; Win64; x64) AppleWebKit/537.36 (KHTML, like Gecko) Chrome/104.0.5112.97 Safari/537.36"
68.65.122.142 - - [09/Nov/2024:17:43:33 -0500] "POST /wp-cron.php?doing_wp_cron=1731192213.9439320564270019531250 HTTP/1.1" 403 1242 "-" "WordPress/6.2.1; https://glenbowcollege.ca"
68.65.122.142 - - [09/Nov/2024:17:49:44 -0500] "POST /wp-cron.php?doing_wp_cron=1731192584.2756819725036621093750 HTTP/1.1" 403 1242 "-" "WordPress/6.2.1; https://glenbowcollege.ca"
66.249.68.38 - - [09/Nov/2024:17:49:43 -0500] "GET /home/ HTTP/1.1" 301 0 "-" "Mozilla/5.0 (Linux; Android 6.0.1; Nexus 5X Build/MMB29P) AppleWebKit/537.36 (KHTML, like Gecko) Chrome/130.0.6723.69 Mobile Safari/537.36 (compatible; Googlebot/2.1; +http://www.google.com/bot.html)"
104.248.201.77 - - [09/Nov/2024:17:49:48 -0500] "POST /xmlrpc.php HTTP/1.1" 403 1242 "-" "Mozilla/5.0 (Windows NT 10.0; Win64; x64) AppleWebKit/537.36 (KHTML, like Gecko) Chrome/85.0.4183.121 Safari/537.36"
87.236.211.99 - - [09/Nov/2024:17:50:00 -0500] "POST /xmlrpc.php HTTP/1.1" 403 1242 "-" "Mozilla/5.0 (Windows NT 5.1; rv:33.0) Gecko/20100101 Firefox/33.0"
68.65.122.142 - - [09/Nov/2024:17:56:51 -0500] "POST /wp-cron.php?doing_wp_cron=1731193011.6418271064758300781250 HTTP/1.1" 403 1242 "-" "WordPress/6.2.1; https://glenbowcollege.ca"
64.227.98.188 - - [09/Nov/2024:17:56:50 -0500] "GET /international/international-programs/computerized-accounting-payroll-diploma-program/ HTTP/1.1" 200 19969 "-" "Mozilla/5.0 (Windows NT 10.0; Win64; x64) AppleWebKit/537.36 (KHTML, like Gecko) Chrome/124.0.0.0 Safari/537.36"
68.65.122.142 - - [09/Nov/2024:17:59:25 -0500] "POST /wp-cron.php?doing_wp_cron=1731193165.9163160324096679687500 HTTP/1.1" 403 1242 "-" "WordPress/6.2.1; https://glenbowcollege.ca"
34.73.96.156 - - [09/Nov/2024:17:59:30 -0500] "GET /about/ HTTP/1.0" 200 19861 "-" "ZoominfoBot (zoominfobot at zoominfo dot com)"
34.73.96.156 - - [09/Nov/2024:17:59:24 -0500] "GET /international/international-about/ HTTP/1.0" 200 19897 "-" "ZoominfoBot (zoominfobot at zoominfo dot com)"
68.65.122.142 - - [09/Nov/2024:18:01:47 -0500] "POST /wp-cron.php?doing_wp_cron=1731193307.5461289882659912109375 HTTP/1.1" 403 1242 "-" "WordPress/6.2.1; https://glenbowcollege.ca"
68.65.122.142 - - [09/Nov/2024:18:03:09 -0500] "POST /wp-cron.php?doing_wp_cron=1731193389.0300960540771484375000 HTTP/1.1" 403 1242 "-" "WordPress/6.2.1; https://glenbowcollege.ca"
20.191.200.216 - - [09/Nov/2024:18:03:51 -0500] "HEAD /wordpress HTTP/1.1" 404 0 "http://glenbowcollege.ca/wordpress" "Mozilla/5.0 (Windows NT 10.0; Win64; x64) AppleWebKit/537.36 (KHTML, like Gecko) Chrome/74.0.3729.169 Safari/537.36"
20.191.200.216 - - [09/Nov/2024:18:03:54 -0500] "HEAD / HTTP/1.1" 200 0 "http://glenbowcollege.ca/" "Mozilla/5.0 (Windows NT 10.0; Win64; x64) AppleWebKit/537.36 (KHTML, like Gecko) Chrome/74.0.3729.169 Safari/537.36"
20.191.200.216 - - [09/Nov/2024:18:03:57 -0500] "HEAD /wp HTTP/1.1" 404 0 "http://glenbowcollege.ca/wp" "Mozilla/5.0 (Windows NT 10.0; Win64; x64) AppleWebKit/537.36 (KHTML, like Gecko) Chrome/74.0.3729.169 Safari/537.36"
20.191.200.216 - - [09/Nov/2024:18:04:00 -0500] "HEAD /bc HTTP/1.1" 404 0 "http://glenbowcollege.ca/bc" "Mozilla/5.0 (Windows NT 10.0; Win64; x64) AppleWebKit/537.36 (KHTML, like Gecko) Chrome/74.0.3729.169 Safari/537.36"
20.191.200.216 - - [09/Nov/2024:18:04:00 -0500] "HEAD /bc HTTP/1.1" 404 0 "http://glenbowcollege.ca/bc" "Mozilla/5.0 (Windows NT 10.0; Win64; x64) AppleWebKit/537.36 (KHTML, like Gecko) Chrome/74.0.3729.169 Safari/537.36"
20.191.200.216 - - [09/Nov/2024:18:04:03 -0500] "HEAD /bk HTTP/1.1" 404 0 "http://glenbowcollege.ca/bk" "Mozilla/5.0 (Windows NT 10.0; Win64; x64) AppleWebKit/537.36 (KHTML, like Gecko) Chrome/74.0.3729.169 Safari/537.36"
20.191.200.216 - - [09/Nov/2024:18:04:08 -0500] "HEAD /old HTTP/1.1" 404 0 "http://glenbowcollege.ca/old" "Mozilla/5.0 (Windows NT 10.0; Win64; x64) AppleWebKit/537.36 (KHTML, like Gecko) Chrome/74.0.3729.169 Safari/537.36"
20.191.200.216 - - [09/Nov/2024:18:04:09 -0500] "HEAD /old HTTP/1.1" 404 0 "http://glenbowcollege.ca/old" "Mozilla/5.0 (Windows NT 10.0; Win64; x64) AppleWebKit/537.36 (KHTML, like Gecko) Chrome/74.0.3729.169 Safari/537.36"
20.191.200.216 - - [09/Nov/2024:18:04:12 -0500] "HEAD /new HTTP/1.1" 301 0 "http://glenbowcollege.ca/new" "Mozilla/5.0 (Windows NT 10.0; Win64; x64) AppleWebKit/537.36 (KHTML, like Gecko) Chrome/74.0.3729.169 Safari/537.36"
20.191.200.216 - - [09/Nov/2024:18:04:14 -0500] "HEAD /main HTTP/1.1" 404 0 "http://glenbowcollege.ca/main" "Mozilla/5.0 (Windows NT 10.0; Win64; x64) AppleWebKit/537.36 (KHTML, like Gecko) Chrome/74.0.3729.169 Safari/537.36"
20.191.200.216 - - [09/Nov/2024:18:04:17 -0500] "HEAD /home HTTP/1.1" 301 0 "http://glenbowcollege.ca/home" "Mozilla/5.0 (Windows NT 10.0; Win64; x64) AppleWebKit/537.36 (KHTML, like Gecko) Chrome/74.0.3729.169 Safari/537.36"
20.191.200.216 - - [09/Nov/2024:18:04:20 -0500] "HEAD /home HTTP/1.1" 301 0 "http://glenbowcollege.ca/home" "Mozilla/5.0 (Windows NT 10.0; Win64; x64) AppleWebKit/537.36 (KHTML, like Gecko) Chrome/74.0.3729.169 Safari/537.36"
20.191.200.216 - - [09/Nov/2024:18:04:20 -0500] "HEAD / HTTP/1.1" 200 0 "https://glenbowcollege.ca/popupbuilder/home-stay/" "Mozilla/5.0 (Windows NT 10.0; Win64; x64) AppleWebKit/537.36 (KHTML, like Gecko) Chrome/74.0.3729.169 Safari/537.36"
20.191.200.216 - - [09/Nov/2024:18:04:21 -0500] "HEAD /popupbuilder/home-stay/ HTTP/1.1" 302 0 "https://glenbowcollege.ca/home" "Mozilla/5.0 (Windows NT 10.0; Win64; x64) AppleWebKit/537.36 (KHTML, like Gecko) Chrome/74.0.3729.169 Safari/537.36"
20.191.200.216 - - [09/Nov/2024:18:04:23 -0500] "HEAD / HTTP/1.1" 200 0 "https://glenbowcollege.ca/popupbuilder/home-stay/" "Mozilla/5.0 (Windows NT 10.0; Win64; x64) AppleWebKit/537.36 (KHTML, like Gecko) Chrome/74.0.3729.169 Safari/537.36"
40.77.167.144 - - [09/Nov/2024:18:01:46 -0500] "GET /harleyf5f7d/cfe768677.htm HTTP/1.1" 404 14965 "-" "Mozilla/5.0 AppleWebKit/537.36 (KHTML, like Gecko; compatible; bingbot/2.0; +http://www.bing.com/bingbot.htm) Chrome/116.0.1938.76 Safari/537.36"
207.46.13.230 - - [09/Nov/2024:18:02:55 -0500] "GET /robots.txt HTTP/1.1" 200 233 "-" "Mozilla/5.0 AppleWebKit/537.36 (KHTML, like Gecko; compatible; bingbot/2.0; +http://www.bing.com/bingbot.htm) Chrome/116.0.1938.76 Safari/537.36"
52.167.144.19 - - [09/Nov/2024:18:03:07 -0500] "GET /psocidsktdddbs99121.html HTTP/1.1" 301 0 "-" "Mozilla/5.0 AppleWebKit/537.36 (KHTML, like Gecko; compatible; bingbot/2.0; +http://www.bing.com/bingbot.htm) Chrome/116.0.1938.76 Safari/537.36"
40.77.167.32 - - [09/Nov/2024:18:03:15 -0500] "GET /cerealed/ebe954181.htm HTTP/1.1" 404 14996 "-" "Mozilla/5.0 AppleWebKit/537.36 (KHTML, like Gecko; compatible; bingbot/2.0; +http://www.bing.com/bingbot.htm) Chrome/116.0.1938.76 Safari/537.36"
20.191.200.216 - - [09/Nov/2024:18:03:52 -0500] "HEAD /wordpress HTTP/1.1" 404 0 "http://glenbowcollege.ca/wordpress" "Mozilla/5.0 (Windows NT 10.0; Win64; x64) AppleWebKit/537.36 (KHTML, like Gecko) Chrome/74.0.3729.169 Safari/537.36"
20.191.200.216 - - [09/Nov/2024:18:03:55 -0500] "HEAD / HTTP/1.1" 200 0 "http://glenbowcollege.ca/" "Mozilla/5.0 (Windows NT 10.0; Win64; x64) AppleWebKit/537.36 (KHTML, like Gecko) Chrome/74.0.3729.169 Safari/537.36"
20.191.200.216 - - [09/Nov/2024:18:03:57 -0500] "HEAD /wp HTTP/1.1" 404 0 "http://glenbowcollege.ca/wp" "Mozilla/5.0 (Windows NT 10.0; Win64; x64) AppleWebKit/537.36 (KHTML, like Gecko) Chrome/74.0.3729.169 Safari/537.36"
20.191.200.216 - - [09/Nov/2024:18:04:02 -0500] "HEAD /bk HTTP/1.1" 404 0 "http://glenbowcollege.ca/bk" "Mozilla/5.0 (Windows NT 10.0; Win64; x64) AppleWebKit/537.36 (KHTML, like Gecko) Chrome/74.0.3729.169 Safari/537.36"
20.191.200.216 - - [09/Nov/2024:18:04:05 -0500] "HEAD /backup HTTP/1.1" 404 0 "http://glenbowcollege.ca/backup" "Mozilla/5.0 (Windows NT 10.0; Win64; x64) AppleWebKit/537.36 (KHTML, like Gecko) Chrome/74.0.3729.169 Safari/537.36"
