68.65.122.142 - - [09/Nov/2024:09:38:00 -0500] "POST /wp-cron.php?doing_wp_cron=1731163080.8026030063629150390625 HTTP/1.1" 403 1242 "-" "WordPress/6.2.1; https://glenbowcollege.ca"
66.249.68.39 - - [09/Nov/2024:09:37:59 -0500] "GET / HTTP/1.1" 200 20468 "-" "Mozilla/5.0 (compatible; Googlebot/2.1; +http://www.google.com/bot.html)"
68.65.122.142 - - [09/Nov/2024:09:39:42 -0500] "POST /wp-cron.php?doing_wp_cron=1731163182.4639151096343994140625 HTTP/1.1" 403 1242 "-" "WordPress/6.2.1; https://glenbowcollege.ca"
66.249.68.32 - - [09/Nov/2024:09:39:51 -0500] "GET / HTTP/1.1" 200 20464 "-" "Mozilla/5.0 (compatible; Googlebot/2.1; +http://www.google.com/bot.html)"
66.249.68.38 - - [09/Nov/2024:09:40:02 -0500] "GET /wp-content/plugins/woocommerce-menu-bar-cart/assets/css/wpmenucart-main.min.css?ver=2.14.2 HTTP/1.1" 200 329 "https://glenbowcollege.ca/" "Mozilla/5.0 AppleWebKit/537.36 (KHTML, like Gecko; compatible; Googlebot/2.1; +http://www.google.com/bot.html) Chrome/130.0.6723.69 Safari/537.36"
66.249.68.38 - - [09/Nov/2024:09:40:02 -0500] "GET /wp-content/plugins/add-to-cart-direct-checkout-for-woocommerce/public/css/pi-dcw-public.css?ver=2.1.64 HTTP/1.1" 200 294 "https://glenbowcollege.ca/" "Mozilla/5.0 AppleWebKit/537.36 (KHTML, like Gecko; compatible; Googlebot/2.1; +http://www.google.com/bot.html) Chrome/130.0.6723.69 Safari/537.36"
66.249.68.32 - - [09/Nov/2024:09:40:03 -0500] "GET /wp-content/plugins/contact-form-7/includes/css/styles.css?ver=5.8.6 HTTP/1.1" 200 890 "https://glenbowcollege.ca/" "Mozilla/5.0 AppleWebKit/537.36 (KHTML, like Gecko; compatible; Googlebot/2.1; +http://www.google.com/bot.html) Chrome/130.0.6723.69 Safari/537.36"
66.249.68.38 - - [09/Nov/2024:09:40:04 -0500] "GET /wp-content/plugins/if-menu/assets/if-menu-site.css?ver=6.2.1 HTTP/1.1" 200 426 "https://glenbowcollege.ca/" "Mozilla/5.0 AppleWebKit/537.36 (KHTML, like Gecko; compatible; Googlebot/2.1; +http://www.google.com/bot.html) Chrome/130.0.6723.69 Safari/537.36"
66.249.68.39 - - [09/Nov/2024:09:40:04 -0500] "GET /wp-content/themes/education-hub-pro/third-party/font-awesome/css/font-awesome.min.css?ver=4.7.0 HTTP/1.1" 200 6658 "https://glenbowcollege.ca/" "Mozilla/5.0 AppleWebKit/537.36 (KHTML, like Gecko; compatible; Googlebot/2.1; +http://www.google.com/bot.html) Chrome/130.0.6723.69 Safari/537.36"
66.249.68.39 - - [09/Nov/2024:09:40:05 -0500] "GET /wp-content/plugins/coblocks/dist/style-coblocks-1.css?ver=3.1.5 HTTP/1.1" 200 34606 "https://glenbowcollege.ca/" "Mozilla/5.0 AppleWebKit/537.36 (KHTML, like Gecko; compatible; Googlebot/2.1; +http://www.google.com/bot.html) Chrome/130.0.6723.69 Safari/537.36"
66.249.68.39 - - [09/Nov/2024:09:40:05 -0500] "GET /wp-includes/css/dist/block-library/style.min.css?ver=6.2.1 HTTP/1.1" 200 11775 "https://glenbowcollege.ca/" "Mozilla/5.0 AppleWebKit/537.36 (KHTML, like Gecko; compatible; Googlebot/2.1; +http://www.google.com/bot.html) Chrome/130.0.6723.69 Safari/537.36"
66.249.68.39 - - [09/Nov/2024:09:40:12 -0500] "GET /wp-content/plugins/coblocks/dist/js/coblocks-animation.js?ver=3.1.5 HTTP/1.1" 200 1805 "https://glenbowcollege.ca/" "Mozilla/5.0 AppleWebKit/537.36 (KHTML, like Gecko; compatible; Googlebot/2.1; +http://www.google.com/bot.html) Chrome/130.0.6723.69 Safari/537.36"
66.249.79.197 - - [09/Nov/2024:09:40:16 -0500] "GET /international/international-prospective-students/studying-in-canada/ HTTP/1.1" 301 0 "-" "Mozilla/5.0 (Linux; Android 6.0.1; Nexus 5X Build/MMB29P) AppleWebKit/537.36 (KHTML, like Gecko) Chrome/130.0.6723.69 Mobile Safari/537.36 (compatible; Googlebot/2.1; +http://www.google.com/bot.html)"
66.249.68.38 - - [09/Nov/2024:09:40:36 -0500] "GET /cart/ HTTP/1.1" 302 0 "-" "Mozilla/5.0 (Linux; Android 6.0.1; Nexus 5X Build/MMB29P) AppleWebKit/537.36 (KHTML, like Gecko) Chrome/130.0.6723.69 Mobile Safari/537.36 (compatible; Googlebot/2.1; +http://www.google.com/bot.html)"
66.249.68.38 - - [09/Nov/2024:09:40:44 -0500] "GET /wp-content/plugins/woocommerce/assets/js/frontend/single-product.min.js?ver=7.8.0 HTTP/1.1" 200 3370 "https://glenbowcollege.ca/make-payment/" "Mozilla/5.0 (Linux; Android 6.0.1; Nexus 5X Build/MMB29P) AppleWebKit/537.36 (KHTML, like Gecko) Chrome/130.0.6723.69 Mobile Safari/537.36 (compatible; Googlebot/2.1; +http://www.google.com/bot.html)"
68.65.122.142 - - [09/Nov/2024:09:44:45 -0500] "POST /wp-cron.php?doing_wp_cron=1731163485.1616361141204833984375 HTTP/1.1" 403 1242 "-" "WordPress/6.2.1; https://glenbowcollege.ca"
45.94.31.68 - - [09/Nov/2024:09:45:10 -0500] "POST /special-request/ HTTP/1.0" 200 73559 "https://glenbowcollege.ca/special-request/" "Mozilla/5.0 (Windows NT 6.1) AppleWebKit/537.36 (KHTML, like Gecko) Chrome/66.0.3359.181 Safari/537.36 Kinza/4.7.2"
66.249.68.39 - - [09/Nov/2024:09:51:09 -0500] "GET /feed/ HTTP/1.1" 200 5041 "-" "Mozilla/5.0 (compatible; Googlebot/2.1; +http://www.google.com/bot.html)"
66.249.68.38 - - [09/Nov/2024:09:40:38 -0500] "GET /make-payment/ HTTP/1.1" 200 19501 "-" "Mozilla/5.0 (Linux; Android 6.0.1; Nexus 5X Build/MMB29P) AppleWebKit/537.36 (KHTML, like Gecko) Chrome/130.0.6723.69 Mobile Safari/537.36 (compatible; Googlebot/2.1; +http://www.google.com/bot.html)"
66.249.68.38 - - [09/Nov/2024:09:40:44 -0500] "GET /wp-content/plugins/woocommerce/assets/js/frontend/add-to-cart-variation.min.js?ver=7.8.0 HTTP/1.1" 200 5066 "https://glenbowcollege.ca/make-payment/" "Mozilla/5.0 (Linux; Android 6.0.1; Nexus 5X Build/MMB29P) AppleWebKit/537.36 (KHTML, like Gecko) Chrome/130.0.6723.69 Mobile Safari/537.36 (compatible; Googlebot/2.1; +http://www.google.com/bot.html)"
45.11.59.28 - - [09/Nov/2024:09:44:44 -0500] "GET /special-request/ HTTP/1.0" 200 76062 "https://glenbowcollege.ca/special-request/" "Mozilla/5.0 (Windows NT 6.1) AppleWebKit/537.36 (KHTML, like Gecko) Chrome/66.0.3359.181 Safari/537.36 Kinza/4.7.2"
91.206.26.26 - - [09/Nov/2024:09:45:14 -0500] "GET /special-request/ HTTP/1.0" 200 76037 "https://glenbowcollege.ca/special-request/" "Mozilla/5.0 (Windows NT 6.1) AppleWebKit/537.36 (KHTML, like Gecko) Chrome/66.0.3359.181 Safari/537.36 Kinza/4.7.2"
68.65.122.142 - - [09/Nov/2024:09:51:10 -0500] "POST /wp-cron.php?doing_wp_cron=1731163870.1246020793914794921875 HTTP/1.1" 403 1242 "-" "WordPress/6.2.1; https://glenbowcollege.ca"
68.65.122.142 - - [09/Nov/2024:09:55:04 -0500] "POST /wp-cron.php?doing_wp_cron=1731164104.8929469585418701171875 HTTP/1.1" 403 1242 "-" "WordPress/6.2.1; https://glenbowcollege.ca"
82.147.85.160 - - [09/Nov/2024:10:00:22 -0500] "GET /2020/02/23/blog/ HTTP/1.0" 200 83415 "https://glenbowcollege.ca/2020/02/23/blog/" "Mozilla/5.0 (Windows NT 6.1; Win64; x64) AppleWebKit/537.36 (KHTML, like Gecko) Chrome/103.0.0.0 Safari/537.36"
82.147.85.160 - - [09/Nov/2024:10:00:25 -0500] "GET /2020/02/23/blog/ HTTP/1.0" 200 83405 "https://glenbowcollege.ca/2020/02/23/blog/" "Mozilla/5.0 (Windows NT 6.1; Win64; x64) AppleWebKit/537.36 (KHTML, like Gecko) Chrome/103.0.0.0 Safari/537.36"
82.147.85.160 - - [09/Nov/2024:10:00:30 -0500] "GET /about/contact-us/ HTTP/1.0" 200 75985 "https://glenbowcollege.ca/about/contact-us/" "Mozilla/5.0 (Windows NT 6.1; Win64; x64) AppleWebKit/537.36 (KHTML, like Gecko) Chrome/103.0.0.0 Safari/537.36"
105.159.196.71 - - [09/Nov/2024:09:55:03 -0500] "GET / HTTP/1.1" 200 23164 "-" "Mozilla/5.0 (X11; Linux x86_64) AppleWebKit/537.36 (KHTML, like Gecko) Chrome/130.0.0.0 Safari/537.36"
114.119.134.196 - - [09/Nov/2024:10:00:21 -0500] "GET /robots.txt HTTP/1.1" 200 242 "-" "Mozilla/5.0 (compatible;PetalBot;+https://webmaster.petalsearch.com/site/petalbot)"
68.65.122.142 - - [09/Nov/2024:10:00:23 -0500] "POST /wp-cron.php?doing_wp_cron=1731164423.4955720901489257812500 HTTP/1.1" 403 1242 "-" "WordPress/6.2.1; https://glenbowcollege.ca"
82.147.85.160 - - [09/Nov/2024:10:00:27 -0500] "GET /category/blog/ HTTP/1.0" 200 70440 "https://glenbowcollege.ca/category/blog/" "Mozilla/5.0 (Windows NT 6.1; Win64; x64) AppleWebKit/537.36 (KHTML, like Gecko) Chrome/103.0.0.0 Safari/537.36"
68.65.122.142 - - [09/Nov/2024:10:02:52 -0500] "POST /wp-cron.php?doing_wp_cron=1731164572.8065469264984130859375 HTTP/1.1" 403 1242 "-" "WordPress/6.2.1; https://glenbowcollege.ca"
38.18.24.193 - - [09/Nov/2024:10:02:51 -0500] "GET /scadXgeEgHe1SwDqNAOq8OcFvNmh8ukebS81TCBsvuR9k7jh8wSdfMqAzVeDmts0HO2W4f3QgdD7zaUnTyAZdg== HTTP/1.1" 404 16565 "-" "Mozilla/5.0 (X11; Linux x86_64) AppleWebKit/537.36 (KHTML, like Gecko) Chrome/108.0.0.0 Safari/537.36"
94.232.46.47 - - [09/Nov/2024:10:03:39 -0500] "GET /remote/login HTTP/1.1" 404 15005 "-" "Mozilla/5.0 (Windows NT 10.0; Win64; x64) AppleWebKit/537.36 (KHTML, like Gecko) Chrome/115.0.0.0 Safari/537.36 Edg/115.0.1901.203"
82.147.85.160 - - [09/Nov/2024:10:03:49 -0500] "POST /about/contact-us/ HTTP/1.0" 200 78370 "https://glenbowcollege.ca/about/contact-us/" "Mozilla/5.0 (Windows NT 6.1; Win64; x64) AppleWebKit/537.36 (KHTML, like Gecko) Chrome/103.0.0.0 Safari/537.36"
68.65.122.142 - - [09/Nov/2024:10:03:52 -0500] "POST /wp-cron.php?doing_wp_cron=1731164632.8376810550689697265625 HTTP/1.1" 403 1242 "-" "WordPress/6.2.1; https://glenbowcollege.ca"
94.232.46.47 - - [09/Nov/2024:10:03:51 -0500] "GET /login HTTP/1.1" 302 0 "-" "Mozilla/5.0 (Windows NT 10.0; Win64; x64) AppleWebKit/537.36 (KHTML, like Gecko) Chrome/115.0.0.0 Safari/537.36 Edg/115.0.1901.203"
94.232.46.47 - - [09/Nov/2024:10:07:19 -0500] "GET /remote/login HTTP/1.1" 404 14985 "-" "Mozilla/5.0 (Windows NT 10.0; Win64; x64) AppleWebKit/537.36 (KHTML, like Gecko) Chrome/115.0.0.0 Safari/537.36 Edg/115.0.1901.203"
94.232.46.47 - - [09/Nov/2024:10:04:05 -0500] "GET /yonetici HTTP/1.1" 200 1969 "-" "Mozilla/5.0 (Windows NT 10.0; Win64; x64) AppleWebKit/537.36 (KHTML, like Gecko) Chrome/115.0.0.0 Safari/537.36 Edg/115.0.1901.203"
68.65.122.142 - - [09/Nov/2024:10:07:20 -0500] "POST /wp-cron.php?doing_wp_cron=1731164840.6371979713439941406250 HTTP/1.1" 403 1242 "-" "WordPress/6.2.1; https://glenbowcollege.ca"
94.232.46.47 - - [09/Nov/2024:10:07:30 -0500] "GET /login HTTP/1.1" 302 0 "-" "Mozilla/5.0 (Windows NT 10.0; Win64; x64) AppleWebKit/537.36 (KHTML, like Gecko) Chrome/115.0.0.0 Safari/537.36 Edg/115.0.1901.203"
94.232.46.47 - - [09/Nov/2024:10:07:40 -0500] "GET /yonetici HTTP/1.1" 200 1969 "-" "Mozilla/5.0 (Windows NT 10.0; Win64; x64) AppleWebKit/537.36 (KHTML, like Gecko) Chrome/115.0.0.0 Safari/537.36 Edg/115.0.1901.203"
68.65.122.142 - - [09/Nov/2024:10:13:56 -0500] "POST /wp-cron.php?doing_wp_cron=1731165236.1717069149017333984375 HTTP/1.1" 403 1242 "-" "WordPress/6.2.1; https://glenbowcollege.ca"
52.167.144.179 - - [09/Nov/2024:10:13:55 -0500] "GET /gamespot593/ HTTP/1.1" 404 14970 "-" "Mozilla/5.0 AppleWebKit/537.36 (KHTML, like Gecko; compatible; bingbot/2.0; +http://www.bing.com/bingbot.htm) Chrome/116.0.1938.76 Safari/537.36"
68.65.122.142 - - [09/Nov/2024:10:16:56 -0500] "POST /wp-cron.php?doing_wp_cron=1731165415.9993760585784912109375 HTTP/1.1" 403 1242 "-" "WordPress/6.2.1; https://glenbowcollege.ca"
52.167.144.179 - - [09/Nov/2024:10:16:54 -0500] "GET /biz62cba/feb1984147.htm HTTP/1.1" 404 14974 "-" "Mozilla/5.0 AppleWebKit/537.36 (KHTML, like Gecko; compatible; bingbot/2.0; +http://www.bing.com/bingbot.htm) Chrome/116.0.1938.76 Safari/537.36"
207.46.13.124 - - [09/Nov/2024:10:17:09 -0500] "GET /international/work-with-pipa HTTP/1.1" 301 0 "-" "Mozilla/5.0 AppleWebKit/537.36 (KHTML, like Gecko; compatible; bingbot/2.0; +http://www.bing.com/bingbot.htm) Chrome/116.0.1938.76 Safari/537.36"
207.46.13.124 - - [09/Nov/2024:10:17:11 -0500] "GET /international/work-with-pipa/ HTTP/1.1" 200 20745 "-" "Mozilla/5.0 AppleWebKit/537.36 (KHTML, like Gecko; compatible; bingbot/2.0; +http://www.bing.com/bingbot.htm) Chrome/116.0.1938.76 Safari/537.36"
40.77.167.42 - - [09/Nov/2024:10:17:32 -0500] "GET /act4b/ffbf300552.htm HTTP/1.1" 404 14970 "-" "Mozilla/5.0 AppleWebKit/537.36 (KHTML, like Gecko; compatible; bingbot/2.0; +http://www.bing.com/bingbot.htm) Chrome/116.0.1938.76 Safari/537.36"
68.65.122.142 - - [09/Nov/2024:10:26:21 -0500] "POST /wp-cron.php?doing_wp_cron=1731165981.5286719799041748046875 HTTP/1.1" 403 1242 "-" "WordPress/6.2.1; https://glenbowcollege.ca"
172.96.80.73 - - [09/Nov/2024:10:26:20 -0500] "GET /about/contact-us/ HTTP/1.1" 200 18130 "-" "Mozilla/5.0 (Windows NT 10.0; WOW64) AppleWebKit/537.36 (KHTML, like Gecko) Chrome/114.0.0.0 Safari/537.36"
157.55.39.49 - - [09/Nov/2024:10:40:31 -0500] "GET /natives24/ HTTP/1.1" 404 14958 "-" "Mozilla/5.0 AppleWebKit/537.36 (KHTML, like Gecko; compatible; bingbot/2.0; +http://www.bing.com/bingbot.htm) Chrome/116.0.1938.76 Safari/537.36"
64.71.131.243 - - [09/Nov/2024:10:42:50 -0500] "GET /robots.txt HTTP/1.1" 200 841 "-" "Mozilla/5.0 (compatible; ev-crawler/1.0; +https://headline.com/legal/crawler)"
5.161.69.178 - - [09/Nov/2024:10:36:55 -0500] "POST /wp-load.php?fa9202=89303 HTTP/1.1" 403 1242 "-" "Mozilla/5.0 (Windows NT 10.0; Win64; x64) AppleWebKit/537.36 (KHTML, like Gecko) Chrome/104.0.5112.97 Safari/537.36"
38.18.1.106 - - [09/Nov/2024:10:37:18 -0500] "GET /wp-content/themes/education-hub-pro/style.css?ver=3.4.1 HTTP/1.1" 200 19333 "-" "Mozilla/5.0 (Macintosh; Intel Mac OS X 10.15; rv:109.0) Gecko/20100101 Firefox/109.0"
68.65.122.142 - - [09/Nov/2024:10:37:38 -0500] "POST /wp-cron.php?doing_wp_cron=1731166658.0947411060333251953125 HTTP/1.1" 403 1242 "-" "WordPress/6.2.1; https://glenbowcollege.ca"
66.249.68.39 - - [09/Nov/2024:10:37:37 -0500] "GET / HTTP/1.1" 200 20470 "-" "Mozilla/5.0 (compatible; Googlebot/2.1; +http://www.google.com/bot.html)"
68.65.122.142 - - [09/Nov/2024:10:40:32 -0500] "POST /wp-cron.php?doing_wp_cron=1731166832.4147861003875732421875 HTTP/1.1" 403 1242 "-" "WordPress/6.2.1; https://glenbowcollege.ca"
68.65.122.142 - - [09/Nov/2024:10:41:49 -0500] "POST /wp-cron.php?doing_wp_cron=1731166909.0238270759582519531250 HTTP/1.1" 403 1242 "-" "WordPress/6.2.1; https://glenbowcollege.ca"
77.221.155.216 - - [09/Nov/2024:10:41:48 -0500] "GET /about/contact-us/ HTTP/1.0" 200 75995 "https://glenbowcollege.ca/about/contact-us/" "Mozilla/5.0 (Windows NT 6.1; Win64; x64) AppleWebKit/537.36 (KHTML, like Gecko) Chrome/103.0.0.0 Safari/537.36"
77.221.155.216 - - [09/Nov/2024:10:41:50 -0500] "GET /2020/02/23/blog/ HTTP/1.0" 200 83415 "https://glenbowcollege.ca/2020/02/23/blog/" "Mozilla/5.0 (Windows NT 6.1; Win64; x64) AppleWebKit/537.36 (KHTML, like Gecko) Chrome/103.0.0.0 Safari/537.36"
77.221.155.216 - - [09/Nov/2024:10:41:53 -0500] "GET /category/blog/ HTTP/1.0" 200 70460 "https://glenbowcollege.ca/category/blog/" "Mozilla/5.0 (Windows NT 6.1; Win64; x64) AppleWebKit/537.36 (KHTML, like Gecko) Chrome/103.0.0.0 Safari/537.36"
68.65.122.142 - - [09/Nov/2024:10:51:27 -0500] "POST /?wordfence_syncAttackData=1731167487.5607 HTTP/1.1" 200 0 "-" "WordPress/6.2.1; https://glenbowcollege.ca"
157.55.39.49 - - [09/Nov/2024:10:45:31 -0500] "GET /tools2c/adc760401.htm HTTP/1.1" 404 14994 "-" "Mozilla/5.0 AppleWebKit/537.36 (KHTML, like Gecko; compatible; bingbot/2.0; +http://www.bing.com/bingbot.htm) Chrome/116.0.1938.76 Safari/537.36"
68.65.122.142 - - [09/Nov/2024:10:51:28 -0500] "POST /wp-cron.php?doing_wp_cron=1731167488.7946760654449462890625 HTTP/1.1" 403 1242 "-" "WordPress/6.2.1; https://glenbowcollege.ca"
77.75.79.36 - - [09/Nov/2024:10:51:26 -0500] "GET /2020/02/21/career-hub/ HTTP/1.1" 200 20089 "-" "Mozilla/5.0 (compatible; SeznamBot/4.0; +http://napoveda.seznam.cz/seznambot-intro/)"
207.46.13.31 - - [09/Nov/2024:11:09:13 -0500] "GET /communityaf/ac1840250.htm HTTP/1.1" 404 14992 "-" "Mozilla/5.0 AppleWebKit/537.36 (KHTML, like Gecko; compatible; bingbot/2.0; +http://www.bing.com/bingbot.htm) Chrome/116.0.1938.76 Safari/537.36"
68.65.122.142 - - [09/Nov/2024:11:02:54 -0500] "POST /wp-cron.php?doing_wp_cron=1731168174.7822399139404296875000 HTTP/1.1" 403 1242 "-" "WordPress/6.2.1; https://glenbowcollege.ca"
51.222.253.8 - - [09/Nov/2024:11:02:53 -0500] "GET /about/academic/ HTTP/1.1" 200 18184 "-" "Mozilla/5.0 (compatible; AhrefsBot/7.0; +http://ahrefs.com/robot/)"
43.130.16.140 - - [09/Nov/2024:11:03:22 -0500] "GET / HTTP/1.1" 301 0 "http://www.glenbowcollege.ca" "Mozilla/5.0 (iPhone; CPU iPhone OS 13_2_3 like Mac OS X) AppleWebKit/605.1.15 (KHTML, like Gecko) Version/13.0.3 Mobile/15E148 Safari/604.1"
43.130.16.140 - - [09/Nov/2024:11:03:27 -0500] "GET / HTTP/1.1" 200 23170 "https://www.glenbowcollege.ca/" "Mozilla/5.0 (iPhone; CPU iPhone OS 13_2_3 like Mac OS X) AppleWebKit/605.1.15 (KHTML, like Gecko) Version/13.0.3 Mobile/15E148 Safari/604.1"
68.65.122.142 - - [09/Nov/2024:11:09:14 -0500] "POST /wp-cron.php?doing_wp_cron=1731168554.4022870063781738281250 HTTP/1.1" 403 1242 "-" "WordPress/6.2.1; https://glenbowcollege.ca"
68.65.122.142 - - [09/Nov/2024:11:24:45 -0500] "POST /wp-cron.php?doing_wp_cron=1731169485.9023149013519287109375 HTTP/1.1" 403 1242 "-" "WordPress/6.2.1; https://glenbowcollege.ca"
138.68.100.147 - - [09/Nov/2024:11:24:44 -0500] "GET /international/prospective-international-students/admission-requirements/ HTTP/1.1" 200 19810 "-" "Mozilla/5.0 (Macintosh; Intel Mac OS X 10_15_7) AppleWebKit/537.36 (KHTML, like Gecko) Chrome/124.0.0.0 Safari/537.36"
68.65.122.142 - - [09/Nov/2024:11:29:36 -0500] "POST /wp-cron.php?doing_wp_cron=1731169776.1896729469299316406250 HTTP/1.1" 403 1242 "-" "WordPress/6.2.1; https://glenbowcollege.ca"
142.126.94.167 - - [09/Nov/2024:11:30:11 -0500] "GET / HTTP/1.1" 200 20444 "-" "Mozilla/5.0 (Macintosh; Intel Mac OS X 10_11_1) AppleWebKit/601.2.4 (KHTML, like Gecko) Version/9.0.1 Safari/601.2.4 facebookexternalhit/1.1 Facebot Twitterbot/1.0"
207.46.13.141 - - [09/Nov/2024:11:29:35 -0500] "GET /gravityac40d/ HTTP/1.1" 404 14995 "-" "Mozilla/5.0 AppleWebKit/537.36 (KHTML, like Gecko; compatible; bingbot/2.0; +http://www.bing.com/bingbot.htm) Chrome/116.0.1938.76 Safari/537.36"
66.249.68.39 - - [09/Nov/2024:11:35:41 -0500] "GET /blog/ HTTP/1.1" 301 0 "-" "Mozilla/5.0 (Linux; Android 6.0.1; Nexus 5X Build/MMB29P) AppleWebKit/537.36 (KHTML, like Gecko) Chrome/130.0.6723.69 Mobile Safari/537.36 (compatible; Googlebot/2.1; +http://www.google.com/bot.html)"
68.65.122.142 - - [09/Nov/2024:11:35:43 -0500] "POST /wp-cron.php?doing_wp_cron=1731170143.0738649368286132812500 HTTP/1.1" 403 1242 "-" "WordPress/6.2.1; https://glenbowcollege.ca"
137.184.135.216 - - [09/Nov/2024:11:37:05 -0500] "POST /wp-load.php?eaf1ab=39612 HTTP/1.1" 403 1242 "-" "Mozilla/5.0 (Windows NT 10.0; Win64; x64) AppleWebKit/537.36 (KHTML, like Gecko) Chrome/104.0.5112.97 Safari/537.36"
185.71.216.15 - - [09/Nov/2024:11:41:15 -0500] "POST /xmlrpc.php HTTP/1.1" 403 1242 "-" "Mozilla/5.0 (Windows NT 6.1; WOW64; rv:44.0) Gecko/20100101 Firefox/44.0"
77.245.141.51 - - [09/Nov/2024:11:41:17 -0500] "POST /xmlrpc.php HTTP/1.1" 403 1242 "-" "Mozilla/5.0 (Windows NT 10.0; WOW64; rv:50.0) Gecko/20100101 Firefox/50.0"
103.173.227.63 - - [09/Nov/2024:11:41:29 -0500] "POST /xmlrpc.php HTTP/1.1" 403 1242 "-" "Mozilla/5.0 (Windows NT 6.1; Win64; x64) AppleWebKit/537.36 (KHTML, like Gecko) Chrome/60.0.3112.90 Safari/537.36"
161.35.166.232 - - [09/Nov/2024:11:40:44 -0500] "POST /xmlrpc.php HTTP/1.1" 403 1242 "-" "Mozilla/5.0 (Windows NT 10.0; Win64; x64) AppleWebKit/537.36 (KHTML, like Gecko) Chrome/68.0.3440.106 Safari/537.36"
160.251.151.227 - - [09/Nov/2024:11:41:12 -0500] "POST /xmlrpc.php HTTP/1.1" 403 1242 "-" "Mozilla/5.0 (Linux; Android 10) AppleWebKit/537.36 (KHTML, like Gecko) Chrome/91.0.4472.114 Mobile Safari/537.36"
185.55.225.2 - - [09/Nov/2024:11:41:24 -0500] "POST /xmlrpc.php HTTP/1.1" 403 1242 "-" "Mozilla/5.0 (Windows NT 5.1; rv:33.0) Gecko/20100101 Firefox/33.0"
34.23.88.144 - - [09/Nov/2024:11:49:36 -0500] "GET /robots.txt HTTP/1.0" 200 242 "-" "ZoominfoBot (zoominfobot at zoominfo dot com)"
45.44.102.212 - - [09/Nov/2024:11:50:06 -0500] "GET /certifications/english-as-a-second-language-esl/ HTTP/1.1" 200 19687 "https://www.google.com/" "Mozilla/5.0 (Windows NT 10.0; Win64; x64) AppleWebKit/537.36 (KHTML, like Gecko) Chrome/130.0.0.0 Safari/537.36 Edg/130.0.0.0"
45.44.102.212 - - [09/Nov/2024:11:50:08 -0500] "GET /wp-content/plugins/woocommerce/packages/woocommerce-blocks/build/wc-blocks-vendors-style.css?ver=10.2.3 HTTP/1.1" 200 1760 "https://glenbowcollege.ca/certifications/english-as-a-second-language-esl/" "Mozilla/5.0 (Windows NT 10.0; Win64; x64) AppleWebKit/537.36 (KHTML, like Gecko) Chrome/130.0.0.0 Safari/537.36 Edg/130.0.0.0"
45.44.102.212 - - [09/Nov/2024:11:50:08 -0500] "GET /wp-content/plugins/woocommerce/packages/woocommerce-blocks/build/wc-blocks-style.css?ver=10.2.3 HTTP/1.1" 200 26445 "https://glenbowcollege.ca/certifications/english-as-a-second-language-esl/" "Mozilla/5.0 (Windows NT 10.0; Win64; x64) AppleWebKit/537.36 (KHTML, like Gecko) Chrome/130.0.0.0 Safari/537.36 Edg/130.0.0.0"
45.44.102.212 - - [09/Nov/2024:11:50:08 -0500] "GET /wp-content/plugins/coblocks/dist/style-coblocks-1.css?ver=3.1.5 HTTP/1.1" 200 34606 "https://glenbowcollege.ca/certifications/english-as-a-second-language-esl/" "Mozilla/5.0 (Windows NT 10.0; Win64; x64) AppleWebKit/537.36 (KHTML, like Gecko) Chrome/130.0.0.0 Safari/537.36 Edg/130.0.0.0"
45.44.102.212 - - [09/Nov/2024:11:50:08 -0500] "GET /wp-content/plugins/coblocks/dist/style-coblocks-animation.css?ver=d9b2b27566e6a2a85d1b HTTP/1.1" 200 871 "https://glenbowcollege.ca/certifications/english-as-a-second-language-esl/" "Mozilla/5.0 (Windows NT 10.0; Win64; x64) AppleWebKit/537.36 (KHTML, like Gecko) Chrome/130.0.0.0 Safari/537.36 Edg/130.0.0.0"
45.44.102.212 - - [09/Nov/2024:11:50:08 -0500] "GET /wp-includes/css/classic-themes.min.css?ver=6.2.1 HTTP/1.1" 200 291 "https://glenbowcollege.ca/certifications/english-as-a-second-language-esl/" "Mozilla/5.0 (Windows NT 10.0; Win64; x64) AppleWebKit/537.36 (KHTML, like Gecko) Chrome/130.0.0.0 Safari/537.36 Edg/130.0.0.0"
45.44.102.212 - - [09/Nov/2024:11:50:08 -0500] "GET /wp-content/plugins/add-to-cart-direct-checkout-for-woocommerce/public/css/pi-dcw-public.css?ver=2.1.64 HTTP/1.1" 200 294 "https://glenbowcollege.ca/certifications/english-as-a-second-language-esl/" "Mozilla/5.0 (Windows NT 10.0; Win64; x64) AppleWebKit/537.36 (KHTML, like Gecko) Chrome/130.0.0.0 Safari/537.36 Edg/130.0.0.0"
45.44.102.212 - - [09/Nov/2024:11:50:08 -0500] "GET /wp-content/plugins/woocommerce-menu-bar-cart/assets/css/wpmenucart-icons.min.css?ver=2.14.2 HTTP/1.1" 200 192 "https://glenbowcollege.ca/certifications/english-as-a-second-language-esl/" "Mozilla/5.0 (Windows NT 10.0; Win64; x64) AppleWebKit/537.36 (KHTML, like Gecko) Chrome/130.0.0.0 Safari/537.36 Edg/130.0.0.0"
45.44.102.212 - - [09/Nov/2024:11:50:08 -0500] "GET /wp-content/plugins/woocommerce-menu-bar-cart/assets/css/wpmenucart-main.min.css?ver=2.14.2 HTTP/1.1" 200 329 "https://glenbowcollege.ca/certifications/english-as-a-second-language-esl/" "Mozilla/5.0 (Windows NT 10.0; Win64; x64) AppleWebKit/537.36 (KHTML, like Gecko) Chrome/130.0.0.0 Safari/537.36 Edg/130.0.0.0"
45.44.102.212 - - [09/Nov/2024:11:50:08 -0500] "GET /wp-content/plugins/woocommerce/assets/css/woocommerce-layout.css?ver=7.8.0 HTTP/1.1" 200 2313 "https://glenbowcollege.ca/certifications/english-as-a-second-language-esl/" "Mozilla/5.0 (Windows NT 10.0; Win64; x64) AppleWebKit/537.36 (KHTML, like Gecko) Chrome/130.0.0.0 Safari/537.36 Edg/130.0.0.0"
45.44.102.212 - - [09/Nov/2024:11:50:08 -0500] "GET /wp-content/plugins/woocommerce/assets/css/woocommerce.css?ver=7.8.0 HTTP/1.1" 200 8786 "https://glenbowcollege.ca/certifications/english-as-a-second-language-esl/" "Mozilla/5.0 (Windows NT 10.0; Win64; x64) AppleWebKit/537.36 (KHTML, like Gecko) Chrome/130.0.0.0 Safari/537.36 Edg/130.0.0.0"
34.23.88.144 - - [09/Nov/2024:11:49:36 -0500] "GET / HTTP/1.0" 200 23168 "-" "ZoominfoBot (zoominfobot at zoominfo dot com)"
45.44.102.212 - - [09/Nov/2024:11:50:08 -0500] "GET /wp-includes/css/dist/block-library/style.min.css?ver=6.2.1 HTTP/1.1" 200 11775 "https://glenbowcollege.ca/certifications/english-as-a-second-language-esl/" "Mozilla/5.0 (Windows NT 10.0; Win64; x64) AppleWebKit/537.36 (KHTML, like Gecko) Chrome/130.0.0.0 Safari/537.36 Edg/130.0.0.0"
45.44.102.212 - - [09/Nov/2024:11:50:08 -0500] "GET /wp-content/plugins/coblocks/dist/style-coblocks-extensions.css?ver=3.1.5 HTTP/1.1" 200 304 "https://glenbowcollege.ca/certifications/english-as-a-second-language-esl/" "Mozilla/5.0 (Windows NT 10.0; Win64; x64) AppleWebKit/537.36 (KHTML, like Gecko) Chrome/130.0.0.0 Safari/537.36 Edg/130.0.0.0"
45.44.102.212 - - [09/Nov/2024:11:50:08 -0500] "GET /wp-content/plugins/contact-form-7/includes/css/styles.css?ver=5.8.6 HTTP/1.1" 200 890 "https://glenbowcollege.ca/certifications/english-as-a-second-language-esl/" "Mozilla/5.0 (Windows NT 10.0; Win64; x64) AppleWebKit/537.36 (KHTML, like Gecko) Chrome/130.0.0.0 Safari/537.36 Edg/130.0.0.0"
45.44.102.212 - - [09/Nov/2024:11:50:08 -0500] "GET /wp-includes/css/dist/components/style.min.css?ver=6.2.1 HTTP/1.1" 200 11247 "https://glenbowcollege.ca/certifications/english-as-a-second-language-esl/" "Mozilla/5.0 (Windows NT 10.0; Win64; x64) AppleWebKit/537.36 (KHTML, like Gecko) Chrome/130.0.0.0 Safari/537.36 Edg/130.0.0.0"
45.44.102.212 - - [09/Nov/2024:11:50:09 -0500] "GET /wp-content/plugins/coblocks/includes/Dependencies/GoDaddy/Styles/build/latest.css?ver=2.0.2 HTTP/1.1" 200 1313 "https://glenbowcollege.ca/certifications/english-as-a-second-language-esl/" "Mozilla/5.0 (Windows NT 10.0; Win64; x64) AppleWebKit/537.36 (KHTML, like Gecko) Chrome/130.0.0.0 Safari/537.36 Edg/130.0.0.0"
45.44.102.212 - - [09/Nov/2024:11:50:09 -0500] "GET /wp-content/themes/education-hub-pro/third-party/font-awesome/css/font-awesome.min.css?ver=4.7.0 HTTP/1.1" 200 6658 "https://glenbowcollege.ca/certifications/english-as-a-second-language-esl/" "Mozilla/5.0 (Windows NT 10.0; Win64; x64) AppleWebKit/537.36 (KHTML, like Gecko) Chrome/130.0.0.0 Safari/537.36 Edg/130.0.0.0"
45.44.102.212 - - [09/Nov/2024:11:50:09 -0500] "GET /wp-content/themes/education-hub-pro/style.css?ver=3.4.1 HTTP/1.1" 200 14555 "https://glenbowcollege.ca/certifications/english-as-a-second-language-esl/" "Mozilla/5.0 (Windows NT 10.0; Win64; x64) AppleWebKit/537.36 (KHTML, like Gecko) Chrome/130.0.0.0 Safari/537.36 Edg/130.0.0.0"
45.44.102.212 - - [09/Nov/2024:11:50:09 -0500] "GET /wp-content/uploads/2020/02/cropped-logo6.png HTTP/1.1" 200 11781 "https://glenbowcollege.ca/certifications/english-as-a-second-language-esl/" "Mozilla/5.0 (Windows NT 10.0; Win64; x64) AppleWebKit/537.36 (KHTML, like Gecko) Chrome/130.0.0.0 Safari/537.36 Edg/130.0.0.0"
45.44.102.212 - - [09/Nov/2024:11:50:09 -0500] "GET /wp-includes/js/jquery/jquery.min.js?ver=3.6.4 HTTP/1.1" 200 31997 "https://glenbowcollege.ca/certifications/english-as-a-second-language-esl/" "Mozilla/5.0 (Windows NT 10.0; Win64; x64) AppleWebKit/537.36 (KHTML, like Gecko) Chrome/130.0.0.0 Safari/537.36 Edg/130.0.0.0"
45.44.102.212 - - [09/Nov/2024:11:50:09 -0500] "GET /wp-content/uploads/2020/02/english_as_a_second_language.jpg HTTP/1.1" 200 36750 "https://glenbowcollege.ca/certifications/english-as-a-second-language-esl/" "Mozilla/5.0 (Windows NT 10.0; Win64; x64) AppleWebKit/537.36 (KHTML, like Gecko) Chrome/130.0.0.0 Safari/537.36 Edg/130.0.0.0"
45.44.102.212 - - [09/Nov/2024:11:50:09 -0500] "GET /wp-content/uploads/2024/05/LC-Logo_Colour.png HTTP/1.1" 200 33091 "https://glenbowcollege.ca/certifications/english-as-a-second-language-esl/" "Mozilla/5.0 (Windows NT 10.0; Win64; x64) AppleWebKit/537.36 (KHTML, like Gecko) Chrome/130.0.0.0 Safari/537.36 Edg/130.0.0.0"
45.44.102.212 - - [09/Nov/2024:11:50:09 -0500] "GET /wp-content/plugins/if-menu/assets/if-menu-site.css?ver=6.2.1 HTTP/1.1" 200 426 "https://glenbowcollege.ca/certifications/english-as-a-second-language-esl/" "Mozilla/5.0 (Windows NT 10.0; Win64; x64) AppleWebKit/537.36 (KHTML, like Gecko) Chrome/130.0.0.0 Safari/537.36 Edg/130.0.0.0"
45.44.102.212 - - [09/Nov/2024:11:50:09 -0500] "GET /wp-content/uploads/2020/02/logo_white-2048x881.png HTTP/1.1" 200 267785 "https://glenbowcollege.ca/certifications/english-as-a-second-language-esl/" "Mozilla/5.0 (Windows NT 10.0; Win64; x64) AppleWebKit/537.36 (KHTML, like Gecko) Chrome/130.0.0.0 Safari/537.36 Edg/130.0.0.0"
45.44.102.212 - - [09/Nov/2024:11:50:09 -0500] "GET /wp-content/plugins/advanced-nocaptcha-recaptcha/admin/templates/templates.css?id=521wfmqp2i98tuqyuy3ndq HTTP/1.1" 200 171 "https://glenbowcollege.ca/certifications/english-as-a-second-language-esl/" "Mozilla/5.0 (Windows NT 10.0; Win64; x64) AppleWebKit/537.36 (KHTML, like Gecko) Chrome/130.0.0.0 Safari/537.36 Edg/130.0.0.0"
45.44.102.212 - - [09/Nov/2024:11:50:10 -0500] "GET /wp-includes/js/dist/vendor/regenerator-runtime.min.js?ver=0.13.11 HTTP/1.1" 200 4046 "https://glenbowcollege.ca/certifications/english-as-a-second-language-esl/" "Mozilla/5.0 (Windows NT 10.0; Win64; x64) AppleWebKit/537.36 (KHTML, like Gecko) Chrome/130.0.0.0 Safari/537.36 Edg/130.0.0.0"
45.44.102.212 - - [09/Nov/2024:11:50:10 -0500] "GET /wp-includes/js/dist/vendor/wp-polyfill.min.js?ver=3.15.0 HTTP/1.1" 200 7980 "https://glenbowcollege.ca/certifications/english-as-a-second-language-esl/" "Mozilla/5.0 (Windows NT 10.0; Win64; x64) AppleWebKit/537.36 (KHTML, like Gecko) Chrome/130.0.0.0 Safari/537.36 Edg/130.0.0.0"
45.44.102.212 - - [09/Nov/2024:11:50:11 -0500] "GET /wp-includes/js/jquery/jquery-migrate.min.js?ver=3.4.0 HTTP/1.1" 200 6238 "https://glenbowcollege.ca/certifications/english-as-a-second-language-esl/" "Mozilla/5.0 (Windows NT 10.0; Win64; x64) AppleWebKit/537.36 (KHTML, like Gecko) Chrome/130.0.0.0 Safari/537.36 Edg/130.0.0.0"
45.44.102.212 - - [09/Nov/2024:11:50:11 -0500] "GET /wp-content/plugins/add-to-cart-direct-checkout-for-woocommerce/public/js/pi-dcw-public.js?ver=2.1.64 HTTP/1.1" 200 2634 "https://glenbowcollege.ca/certifications/english-as-a-second-language-esl/" "Mozilla/5.0 (Windows NT 10.0; Win64; x64) AppleWebKit/537.36 (KHTML, like Gecko) Chrome/130.0.0.0 Safari/537.36 Edg/130.0.0.0"
45.44.102.212 - - [09/Nov/2024:11:50:11 -0500] "GET /wp-content/plugins/coblocks/dist/js/coblocks-animation.js?ver=3.1.5 HTTP/1.1" 200 1805 "https://glenbowcollege.ca/certifications/english-as-a-second-language-esl/" "Mozilla/5.0 (Windows NT 10.0; Win64; x64) AppleWebKit/537.36 (KHTML, like Gecko) Chrome/130.0.0.0 Safari/537.36 Edg/130.0.0.0"
45.44.102.212 - - [09/Nov/2024:11:50:11 -0500] "GET /wp-content/plugins/coblocks/dist/js/vendors/tiny-swiper.js?ver=3.1.5 HTTP/1.1" 200 5731 "https://glenbowcollege.ca/certifications/english-as-a-second-language-esl/" "Mozilla/5.0 (Windows NT 10.0; Win64; x64) AppleWebKit/537.36 (KHTML, like Gecko) Chrome/130.0.0.0 Safari/537.36 Edg/130.0.0.0"
45.44.102.212 - - [09/Nov/2024:11:50:11 -0500] "GET /wp-content/plugins/woocommerce/assets/js/frontend/add-to-cart.min.js?ver=7.8.0 HTTP/1.1" 200 2605 "https://glenbowcollege.ca/certifications/english-as-a-second-language-esl/" "Mozilla/5.0 (Windows NT 10.0; Win64; x64) AppleWebKit/537.36 (KHTML, like Gecko) Chrome/130.0.0.0 Safari/537.36 Edg/130.0.0.0"
45.44.102.212 - - [09/Nov/2024:11:50:11 -0500] "GET /wp-content/plugins/woocommerce/assets/js/js-cookie/js.cookie.min.js?ver=2.1.4-wc.7.8.0 HTTP/1.1" 200 2490 "https://glenbowcollege.ca/certifications/english-as-a-second-language-esl/" "Mozilla/5.0 (Windows NT 10.0; Win64; x64) AppleWebKit/537.36 (KHTML, like Gecko) Chrome/130.0.0.0 Safari/537.36 Edg/130.0.0.0"
45.44.102.212 - - [09/Nov/2024:11:50:09 -0500] "GET /wp-includes/js/dist/vendor/wp-polyfill-inert.min.js?ver=3.1.2 HTTP/1.1" 200 3978 "https://glenbowcollege.ca/certifications/english-as-a-second-language-esl/" "Mozilla/5.0 (Windows NT 10.0; Win64; x64) AppleWebKit/537.36 (KHTML, like Gecko) Chrome/130.0.0.0 Safari/537.36 Edg/130.0.0.0"
45.44.102.212 - - [09/Nov/2024:11:50:10 -0500] "GET /wp-includes/js/dist/hooks.min.js?ver=4169d3cf8e8d95a3d6d5 HTTP/1.1" 200 3211 "https://glenbowcollege.ca/certifications/english-as-a-second-language-esl/" "Mozilla/5.0 (Windows NT 10.0; Win64; x64) AppleWebKit/537.36 (KHTML, like Gecko) Chrome/130.0.0.0 Safari/537.36 Edg/130.0.0.0"
45.44.102.212 - - [09/Nov/2024:11:50:11 -0500] "GET /wp-content/plugins/woocommerce-menu-bar-cart/assets/js/wpmenucart-ajax-assist.min.js?ver=2.14.2 HTTP/1.1" 200 1860 "https://glenbowcollege.ca/certifications/english-as-a-second-language-esl/" "Mozilla/5.0 (Windows NT 10.0; Win64; x64) AppleWebKit/537.36 (KHTML, like Gecko) Chrome/130.0.0.0 Safari/537.36 Edg/130.0.0.0"
45.44.102.212 - - [09/Nov/2024:11:50:11 -0500] "GET /wp-content/plugins/coblocks/dist/js/coblocks-tinyswiper-initializer.js?ver=3.1.5 HTTP/1.1" 200 6836 "https://glenbowcollege.ca/certifications/english-as-a-second-language-esl/" "Mozilla/5.0 (Windows NT 10.0; Win64; x64) AppleWebKit/537.36 (KHTML, like Gecko) Chrome/130.0.0.0 Safari/537.36 Edg/130.0.0.0"
45.44.102.212 - - [09/Nov/2024:11:50:11 -0500] "GET /wp-content/plugins/contact-form-7/includes/swv/js/index.js?ver=5.8.6 HTTP/1.1" 200 4707 "https://glenbowcollege.ca/certifications/english-as-a-second-language-esl/" "Mozilla/5.0 (Windows NT 10.0; Win64; x64) AppleWebKit/537.36 (KHTML, like Gecko) Chrome/130.0.0.0 Safari/537.36 Edg/130.0.0.0"
45.44.102.212 - - [09/Nov/2024:11:50:11 -0500] "GET /wp-content/plugins/contact-form-7/includes/js/index.js?ver=5.8.6 HTTP/1.1" 200 5587 "https://glenbowcollege.ca/certifications/english-as-a-second-language-esl/" "Mozilla/5.0 (Windows NT 10.0; Win64; x64) AppleWebKit/537.36 (KHTML, like Gecko) Chrome/130.0.0.0 Safari/537.36 Edg/130.0.0.0"
45.44.102.212 - - [09/Nov/2024:11:50:11 -0500] "GET /wp-content/plugins/product-open-pricing-name-your-price-for-woocommerce/includes/js/alg-wc-pop-frontend.js?ver=1.7.1 HTTP/1.1" 200 2030 "https://glenbowcollege.ca/certifications/english-as-a-second-language-esl/" "Mozilla/5.0 (Windows NT 10.0; Win64; x64) AppleWebKit/537.36 (KHTML, like Gecko) Chrome/130.0.0.0 Safari/537.36 Edg/130.0.0.0"
45.44.102.212 - - [09/Nov/2024:11:50:11 -0500] "GET /wp-content/plugins/woocommerce/assets/js/jquery-blockui/jquery.blockUI.min.js?ver=2.7.0-wc.7.8.0 HTTP/1.1" 200 4871 "https://glenbowcollege.ca/certifications/english-as-a-second-language-esl/" "Mozilla/5.0 (Windows NT 10.0; Win64; x64) AppleWebKit/537.36 (KHTML, like Gecko) Chrome/130.0.0.0 Safari/537.36 Edg/130.0.0.0"
45.44.102.212 - - [09/Nov/2024:11:50:11 -0500] "GET /wp-content/themes/education-hub-pro/third-party/ticker/jquery.easy-ticker.min.js?ver=2.0 HTTP/1.1" 200 2686 "https://glenbowcollege.ca/certifications/english-as-a-second-language-esl/" "Mozilla/5.0 (Windows NT 10.0; Win64; x64) AppleWebKit/537.36 (KHTML, like Gecko) Chrome/130.0.0.0 Safari/537.36 Edg/130.0.0.0"
45.44.102.212 - - [09/Nov/2024:11:50:11 -0500] "GET /wp-content/themes/education-hub-pro/third-party/cycle2/js/jquery.cycle2.min.js?ver=2.1.6 HTTP/1.1" 200 8488 "https://glenbowcollege.ca/certifications/english-as-a-second-language-esl/" "Mozilla/5.0 (Windows NT 10.0; Win64; x64) AppleWebKit/537.36 (KHTML, like Gecko) Chrome/130.0.0.0 Safari/537.36 Edg/130.0.0.0"
45.44.102.212 - - [09/Nov/2024:11:50:12 -0500] "GET /wp-includes/js/wp-emoji-release.min.js?ver=6.2.1 HTTP/1.1" 200 6289 "https://glenbowcollege.ca/certifications/english-as-a-second-language-esl/" "Mozilla/5.0 (Windows NT 10.0; Win64; x64) AppleWebKit/537.36 (KHTML, like Gecko) Chrome/130.0.0.0 Safari/537.36 Edg/130.0.0.0"
45.44.102.212 - - [09/Nov/2024:11:50:11 -0500] "GET /wp-content/plugins/woocommerce/assets/js/frontend/woocommerce.min.js?ver=7.8.0 HTTP/1.1" 200 2315 "https://glenbowcollege.ca/certifications/english-as-a-second-language-esl/" "Mozilla/5.0 (Windows NT 10.0; Win64; x64) AppleWebKit/537.36 (KHTML, like Gecko) Chrome/130.0.0.0 Safari/537.36 Edg/130.0.0.0"
45.44.102.212 - - [09/Nov/2024:11:50:11 -0500] "GET /wp-content/themes/education-hub-pro/js/skip-link-focus-fix.min.js?ver=20130115 HTTP/1.1" 200 1840 "https://glenbowcollege.ca/certifications/english-as-a-second-language-esl/" "Mozilla/5.0 (Windows NT 10.0; Win64; x64) AppleWebKit/537.36 (KHTML, like Gecko) Chrome/130.0.0.0 Safari/537.36 Edg/130.0.0.0"
45.44.102.212 - - [09/Nov/2024:11:50:11 -0500] "GET /wp-content/themes/education-hub-pro/js/custom.min.js?ver=1.0 HTTP/1.1" 200 2049 "https://glenbowcollege.ca/certifications/english-as-a-second-language-esl/" "Mozilla/5.0 (Windows NT 10.0; Win64; x64) AppleWebKit/537.36 (KHTML, like Gecko) Chrome/130.0.0.0 Safari/537.36 Edg/130.0.0.0"
45.44.102.212 - - [09/Nov/2024:11:50:12 -0500] "GET /wp-content/themes/education-hub-pro/js/navigation.min.js?ver=20160421 HTTP/1.1" 200 2592 "https://glenbowcollege.ca/certifications/english-as-a-second-language-esl/" "Mozilla/5.0 (Windows NT 10.0; Win64; x64) AppleWebKit/537.36 (KHTML, like Gecko) Chrome/130.0.0.0 Safari/537.36 Edg/130.0.0.0"
45.44.102.212 - - [09/Nov/2024:11:50:12 -0500] "GET /wp-content/themes/education-hub-pro/third-party/font-awesome/fonts/fontawesome-webfont.woff2?v=4.7.0 HTTP/1.1" 200 77160 "https://glenbowcollege.ca/wp-content/themes/education-hub-pro/third-party/font-awesome/css/font-awesome.min.css?ver=4.7.0" "Mozilla/5.0 (Windows NT 10.0; Win64; x64) AppleWebKit/537.36 (KHTML, like Gecko) Chrome/130.0.0.0 Safari/537.36 Edg/130.0.0.0"
45.44.102.212 - - [09/Nov/2024:11:50:14 -0500] "GET /wp-content/uploads/2020/02/cropped-logo11-32x32.png HTTP/1.1" 200 1202 "https://glenbowcollege.ca/certifications/english-as-a-second-language-esl/" "Mozilla/5.0 (Windows NT 10.0; Win64; x64) AppleWebKit/537.36 (KHTML, like Gecko) Chrome/130.0.0.0 Safari/537.36 Edg/130.0.0.0"
45.44.102.212 - - [09/Nov/2024:11:50:12 -0500] "GET /wp-content/plugins/woocommerce/assets/css/woocommerce-smallscreen.css?ver=7.8.0 HTTP/1.1" 200 1058 "https://glenbowcollege.ca/certifications/english-as-a-second-language-esl/" "Mozilla/5.0 (Windows NT 10.0; Win64; x64) AppleWebKit/537.36 (KHTML, like Gecko) Chrome/130.0.0.0 Safari/537.36 Edg/130.0.0.0"
68.65.122.142 - - [09/Nov/2024:11:59:19 -0500] "POST /wp-cron.php?doing_wp_cron=1731171559.6304230690002441406250 HTTP/1.1" 403 1242 "-" "WordPress/6.2.1; https://glenbowcollege.ca"
207.46.13.141 - - [09/Nov/2024:11:59:18 -0500] "GET /myoceleafkquic47585.html HTTP/1.1" 404 14980 "-" "Mozilla/5.0 AppleWebKit/537.36 (KHTML, like Gecko; compatible; bingbot/2.0; +http://www.bing.com/bingbot.htm) Chrome/116.0.1938.76 Safari/537.36"
68.65.122.142 - - [09/Nov/2024:12:04:48 -0500] "POST /wp-cron.php?doing_wp_cron=1731171888.1662371158599853515625 HTTP/1.1" 403 1242 "-" "WordPress/6.2.1; https://glenbowcollege.ca"
51.222.253.8 - - [09/Nov/2024:12:04:47 -0500] "GET /2020/02/22/career-day/ HTTP/1.1" 200 17186 "-" "Mozilla/5.0 (compatible; AhrefsBot/7.0; +http://ahrefs.com/robot/)"
68.65.122.142 - - [09/Nov/2024:12:06:53 -0500] "POST /wp-cron.php?doing_wp_cron=1731172013.4521501064300537109375 HTTP/1.1" 403 1242 "-" "WordPress/6.2.1; https://glenbowcollege.ca"
40.77.167.156 - - [09/Nov/2024:12:06:52 -0500] "GET /engineersea83/abdacb844066.htm HTTP/1.1" 404 14956 "-" "Mozilla/5.0 AppleWebKit/537.36 (KHTML, like Gecko; compatible; bingbot/2.0; +http://www.bing.com/bingbot.htm) Chrome/116.0.1938.76 Safari/537.36"
68.65.122.142 - - [09/Nov/2024:12:11:51 -0500] "POST /wp-cron.php?doing_wp_cron=1731172311.3603739738464355468750 HTTP/1.1" 403 1242 "-" "WordPress/6.2.1; https://glenbowcollege.ca"
68.65.122.142 - - [09/Nov/2024:12:11:51 -0500] "POST /wp-cron.php?doing_wp_cron=1731172311.3656930923461914062500 HTTP/1.1" 403 1242 "-" "WordPress/6.2.1; https://glenbowcollege.ca"
54.215.140.201 - - [09/Nov/2024:12:11:50 -0500] "GET /jip HTTP/1.1" 404 60077 "-" "Mozilla/5.0 (Macintosh; Intel Mac OS X 10_10_5) AppleWebKit/537.36 (KHTML, like Gecko) Chrome/52.0.2743.116 Safari/537.36"
54.215.140.201 - - [09/Nov/2024:12:11:50 -0500] "GET /martin-x1bish-v8ff-r2mid-x1ms-x1g-v8v HTTP/1.1" 404 60067 "-" "Mozilla/5.0 (Macintosh; Intel Mac OS X 10_10_5) AppleWebKit/537.36 (KHTML, like Gecko) Chrome/52.0.2743.116 Safari/537.36"
68.65.122.142 - - [09/Nov/2024:12:17:14 -0500] "POST /wp-cron.php?doing_wp_cron=1731172634.2200438976287841796875 HTTP/1.1" 403 1242 "-" "WordPress/6.2.1; https://glenbowcollege.ca"
40.86.228.182 - - [09/Nov/2024:12:18:21 -0500] "GET / HTTP/1.1" 200 20450 "https://www.google.com/" "Mozilla/5.0 (Windows NT 10.0; Win64; x64) AppleWebKit/537.36 (KHTML, like Gecko) Chrome/130.0.0.0 Safari/537.36"
40.86.228.182 - - [09/Nov/2024:12:18:22 -0500] "GET /wp-includes/css/dist/block-library/style.min.css?ver=6.2.1 HTTP/1.1" 200 11775 "https://glenbowcollege.ca/" "Mozilla/5.0 (Windows NT 10.0; Win64; x64) AppleWebKit/537.36 (KHTML, like Gecko) Chrome/130.0.0.0 Safari/537.36"
40.86.228.182 - - [09/Nov/2024:12:18:22 -0500] "GET /wp-content/plugins/woocommerce/packages/woocommerce-blocks/build/wc-blocks-vendors-style.css?ver=10.2.3 HTTP/1.1" 200 1760 "https://glenbowcollege.ca/" "Mozilla/5.0 (Windows NT 10.0; Win64; x64) AppleWebKit/537.36 (KHTML, like Gecko) Chrome/130.0.0.0 Safari/537.36"
40.86.228.182 - - [09/Nov/2024:12:18:22 -0500] "GET /wp-content/plugins/coblocks/dist/style-coblocks-1.css?ver=3.1.5 HTTP/1.1" 200 34606 "https://glenbowcollege.ca/" "Mozilla/5.0 (Windows NT 10.0; Win64; x64) AppleWebKit/537.36 (KHTML, like Gecko) Chrome/130.0.0.0 Safari/537.36"
40.86.228.182 - - [09/Nov/2024:12:18:22 -0500] "GET /wp-content/plugins/coblocks/dist/style-coblocks-extensions.css?ver=3.1.5 HTTP/1.1" 200 304 "https://glenbowcollege.ca/" "Mozilla/5.0 (Windows NT 10.0; Win64; x64) AppleWebKit/537.36 (KHTML, like Gecko) Chrome/130.0.0.0 Safari/537.36"
40.86.228.182 - - [09/Nov/2024:12:18:22 -0500] "GET /wp-includes/css/classic-themes.min.css?ver=6.2.1 HTTP/1.1" 200 291 "https://glenbowcollege.ca/" "Mozilla/5.0 (Windows NT 10.0; Win64; x64) AppleWebKit/537.36 (KHTML, like Gecko) Chrome/130.0.0.0 Safari/537.36"
40.86.228.182 - - [09/Nov/2024:12:18:22 -0500] "GET /wp-content/plugins/add-to-cart-direct-checkout-for-woocommerce/public/css/pi-dcw-public.css?ver=2.1.64 HTTP/1.1" 200 294 "https://glenbowcollege.ca/" "Mozilla/5.0 (Windows NT 10.0; Win64; x64) AppleWebKit/537.36 (KHTML, like Gecko) Chrome/130.0.0.0 Safari/537.36"
40.86.228.182 - - [09/Nov/2024:12:18:22 -0500] "GET /wp-content/plugins/woocommerce-menu-bar-cart/assets/css/wpmenucart-main.min.css?ver=2.14.2 HTTP/1.1" 200 329 "https://glenbowcollege.ca/" "Mozilla/5.0 (Windows NT 10.0; Win64; x64) AppleWebKit/537.36 (KHTML, like Gecko) Chrome/130.0.0.0 Safari/537.36"
40.86.228.182 - - [09/Nov/2024:12:18:22 -0500] "GET /wp-content/plugins/woocommerce/assets/css/woocommerce.css?ver=7.8.0 HTTP/1.1" 200 8786 "https://glenbowcollege.ca/" "Mozilla/5.0 (Windows NT 10.0; Win64; x64) AppleWebKit/537.36 (KHTML, like Gecko) Chrome/130.0.0.0 Safari/537.36"
40.86.228.182 - - [09/Nov/2024:12:18:22 -0500] "GET /wp-content/themes/education-hub-pro/style.css?ver=3.4.1 HTTP/1.1" 200 14555 "https://glenbowcollege.ca/" "Mozilla/5.0 (Windows NT 10.0; Win64; x64) AppleWebKit/537.36 (KHTML, like Gecko) Chrome/130.0.0.0 Safari/537.36"
40.86.228.182 - - [09/Nov/2024:12:18:22 -0500] "GET /wp-content/uploads/2020/02/cropped-logo6.png HTTP/1.1" 200 11781 "https://glenbowcollege.ca/" "Mozilla/5.0 (Windows NT 10.0; Win64; x64) AppleWebKit/537.36 (KHTML, like Gecko) Chrome/130.0.0.0 Safari/537.36"
52.167.144.137 - - [09/Nov/2024:12:17:13 -0500] "GET /energy02/ HTTP/1.1" 404 14990 "-" "Mozilla/5.0 AppleWebKit/537.36 (KHTML, like Gecko; compatible; bingbot/2.0; +http://www.bing.com/bingbot.htm) Chrome/116.0.1938.76 Safari/537.36"
68.65.122.142 - - [09/Nov/2024:12:18:22 -0500] "POST /wp-cron.php?doing_wp_cron=1731172702.1493310928344726562500 HTTP/1.1" 403 1242 "-" "WordPress/6.2.1; https://glenbowcollege.ca"
40.86.228.182 - - [09/Nov/2024:12:18:22 -0500] "GET /wp-content/plugins/woocommerce/packages/woocommerce-blocks/build/wc-blocks-style.css?ver=10.2.3 HTTP/1.1" 200 26445 "https://glenbowcollege.ca/" "Mozilla/5.0 (Windows NT 10.0; Win64; x64) AppleWebKit/537.36 (KHTML, like Gecko) Chrome/130.0.0.0 Safari/537.36"
40.86.228.182 - - [09/Nov/2024:12:18:22 -0500] "GET /wp-content/plugins/coblocks/dist/style-coblocks-animation.css?ver=d9b2b27566e6a2a85d1b HTTP/1.1" 200 871 "https://glenbowcollege.ca/" "Mozilla/5.0 (Windows NT 10.0; Win64; x64) AppleWebKit/537.36 (KHTML, like Gecko) Chrome/130.0.0.0 Safari/537.36"
40.86.228.182 - - [09/Nov/2024:12:18:22 -0500] "GET /wp-content/plugins/contact-form-7/includes/css/styles.css?ver=5.8.6 HTTP/1.1" 200 890 "https://glenbowcollege.ca/" "Mozilla/5.0 (Windows NT 10.0; Win64; x64) AppleWebKit/537.36 (KHTML, like Gecko) Chrome/130.0.0.0 Safari/537.36"
40.86.228.182 - - [09/Nov/2024:12:18:22 -0500] "GET /wp-content/plugins/woocommerce-menu-bar-cart/assets/css/wpmenucart-icons.min.css?ver=2.14.2 HTTP/1.1" 200 192 "https://glenbowcollege.ca/" "Mozilla/5.0 (Windows NT 10.0; Win64; x64) AppleWebKit/537.36 (KHTML, like Gecko) Chrome/130.0.0.0 Safari/537.36"
40.86.228.182 - - [09/Nov/2024:12:18:22 -0500] "GET /wp-content/plugins/woocommerce/assets/css/woocommerce-layout.css?ver=7.8.0 HTTP/1.1" 200 2313 "https://glenbowcollege.ca/" "Mozilla/5.0 (Windows NT 10.0; Win64; x64) AppleWebKit/537.36 (KHTML, like Gecko) Chrome/130.0.0.0 Safari/537.36"
40.86.228.182 - - [09/Nov/2024:12:18:22 -0500] "GET /wp-includes/css/dist/components/style.min.css?ver=6.2.1 HTTP/1.1" 200 11247 "https://glenbowcollege.ca/" "Mozilla/5.0 (Windows NT 10.0; Win64; x64) AppleWebKit/537.36 (KHTML, like Gecko) Chrome/130.0.0.0 Safari/537.36"
40.86.228.182 - - [09/Nov/2024:12:18:22 -0500] "GET /wp-content/plugins/coblocks/includes/Dependencies/GoDaddy/Styles/build/latest.css?ver=2.0.2 HTTP/1.1" 200 1313 "https://glenbowcollege.ca/" "Mozilla/5.0 (Windows NT 10.0; Win64; x64) AppleWebKit/537.36 (KHTML, like Gecko) Chrome/130.0.0.0 Safari/537.36"
40.86.228.182 - - [09/Nov/2024:12:18:22 -0500] "GET /wp-content/plugins/if-menu/assets/if-menu-site.css?ver=6.2.1 HTTP/1.1" 200 426 "https://glenbowcollege.ca/" "Mozilla/5.0 (Windows NT 10.0; Win64; x64) AppleWebKit/537.36 (KHTML, like Gecko) Chrome/130.0.0.0 Safari/537.36"
40.86.228.182 - - [09/Nov/2024:12:18:22 -0500] "GET /wp-content/uploads/2020/03/slider-6.jpg HTTP/1.1" 200 578444 "https://glenbowcollege.ca/" "Mozilla/5.0 (Windows NT 10.0; Win64; x64) AppleWebKit/537.36 (KHTML, like Gecko) Chrome/130.0.0.0 Safari/537.36"
40.86.228.182 - - [09/Nov/2024:12:18:23 -0500] "GET /wp-content/plugins/strong-testimonials/public/css/slider-controls-simple-buttons.css?ver=3.1.7 HTTP/1.1" 200 788 "https://glenbowcollege.ca/" "Mozilla/5.0 (Windows NT 10.0; Win64; x64) AppleWebKit/537.36 (KHTML, like Gecko) Chrome/130.0.0.0 Safari/537.36"
40.86.228.182 - - [09/Nov/2024:12:18:23 -0500] "GET /wp-includes/js/dist/vendor/regenerator-runtime.min.js?ver=0.13.11 HTTP/1.1" 200 4046 "https://glenbowcollege.ca/" "Mozilla/5.0 (Windows NT 10.0; Win64; x64) AppleWebKit/537.36 (KHTML, like Gecko) Chrome/130.0.0.0 Safari/537.36"
40.86.228.182 - - [09/Nov/2024:12:18:23 -0500] "GET /wp-includes/js/dist/vendor/wp-polyfill.min.js?ver=3.15.0 HTTP/1.1" 200 7980 "https://glenbowcollege.ca/" "Mozilla/5.0 (Windows NT 10.0; Win64; x64) AppleWebKit/537.36 (KHTML, like Gecko) Chrome/130.0.0.0 Safari/537.36"
40.86.228.182 - - [09/Nov/2024:12:18:22 -0500] "GET /wp-includes/js/jquery/jquery.min.js?ver=3.6.4 HTTP/1.1" 200 31997 "https://glenbowcollege.ca/" "Mozilla/5.0 (Windows NT 10.0; Win64; x64) AppleWebKit/537.36 (KHTML, like Gecko) Chrome/130.0.0.0 Safari/537.36"
40.86.228.182 - - [09/Nov/2024:12:18:22 -0500] "GET /wp-content/themes/education-hub-pro/third-party/font-awesome/css/font-awesome.min.css?ver=4.7.0 HTTP/1.1" 200 6658 "https://glenbowcollege.ca/" "Mozilla/5.0 (Windows NT 10.0; Win64; x64) AppleWebKit/537.36 (KHTML, like Gecko) Chrome/130.0.0.0 Safari/537.36"
40.86.228.182 - - [09/Nov/2024:12:18:22 -0500] "GET /wp-content/uploads/2020/04/slider-education.jpg HTTP/1.1" 200 399060 "https://glenbowcollege.ca/" "Mozilla/5.0 (Windows NT 10.0; Win64; x64) AppleWebKit/537.36 (KHTML, like Gecko) Chrome/130.0.0.0 Safari/537.36"
40.86.228.182 - - [09/Nov/2024:12:18:23 -0500] "GET /wp-content/uploads/2020/03/apple-education-slider.jpg HTTP/1.1" 200 584207 "https://glenbowcollege.ca/" "Mozilla/5.0 (Windows NT 10.0; Win64; x64) AppleWebKit/537.36 (KHTML, like Gecko) Chrome/130.0.0.0 Safari/537.36"
40.86.228.182 - - [09/Nov/2024:12:18:23 -0500] "GET /wp-content/plugins/strong-testimonials/templates/default/content.css?ver=3.1.7 HTTP/1.1" 200 1833 "https://glenbowcollege.ca/" "Mozilla/5.0 (Windows NT 10.0; Win64; x64) AppleWebKit/537.36 (KHTML, like Gecko) Chrome/130.0.0.0 Safari/537.36"
40.86.228.182 - - [09/Nov/2024:12:18:23 -0500] "GET /wp-content/plugins/strong-testimonials/public/css/rating-display.css?ver=3.1.7 HTTP/1.1" 200 910 "https://glenbowcollege.ca/" "Mozilla/5.0 (Windows NT 10.0; Win64; x64) AppleWebKit/537.36 (KHTML, like Gecko) Chrome/130.0.0.0 Safari/537.36"
40.86.228.182 - - [09/Nov/2024:12:18:23 -0500] "GET /wp-includes/js/dist/vendor/wp-polyfill-inert.min.js?ver=3.1.2 HTTP/1.1" 200 3978 "https://glenbowcollege.ca/" "Mozilla/5.0 (Windows NT 10.0; Win64; x64) AppleWebKit/537.36 (KHTML, like Gecko) Chrome/130.0.0.0 Safari/537.36"
40.86.228.182 - - [09/Nov/2024:12:18:23 -0500] "GET /wp-includes/js/dist/hooks.min.js?ver=4169d3cf8e8d95a3d6d5 HTTP/1.1" 200 3211 "https://glenbowcollege.ca/" "Mozilla/5.0 (Windows NT 10.0; Win64; x64) AppleWebKit/537.36 (KHTML, like Gecko) Chrome/130.0.0.0 Safari/537.36"
40.86.228.182 - - [09/Nov/2024:12:18:23 -0500] "GET /wp-content/uploads/2020/03/slider-2.jpg HTTP/1.1" 200 544765 "https://glenbowcollege.ca/" "Mozilla/5.0 (Windows NT 10.0; Win64; x64) AppleWebKit/537.36 (KHTML, like Gecko) Chrome/130.0.0.0 Safari/537.36"
40.86.228.182 - - [09/Nov/2024:12:18:23 -0500] "GET /wp-includes/js/jquery/jquery-migrate.min.js?ver=3.4.0 HTTP/1.1" 200 6238 "https://glenbowcollege.ca/" "Mozilla/5.0 (Windows NT 10.0; Win64; x64) AppleWebKit/537.36 (KHTML, like Gecko) Chrome/130.0.0.0 Safari/537.36"
40.86.228.182 - - [09/Nov/2024:12:18:23 -0500] "GET /wp-content/uploads/2020/02/student_register_1-360x156.jpg HTTP/1.1" 200 13009 "https://glenbowcollege.ca/" "Mozilla/5.0 (Windows NT 10.0; Win64; x64) AppleWebKit/537.36 (KHTML, like Gecko) Chrome/130.0.0.0 Safari/537.36"
