212.118.53.218 - - [12/Nov/2024:09:05:35 -0500] "GET / HTTP/1.1" 200 23164 "-" "Mozilla/5.0 (Windows NT 10.0; Win64; x64) AppleWebKit/537.36 (KHTML, like Gecko) Chrome/120.0.0.0 Safari/537.36"
103.181.145.218 - - [12/Nov/2024:09:05:40 -0500] "POST /about/contact-us/ HTTP/1.1" 200 18282 "-" "Mozilla/5.0 (Windows NT 10.0; Win64; x64) AppleWebKit/537.36 (KHTML, like Gecko) Chrome/120.0.0.0 Safari/537.36"
103.181.145.218 - - [12/Nov/2024:09:05:44 -0500] "POST /about/contact-us/ HTTP/1.1" 200 18230 "-" "Mozilla/5.0 (Windows NT 10.0; Win64; x64) AppleWebKit/537.36 (KHTML, like Gecko) Chrome/120.0.0.0 Safari/537.36"
103.181.145.218 - - [12/Nov/2024:09:05:49 -0500] "POST /international/international-about/apply/ HTTP/1.1" 200 18397 "-" "Mozilla/5.0 (Windows NT 10.0; Win64; x64) AppleWebKit/537.36 (KHTML, like Gecko) Chrome/120.0.0.0 Safari/537.36"
212.118.53.218 - - [12/Nov/2024:09:06:21 -0500] "GET /international/international-programs/computerized-accounting-payroll-diploma-program/ HTTP/1.1" 200 19971 "-" "Mozilla/5.0 (Windows NT 10.0; Win64; x64) AppleWebKit/537.36 (KHTML, like Gecko) Chrome/120.0.0.0 Safari/537.36"
212.118.53.218 - - [12/Nov/2024:09:06:22 -0500] "GET /international/prospective-international-students/how-to-apply/ HTTP/1.1" 200 20742 "-" "Mozilla/5.0 (Windows NT 10.0; Win64; x64) AppleWebKit/537.36 (KHTML, like Gecko) Chrome/120.0.0.0 Safari/537.36"
68.65.122.142 - - [12/Nov/2024:09:06:38 -0500] "POST /wp-cron.php?doing_wp_cron=1731420398.0599620342254638671875 HTTP/1.1" 403 1242 "-" "WordPress/6.2.1; https://glenbowcollege.ca"
103.181.145.218 - - [12/Nov/2024:09:06:37 -0500] "POST / HTTP/1.1" 200 20838 "-" "Mozilla/5.0 (Windows NT 10.0; Win64; x64) AppleWebKit/537.36 (KHTML, like Gecko) Chrome/120.0.0.0 Safari/537.36"
212.118.53.218 - - [12/Nov/2024:09:06:39 -0500] "GET /category/blog/ HTTP/1.1" 200 18575 "-" "Mozilla/5.0 (Windows NT 10.0; Win64; x64) AppleWebKit/537.36 (KHTML, like Gecko) Chrome/120.0.0.0 Safari/537.36"
212.118.53.218 - - [12/Nov/2024:09:06:58 -0500] "GET /testimonial/daskalos/ HTTP/1.1" 200 19441 "-" "Mozilla/5.0 (Windows NT 10.0; Win64; x64) AppleWebKit/537.36 (KHTML, like Gecko) Chrome/120.0.0.0 Safari/537.36"
212.118.53.218 - - [12/Nov/2024:09:07:00 -0500] "GET /comment/ HTTP/1.1" 200 23144 "-" "Mozilla/5.0 (Windows NT 10.0; Win64; x64) AppleWebKit/537.36 (KHTML, like Gecko) Chrome/120.0.0.0 Safari/537.36"
103.181.145.218 - - [12/Nov/2024:09:07:03 -0500] "POST /comment/ HTTP/1.1" 200 20735 "-" "Mozilla/5.0 (Windows NT 10.0; Win64; x64) AppleWebKit/537.36 (KHTML, like Gecko) Chrome/120.0.0.0 Safari/537.36"
212.118.53.218 - - [12/Nov/2024:09:07:11 -0500] "GET /category/news/ HTTP/1.1" 200 18600 "-" "Mozilla/5.0 (Windows NT 10.0; Win64; x64) AppleWebKit/537.36 (KHTML, like Gecko) Chrome/120.0.0.0 Safari/537.36"
68.65.122.142 - - [12/Nov/2024:09:07:46 -0500] "POST /wp-cron.php?doing_wp_cron=1731420466.7504129409790039062500 HTTP/1.1" 403 1242 "-" "WordPress/6.2.1; https://glenbowcollege.ca"
40.77.167.7 - - [12/Nov/2024:09:10:28 -0500] "GET /dealership1fd/ HTTP/1.1" 404 14976 "-" "Mozilla/5.0 AppleWebKit/537.36 (KHTML, like Gecko; compatible; bingbot/2.0; +http://www.bing.com/bingbot.htm) Chrome/116.0.1938.76 Safari/537.36"
68.65.122.142 - - [12/Nov/2024:09:17:21 -0500] "POST /wp-cron.php?doing_wp_cron=1731421041.6549460887908935546875 HTTP/1.1" 403 1242 "-" "WordPress/6.2.1; https://glenbowcollege.ca"
17.241.219.45 - - [12/Nov/2024:09:17:20 -0500] "GET /international/international-about/ HTTP/1.1" 200 19893 "-" "Mozilla/5.0 (Macintosh; Intel Mac OS X 10_15_7) AppleWebKit/605.1.15 (KHTML, like Gecko) Version/17.4 Safari/605.1.15 (Applebot/0.1; +http://www.apple.com/go/applebot)"
17.246.15.230 - - [12/Nov/2024:09:18:38 -0500] "GET /wp-includes/js/dist/vendor/regenerator-runtime.min.js?ver=0.13.11 HTTP/1.1" 200 4406 "https://glenbowcollege.ca/international/international-about/" "Mozilla/5.0 (Macintosh; Intel Mac OS X 10_15_7) AppleWebKit/605.1.15 (KHTML, like Gecko) Version/17.4 Safari/605.1.15 (Applebot/0.1; +http://www.apple.com/go/applebot)"
17.246.19.66 - - [12/Nov/2024:09:18:39 -0500] "GET /wp-includes/js/dist/vendor/wp-polyfill-inert.min.js?ver=3.1.2 HTTP/1.1" 200 4487 "https://glenbowcollege.ca/international/international-about/" "Mozilla/5.0 (Macintosh; Intel Mac OS X 10_15_7) AppleWebKit/605.1.15 (KHTML, like Gecko) Version/17.4 Safari/605.1.15 (Applebot/0.1; +http://www.apple.com/go/applebot)"
17.246.15.32 - - [12/Nov/2024:09:18:40 -0500] "GET /wp-includes/js/jquery/jquery.min.js?ver=3.6.4 HTTP/1.1" 200 36727 "https://glenbowcollege.ca/international/international-about/" "Mozilla/5.0 (Macintosh; Intel Mac OS X 10_15_7) AppleWebKit/605.1.15 (KHTML, like Gecko) Version/17.4 Safari/605.1.15 (Applebot/0.1; +http://www.apple.com/go/applebot)"
17.246.19.196 - - [12/Nov/2024:09:18:41 -0500] "GET /wp-content/plugins/add-to-cart-direct-checkout-for-woocommerce/public/js/pi-dcw-public.js?ver=2.1.64 HTTP/1.1" 200 2962 "https://glenbowcollege.ca/international/international-about/" "Mozilla/5.0 (Macintosh; Intel Mac OS X 10_15_7) AppleWebKit/605.1.15 (KHTML, like Gecko) Version/17.4 Safari/605.1.15 (Applebot/0.1; +http://www.apple.com/go/applebot)"
17.246.19.48 - - [12/Nov/2024:09:18:42 -0500] "GET /wp-content/plugins/woocommerce-menu-bar-cart/assets/js/wpmenucart-ajax-assist.min.js?ver=2.14.2 HTTP/1.1" 200 2040 "https://glenbowcollege.ca/international/international-about/" "Mozilla/5.0 (Macintosh; Intel Mac OS X 10_15_7) AppleWebKit/605.1.15 (KHTML, like Gecko) Version/17.4 Safari/605.1.15 (Applebot/0.1; +http://www.apple.com/go/applebot)"
17.246.19.30 - - [12/Nov/2024:09:18:42 -0500] "GET /wp-content/plugins/coblocks/dist/js/coblocks-animation.js?ver=3.1.5 HTTP/1.1" 200 1957 "https://glenbowcollege.ca/international/international-about/" "Mozilla/5.0 (Macintosh; Intel Mac OS X 10_15_7) AppleWebKit/605.1.15 (KHTML, like Gecko) Version/17.4 Safari/605.1.15 (Applebot/0.1; +http://www.apple.com/go/applebot)"
17.246.19.71 - - [12/Nov/2024:09:18:43 -0500] "GET /wp-content/plugins/coblocks/dist/js/vendors/tiny-swiper.js?ver=3.1.5 HTTP/1.1" 200 6225 "https://glenbowcollege.ca/international/international-about/" "Mozilla/5.0 (Macintosh; Intel Mac OS X 10_15_7) AppleWebKit/605.1.15 (KHTML, like Gecko) Version/17.4 Safari/605.1.15 (Applebot/0.1; +http://www.apple.com/go/applebot)"
103.181.145.218 - - [12/Nov/2024:09:07:07 -0500] "POST /comment/ HTTP/1.1" 200 20690 "-" "Mozilla/5.0 (Windows NT 10.0; Win64; x64) AppleWebKit/537.36 (KHTML, like Gecko) Chrome/120.0.0.0 Safari/537.36"
212.118.53.218 - - [12/Nov/2024:09:07:09 -0500] "GET /2024/08/21/newcomers-career-journey/ HTTP/1.1" 200 19647 "-" "Mozilla/5.0 (Windows NT 10.0; Win64; x64) AppleWebKit/537.36 (KHTML, like Gecko) Chrome/120.0.0.0 Safari/537.36"
40.77.167.0 - - [12/Nov/2024:09:07:45 -0500] "GET /arabiane8/cb55060.htm HTTP/1.1" 404 14992 "-" "Mozilla/5.0 AppleWebKit/537.36 (KHTML, like Gecko; compatible; bingbot/2.0; +http://www.bing.com/bingbot.htm) Chrome/116.0.1938.76 Safari/537.36"
68.65.122.142 - - [12/Nov/2024:09:10:29 -0500] "POST /wp-cron.php?doing_wp_cron=1731420629.3350570201873779296875 HTTP/1.1" 403 1242 "-" "WordPress/6.2.1; https://glenbowcollege.ca"
17.246.19.110 - - [12/Nov/2024:09:18:39 -0500] "GET /wp-includes/js/dist/hooks.min.js?ver=4169d3cf8e8d95a3d6d5 HTTP/1.1" 200 3499 "https://glenbowcollege.ca/international/international-about/" "Mozilla/5.0 (Macintosh; Intel Mac OS X 10_15_7) AppleWebKit/605.1.15 (KHTML, like Gecko) Version/17.4 Safari/605.1.15 (Applebot/0.1; +http://www.apple.com/go/applebot)"
17.246.19.71 - - [12/Nov/2024:09:18:40 -0500] "GET /wp-includes/js/dist/vendor/wp-polyfill.min.js?ver=3.15.0 HTTP/1.1" 200 8920 "https://glenbowcollege.ca/international/international-about/" "Mozilla/5.0 (Macintosh; Intel Mac OS X 10_15_7) AppleWebKit/605.1.15 (KHTML, like Gecko) Version/17.4 Safari/605.1.15 (Applebot/0.1; +http://www.apple.com/go/applebot)"
17.246.19.177 - - [12/Nov/2024:09:18:41 -0500] "GET /wp-includes/js/jquery/jquery-migrate.min.js?ver=3.4.0 HTTP/1.1" 200 6917 "https://glenbowcollege.ca/international/international-about/" "Mozilla/5.0 (Macintosh; Intel Mac OS X 10_15_7) AppleWebKit/605.1.15 (KHTML, like Gecko) Version/17.4 Safari/605.1.15 (Applebot/0.1; +http://www.apple.com/go/applebot)"
17.246.15.154 - - [12/Nov/2024:09:18:43 -0500] "GET /wp-content/plugins/coblocks/dist/js/coblocks-tinyswiper-initializer.js?ver=3.1.5 HTTP/1.1" 200 7498 "https://glenbowcollege.ca/international/international-about/" "Mozilla/5.0 (Macintosh; Intel Mac OS X 10_15_7) AppleWebKit/605.1.15 (KHTML, like Gecko) Version/17.4 Safari/605.1.15 (Applebot/0.1; +http://www.apple.com/go/applebot)"
17.246.19.196 - - [12/Nov/2024:09:18:44 -0500] "GET /wp-content/plugins/contact-form-7/includes/js/index.js?ver=5.8.6 HTTP/1.1" 200 6334 "https://glenbowcollege.ca/international/international-about/" "Mozilla/5.0 (Macintosh; Intel Mac OS X 10_15_7) AppleWebKit/605.1.15 (KHTML, like Gecko) Version/17.4 Safari/605.1.15 (Applebot/0.1; +http://www.apple.com/go/applebot)"
17.246.19.30 - - [12/Nov/2024:09:18:45 -0500] "GET /wp-content/plugins/woocommerce/assets/js/jquery-blockui/jquery.blockUI.min.js?ver=2.7.0-wc.7.8.0 HTTP/1.1" 200 5411 "https://glenbowcollege.ca/international/international-about/" "Mozilla/5.0 (Macintosh; Intel Mac OS X 10_15_7) AppleWebKit/605.1.15 (KHTML, like Gecko) Version/17.4 Safari/605.1.15 (Applebot/0.1; +http://www.apple.com/go/applebot)"
17.246.19.66 - - [12/Nov/2024:09:18:46 -0500] "GET /wp-content/plugins/woocommerce/assets/js/js-cookie/js.cookie.min.js?ver=2.1.4-wc.7.8.0 HTTP/1.1" 200 2677 "https://glenbowcollege.ca/international/international-about/" "Mozilla/5.0 (Macintosh; Intel Mac OS X 10_15_7) AppleWebKit/605.1.15 (KHTML, like Gecko) Version/17.4 Safari/605.1.15 (Applebot/0.1; +http://www.apple.com/go/applebot)"
17.246.19.177 - - [12/Nov/2024:09:18:47 -0500] "GET /wp-content/plugins/woocommerce/assets/js/frontend/woocommerce.min.js?ver=7.8.0 HTTP/1.1" 200 2580 "https://glenbowcollege.ca/international/international-about/" "Mozilla/5.0 (Macintosh; Intel Mac OS X 10_15_7) AppleWebKit/605.1.15 (KHTML, like Gecko) Version/17.4 Safari/605.1.15 (Applebot/0.1; +http://www.apple.com/go/applebot)"
17.246.15.230 - - [12/Nov/2024:09:18:47 -0500] "GET /wp-content/themes/education-hub-pro/js/skip-link-focus-fix.min.js?ver=20130115 HTTP/1.1" 200 2024 "https://glenbowcollege.ca/international/international-about/" "Mozilla/5.0 (Macintosh; Intel Mac OS X 10_15_7) AppleWebKit/605.1.15 (KHTML, like Gecko) Version/17.4 Safari/605.1.15 (Applebot/0.1; +http://www.apple.com/go/applebot)"
17.246.23.68 - - [12/Nov/2024:09:18:48 -0500] "GET /wp-content/themes/education-hub-pro/third-party/cycle2/js/jquery.cycle2.min.js?ver=2.1.6 HTTP/1.1" 200 9702 "https://glenbowcollege.ca/international/international-about/" "Mozilla/5.0 (Macintosh; Intel Mac OS X 10_15_7) AppleWebKit/605.1.15 (KHTML, like Gecko) Version/17.4 Safari/605.1.15 (Applebot/0.1; +http://www.apple.com/go/applebot)"
17.246.15.218 - - [12/Nov/2024:09:18:49 -0500] "GET /wp-content/themes/education-hub-pro/js/navigation.min.js?ver=20160421 HTTP/1.1" 200 2920 "https://glenbowcollege.ca/international/international-about/" "Mozilla/5.0 (Macintosh; Intel Mac OS X 10_15_7) AppleWebKit/605.1.15 (KHTML, like Gecko) Version/17.4 Safari/605.1.15 (Applebot/0.1; +http://www.apple.com/go/applebot)"
52.164.123.119 - - [12/Nov/2024:09:21:16 -0500] "GET /content.php HTTP/1.1" 404 60077 "-" "-"
167.99.217.136 - - [12/Nov/2024:09:21:17 -0500] "GET /certifications/english-as-a-second-language-esl/ HTTP/1.1" 200 22214 "-" "Mozilla/5.0 (Macintosh; Intel Mac OS X 10_15_7) AppleWebKit/537.36 (KHTML, like Gecko) Chrome/124.0.0.0 Safari/537.36"
52.164.123.119 - - [12/Nov/2024:09:21:19 -0500] "GET /admin.php HTTP/1.1" 404 60082 "-" "-"
52.164.123.119 - - [12/Nov/2024:09:21:22 -0500] "GET /berlin.php HTTP/1.1" 404 60077 "-" "-"
52.164.123.119 - - [12/Nov/2024:09:21:25 -0500] "GET /wp-includes/Requests/about.php HTTP/1.1" 404 60062 "-" "-"
52.164.123.119 - - [12/Nov/2024:09:21:31 -0500] "GET /wp-includes/rest-api/about.php HTTP/1.1" 404 60072 "-" "-"
52.164.123.119 - - [12/Nov/2024:09:21:37 -0500] "GET /wp-content/banners/about.php HTTP/1.1" 404 60062 "-" "-"
52.164.123.119 - - [12/Nov/2024:09:21:42 -0500] "GET /.well-known/about.php HTTP/1.1" 404 57346 "-" "-"
52.164.123.119 - - [12/Nov/2024:09:21:48 -0500] "GET /wp-includes/ID3/about.php HTTP/1.1" 404 60082 "-" "-"
52.164.123.119 - - [12/Nov/2024:09:21:51 -0500] "GET /img/about.php HTTP/1.1" 404 60077 "-" "-"
52.164.123.119 - - [12/Nov/2024:09:21:53 -0500] "GET /wp-content/languages/about.php HTTP/1.1" 404 60072 "-" "-"
52.164.123.119 - - [12/Nov/2024:09:21:56 -0500] "GET /wp-includes/customize/about.php HTTP/1.1" 404 60072 "-" "-"
52.164.123.119 - - [12/Nov/2024:09:21:59 -0500] "GET /wp-includes.bak/html-api/about.php HTTP/1.1" 404 60067 "-" "-"
52.164.123.119 - - [12/Nov/2024:09:22:04 -0500] "GET /wp-includes/IXR/about.php HTTP/1.1" 404 60077 "-" "-"
52.164.123.119 - - [12/Nov/2024:09:22:07 -0500] "GET /wp-admin/js/about.php HTTP/1.1" 404 60072 "-" "-"
52.164.123.119 - - [12/Nov/2024:09:22:10 -0500] "GET /wp-includes/pomo/about.php HTTP/1.1" 404 60082 "-" "-"
52.164.123.119 - - [12/Nov/2024:09:22:13 -0500] "GET /wp-includes/block-patterns/about.php HTTP/1.1" 404 60087 "-" "-"
52.164.123.119 - - [12/Nov/2024:09:22:18 -0500] "GET /wp-content/upgrade-temp-backup/about.php HTTP/1.1" 404 60057 "-" "-"
52.164.123.119 - - [12/Nov/2024:09:22:21 -0500] "GET /images/about.php HTTP/1.1" 404 60067 "-" "-"
52.164.123.119 - - [12/Nov/2024:09:22:26 -0500] "GET /wp-includes/images/about.php HTTP/1.1" 404 60052 "-" "-"
52.164.123.119 - - [12/Nov/2024:09:22:32 -0500] "GET /wp-content/gallery/about.php HTTP/1.1" 404 60077 "-" "-"
52.164.123.119 - - [12/Nov/2024:09:22:38 -0500] "GET /wp-admin/css/about.php HTTP/1.1" 404 60087 "-" "-"
52.164.123.119 - - [12/Nov/2024:09:22:41 -0500] "GET /wp-admin/images/about.php HTTP/1.1" 404 60077 "-" "-"
52.164.123.119 - - [12/Nov/2024:09:22:49 -0500] "GET /cloud.php HTTP/1.1" 404 60062 "-" "-"
52.164.123.119 - - [12/Nov/2024:09:22:51 -0500] "GET /cgi-bin/cloud.php HTTP/1.1" 404 60057 "-" "-"
52.164.123.119 - - [12/Nov/2024:09:22:54 -0500] "GET /wp-content/updates.php HTTP/1.1" 404 60072 "-" "-"
17.246.19.177 - - [12/Nov/2024:09:18:44 -0500] "GET /wp-content/plugins/contact-form-7/includes/swv/js/index.js?ver=5.8.6 HTTP/1.1" 200 5276 "https://glenbowcollege.ca/international/international-about/" "Mozilla/5.0 (Macintosh; Intel Mac OS X 10_15_7) AppleWebKit/605.1.15 (KHTML, like Gecko) Version/17.4 Safari/605.1.15 (Applebot/0.1; +http://www.apple.com/go/applebot)"
17.246.19.122 - - [12/Nov/2024:09:18:45 -0500] "GET /wp-content/plugins/product-open-pricing-name-your-price-for-woocommerce/includes/js/alg-wc-pop-frontend.js?ver=1.7.1 HTTP/1.1" 200 2211 "https://glenbowcollege.ca/international/international-about/" "Mozilla/5.0 (Macintosh; Intel Mac OS X 10_15_7) AppleWebKit/605.1.15 (KHTML, like Gecko) Version/17.4 Safari/605.1.15 (Applebot/0.1; +http://www.apple.com/go/applebot)"
17.246.19.48 - - [12/Nov/2024:09:18:46 -0500] "GET /wp-content/plugins/woocommerce/assets/js/frontend/add-to-cart.min.js?ver=7.8.0 HTTP/1.1" 200 2888 "https://glenbowcollege.ca/international/international-about/" "Mozilla/5.0 (Macintosh; Intel Mac OS X 10_15_7) AppleWebKit/605.1.15 (KHTML, like Gecko) Version/17.4 Safari/605.1.15 (Applebot/0.1; +http://www.apple.com/go/applebot)"
17.246.23.20 - - [12/Nov/2024:09:18:48 -0500] "GET /wp-content/themes/education-hub-pro/third-party/ticker/jquery.easy-ticker.min.js?ver=2.0 HTTP/1.1" 200 2918 "https://glenbowcollege.ca/international/international-about/" "Mozilla/5.0 (Macintosh; Intel Mac OS X 10_15_7) AppleWebKit/605.1.15 (KHTML, like Gecko) Version/17.4 Safari/605.1.15 (Applebot/0.1; +http://www.apple.com/go/applebot)"
17.246.23.211 - - [12/Nov/2024:09:18:49 -0500] "GET /wp-content/themes/education-hub-pro/js/custom.min.js?ver=1.0 HTTP/1.1" 200 2260 "https://glenbowcollege.ca/international/international-about/" "Mozilla/5.0 (Macintosh; Intel Mac OS X 10_15_7) AppleWebKit/605.1.15 (KHTML, like Gecko) Version/17.4 Safari/605.1.15 (Applebot/0.1; +http://www.apple.com/go/applebot)"
17.246.19.30 - - [12/Nov/2024:09:18:50 -0500] "GET /wp-includes/js/wp-emoji-release.min.js?ver=6.2.1 HTTP/1.1" 200 7506 "https://glenbowcollege.ca/international/international-about/" "Mozilla/5.0 (Macintosh; Intel Mac OS X 10_15_7) AppleWebKit/605.1.15 (KHTML, like Gecko) Version/17.4 Safari/605.1.15 (Applebot/0.1; +http://www.apple.com/go/applebot)"
52.164.123.119 - - [12/Nov/2024:09:21:12 -0500] "GET /403.php HTTP/1.1" 404 60072 "-" "-"
52.164.123.119 - - [12/Nov/2024:09:21:28 -0500] "GET /wp-includes/style-engine/about.php HTTP/1.1" 404 60072 "-" "-"
52.164.123.119 - - [12/Nov/2024:09:21:34 -0500] "GET /wp-includes/SimplePie/about.php HTTP/1.1" 404 60077 "-" "-"
52.164.123.119 - - [12/Nov/2024:09:21:39 -0500] "GET /wp-content/about.php HTTP/1.1" 404 60067 "-" "-"
52.164.123.119 - - [12/Nov/2024:09:21:45 -0500] "GET /wp-includes/Text/about.php HTTP/1.1" 404 60067 "-" "-"
52.164.123.119 - - [12/Nov/2024:09:22:02 -0500] "GET /wp-includes/widgets/about.php HTTP/1.1" 404 60067 "-" "-"
52.164.123.119 - - [12/Nov/2024:09:22:15 -0500] "GET /wp-content/updraft/about.php HTTP/1.1" 404 60047 "-" "-"
52.164.123.119 - - [12/Nov/2024:09:22:24 -0500] "GET /wp-content/blogs.dir/about.php HTTP/1.1" 404 60072 "-" "-"
52.164.123.119 - - [12/Nov/2024:09:22:29 -0500] "GET /cgi-bin/about.php HTTP/1.1" 404 60092 "-" "-"
52.164.123.119 - - [12/Nov/2024:09:22:35 -0500] "GET /wp-includes/blocks/about.php HTTP/1.1" 404 60072 "-" "-"
52.164.123.119 - - [12/Nov/2024:09:22:43 -0500] "GET /.well-known/acme-challenge/cloud.php HTTP/1.1" 404 57336 "-" "-"
52.164.123.119 - - [12/Nov/2024:09:22:46 -0500] "GET /wp-admin/network/cloud.php HTTP/1.1" 404 60082 "-" "-"
52.164.123.119 - - [12/Nov/2024:09:22:57 -0500] "GET /css/cloud.php HTTP/1.1" 404 60047 "-" "-"
52.164.123.119 - - [12/Nov/2024:09:22:59 -0500] "GET /wp-admin/user/cloud.php HTTP/1.1" 404 60072 "-" "-"
52.164.123.119 - - [12/Nov/2024:09:23:08 -0500] "GET /wp-admin/images/cloud.php HTTP/1.1" 404 60062 "-" "-"
52.164.123.119 - - [12/Nov/2024:09:23:10 -0500] "GET /avaa.php HTTP/1.1" 404 60077 "-" "-"
52.164.123.119 - - [12/Nov/2024:09:23:02 -0500] "GET /img/cloud.php HTTP/1.1" 404 60072 "-" "-"
52.164.123.119 - - [12/Nov/2024:09:23:05 -0500] "GET /wp-admin/css/colors/coffee/cloud.php HTTP/1.1" 404 60082 "-" "-"
52.164.123.119 - - [12/Nov/2024:09:23:18 -0500] "GET /wp-includes/Requests/Text/admin.php HTTP/1.1" 404 60067 "-" "-"
52.164.123.119 - - [12/Nov/2024:09:23:29 -0500] "GET /updates.php HTTP/1.1" 404 60077 "-" "-"
52.164.123.119 - - [12/Nov/2024:09:23:41 -0500] "GET /alfa-rex.php7 HTTP/1.1" 404 60067 "-" "-"
52.164.123.119 - - [12/Nov/2024:09:23:13 -0500] "GET /images/cloud.php HTTP/1.1" 404 60097 "-" "-"
52.164.123.119 - - [12/Nov/2024:09:23:16 -0500] "GET /wp-admin/js/widgets/cloud.php HTTP/1.1" 404 60052 "-" "-"
52.164.123.119 - - [12/Nov/2024:09:23:21 -0500] "GET /wp-admin/css/colors/cloud.php HTTP/1.1" 404 60087 "-" "-"
52.164.123.119 - - [12/Nov/2024:09:23:24 -0500] "GET /wp-admin/css/colors/blue/cloud.php HTTP/1.1" 404 60092 "-" "-"
52.164.123.119 - - [12/Nov/2024:09:23:27 -0500] "GET /wp-admin/cloud.php HTTP/1.1" 404 60067 "-" "-"
52.164.123.119 - - [12/Nov/2024:09:23:32 -0500] "GET /libraries/legacy/updates.php HTTP/1.1" 404 60077 "-" "-"
52.164.123.119 - - [12/Nov/2024:09:23:36 -0500] "GET /libraries/phpmailer/updates.php HTTP/1.1" 404 60077 "-" "-"
52.164.123.119 - - [12/Nov/2024:09:23:38 -0500] "GET /libraries/vendor/updates.php HTTP/1.1" 404 60097 "-" "-"
52.164.123.119 - - [12/Nov/2024:09:23:44 -0500] "GET /alfanew.php HTTP/1.1" 404 60092 "-" "-"
52.164.123.119 - - [12/Nov/2024:09:23:50 -0500] "GET /wp-p.php7 HTTP/1.1" 404 60082 "-" "-"
52.164.123.119 - - [12/Nov/2024:09:23:52 -0500] "GET /wp-admin/repeater.php HTTP/1.1" 404 60062 "-" "-"
52.164.123.119 - - [12/Nov/2024:09:23:55 -0500] "GET /wp-content/repeater.php HTTP/1.1" 404 60062 "-" "-"
52.164.123.119 - - [12/Nov/2024:09:24:01 -0500] "GET /yanz.php HTTP/1.1" 404 60072 "-" "-"
52.164.123.119 - - [12/Nov/2024:09:24:04 -0500] "GET /wp-admin/js/about.php HTTP/1.1" 404 60062 "-" "-"
52.164.123.119 - - [12/Nov/2024:09:24:07 -0500] "GET /cache-compat.php HTTP/1.1" 404 60087 "-" "-"
68.65.122.142 - - [12/Nov/2024:09:24:13 -0500] "POST /wp-cron.php?doing_wp_cron=1731421453.6842560768127441406250 HTTP/1.1" 403 1242 "-" "WordPress/6.2.1; https://glenbowcollege.ca"
52.164.123.119 - - [12/Nov/2024:09:24:12 -0500] "GET /wp-admin/ajax-actions.php HTTP/1.1" 404 60067 "-" "-"
52.164.123.119 - - [12/Nov/2024:09:24:15 -0500] "GET /wp-consar.php HTTP/1.1" 404 60077 "-" "-"
52.164.123.119 - - [12/Nov/2024:09:24:18 -0500] "GET /repeater.php HTTP/1.1" 404 60067 "-" "-"
52.164.123.119 - - [12/Nov/2024:09:24:23 -0500] "GET /wp-admin/maint/maint/ajax-actions.php HTTP/1.1" 404 60057 "-" "-"
52.164.123.119 - - [12/Nov/2024:09:24:29 -0500] "GET /wp-admin/css/index.php HTTP/1.1" 301 0 "-" "-"
52.164.123.119 - - [12/Nov/2024:09:24:30 -0500] "GET /wp-admin/css/ HTTP/1.1" 403 1242 "-" "-"
52.164.123.119 - - [12/Nov/2024:09:24:31 -0500] "GET /dropdown.php HTTP/1.1" 404 60067 "-" "-"
52.164.123.119 - - [12/Nov/2024:09:24:37 -0500] "GET /admin.php HTTP/1.1" 404 60077 "-" "-"
52.164.123.119 - - [12/Nov/2024:09:24:39 -0500] "GET /about.php7 HTTP/1.1" 404 60067 "-" "-"
52.164.123.119 - - [12/Nov/2024:09:24:48 -0500] "GET /ebs.php7 HTTP/1.1" 404 60077 "-" "-"
52.164.123.119 - - [12/Nov/2024:09:24:51 -0500] "GET /ws.php7 HTTP/1.1" 404 60072 "-" "-"
52.164.123.119 - - [12/Nov/2024:09:24:53 -0500] "GET /alfanew2.php7 HTTP/1.1" 404 60082 "-" "-"
52.164.123.119 - - [12/Nov/2024:09:24:56 -0500] "GET /alfa-rex2.php7 HTTP/1.1" 404 60067 "-" "-"
52.164.123.119 - - [12/Nov/2024:09:25:03 -0500] "GET /wp-admin/images/ HTTP/1.1" 403 1242 "-" "-"
52.164.123.119 - - [12/Nov/2024:09:25:04 -0500] "GET /wp-admin/css/colors/index.php HTTP/1.1" 301 0 "-" "-"
52.164.123.119 - - [12/Nov/2024:09:25:09 -0500] "GET /.well-known/acme-challenge/xmrlpc.php HTTP/1.1" 404 57331 "-" "-"
52.164.123.119 - - [12/Nov/2024:09:25:17 -0500] "GET /xmrlpc.php HTTP/1.1" 404 60067 "-" "-"
52.164.123.119 - - [12/Nov/2024:09:25:20 -0500] "GET /cgi-bin/xmrlpc.php?p= HTTP/1.1" 301 0 "-" "-"
52.164.123.119 - - [12/Nov/2024:09:25:21 -0500] "GET /cgi-bin/xmrlpc.php HTTP/1.1" 404 60062 "-" "-"
52.164.123.119 - - [12/Nov/2024:09:25:25 -0500] "GET /css/xmrlpc.php HTTP/1.1" 404 60062 "-" "-"
52.164.123.119 - - [12/Nov/2024:09:25:29 -0500] "GET /wp-admin/user/xmrlpc.php HTTP/1.1" 404 60042 "-" "-"
52.164.123.119 - - [12/Nov/2024:09:25:33 -0500] "GET /img/xmrlpc.php HTTP/1.1" 404 60087 "-" "-"
52.164.123.119 - - [12/Nov/2024:09:25:37 -0500] "GET /wp-admin/css/colors/coffee/xmrlpc.php HTTP/1.1" 404 60062 "-" "-"
52.164.123.119 - - [12/Nov/2024:09:25:39 -0500] "GET /wp-admin/images/xmrlpc.php?p= HTTP/1.1" 301 0 "-" "-"
52.164.123.119 - - [12/Nov/2024:09:25:41 -0500] "GET /wp-admin/images/xmrlpc.php HTTP/1.1" 404 60062 "-" "-"
52.164.123.119 - - [12/Nov/2024:09:25:43 -0500] "GET /images/xmrlpc.php?p= HTTP/1.1" 301 0 "-" "-"
52.164.123.119 - - [12/Nov/2024:09:25:45 -0500] "GET /images/xmrlpc.php HTTP/1.1" 404 60062 "-" "-"
52.164.123.119 - - [12/Nov/2024:09:25:53 -0500] "GET /wp-admin/css/colors/xmrlpc.php HTTP/1.1" 404 60072 "-" "-"
52.164.123.119 - - [12/Nov/2024:09:25:58 -0500] "GET /wp-admin/css/colors/blue/xmrlpc.php HTTP/1.1" 404 60062 "-" "-"
52.164.123.119 - - [12/Nov/2024:09:26:02 -0500] "GET /wp-admin/xmrlpc.php HTTP/1.1" 404 60062 "-" "-"
52.164.123.119 - - [12/Nov/2024:09:26:14 -0500] "GET /index.php HTTP/1.1" 301 0 "-" "-"
52.164.123.119 - - [12/Nov/2024:09:26:15 -0500] "GET / HTTP/1.1" 200 88794 "-" "-"
52.164.123.119 - - [12/Nov/2024:09:23:47 -0500] "GET /wp-admin/js/widgets/about.php7 HTTP/1.1" 404 60067 "-" "-"
52.164.123.119 - - [12/Nov/2024:09:23:58 -0500] "GET /wsoyanz.php HTTP/1.1" 404 60077 "-" "-"
52.164.123.119 - - [12/Nov/2024:09:24:09 -0500] "GET /ajax-actions.php HTTP/1.1" 404 60082 "-" "-"
52.164.123.119 - - [12/Nov/2024:09:24:20 -0500] "GET /admin-post.php HTTP/1.1" 404 60102 "-" "-"
52.164.123.119 - - [12/Nov/2024:09:24:26 -0500] "GET /wp-admin/dropdown.php HTTP/1.1" 404 60067 "-" "-"
52.164.123.119 - - [12/Nov/2024:09:24:34 -0500] "GET /about.php HTTP/1.1" 404 60062 "-" "-"
52.164.123.119 - - [12/Nov/2024:09:24:42 -0500] "GET /alfanew.php7 HTTP/1.1" 404 60057 "-" "-"
52.164.123.119 - - [12/Nov/2024:09:24:45 -0500] "GET /adminfuns.php7 HTTP/1.1" 404 60037 "-" "-"
52.167.144.191 - - [12/Nov/2024:09:24:56 -0500] "GET /selfrepressionnnb.xml HTTP/1.1" 404 14956 "-" "Mozilla/5.0 AppleWebKit/537.36 (KHTML, like Gecko; compatible; bingbot/2.0; +http://www.bing.com/bingbot.htm) Chrome/116.0.1938.76 Safari/537.36"
52.164.123.119 - - [12/Nov/2024:09:24:59 -0500] "GET /.well-known/acme-challenge/cloud.php HTTP/1.1" 404 57341 "-" "-"
52.164.123.119 - - [12/Nov/2024:09:25:01 -0500] "GET /wp-admin/images/index.php HTTP/1.1" 301 0 "-" "-"
52.164.123.119 - - [12/Nov/2024:09:25:05 -0500] "GET /wp-admin/css/colors/ HTTP/1.1" 403 1242 "-" "-"
52.164.123.119 - - [12/Nov/2024:09:25:08 -0500] "GET /.well-known/acme-challenge/xmrlpc.php?p= HTTP/1.1" 301 0 "-" "-"
52.164.123.119 - - [12/Nov/2024:09:25:12 -0500] "GET /wp-admin/network/xmrlpc.php?p= HTTP/1.1" 301 0 "-" "-"
68.65.122.142 - - [12/Nov/2024:09:25:14 -0500] "POST /wp-cron.php?doing_wp_cron=1731421514.6054039001464843750000 HTTP/1.1" 403 1242 "-" "WordPress/6.2.1; https://glenbowcollege.ca"
52.164.123.119 - - [12/Nov/2024:09:25:13 -0500] "GET /wp-admin/network/xmrlpc.php HTTP/1.1" 404 60072 "-" "-"
52.164.123.119 - - [12/Nov/2024:09:25:16 -0500] "GET /xmrlpc.php?p= HTTP/1.1" 301 0 "-" "-"
52.164.123.119 - - [12/Nov/2024:09:25:24 -0500] "GET /css/xmrlpc.php?p= HTTP/1.1" 301 0 "-" "-"
52.164.123.119 - - [12/Nov/2024:09:25:28 -0500] "GET /wp-admin/user/xmrlpc.php?p= HTTP/1.1" 301 0 "-" "-"
52.164.123.119 - - [12/Nov/2024:09:25:32 -0500] "GET /img/xmrlpc.php?p= HTTP/1.1" 301 0 "-" "-"
52.164.123.119 - - [12/Nov/2024:09:25:36 -0500] "GET /wp-admin/css/colors/coffee/xmrlpc.php?p= HTTP/1.1" 301 0 "-" "-"
52.164.123.119 - - [12/Nov/2024:09:25:47 -0500] "GET /wp-admin/js/widgets/xmrlpc.php?p= HTTP/1.1" 301 0 "-" "-"
52.164.123.119 - - [12/Nov/2024:09:25:49 -0500] "GET /wp-admin/js/widgets/xmrlpc.php HTTP/1.1" 404 60092 "-" "-"
52.164.123.119 - - [12/Nov/2024:09:25:52 -0500] "GET /wp-admin/css/colors/xmrlpc.php?p= HTTP/1.1" 301 0 "-" "-"
52.164.123.119 - - [12/Nov/2024:09:25:57 -0500] "GET /wp-admin/css/colors/blue/xmrlpc.php?p= HTTP/1.1" 301 0 "-" "-"
52.164.123.119 - - [12/Nov/2024:09:26:01 -0500] "GET /wp-admin/xmrlpc.php?p= HTTP/1.1" 301 0 "-" "-"
52.164.123.119 - - [12/Nov/2024:09:26:05 -0500] "GET /css.php HTTP/1.1" 404 60047 "-" "-"
52.164.123.119 - - [12/Nov/2024:09:26:08 -0500] "GET /simple.php HTTP/1.1" 404 60082 "-" "-"
52.164.123.119 - - [12/Nov/2024:09:26:11 -0500] "GET /log.php HTTP/1.1" 404 60097 "-" "-"
68.65.122.142 - - [12/Nov/2024:09:26:15 -0500] "POST /wp-cron.php?doing_wp_cron=1731421575.1755220890045166015625 HTTP/1.1" 403 1242 "-" "WordPress/6.2.1; https://glenbowcollege.ca"
51.222.253.15 - - [12/Nov/2024:09:26:31 -0500] "GET /international/prospective-international-students/studying-in-canada/ HTTP/1.1" 200 20077 "-" "Mozilla/5.0 (compatible; AhrefsBot/7.0; +http://ahrefs.com/robot/)"
52.164.123.119 - - [12/Nov/2024:09:26:32 -0500] "GET /wp-conflg.php HTTP/1.1" 404 60057 "-" "-"
52.164.123.119 - - [12/Nov/2024:09:26:38 -0500] "GET /404.php HTTP/1.1" 404 60057 "-" "-"
52.164.123.119 - - [12/Nov/2024:09:26:41 -0500] "GET /updates.php HTTP/1.1" 404 60082 "-" "-"
52.164.123.119 - - [12/Nov/2024:09:26:46 -0500] "GET /xmrlpc.php HTTP/1.1" 404 60062 "-" "-"
52.164.123.119 - - [12/Nov/2024:09:26:49 -0500] "GET /ae.php HTTP/1.1" 404 60067 "-" "-"
52.164.123.119 - - [12/Nov/2024:09:26:18 -0500] "GET /mail.php HTTP/1.1" 404 60077 "-" "-"
52.164.123.119 - - [12/Nov/2024:09:26:21 -0500] "GET /bak.php HTTP/1.1" 404 60067 "-" "-"
52.164.123.119 - - [12/Nov/2024:09:26:24 -0500] "GET /content.php HTTP/1.1" 404 60072 "-" "-"
52.164.123.119 - - [12/Nov/2024:09:26:27 -0500] "GET /upfile.php HTTP/1.1" 404 60062 "-" "-"
52.164.123.119 - - [12/Nov/2024:09:26:30 -0500] "GET /wp.php HTTP/1.1" 404 60087 "-" "-"
52.164.123.119 - - [12/Nov/2024:09:26:35 -0500] "GET /bypass.php HTTP/1.1" 404 60057 "-" "-"
52.164.123.119 - - [12/Nov/2024:09:26:43 -0500] "GET /radio.php HTTP/1.1" 404 60077 "-" "-"
52.164.123.119 - - [12/Nov/2024:09:26:51 -0500] "GET /moon.php HTTP/1.1" 404 60082 "-" "-"
52.164.123.119 - - [12/Nov/2024:09:26:57 -0500] "GET /themes.php HTTP/1.1" 404 60067 "-" "-"
52.164.123.119 - - [12/Nov/2024:09:27:02 -0500] "GET /as.php HTTP/1.1" 404 60092 "-" "-"
52.164.123.119 - - [12/Nov/2024:09:27:05 -0500] "GET /shell.php HTTP/1.1" 404 60077 "-" "-"
52.164.123.119 - - [12/Nov/2024:09:27:10 -0500] "GET /dropdown.php HTTP/1.1" 404 60067 "-" "-"
52.164.123.119 - - [12/Nov/2024:09:27:13 -0500] "GET /makeasmtp.php HTTP/1.1" 404 60072 "-" "-"
52.164.123.119 - - [12/Nov/2024:09:27:18 -0500] "GET /wso112233.php HTTP/1.1" 404 60057 "-" "-"
52.164.123.119 - - [12/Nov/2024:09:27:26 -0500] "GET /install.php HTTP/1.1" 404 60072 "-" "-"
114.119.138.37 - - [12/Nov/2024:09:30:04 -0500] "GET /robots.txt HTTP/1.1" 200 242 "-" "Mozilla/5.0 (compatible;PetalBot;+https://webmaster.petalsearch.com/site/petalbot)"
52.167.144.236 - - [12/Nov/2024:09:32:09 -0500] "GET /sightseeing4895c/ HTTP/1.1" 404 14976 "-" "Mozilla/5.0 AppleWebKit/537.36 (KHTML, like Gecko; compatible; bingbot/2.0; +http://www.bing.com/bingbot.htm) Chrome/116.0.1938.76 Safari/537.36"
40.77.167.43 - - [12/Nov/2024:09:34:40 -0500] "GET /suredcf9/adbaaf960716.htm HTTP/1.1" 404 14990 "-" "Mozilla/5.0 AppleWebKit/537.36 (KHTML, like Gecko; compatible; bingbot/2.0; +http://www.bing.com/bingbot.htm) Chrome/116.0.1938.76 Safari/537.36"
52.167.144.236 - - [12/Nov/2024:09:39:09 -0500] "GET /harpyeagleiki.xml HTTP/1.1" 404 14985 "-" "Mozilla/5.0 AppleWebKit/537.36 (KHTML, like Gecko; compatible; bingbot/2.0; +http://www.bing.com/bingbot.htm) Chrome/116.0.1938.76 Safari/537.36"
193.84.50.150 - - [12/Nov/2024:09:39:55 -0500] "GET /2020/02/23/blog/ HTTP/1.0" 200 83410 "https://glenbowcollege.ca/2020/02/23/blog/" "Mozilla/5.0 (Windows NT 10.0.0; Win64; x64; ) AppleWebKit/537.36 (KHTML, like Gecko) Chrome/124.0.6367.61 Chrome/124.0.6367.61 Not-A.Brand/99 Safari/537.36"
193.84.50.150 - - [12/Nov/2024:09:40:04 -0500] "GET /comment/?success&formid=1 HTTP/1.0" 200 84987 "https://glenbowcollege.ca/?success&formid=1" "Mozilla/5.0 (Windows NT 10.0.0; Win64; x64; ) AppleWebKit/537.36 (KHTML, like Gecko) Chrome/124.0.6367.61 Chrome/124.0.6367.61 Not-A.Brand/99 Safari/537.36"
52.164.123.119 - - [12/Nov/2024:09:26:54 -0500] "GET /blog.php HTTP/1.1" 404 60072 "-" "-"
52.164.123.119 - - [12/Nov/2024:09:26:59 -0500] "GET /ini.php HTTP/1.1" 404 60067 "-" "-"
52.164.123.119 - - [12/Nov/2024:09:27:07 -0500] "GET /ws.php HTTP/1.1" 404 60077 "-" "-"
52.164.123.119 - - [12/Nov/2024:09:27:15 -0500] "GET /wp-sigunq.php HTTP/1.1" 404 60072 "-" "-"
52.164.123.119 - - [12/Nov/2024:09:27:21 -0500] "GET /alfanew.php HTTP/1.1" 404 60062 "-" "-"
52.164.123.119 - - [12/Nov/2024:09:27:23 -0500] "GET /fw.php HTTP/1.1" 404 60067 "-" "-"
68.65.122.142 - - [12/Nov/2024:09:32:10 -0500] "POST /wp-cron.php?doing_wp_cron=1731421930.2489030361175537109375 HTTP/1.1" 403 1242 "-" "WordPress/6.2.1; https://glenbowcollege.ca"
68.65.122.142 - - [12/Nov/2024:09:34:41 -0500] "POST /wp-cron.php?doing_wp_cron=1731422081.3867099285125732421875 HTTP/1.1" 403 1242 "-" "WordPress/6.2.1; https://glenbowcollege.ca"
68.65.122.142 - - [12/Nov/2024:09:39:10 -0500] "POST /wp-cron.php?doing_wp_cron=1731422350.8379979133605957031250 HTTP/1.1" 403 1242 "-" "WordPress/6.2.1; https://glenbowcollege.ca"
193.84.50.150 - - [12/Nov/2024:09:39:53 -0500] "GET /comment/?success&formid=1 HTTP/1.0" 200 84972 "https://glenbowcollege.ca/comment/?success&formid=1" "Mozilla/5.0 (Windows NT 10.0.0; Win64; x64; ) AppleWebKit/537.36 (KHTML, like Gecko) Chrome/124.0.6367.61 Chrome/124.0.6367.61 Not-A.Brand/99 Safari/537.36"
193.84.50.150 - - [12/Nov/2024:09:39:58 -0500] "GET /category/blog/ HTTP/1.0" 200 70465 "https://glenbowcollege.ca/category/blog/" "Mozilla/5.0 (Windows NT 10.0.0; Win64; x64; ) AppleWebKit/537.36 (KHTML, like Gecko) Chrome/124.0.6367.61 Chrome/124.0.6367.61 Not-A.Brand/99 Safari/537.36"
193.84.50.150 - - [12/Nov/2024:09:40:00 -0500] "GET /comment/ HTTP/1.0" 200 95491 "https://glenbowcollege.ca/comment/" "Mozilla/5.0 (Windows NT 10.0.0; Win64; x64; ) AppleWebKit/537.36 (KHTML, like Gecko) Chrome/124.0.6367.61 Chrome/124.0.6367.61 Not-A.Brand/99 Safari/537.36"
193.84.50.150 - - [12/Nov/2024:09:40:02 -0500] "POST /comment/ HTTP/1.0" 302 0 "https://glenbowcollege.ca/comment/" "Mozilla/5.0 (Windows NT 10.0.0; Win64; x64; ) AppleWebKit/537.36 (KHTML, like Gecko) Chrome/124.0.6367.61 Chrome/124.0.6367.61 Not-A.Brand/99 Safari/537.36"
68.65.122.142 - - [12/Nov/2024:09:42:53 -0500] "POST /wp-cron.php?doing_wp_cron=1731422573.9710650444030761718750 HTTP/1.1" 403 1242 "-" "WordPress/6.2.1; https://glenbowcollege.ca"
68.65.122.142 - - [12/Nov/2024:09:44:30 -0500] "POST /wp-cron.php?doing_wp_cron=1731422670.5627799034118652343750 HTTP/1.1" 403 1242 "-" "WordPress/6.2.1; https://glenbowcollege.ca"
62.113.113.162 - - [12/Nov/2024:09:44:31 -0500] "POST /comment/ HTTP/1.0" 302 0 "https://glenbowcollege.ca/comment/" "Mozilla/5.0 (Windows NT 10.0.0; Win64; x64; ) AppleWebKit/537.36 (KHTML, like Gecko) Chrome/124.0.6367.91 Chrome/124.0.6367.91 Not-A.Brand/99 Safari/537.36"
40.77.167.72 - - [12/Nov/2024:09:46:43 -0500] "GET /brillianta272/ HTTP/1.1" 404 14977 "-" "Mozilla/5.0 AppleWebKit/537.36 (KHTML, like Gecko; compatible; bingbot/2.0; +http://www.bing.com/bingbot.htm) Chrome/116.0.1938.76 Safari/537.36"
114.119.159.87 - - [12/Nov/2024:09:46:53 -0500] "GET /wp-includes/css/dist/edit-site/?SD HTTP/1.1" 403 1242 "https://glenbowcollege.ca/wp-includes/css/dist/edit-site/?SA" "Mozilla/5.0 (Linux; Android 7.0;) AppleWebKit/537.36 (KHTML, like Gecko) Mobile Safari/537.36 (compatible; PetalBot;+https://webmaster.petalsearch.com/site/petalbot)"
40.77.167.72 - - [12/Nov/2024:09:48:13 -0500] "GET /dischargesd8/dcdc1196602.htm HTTP/1.1" 404 14989 "-" "Mozilla/5.0 AppleWebKit/537.36 (KHTML, like Gecko; compatible; bingbot/2.0; +http://www.bing.com/bingbot.htm) Chrome/116.0.1938.76 Safari/537.36"
103.251.255.107 - - [12/Nov/2024:09:55:37 -0500] "GET /wp-json/wp/v2/posts?per_page=2&_fields=id,slug,comment_status HTTP/1.1" 200 130 "-" "-"
103.251.255.107 - - [12/Nov/2024:09:55:40 -0500] "POST /wp-comments-post.php HTTP/1.1" 403 1242 "-" "-"
95.163.152.189 - - [12/Nov/2024:09:56:08 -0500] "GET /wp-json/wp/v2/users HTTP/1.1" 401 108 "https://www.google.com" "Mozilla/5.0 (X11; Linux x86_64) AppleWebKit/537.36 (KHTML, like Gecko) Chrome/119.0.0.0 Safari/537.36"
95.163.152.189 - - [12/Nov/2024:09:56:11 -0500] "POST /xmlrpc.php HTTP/1.1" 403 1242 "-" "Apache-HttpClient/4.5.13 (Java/11.0.25)"
40.77.167.72 - - [12/Nov/2024:09:42:52 -0500] "GET /adoption8f/ HTTP/1.1" 404 14956 "-" "Mozilla/5.0 AppleWebKit/537.36 (KHTML, like Gecko; compatible; bingbot/2.0; +http://www.bing.com/bingbot.htm) Chrome/116.0.1938.76 Safari/537.36"
62.113.113.162 - - [12/Nov/2024:09:44:29 -0500] "GET /comment/ HTTP/1.0" 200 95471 "https://glenbowcollege.ca/comment/" "Mozilla/5.0 (Windows NT 10.0.0; Win64; x64; ) AppleWebKit/537.36 (KHTML, like Gecko) Chrome/124.0.6367.91 Chrome/124.0.6367.91 Not-A.Brand/99 Safari/537.36"
62.113.113.162 - - [12/Nov/2024:09:44:33 -0500] "GET /comment/?success&formid=1 HTTP/1.0" 200 84967 "https://glenbowcollege.ca/?success&formid=1" "Mozilla/5.0 (Windows NT 10.0.0; Win64; x64; ) AppleWebKit/537.36 (KHTML, like Gecko) Chrome/124.0.6367.91 Chrome/124.0.6367.91 Not-A.Brand/99 Safari/537.36"
161.35.15.229 - - [12/Nov/2024:09:44:46 -0500] "POST /wp-load.php?024c31=34498 HTTP/1.1" 403 1242 "-" "Mozilla/5.0 (Windows NT 10.0; Win64; x64) AppleWebKit/537.36 (KHTML, like Gecko) Chrome/104.0.5112.97 Safari/537.36"
68.65.122.142 - - [12/Nov/2024:09:48:14 -0500] "POST /wp-cron.php?doing_wp_cron=1731422894.8497619628906250000000 HTTP/1.1" 403 1242 "-" "WordPress/6.2.1; https://glenbowcollege.ca"
40.77.167.72 - - [12/Nov/2024:09:49:13 -0500] "GET /zebra2f/ddcf314092.htm HTTP/1.1" 404 14952 "-" "Mozilla/5.0 AppleWebKit/537.36 (KHTML, like Gecko; compatible; bingbot/2.0; +http://www.bing.com/bingbot.htm) Chrome/116.0.1938.76 Safari/537.36"
68.65.122.142 - - [12/Nov/2024:09:55:39 -0500] "POST /wp-cron.php?doing_wp_cron=1731423339.0190188884735107421875 HTTP/1.1" 403 1242 "-" "WordPress/6.2.1; https://glenbowcollege.ca"
95.163.152.189 - - [12/Nov/2024:09:56:10 -0500] "GET /?author=1 HTTP/1.1" 404 0 "https://www.google.com" "Mozilla/5.0 (X11; Linux x86_64) AppleWebKit/537.36 (KHTML, like Gecko) Chrome/119.0.0.0 Safari/537.36"
95.163.152.189 - - [12/Nov/2024:09:56:12 -0500] "GET /wp-login.php HTTP/1.1" 404 41 "https://www.google.com" "Mozilla/5.0 (X11; Linux x86_64) AppleWebKit/537.36 (KHTML, like Gecko) Chrome/119.0.0.0 Safari/537.36"
95.163.152.189 - - [12/Nov/2024:09:56:14 -0500] "GET /wp-login.php HTTP/1.1" 404 41 "https://www.google.com" "Mozilla/5.0 (X11; Linux x86_64) AppleWebKit/537.36 (KHTML, like Gecko) Chrome/119.0.0.0 Safari/537.36"
68.65.122.142 - - [12/Nov/2024:09:59:59 -0500] "POST /wp-cron.php?doing_wp_cron=1731423599.9082539081573486328125 HTTP/1.1" 403 1242 "-" "WordPress/6.2.1; https://glenbowcollege.ca"
95.163.152.189 - - [12/Nov/2024:10:00:55 -0500] "GET /wp-json/wp/v2/users HTTP/1.1" 401 108 "https://www.google.com" "Mozilla/5.0 (X11; Linux x86_64) AppleWebKit/537.36 (KHTML, like Gecko) Chrome/119.0.0.0 Safari/537.36"
95.163.152.189 - - [12/Nov/2024:10:00:57 -0500] "GET /?author=1 HTTP/1.1" 404 0 "https://www.google.com" "Mozilla/5.0 (X11; Linux x86_64) AppleWebKit/537.36 (KHTML, like Gecko) Chrome/119.0.0.0 Safari/537.36"
95.163.152.189 - - [12/Nov/2024:10:00:59 -0500] "POST /xmlrpc.php HTTP/1.1" 403 1242 "-" "Apache-HttpClient/4.5.13 (Java/11.0.25)"
95.163.152.189 - - [12/Nov/2024:10:00:59 -0500] "GET /wp-login.php HTTP/1.1" 404 41 "https://www.google.com" "Mozilla/5.0 (X11; Linux x86_64) AppleWebKit/537.36 (KHTML, like Gecko) Chrome/119.0.0.0 Safari/537.36"
66.249.68.32 - - [12/Nov/2024:10:01:58 -0500] "GET /checkout/ HTTP/1.1" 302 0 "-" "Mozilla/5.0 (Linux; Android 6.0.1; Nexus 5X Build/MMB29P) AppleWebKit/537.36 (KHTML, like Gecko) Chrome/130.0.6723.116 Mobile Safari/537.36 (compatible; Googlebot/2.1; +http://www.google.com/bot.html)"
95.163.152.189 - - [12/Nov/2024:10:02:51 -0500] "GET /wp-json/wp/v2/users HTTP/1.1" 401 108 "https://www.google.com" "Mozilla/5.0 (X11; Linux x86_64) AppleWebKit/537.36 (KHTML, like Gecko) Chrome/119.0.0.0 Safari/537.36"
95.163.152.189 - - [12/Nov/2024:10:02:53 -0500] "GET /?author=1 HTTP/1.1" 404 0 "https://www.google.com" "Mozilla/5.0 (X11; Linux x86_64) AppleWebKit/537.36 (KHTML, like Gecko) Chrome/119.0.0.0 Safari/537.36"
95.163.152.189 - - [12/Nov/2024:10:02:55 -0500] "POST /xmlrpc.php HTTP/1.1" 403 1242 "-" "Apache-HttpClient/4.5.13 (Java/11.0.25)"
95.163.152.189 - - [12/Nov/2024:10:02:56 -0500] "GET /wp-login.php HTTP/1.1" 404 41 "https://www.google.com" "Mozilla/5.0 (X11; Linux x86_64) AppleWebKit/537.36 (KHTML, like Gecko) Chrome/119.0.0.0 Safari/537.36"
114.119.132.114 - - [12/Nov/2024:10:03:09 -0500] "GET /wp-includes/random_compat/?SA HTTP/1.1" 403 1242 "https://glenbowcollege.ca/wp-includes/random_compat/?MA" "Mozilla/5.0 (Linux; Android 7.0;) AppleWebKit/537.36 (KHTML, like Gecko) Mobile Safari/537.36 (compatible; PetalBot;+https://webmaster.petalsearch.com/site/petalbot)"
95.163.152.189 - - [12/Nov/2024:10:04:00 -0500] "GET /?author=1 HTTP/1.1" 404 0 "https://www.google.com" "Mozilla/5.0 (X11; Linux x86_64) AppleWebKit/537.36 (KHTML, like Gecko) Chrome/119.0.0.0 Safari/537.36"
95.163.152.189 - - [12/Nov/2024:10:04:01 -0500] "POST /xmlrpc.php HTTP/1.1" 403 1242 "-" "Apache-HttpClient/4.5.13 (Java/11.0.25)"
95.163.152.189 - - [12/Nov/2024:10:04:02 -0500] "GET /wp-login.php HTTP/1.1" 404 41 "https://www.google.com" "Mozilla/5.0 (X11; Linux x86_64) AppleWebKit/537.36 (KHTML, like Gecko) Chrome/119.0.0.0 Safari/537.36"
95.163.152.189 - - [12/Nov/2024:10:04:04 -0500] "GET /wp-login.php HTTP/1.1" 404 41 "https://www.google.com" "Mozilla/5.0 (X11; Linux x86_64) AppleWebKit/537.36 (KHTML, like Gecko) Chrome/119.0.0.0 Safari/537.36"
178.236.247.183 - - [12/Nov/2024:10:04:54 -0500] "GET /wp-json/wp/v2/users HTTP/1.1" 401 108 "https://www.google.com" "Mozilla/5.0 (X11; Linux x86_64) AppleWebKit/537.36 (KHTML, like Gecko) Chrome/119.0.0.0 Safari/537.36"
40.77.167.32 - - [12/Nov/2024:09:59:58 -0500] "GET /daytonb06d9/eead1827258.htm HTTP/1.1" 404 14958 "-" "Mozilla/5.0 AppleWebKit/537.36 (KHTML, like Gecko; compatible; bingbot/2.0; +http://www.bing.com/bingbot.htm) Chrome/116.0.1938.76 Safari/537.36"
95.163.152.189 - - [12/Nov/2024:10:01:01 -0500] "GET /wp-login.php HTTP/1.1" 404 41 "https://www.google.com" "Mozilla/5.0 (X11; Linux x86_64) AppleWebKit/537.36 (KHTML, like Gecko) Chrome/119.0.0.0 Safari/537.36"
68.65.122.142 - - [12/Nov/2024:10:01:59 -0500] "POST /wp-cron.php?doing_wp_cron=1731423719.4777059555053710937500 HTTP/1.1" 403 1242 "-" "WordPress/6.2.1; https://glenbowcollege.ca"
40.77.167.25 - - [12/Nov/2024:10:02:32 -0500] "GET /coke28767/ HTTP/1.1" 404 14989 "-" "Mozilla/5.0 AppleWebKit/537.36 (KHTML, like Gecko; compatible; bingbot/2.0; +http://www.bing.com/bingbot.htm) Chrome/116.0.1938.76 Safari/537.36"
95.163.152.189 - - [12/Nov/2024:10:02:57 -0500] "GET /wp-login.php HTTP/1.1" 404 41 "https://www.google.com" "Mozilla/5.0 (X11; Linux x86_64) AppleWebKit/537.36 (KHTML, like Gecko) Chrome/119.0.0.0 Safari/537.36"
68.65.122.142 - - [12/Nov/2024:10:03:58 -0500] "POST /wp-cron.php?doing_wp_cron=1731423838.8522250652313232421875 HTTP/1.1" 403 1242 "-" "WordPress/6.2.1; https://glenbowcollege.ca"
95.163.152.189 - - [12/Nov/2024:10:03:57 -0500] "GET /wp-json/wp/v2/users HTTP/1.1" 401 108 "https://www.google.com" "Mozilla/5.0 (X11; Linux x86_64) AppleWebKit/537.36 (KHTML, like Gecko) Chrome/119.0.0.0 Safari/537.36"
178.236.247.183 - - [12/Nov/2024:10:04:56 -0500] "GET /?author=1 HTTP/1.1" 404 0 "https://www.google.com" "Mozilla/5.0 (X11; Linux x86_64) AppleWebKit/537.36 (KHTML, like Gecko) Chrome/119.0.0.0 Safari/537.36"
178.236.247.183 - - [12/Nov/2024:10:04:57 -0500] "POST /xmlrpc.php HTTP/1.1" 403 1242 "-" "Apache-HttpClient/4.5.13 (Java/11.0.25)"
178.236.247.183 - - [12/Nov/2024:10:04:57 -0500] "GET /wp-login.php HTTP/1.1" 404 41 "https://www.google.com" "Mozilla/5.0 (X11; Linux x86_64) AppleWebKit/537.36 (KHTML, like Gecko) Chrome/119.0.0.0 Safari/537.36"
178.236.247.183 - - [12/Nov/2024:10:04:58 -0500] "GET /wp-login.php HTTP/1.1" 404 41 "https://www.google.com" "Mozilla/5.0 (X11; Linux x86_64) AppleWebKit/537.36 (KHTML, like Gecko) Chrome/119.0.0.0 Safari/537.36"
68.65.122.142 - - [12/Nov/2024:10:12:20 -0500] "POST /wp-cron.php?doing_wp_cron=1731424340.9465010166168212890625 HTTP/1.1" 403 1242 "-" "WordPress/6.2.1; https://glenbowcollege.ca"
40.77.167.53 - - [12/Nov/2024:10:12:21 -0500] "GET /sitemap_index.xml HTTP/1.1" 200 381 "-" "Mozilla/5.0 AppleWebKit/537.36 (KHTML, like Gecko; compatible; bingbot/2.0; +http://www.bing.com/bingbot.htm) Chrome/116.0.1938.76 Safari/537.36"
68.65.122.142 - - [12/Nov/2024:10:07:30 -0500] "POST /wp-cron.php?doing_wp_cron=1731424050.8802020549774169921875 HTTP/1.1" 403 1242 "-" "WordPress/6.2.1; https://glenbowcollege.ca"
40.77.167.72 - - [12/Nov/2024:10:07:29 -0500] "GET /court616e3/ HTTP/1.1" 404 14987 "-" "Mozilla/5.0 AppleWebKit/537.36 (KHTML, like Gecko; compatible; bingbot/2.0; +http://www.bing.com/bingbot.htm) Chrome/116.0.1938.76 Safari/537.36"
68.65.122.142 - - [12/Nov/2024:10:10:08 -0500] "POST /wp-cron.php?doing_wp_cron=1731424208.8938798904418945312500 HTTP/1.1" 403 1242 "-" "WordPress/6.2.1; https://glenbowcollege.ca"
51.81.46.212 - - [12/Nov/2024:10:10:07 -0500] "GET / HTTP/1.1" 200 88788 "-" "-"
40.77.167.53 - - [12/Nov/2024:10:12:19 -0500] "GET /sitemap.xml HTTP/1.1" 301 0 "-" "Mozilla/5.0 AppleWebKit/537.36 (KHTML, like Gecko; compatible; bingbot/2.0; +http://www.bing.com/bingbot.htm) Chrome/116.0.1938.76 Safari/537.36"
85.192.37.40 - - [12/Nov/2024:10:15:29 -0500] "GET /?author=1 HTTP/1.1" 404 0 "https://www.google.com" "Mozilla/5.0 (X11; Linux x86_64) AppleWebKit/537.36 (KHTML, like Gecko) Chrome/119.0.0.0 Safari/537.36"
85.192.37.40 - - [12/Nov/2024:10:15:30 -0500] "POST /xmlrpc.php HTTP/1.1" 403 1242 "-" "Apache-HttpClient/4.5.13 (Java/11.0.25)"
85.192.37.40 - - [12/Nov/2024:10:15:31 -0500] "GET /wp-login.php HTTP/1.1" 404 41 "https://www.google.com" "Mozilla/5.0 (X11; Linux x86_64) AppleWebKit/537.36 (KHTML, like Gecko) Chrome/119.0.0.0 Safari/537.36"
85.192.37.40 - - [12/Nov/2024:10:15:33 -0500] "GET /wp-login.php HTTP/1.1" 404 41 "https://www.google.com" "Mozilla/5.0 (X11; Linux x86_64) AppleWebKit/537.36 (KHTML, like Gecko) Chrome/119.0.0.0 Safari/537.36"
40.77.167.8 - - [12/Nov/2024:10:23:19 -0500] "GET /waite6/bce862071.htm HTTP/1.1" 404 14975 "-" "Mozilla/5.0 AppleWebKit/537.36 (KHTML, like Gecko; compatible; bingbot/2.0; +http://www.bing.com/bingbot.htm) Chrome/116.0.1938.76 Safari/537.36"
68.65.122.142 - - [12/Nov/2024:10:28:16 -0500] "POST /wp-cron.php?doing_wp_cron=1731425296.5701351165771484375000 HTTP/1.1" 403 1242 "-" "WordPress/6.2.1; https://glenbowcollege.ca"
178.236.247.183 - - [12/Nov/2024:10:28:15 -0500] "GET /wp-json/wp/v2/users HTTP/1.1" 401 108 "https://www.google.com" "Mozilla/5.0 (X11; Linux x86_64) AppleWebKit/537.36 (KHTML, like Gecko) Chrome/119.0.0.0 Safari/537.36"
178.236.247.183 - - [12/Nov/2024:10:28:17 -0500] "GET /?author=1 HTTP/1.1" 404 0 "https://www.google.com" "Mozilla/5.0 (X11; Linux x86_64) AppleWebKit/537.36 (KHTML, like Gecko) Chrome/119.0.0.0 Safari/537.36"
40.77.167.65 - - [12/Nov/2024:10:30:16 -0500] "GET /liturgiceedvdqw861308.html HTTP/1.1" 404 14977 "-" "Mozilla/5.0 AppleWebKit/537.36 (KHTML, like Gecko; compatible; bingbot/2.0; +http://www.bing.com/bingbot.htm) Chrome/116.0.1938.76 Safari/537.36"
68.65.122.142 - - [12/Nov/2024:10:15:28 -0500] "POST /wp-cron.php?doing_wp_cron=1731424528.0741720199584960937500 HTTP/1.1" 403 1242 "-" "WordPress/6.2.1; https://glenbowcollege.ca"
85.192.37.40 - - [12/Nov/2024:10:15:27 -0500] "GET /wp-json/wp/v2/users HTTP/1.1" 401 108 "https://www.google.com" "Mozilla/5.0 (X11; Linux x86_64) AppleWebKit/537.36 (KHTML, like Gecko) Chrome/119.0.0.0 Safari/537.36"
68.65.122.142 - - [12/Nov/2024:10:23:20 -0500] "POST /wp-cron.php?doing_wp_cron=1731425000.5085198879241943359375 HTTP/1.1" 403 1242 "-" "WordPress/6.2.1; https://glenbowcollege.ca"
45.77.36.115 - - [12/Nov/2024:10:24:59 -0500] "GET / HTTP/1.1" 200 23165 "https://www.quora.com/" "Mozilla/5.0 (Windows NT 10.0; Win64; x64) AppleWebKit/537.36 (KHTML, like Gecko) Chrome/119.0.0.0 Safari/537.36"
178.236.247.183 - - [12/Nov/2024:10:28:18 -0500] "POST /xmlrpc.php HTTP/1.1" 403 1242 "-" "Apache-HttpClient/4.5.13 (Java/11.0.25)"
178.236.247.183 - - [12/Nov/2024:10:28:18 -0500] "GET /wp-login.php HTTP/1.1" 404 41 "https://www.google.com" "Mozilla/5.0 (X11; Linux x86_64) AppleWebKit/537.36 (KHTML, like Gecko) Chrome/119.0.0.0 Safari/537.36"
178.236.247.183 - - [12/Nov/2024:10:28:19 -0500] "GET /wp-login.php HTTP/1.1" 404 41 "https://www.google.com" "Mozilla/5.0 (X11; Linux x86_64) AppleWebKit/537.36 (KHTML, like Gecko) Chrome/119.0.0.0 Safari/537.36"
68.65.122.142 - - [12/Nov/2024:10:30:17 -0500] "POST /wp-cron.php?doing_wp_cron=1731425417.4321079254150390625000 HTTP/1.1" 403 1242 "-" "WordPress/6.2.1; https://glenbowcollege.ca"
114.119.159.87 - - [12/Nov/2024:10:36:02 -0500] "GET /wp-includes/block-patterns/query-grid-posts.php HTTP/1.1" 403 1242 "-" "Mozilla/5.0 (Linux; Android 7.0;) AppleWebKit/537.36 (KHTML, like Gecko) Mobile Safari/537.36 (compatible; PetalBot;+https://webmaster.petalsearch.com/site/petalbot)"
51.222.253.3 - - [12/Nov/2024:10:39:29 -0500] "GET /international/international-programs/administrative-professional-diploma-program/ HTTP/1.1" 200 18088 "-" "Mozilla/5.0 (compatible; AhrefsBot/7.0; +http://ahrefs.com/robot/)"
163.172.20.109 - - [12/Nov/2024:10:39:30 -0500] "GET / HTTP/1.1" 301 0 "-" "python-requests/2.31.0"
163.172.20.109 - - [12/Nov/2024:10:39:35 -0500] "GET / HTTP/1.1" 200 20469 "-" "python-requests/2.31.0"
5.161.201.188 - - [12/Nov/2024:10:44:55 -0500] "POST /wp-load.php?c153b6=33108 HTTP/1.1" 403 1242 "-" "Mozilla/5.0 (Windows NT 10.0; Win64; x64) AppleWebKit/537.36 (KHTML, like Gecko) Chrome/104.0.5112.97 Safari/537.36"
205.206.16.85 - - [12/Nov/2024:10:51:52 -0500] "GET /wp-content/plugins/woocommerce/packages/woocommerce-blocks/build/wc-blocks-style.css?ver=10.2.3 HTTP/1.1" 200 26445 "-" "Mozilla/5.0 (Linux; Android 10; K) AppleWebKit/537.36 (KHTML, like Gecko) Chrome/130.0.0.0 Mobile Safari/537.36"
205.206.16.85 - - [12/Nov/2024:10:51:52 -0500] "GET /wp-content/plugins/add-to-cart-direct-checkout-for-woocommerce/public/css/pi-dcw-public.css?ver=2.1.64 HTTP/1.1" 200 294 "-" "Mozilla/5.0 (Linux; Android 10; K) AppleWebKit/537.36 (KHTML, like Gecko) Chrome/130.0.0.0 Mobile Safari/537.36"
205.206.16.85 - - [12/Nov/2024:10:51:52 -0500] "GET /wp-content/plugins/contact-form-7/includes/css/styles.css?ver=5.8.6 HTTP/1.1" 200 890 "-" "Mozilla/5.0 (Linux; Android 10; K) AppleWebKit/537.36 (KHTML, like Gecko) Chrome/130.0.0.0 Mobile Safari/537.36"
205.206.16.85 - - [12/Nov/2024:10:51:52 -0500] "GET /wp-content/plugins/woocommerce-menu-bar-cart/assets/css/wpmenucart-icons.min.css?ver=2.14.2 HTTP/1.1" 200 192 "-" "Mozilla/5.0 (Linux; Android 10; K) AppleWebKit/537.36 (KHTML, like Gecko) Chrome/130.0.0.0 Mobile Safari/537.36"
