Server IP : 68.65.122.142 / Your IP : 3.145.171.131 Web Server : LiteSpeed System : Linux server167.web-hosting.com 4.18.0-513.18.1.lve.el8.x86_64 #1 SMP Thu Feb 22 12:55:50 UTC 2024 x86_64 User : glenirhm ( 1318) PHP Version : 7.4.33 Disable Function : NONE MySQL : OFF | cURL : ON | WGET : ON | Perl : ON | Python : ON Directory (0750) : /home/glenirhm/.subaccounts/../access-logs/ |
[ Home ] | [ C0mmand ] | [ Upload File ] |
---|
106.227.49.113 - - [12/Nov/2024:07:25:05 -0500] "GET / HTTP/1.1" 200 23176 "http://glenbowcollege.ca" "Mozilla/5.0 (iPhone; CPU iPhone OS 13_2_3 like Mac OS X) AppleWebKit/605.1.15 (KHTML, like Gecko) Version/13.0.3 Mobile/15E148 Safari/604.1"
83.99.151.64 - - [12/Nov/2024:07:30:21 -0500] "GET / HTTP/1.1" 200 20463 "-" "Mozilla/5.0 AppleWebKit/537.36 (KHTML, like Gecko; compatible; GeedoProductSearch; +http://www.geedo.com/product-search.html) Chrome/79.0.3945.88 Safari/537.36"
83.99.151.69 - - [12/Nov/2024:07:33:06 -0500] "GET /declinometerjsq.xml HTTP/1.1" 404 14979 "-" "Mozilla/5.0 AppleWebKit/537.36 (KHTML, like Gecko; compatible; GeedoProductSearch; +http://www.geedo.com/product-search.html) Chrome/79.0.3945.88 Safari/537.36"
83.99.151.69 - - [12/Nov/2024:07:33:12 -0500] "GET /efficaciouslyknz.xml HTTP/1.1" 404 14956 "-" "Mozilla/5.0 AppleWebKit/537.36 (KHTML, like Gecko; compatible; GeedoProductSearch; +http://www.geedo.com/product-search.html) Chrome/79.0.3945.88 Safari/537.36"
83.99.151.69 - - [12/Nov/2024:07:33:19 -0500] "GET /harpyeagleiki.xml HTTP/1.1" 404 14993 "-" "Mozilla/5.0 AppleWebKit/537.36 (KHTML, like Gecko; compatible; GeedoProductSearch; +http://www.geedo.com/product-search.html) Chrome/79.0.3945.88 Safari/537.36"
83.99.151.69 - - [12/Nov/2024:07:33:25 -0500] "GET /laoighisolw.xml HTTP/1.1" 404 14994 "-" "Mozilla/5.0 AppleWebKit/537.36 (KHTML, like Gecko; compatible; GeedoProductSearch; +http://www.geedo.com/product-search.html) Chrome/79.0.3945.88 Safari/537.36"
83.99.151.69 - - [12/Nov/2024:07:33:49 -0500] "GET /preimagerrv.xml HTTP/1.1" 404 14962 "-" "Mozilla/5.0 AppleWebKit/537.36 (KHTML, like Gecko; compatible; GeedoProductSearch; +http://www.geedo.com/product-search.html) Chrome/79.0.3945.88 Safari/537.36"
83.99.151.69 - - [12/Nov/2024:07:33:55 -0500] "GET /selfrepressionnnb.xml HTTP/1.1" 404 14993 "-" "Mozilla/5.0 AppleWebKit/537.36 (KHTML, like Gecko; compatible; GeedoProductSearch; +http://www.geedo.com/product-search.html) Chrome/79.0.3945.88 Safari/537.36"
83.99.151.69 - - [12/Nov/2024:07:34:01 -0500] "GET /likinckn.xml HTTP/1.1" 404 14960 "-" "Mozilla/5.0 AppleWebKit/537.36 (KHTML, like Gecko; compatible; GeedoProductSearch; +http://www.geedo.com/product-search.html) Chrome/79.0.3945.88 Safari/537.36"
83.99.151.69 - - [12/Nov/2024:07:34:13 -0500] "GET /dicalcicxkl.xml HTTP/1.1" 404 14969 "-" "Mozilla/5.0 AppleWebKit/537.36 (KHTML, like Gecko; compatible; GeedoProductSearch; +http://www.geedo.com/product-search.html) Chrome/79.0.3945.88 Safari/537.36"
83.99.151.69 - - [12/Nov/2024:07:34:19 -0500] "GET /neoidiym.xml HTTP/1.1" 404 14992 "-" "Mozilla/5.0 AppleWebKit/537.36 (KHTML, like Gecko; compatible; GeedoProductSearch; +http://www.geedo.com/product-search.html) Chrome/79.0.3945.88 Safari/537.36"
83.99.151.69 - - [12/Nov/2024:07:34:36 -0500] "GET /post-sitemap.xml HTTP/1.1" 200 712 "-" "Mozilla/5.0 AppleWebKit/537.36 (KHTML, like Gecko; compatible; GeedoProductSearch; +http://www.geedo.com/product-search.html) Chrome/79.0.3945.88 Safari/537.36"
83.99.151.69 - - [12/Nov/2024:07:34:49 -0500] "GET /wpm-testimonial-sitemap.xml HTTP/1.1" 200 447 "-" "Mozilla/5.0 AppleWebKit/537.36 (KHTML, like Gecko; compatible; GeedoProductSearch; +http://www.geedo.com/product-search.html) Chrome/79.0.3945.88 Safari/537.36"
83.99.151.69 - - [12/Nov/2024:07:34:57 -0500] "GET /post_tag-sitemap.xml HTTP/1.1" 200 376 "-" "Mozilla/5.0 AppleWebKit/537.36 (KHTML, like Gecko; compatible; GeedoProductSearch; +http://www.geedo.com/product-search.html) Chrome/79.0.3945.88 Safari/537.36"
68.65.122.142 - - [12/Nov/2024:07:35:02 -0500] "POST /wp-cron.php?doing_wp_cron=1731414902.6546139717102050781250 HTTP/1.1" 403 1242 "-" "WordPress/6.2.1; https://glenbowcollege.ca"
83.99.151.69 - - [12/Nov/2024:07:35:05 -0500] "GET /author-sitemap.xml HTTP/1.1" 200 346 "-" "Mozilla/5.0 AppleWebKit/537.36 (KHTML, like Gecko; compatible; GeedoProductSearch; +http://www.geedo.com/product-search.html) Chrome/79.0.3945.88 Safari/537.36"
66.220.149.26 - - [12/Nov/2024:07:22:12 -0500] "GET /robots.txt HTTP/1.1" 200 841 "-" "facebookexternalhit/1.1 (+http://www.facebook.com/externalhit_uatext.php)"
83.99.151.69 - - [12/Nov/2024:07:33:00 -0500] "GET /reprehendingzxj.xml HTTP/1.1" 404 14981 "-" "Mozilla/5.0 AppleWebKit/537.36 (KHTML, like Gecko; compatible; GeedoProductSearch; +http://www.geedo.com/product-search.html) Chrome/79.0.3945.88 Safari/537.36"
83.99.151.69 - - [12/Nov/2024:07:33:31 -0500] "GET /setsyxr.xml HTTP/1.1" 404 14978 "-" "Mozilla/5.0 AppleWebKit/537.36 (KHTML, like Gecko; compatible; GeedoProductSearch; +http://www.geedo.com/product-search.html) Chrome/79.0.3945.88 Safari/537.36"
83.99.151.69 - - [12/Nov/2024:07:33:37 -0500] "GET /rusesezy.xml HTTP/1.1" 404 14987 "-" "Mozilla/5.0 AppleWebKit/537.36 (KHTML, like Gecko; compatible; GeedoProductSearch; +http://www.geedo.com/product-search.html) Chrome/79.0.3945.88 Safari/537.36"
83.99.151.69 - - [12/Nov/2024:07:33:43 -0500] "GET /derotremadlo.xml HTTP/1.1" 404 14975 "-" "Mozilla/5.0 AppleWebKit/537.36 (KHTML, like Gecko; compatible; GeedoProductSearch; +http://www.geedo.com/product-search.html) Chrome/79.0.3945.88 Safari/537.36"
83.99.151.69 - - [12/Nov/2024:07:34:07 -0500] "GET /nantzeti.xml HTTP/1.1" 404 15004 "-" "Mozilla/5.0 AppleWebKit/537.36 (KHTML, like Gecko; compatible; GeedoProductSearch; +http://www.geedo.com/product-search.html) Chrome/79.0.3945.88 Safari/537.36"
83.99.151.69 - - [12/Nov/2024:07:34:25 -0500] "GET /aestheticbfp.xml HTTP/1.1" 404 14992 "-" "Mozilla/5.0 AppleWebKit/537.36 (KHTML, like Gecko; compatible; GeedoProductSearch; +http://www.geedo.com/product-search.html) Chrome/79.0.3945.88 Safari/537.36"
83.99.151.69 - - [12/Nov/2024:07:34:31 -0500] "GET /sitemap.xml HTTP/1.1" 301 0 "-" "Mozilla/5.0 AppleWebKit/537.36 (KHTML, like Gecko; compatible; GeedoProductSearch; +http://www.geedo.com/product-search.html) Chrome/79.0.3945.88 Safari/537.36"
83.99.151.69 - - [12/Nov/2024:07:34:32 -0500] "GET /sitemap_index.xml HTTP/1.1" 200 381 "-" "Mozilla/5.0 AppleWebKit/537.36 (KHTML, like Gecko; compatible; GeedoProductSearch; +http://www.geedo.com/product-search.html) Chrome/79.0.3945.88 Safari/537.36"
83.99.151.69 - - [12/Nov/2024:07:34:41 -0500] "GET /page-sitemap.xml HTTP/1.1" 200 2213 "-" "Mozilla/5.0 AppleWebKit/537.36 (KHTML, like Gecko; compatible; GeedoProductSearch; +http://www.geedo.com/product-search.html) Chrome/79.0.3945.88 Safari/537.36"
83.99.151.69 - - [12/Nov/2024:07:34:45 -0500] "GET /product-sitemap.xml HTTP/1.1" 200 358 "-" "Mozilla/5.0 AppleWebKit/537.36 (KHTML, like Gecko; compatible; GeedoProductSearch; +http://www.geedo.com/product-search.html) Chrome/79.0.3945.88 Safari/537.36"
83.99.151.69 - - [12/Nov/2024:07:34:53 -0500] "GET /category-sitemap.xml HTTP/1.1" 200 449 "-" "Mozilla/5.0 AppleWebKit/537.36 (KHTML, like Gecko; compatible; GeedoProductSearch; +http://www.geedo.com/product-search.html) Chrome/79.0.3945.88 Safari/537.36"
83.99.151.69 - - [12/Nov/2024:07:35:01 -0500] "GET /product_cat-sitemap.xml HTTP/1.1" 200 346 "-" "Mozilla/5.0 AppleWebKit/537.36 (KHTML, like Gecko; compatible; GeedoProductSearch; +http://www.geedo.com/product-search.html) Chrome/79.0.3945.88 Safari/537.36"
83.99.151.70 - - [12/Nov/2024:07:35:56 -0500] "GET /international/international-about/ HTTP/1.1" 200 17510 "-" "Mozilla/5.0 AppleWebKit/537.36 (KHTML, like Gecko; compatible; GeedoProductSearch; +http://www.geedo.com/product-search.html) Chrome/79.0.3945.88 Safari/537.36"
68.65.122.142 - - [12/Nov/2024:07:36:10 -0500] "POST /wp-cron.php?doing_wp_cron=1731414970.9504020214080810546875 HTTP/1.1" 403 1242 "-" "WordPress/6.2.1; https://glenbowcollege.ca"
83.99.151.71 - - [12/Nov/2024:07:36:09 -0500] "GET /2020/02/21/career-hub/ HTTP/1.1" 200 17690 "-" "Mozilla/5.0 AppleWebKit/537.36 (KHTML, like Gecko; compatible; GeedoProductSearch; +http://www.geedo.com/product-search.html) Chrome/79.0.3945.88 Safari/537.36"
83.99.151.70 - - [12/Nov/2024:07:35:17 -0500] "GET /covid-19-information/ HTTP/1.1" 200 18976 "-" "Mozilla/5.0 AppleWebKit/537.36 (KHTML, like Gecko; compatible; GeedoProductSearch; +http://www.geedo.com/product-search.html) Chrome/79.0.3945.88 Safari/537.36"
83.99.151.66 - - [12/Nov/2024:07:35:31 -0500] "GET /admissions/ HTTP/1.1" 200 18423 "-" "Mozilla/5.0 AppleWebKit/537.36 (KHTML, like Gecko; compatible; GeedoProductSearch; +http://www.geedo.com/product-search.html) Chrome/79.0.3945.88 Safari/537.36"
83.99.151.70 - - [12/Nov/2024:07:35:44 -0500] "GET /testimonial/daskalos/ HTTP/1.1" 200 17123 "-" "Mozilla/5.0 AppleWebKit/537.36 (KHTML, like Gecko; compatible; GeedoProductSearch; +http://www.geedo.com/product-search.html) Chrome/79.0.3945.88 Safari/537.36"
83.99.151.70 - - [12/Nov/2024:07:36:25 -0500] "GET /international/international-programs/ HTTP/1.1" 200 16912 "-" "Mozilla/5.0 AppleWebKit/537.36 (KHTML, like Gecko; compatible; GeedoProductSearch; +http://www.geedo.com/product-search.html) Chrome/79.0.3945.88 Safari/537.36"
83.99.151.65 - - [12/Nov/2024:07:36:30 -0500] "GET /international/current-international-students/ HTTP/1.1" 200 17127 "-" "Mozilla/5.0 AppleWebKit/537.36 (KHTML, like Gecko; compatible; GeedoProductSearch; +http://www.geedo.com/product-search.html) Chrome/79.0.3945.88 Safari/537.36"
83.99.151.65 - - [12/Nov/2024:07:36:46 -0500] "GET /about/contact-us/ HTTP/1.1" 200 18124 "-" "Mozilla/5.0 AppleWebKit/537.36 (KHTML, like Gecko; compatible; GeedoProductSearch; +http://www.geedo.com/product-search.html) Chrome/79.0.3945.88 Safari/537.36"
83.99.151.71 - - [12/Nov/2024:07:36:59 -0500] "GET /international/international-programs/medical-office-administration-diploma-program/ HTTP/1.1" 200 17975 "-" "Mozilla/5.0 AppleWebKit/537.36 (KHTML, like Gecko; compatible; GeedoProductSearch; +http://www.geedo.com/product-search.html) Chrome/79.0.3945.88 Safari/537.36"
83.99.151.65 - - [12/Nov/2024:07:37:29 -0500] "GET /certifications-esl/ HTTP/1.1" 200 20549 "-" "Mozilla/5.0 AppleWebKit/537.36 (KHTML, like Gecko; compatible; GeedoProductSearch; +http://www.geedo.com/product-search.html) Chrome/79.0.3945.88 Safari/537.36"
83.99.151.71 - - [12/Nov/2024:07:37:58 -0500] "GET /tag/accounting/ HTTP/1.1" 200 16920 "-" "Mozilla/5.0 AppleWebKit/537.36 (KHTML, like Gecko; compatible; GeedoProductSearch; +http://www.geedo.com/product-search.html) Chrome/79.0.3945.88 Safari/537.36"
83.99.151.67 - - [12/Nov/2024:07:38:24 -0500] "GET /tag/esl/ HTTP/1.1" 200 16917 "-" "Mozilla/5.0 AppleWebKit/537.36 (KHTML, like Gecko; compatible; GeedoProductSearch; +http://www.geedo.com/product-search.html) Chrome/79.0.3945.88 Safari/537.36"
83.99.151.67 - - [12/Nov/2024:07:38:27 -0500] "GET /international/international-programs/hospitality-management-diploma-program/ HTTP/1.1" 200 19536 "-" "Mozilla/5.0 AppleWebKit/537.36 (KHTML, like Gecko; compatible; GeedoProductSearch; +http://www.geedo.com/product-search.html) Chrome/79.0.3945.88 Safari/537.36"
83.99.151.67 - - [12/Nov/2024:07:38:29 -0500] "GET /international/prospective-international-students/ HTTP/1.1" 200 16891 "-" "Mozilla/5.0 AppleWebKit/537.36 (KHTML, like Gecko; compatible; GeedoProductSearch; +http://www.geedo.com/product-search.html) Chrome/79.0.3945.88 Safari/537.36"
83.99.151.69 - - [12/Nov/2024:07:38:47 -0500] "GET /2020/02/22/enroll-our-programs/ HTTP/1.1" 200 17946 "-" "Mozilla/5.0 AppleWebKit/537.36 (KHTML, like Gecko; compatible; GeedoProductSearch; +http://www.geedo.com/product-search.html) Chrome/79.0.3945.88 Safari/537.36"
83.99.151.69 - - [12/Nov/2024:07:39:00 -0500] "GET /international/international-programs/computerized-accounting-payroll-diploma-program/ HTTP/1.1" 200 17593 "-" "Mozilla/5.0 AppleWebKit/537.36 (KHTML, like Gecko; compatible; GeedoProductSearch; +http://www.geedo.com/product-search.html) Chrome/79.0.3945.88 Safari/537.36"
83.99.151.65 - - [12/Nov/2024:07:36:33 -0500] "GET /2024/08/22/dyslexia-awareness-conference-2/ HTTP/1.1" 200 17517 "-" "Mozilla/5.0 AppleWebKit/537.36 (KHTML, like Gecko; compatible; GeedoProductSearch; +http://www.geedo.com/product-search.html) Chrome/79.0.3945.88 Safari/537.36"
83.99.151.65 - - [12/Nov/2024:07:36:36 -0500] "GET /programs/education-assistant-diploma/ HTTP/1.1" 200 18974 "-" "Mozilla/5.0 AppleWebKit/537.36 (KHTML, like Gecko; compatible; GeedoProductSearch; +http://www.geedo.com/product-search.html) Chrome/79.0.3945.88 Safari/537.36"
83.99.151.65 - - [12/Nov/2024:07:36:39 -0500] "GET /author/ HTTP/1.1" 404 14982 "-" "Mozilla/5.0 AppleWebKit/537.36 (KHTML, like Gecko; compatible; GeedoProductSearch; +http://www.geedo.com/product-search.html) Chrome/79.0.3945.88 Safari/537.36"
83.99.151.65 - - [12/Nov/2024:07:36:43 -0500] "GET /make-payment/ HTTP/1.1" 200 19525 "-" "Mozilla/5.0 AppleWebKit/537.36 (KHTML, like Gecko; compatible; GeedoProductSearch; +http://www.geedo.com/product-search.html) Chrome/79.0.3945.88 Safari/537.36"
68.65.122.142 - - [12/Nov/2024:07:37:15 -0500] "POST /wp-cron.php?doing_wp_cron=1731415035.7871010303497314453125 HTTP/1.1" 403 1242 "-" "WordPress/6.2.1; https://glenbowcollege.ca"
83.99.151.71 - - [12/Nov/2024:07:37:14 -0500] "GET /international/current-international-students/dispute-resolution-policy/ HTTP/1.1" 200 19057 "-" "Mozilla/5.0 AppleWebKit/537.36 (KHTML, like Gecko; compatible; GeedoProductSearch; +http://www.geedo.com/product-search.html) Chrome/79.0.3945.88 Safari/537.36"
83.99.151.71 - - [12/Nov/2024:07:37:44 -0500] "GET /testimonial/mirgul-shamshieva/ HTTP/1.1" 200 17088 "-" "Mozilla/5.0 AppleWebKit/537.36 (KHTML, like Gecko; compatible; GeedoProductSearch; +http://www.geedo.com/product-search.html) Chrome/79.0.3945.88 Safari/537.36"
83.99.151.67 - - [12/Nov/2024:07:38:14 -0500] "GET /certifications/teaching-english-to-speakers-of-other-languages/ HTTP/1.1" 200 18485 "-" "Mozilla/5.0 AppleWebKit/537.36 (KHTML, like Gecko; compatible; GeedoProductSearch; +http://www.geedo.com/product-search.html) Chrome/79.0.3945.88 Safari/537.36"
68.65.122.142 - - [12/Nov/2024:07:38:22 -0500] "POST /wp-cron.php?doing_wp_cron=1731415102.2869670391082763671875 HTTP/1.1" 403 1242 "-" "WordPress/6.2.1; https://glenbowcollege.ca"
83.99.151.69 - - [12/Nov/2024:07:38:21 -0500] "GET /certifications/chaplaincy/ HTTP/1.1" 200 17776 "-" "Mozilla/5.0 AppleWebKit/537.36 (KHTML, like Gecko; compatible; GeedoProductSearch; +http://www.geedo.com/product-search.html) Chrome/79.0.3945.88 Safari/537.36"
83.99.151.67 - - [12/Nov/2024:07:38:32 -0500] "GET /about/glenbow-college-covid-19-questionnaire/ HTTP/1.1" 200 20539 "-" "Mozilla/5.0 AppleWebKit/537.36 (KHTML, like Gecko; compatible; GeedoProductSearch; +http://www.geedo.com/product-search.html) Chrome/79.0.3945.88 Safari/537.36"
83.99.151.67 - - [12/Nov/2024:07:38:35 -0500] "GET /international/prospective-international-students/application-processing-time/ HTTP/1.1" 200 17031 "-" "Mozilla/5.0 AppleWebKit/537.36 (KHTML, like Gecko; compatible; GeedoProductSearch; +http://www.geedo.com/product-search.html) Chrome/79.0.3945.88 Safari/537.36"
83.99.151.69 - - [12/Nov/2024:07:39:53 -0500] "GET /2024/08/22/2176/ HTTP/1.1" 200 17309 "-" "Mozilla/5.0 AppleWebKit/537.36 (KHTML, like Gecko; compatible; GeedoProductSearch; +http://www.geedo.com/product-search.html) Chrome/79.0.3945.88 Safari/537.36"
83.99.151.70 - - [12/Nov/2024:07:40:09 -0500] "GET /product-category/payment/ HTTP/1.1" 200 17350 "-" "Mozilla/5.0 AppleWebKit/537.36 (KHTML, like Gecko; compatible; GeedoProductSearch; +http://www.geedo.com/product-search.html) Chrome/79.0.3945.88 Safari/537.36"
83.99.151.64 - - [12/Nov/2024:07:40:18 -0500] "GET /certifications/data-analysis-biomedical-health/ HTTP/1.1" 200 18880 "-" "Mozilla/5.0 AppleWebKit/537.36 (KHTML, like Gecko; compatible; GeedoProductSearch; +http://www.geedo.com/product-search.html) Chrome/79.0.3945.88 Safari/537.36"
83.99.151.69 - - [12/Nov/2024:07:39:13 -0500] "GET /international/prospective-international-students/admission-requirements/ HTTP/1.1" 200 17454 "-" "Mozilla/5.0 AppleWebKit/537.36 (KHTML, like Gecko; compatible; GeedoProductSearch; +http://www.geedo.com/product-search.html) Chrome/79.0.3945.88 Safari/537.36"
68.65.122.142 - - [12/Nov/2024:07:39:26 -0500] "POST /wp-cron.php?doing_wp_cron=1731415166.0060238838195800781250 HTTP/1.1" 403 1242 "-" "WordPress/6.2.1; https://glenbowcollege.ca"
83.99.151.69 - - [12/Nov/2024:07:39:24 -0500] "GET / HTTP/1.1" 200 20444 "-" "Mozilla/5.0 AppleWebKit/537.36 (KHTML, like Gecko; compatible; GeedoProductSearch; +http://www.geedo.com/product-search.html) Chrome/79.0.3945.88 Safari/537.36"
83.99.151.69 - - [12/Nov/2024:07:39:39 -0500] "GET /about/why-us/ HTTP/1.1" 200 18420 "-" "Mozilla/5.0 AppleWebKit/537.36 (KHTML, like Gecko; compatible; GeedoProductSearch; +http://www.geedo.com/product-search.html) Chrome/79.0.3945.88 Safari/537.36"
83.99.151.64 - - [12/Nov/2024:07:39:59 -0500] "GET /about/academic/ HTTP/1.1" 200 18138 "-" "Mozilla/5.0 AppleWebKit/537.36 (KHTML, like Gecko; compatible; GeedoProductSearch; +http://www.geedo.com/product-search.html) Chrome/79.0.3945.88 Safari/537.36"
83.99.151.64 - - [12/Nov/2024:07:40:02 -0500] "GET /certifications/ HTTP/1.1" 200 16738 "-" "Mozilla/5.0 AppleWebKit/537.36 (KHTML, like Gecko; compatible; GeedoProductSearch; +http://www.geedo.com/product-search.html) Chrome/79.0.3945.88 Safari/537.36"
83.99.151.64 - - [12/Nov/2024:07:40:06 -0500] "GET /current-student/ HTTP/1.1" 200 20179 "-" "Mozilla/5.0 AppleWebKit/537.36 (KHTML, like Gecko; compatible; GeedoProductSearch; +http://www.geedo.com/product-search.html) Chrome/79.0.3945.88 Safari/537.36"
83.99.151.71 - - [12/Nov/2024:07:40:11 -0500] "GET /programs/medical-office-administration-diploma/ HTTP/1.1" 200 20302 "-" "Mozilla/5.0 AppleWebKit/537.36 (KHTML, like Gecko; compatible; GeedoProductSearch; +http://www.geedo.com/product-search.html) Chrome/79.0.3945.88 Safari/537.36"
83.99.151.66 - - [12/Nov/2024:07:40:23 -0500] "GET /tag/management/ HTTP/1.1" 200 16921 "-" "Mozilla/5.0 AppleWebKit/537.36 (KHTML, like Gecko; compatible; GeedoProductSearch; +http://www.geedo.com/product-search.html) Chrome/79.0.3945.88 Safari/537.36"
68.65.122.142 - - [12/Nov/2024:07:40:27 -0500] "POST /wp-cron.php?doing_wp_cron=1731415227.7250640392303466796875 HTTP/1.1" 403 1242 "-" "WordPress/6.2.1; https://glenbowcollege.ca"
83.99.151.66 - - [12/Nov/2024:07:40:29 -0500] "GET /programs/administrative-assistant-diploma/ HTTP/1.1" 200 20386 "-" "Mozilla/5.0 AppleWebKit/537.36 (KHTML, like Gecko; compatible; GeedoProductSearch; +http://www.geedo.com/product-search.html) Chrome/79.0.3945.88 Safari/537.36"
20.27.24.39 - - [12/Nov/2024:07:40:56 -0500] "HEAD /wordpress HTTP/1.1" 404 0 "http://glenbowcollege.ca/wordpress" "Mozilla/5.0 (Windows NT 10.0; Win64; x64) AppleWebKit/537.36 (KHTML, like Gecko) Chrome/74.0.3729.169 Safari/537.36"
20.27.24.39 - - [12/Nov/2024:07:41:00 -0500] "HEAD /wp HTTP/1.1" 404 0 "http://glenbowcollege.ca/wp" "Mozilla/5.0 (Windows NT 10.0; Win64; x64) AppleWebKit/537.36 (KHTML, like Gecko) Chrome/74.0.3729.169 Safari/537.36"
83.99.151.68 - - [12/Nov/2024:07:41:02 -0500] "GET /tag/tesol/ HTTP/1.1" 200 16970 "-" "Mozilla/5.0 AppleWebKit/537.36 (KHTML, like Gecko; compatible; GeedoProductSearch; +http://www.geedo.com/product-search.html) Chrome/79.0.3945.88 Safari/537.36"
20.27.24.39 - - [12/Nov/2024:07:41:05 -0500] "HEAD /bk HTTP/1.1" 404 0 "http://glenbowcollege.ca/bk" "Mozilla/5.0 (Windows NT 10.0; Win64; x64) AppleWebKit/537.36 (KHTML, like Gecko) Chrome/74.0.3729.169 Safari/537.36"
20.27.24.39 - - [12/Nov/2024:07:41:06 -0500] "HEAD /bk HTTP/1.1" 404 0 "http://glenbowcollege.ca/bk" "Mozilla/5.0 (Windows NT 10.0; Win64; x64) AppleWebKit/537.36 (KHTML, like Gecko) Chrome/74.0.3729.169 Safari/537.36"
83.99.151.66 - - [12/Nov/2024:07:40:26 -0500] "GET /programs/english-as-a-second-language/ HTTP/1.1" 301 0 "-" "Mozilla/5.0 AppleWebKit/537.36 (KHTML, like Gecko; compatible; GeedoProductSearch; +http://www.geedo.com/product-search.html) Chrome/79.0.3945.88 Safari/537.36"
83.99.151.66 - - [12/Nov/2024:07:40:27 -0500] "GET /certifications/english-as-a-second-language-esl/ HTTP/1.1" 200 19692 "-" "Mozilla/5.0 AppleWebKit/537.36 (KHTML, like Gecko; compatible; GeedoProductSearch; +http://www.geedo.com/product-search.html) Chrome/79.0.3945.88 Safari/537.36"
83.99.151.66 - - [12/Nov/2024:07:40:32 -0500] "GET /international/current-international-students/student-resources/ HTTP/1.1" 200 19358 "-" "Mozilla/5.0 AppleWebKit/537.36 (KHTML, like Gecko; compatible; GeedoProductSearch; +http://www.geedo.com/product-search.html) Chrome/79.0.3945.88 Safari/537.36"
83.99.151.71 - - [12/Nov/2024:07:40:35 -0500] "GET /programs/ HTTP/1.1" 200 17407 "-" "Mozilla/5.0 AppleWebKit/537.36 (KHTML, like Gecko; compatible; GeedoProductSearch; +http://www.geedo.com/product-search.html) Chrome/79.0.3945.88 Safari/537.36"
83.99.151.66 - - [12/Nov/2024:07:40:38 -0500] "GET /product/manual-payment/ HTTP/1.1" 200 19253 "-" "Mozilla/5.0 AppleWebKit/537.36 (KHTML, like Gecko; compatible; GeedoProductSearch; +http://www.geedo.com/product-search.html) Chrome/79.0.3945.88 Safari/537.36"
83.99.151.68 - - [12/Nov/2024:07:40:47 -0500] "GET /international/current-international-students/tuition-collection-and-refund-policy/ HTTP/1.1" 200 18584 "-" "Mozilla/5.0 AppleWebKit/537.36 (KHTML, like Gecko; compatible; GeedoProductSearch; +http://www.geedo.com/product-search.html) Chrome/79.0.3945.88 Safari/537.36"
83.99.151.68 - - [12/Nov/2024:07:40:54 -0500] "GET /testimonial/strazimiri-yang/ HTTP/1.1" 200 16980 "-" "Mozilla/5.0 AppleWebKit/537.36 (KHTML, like Gecko; compatible; GeedoProductSearch; +http://www.geedo.com/product-search.html) Chrome/79.0.3945.88 Safari/537.36"
20.27.24.39 - - [12/Nov/2024:07:40:55 -0500] "HEAD /wordpress HTTP/1.1" 404 0 "http://glenbowcollege.ca/wordpress" "Mozilla/5.0 (Windows NT 10.0; Win64; x64) AppleWebKit/537.36 (KHTML, like Gecko) Chrome/74.0.3729.169 Safari/537.36"
20.27.24.39 - - [12/Nov/2024:07:40:58 -0500] "HEAD / HTTP/1.1" 200 0 "http://glenbowcollege.ca/" "Mozilla/5.0 (Windows NT 10.0; Win64; x64) AppleWebKit/537.36 (KHTML, like Gecko) Chrome/74.0.3729.169 Safari/537.36"
20.27.24.39 - - [12/Nov/2024:07:40:58 -0500] "HEAD / HTTP/1.1" 200 0 "http://glenbowcollege.ca/" "Mozilla/5.0 (Windows NT 10.0; Win64; x64) AppleWebKit/537.36 (KHTML, like Gecko) Chrome/74.0.3729.169 Safari/537.36"
20.27.24.39 - - [12/Nov/2024:07:41:01 -0500] "HEAD /wp HTTP/1.1" 404 0 "http://glenbowcollege.ca/wp" "Mozilla/5.0 (Windows NT 10.0; Win64; x64) AppleWebKit/537.36 (KHTML, like Gecko) Chrome/74.0.3729.169 Safari/537.36"
20.27.24.39 - - [12/Nov/2024:07:41:02 -0500] "HEAD /bc HTTP/1.1" 404 0 "http://glenbowcollege.ca/bc" "Mozilla/5.0 (Windows NT 10.0; Win64; x64) AppleWebKit/537.36 (KHTML, like Gecko) Chrome/74.0.3729.169 Safari/537.36"
20.27.24.39 - - [12/Nov/2024:07:41:04 -0500] "HEAD /bc HTTP/1.1" 404 0 "http://glenbowcollege.ca/bc" "Mozilla/5.0 (Windows NT 10.0; Win64; x64) AppleWebKit/537.36 (KHTML, like Gecko) Chrome/74.0.3729.169 Safari/537.36"
20.27.24.39 - - [12/Nov/2024:07:41:08 -0500] "HEAD /backup HTTP/1.1" 404 0 "http://glenbowcollege.ca/backup" "Mozilla/5.0 (Windows NT 10.0; Win64; x64) AppleWebKit/537.36 (KHTML, like Gecko) Chrome/74.0.3729.169 Safari/537.36"
83.99.151.68 - - [12/Nov/2024:07:41:10 -0500] "GET /international/international-programs/education-assistant-diploma-program/ HTTP/1.1" 200 17636 "-" "Mozilla/5.0 AppleWebKit/537.36 (KHTML, like Gecko; compatible; GeedoProductSearch; +http://www.geedo.com/product-search.html) Chrome/79.0.3945.88 Safari/537.36"
20.27.24.39 - - [12/Nov/2024:07:41:13 -0500] "HEAD /2024/08/21/newcomers-career-journey/ HTTP/1.1" 200 0 "https://glenbowcollege.ca/new" "Mozilla/5.0 (Windows NT 10.0; Win64; x64) AppleWebKit/537.36 (KHTML, like Gecko) Chrome/74.0.3729.169 Safari/537.36"
20.27.24.39 - - [12/Nov/2024:07:41:07 -0500] "HEAD /backup HTTP/1.1" 404 0 "http://glenbowcollege.ca/backup" "Mozilla/5.0 (Windows NT 10.0; Win64; x64) AppleWebKit/537.36 (KHTML, like Gecko) Chrome/74.0.3729.169 Safari/537.36"
20.27.24.39 - - [12/Nov/2024:07:41:09 -0500] "HEAD /old HTTP/1.1" 404 0 "http://glenbowcollege.ca/old" "Mozilla/5.0 (Windows NT 10.0; Win64; x64) AppleWebKit/537.36 (KHTML, like Gecko) Chrome/74.0.3729.169 Safari/537.36"
40.77.167.32 - - [12/Nov/2024:07:41:09 -0500] "GET /psc6b/abf1033811.htm HTTP/1.1" 404 14975 "-" "Mozilla/5.0 AppleWebKit/537.36 (KHTML, like Gecko; compatible; bingbot/2.0; +http://www.bing.com/bingbot.htm) Chrome/116.0.1938.76 Safari/537.36"
20.27.24.39 - - [12/Nov/2024:07:41:11 -0500] "HEAD /old HTTP/1.1" 404 0 "http://glenbowcollege.ca/old" "Mozilla/5.0 (Windows NT 10.0; Win64; x64) AppleWebKit/537.36 (KHTML, like Gecko) Chrome/74.0.3729.169 Safari/537.36"
20.27.24.39 - - [12/Nov/2024:07:41:12 -0500] "HEAD /new HTTP/1.1" 301 0 "http://glenbowcollege.ca/new" "Mozilla/5.0 (Windows NT 10.0; Win64; x64) AppleWebKit/537.36 (KHTML, like Gecko) Chrome/74.0.3729.169 Safari/537.36"
20.27.24.39 - - [12/Nov/2024:07:41:15 -0500] "HEAD /2024/08/21/newcomers-career-journey/ HTTP/1.1" 200 0 "https://glenbowcollege.ca/new" "Mozilla/5.0 (Windows NT 10.0; Win64; x64) AppleWebKit/537.36 (KHTML, like Gecko) Chrome/74.0.3729.169 Safari/537.36"
20.27.24.39 - - [12/Nov/2024:07:41:20 -0500] "HEAD /home HTTP/1.1" 301 0 "http://glenbowcollege.ca/home" "Mozilla/5.0 (Windows NT 10.0; Win64; x64) AppleWebKit/537.36 (KHTML, like Gecko) Chrome/74.0.3729.169 Safari/537.36"
20.27.24.39 - - [12/Nov/2024:07:41:20 -0500] "HEAD / HTTP/1.1" 200 0 "https://glenbowcollege.ca/popupbuilder/home-stay/" "Mozilla/5.0 (Windows NT 10.0; Win64; x64) AppleWebKit/537.36 (KHTML, like Gecko) Chrome/74.0.3729.169 Safari/537.36"
68.65.122.142 - - [12/Nov/2024:07:41:28 -0500] "POST /wp-cron.php?doing_wp_cron=1731415288.6331019401550292968750 HTTP/1.1" 403 1242 "-" "WordPress/6.2.1; https://glenbowcollege.ca"
83.99.151.65 - - [12/Nov/2024:07:41:27 -0500] "GET /international/work-with-pipa/ HTTP/1.1" 200 20797 "-" "Mozilla/5.0 AppleWebKit/537.36 (KHTML, like Gecko; compatible; GeedoProductSearch; +http://www.geedo.com/product-search.html) Chrome/79.0.3945.88 Safari/537.36"
83.99.151.65 - - [12/Nov/2024:07:41:41 -0500] "GET /international/prospective-international-students/how-to-apply/ HTTP/1.1" 200 18376 "-" "Mozilla/5.0 AppleWebKit/537.36 (KHTML, like Gecko; compatible; GeedoProductSearch; +http://www.geedo.com/product-search.html) Chrome/79.0.3945.88 Safari/537.36"
83.99.151.65 - - [12/Nov/2024:07:41:44 -0500] "GET /about/ HTTP/1.1" 200 17503 "-" "Mozilla/5.0 AppleWebKit/537.36 (KHTML, like Gecko; compatible; GeedoProductSearch; +http://www.geedo.com/product-search.html) Chrome/79.0.3945.88 Safari/537.36"
83.99.151.65 - - [12/Nov/2024:07:41:47 -0500] "GET /international/international-programs/administrative-professional-diploma-program/ HTTP/1.1" 200 18132 "-" "Mozilla/5.0 AppleWebKit/537.36 (KHTML, like Gecko; compatible; GeedoProductSearch; +http://www.geedo.com/product-search.html) Chrome/79.0.3945.88 Safari/537.36"
83.99.151.70 - - [12/Nov/2024:07:42:02 -0500] "GET /special-request/ HTTP/1.1" 200 18064 "-" "Mozilla/5.0 AppleWebKit/537.36 (KHTML, like Gecko; compatible; GeedoProductSearch; +http://www.geedo.com/product-search.html) Chrome/79.0.3945.88 Safari/537.36"
83.99.151.70 - - [12/Nov/2024:07:42:13 -0500] "GET /international/international-about/why-choose-gc/ HTTP/1.1" 200 17386 "-" "Mozilla/5.0 AppleWebKit/537.36 (KHTML, like Gecko; compatible; GeedoProductSearch; +http://www.geedo.com/product-search.html) Chrome/79.0.3945.88 Safari/537.36"
83.99.151.71 - - [12/Nov/2024:07:42:20 -0500] "GET /international/international-prospective-students/how-to-apply/ HTTP/1.1" 301 0 "-" "Mozilla/5.0 AppleWebKit/537.36 (KHTML, like Gecko; compatible; GeedoProductSearch; +http://www.geedo.com/product-search.html) Chrome/79.0.3945.88 Safari/537.36"
20.27.24.39 - - [12/Nov/2024:07:41:14 -0500] "HEAD /new HTTP/1.1" 301 0 "http://glenbowcollege.ca/new" "Mozilla/5.0 (Windows NT 10.0; Win64; x64) AppleWebKit/537.36 (KHTML, like Gecko) Chrome/74.0.3729.169 Safari/537.36"
20.27.24.39 - - [12/Nov/2024:07:41:16 -0500] "HEAD /main HTTP/1.1" 404 0 "http://glenbowcollege.ca/main" "Mozilla/5.0 (Windows NT 10.0; Win64; x64) AppleWebKit/537.36 (KHTML, like Gecko) Chrome/74.0.3729.169 Safari/537.36"
20.27.24.39 - - [12/Nov/2024:07:41:17 -0500] "HEAD /main HTTP/1.1" 404 0 "http://glenbowcollege.ca/main" "Mozilla/5.0 (Windows NT 10.0; Win64; x64) AppleWebKit/537.36 (KHTML, like Gecko) Chrome/74.0.3729.169 Safari/537.36"
20.27.24.39 - - [12/Nov/2024:07:41:18 -0500] "HEAD /home HTTP/1.1" 301 0 "http://glenbowcollege.ca/home" "Mozilla/5.0 (Windows NT 10.0; Win64; x64) AppleWebKit/537.36 (KHTML, like Gecko) Chrome/74.0.3729.169 Safari/537.36"
20.27.24.39 - - [12/Nov/2024:07:41:19 -0500] "HEAD /popupbuilder/home-stay/ HTTP/1.1" 302 0 "https://glenbowcollege.ca/home" "Mozilla/5.0 (Windows NT 10.0; Win64; x64) AppleWebKit/537.36 (KHTML, like Gecko) Chrome/74.0.3729.169 Safari/537.36"
83.99.151.66 - - [12/Nov/2024:07:41:20 -0500] "GET /category/events/ HTTP/1.1" 200 17192 "-" "Mozilla/5.0 AppleWebKit/537.36 (KHTML, like Gecko; compatible; GeedoProductSearch; +http://www.geedo.com/product-search.html) Chrome/79.0.3945.88 Safari/537.36"
20.27.24.39 - - [12/Nov/2024:07:41:21 -0500] "HEAD /popupbuilder/home-stay/ HTTP/1.1" 302 0 "https://glenbowcollege.ca/home" "Mozilla/5.0 (Windows NT 10.0; Win64; x64) AppleWebKit/537.36 (KHTML, like Gecko) Chrome/74.0.3729.169 Safari/537.36"
20.27.24.39 - - [12/Nov/2024:07:41:22 -0500] "HEAD / HTTP/1.1" 200 0 "https://glenbowcollege.ca/popupbuilder/home-stay/" "Mozilla/5.0 (Windows NT 10.0; Win64; x64) AppleWebKit/537.36 (KHTML, like Gecko) Chrome/74.0.3729.169 Safari/537.36"
83.99.151.65 - - [12/Nov/2024:07:41:32 -0500] "GET /international/prospective-international-students/tuition-fees-and-financials/ HTTP/1.1" 200 17789 "-" "Mozilla/5.0 AppleWebKit/537.36 (KHTML, like Gecko; compatible; GeedoProductSearch; +http://www.geedo.com/product-search.html) Chrome/79.0.3945.88 Safari/537.36"
83.99.151.65 - - [12/Nov/2024:07:41:35 -0500] "GET /glenbow-college-COVID-19-questionnaire/ HTTP/1.1" 301 0 "-" "Mozilla/5.0 AppleWebKit/537.36 (KHTML, like Gecko; compatible; GeedoProductSearch; +http://www.geedo.com/product-search.html) Chrome/79.0.3945.88 Safari/537.36"
83.99.151.65 - - [12/Nov/2024:07:41:37 -0500] "GET /about/glenbow-college-covid-19-questionnaire/ HTTP/1.1" 200 20565 "-" "Mozilla/5.0 AppleWebKit/537.36 (KHTML, like Gecko; compatible; GeedoProductSearch; +http://www.geedo.com/product-search.html) Chrome/79.0.3945.88 Safari/537.36"
83.99.151.65 - - [12/Nov/2024:07:41:38 -0500] "GET /international/ HTTP/1.1" 200 17421 "-" "Mozilla/5.0 AppleWebKit/537.36 (KHTML, like Gecko; compatible; GeedoProductSearch; +http://www.geedo.com/product-search.html) Chrome/79.0.3945.88 Safari/537.36"
83.99.151.70 - - [12/Nov/2024:07:41:55 -0500] "GET /tag/education-assistant/ HTTP/1.1" 200 16893 "-" "Mozilla/5.0 AppleWebKit/537.36 (KHTML, like Gecko; compatible; GeedoProductSearch; +http://www.geedo.com/product-search.html) Chrome/79.0.3945.88 Safari/537.36"
83.99.151.70 - - [12/Nov/2024:07:42:08 -0500] "GET /2020/02/22/career-day/ HTTP/1.1" 200 17197 "-" "Mozilla/5.0 AppleWebKit/537.36 (KHTML, like Gecko; compatible; GeedoProductSearch; +http://www.geedo.com/product-search.html) Chrome/79.0.3945.88 Safari/537.36"
83.99.151.71 - - [12/Nov/2024:07:42:21 -0500] "GET /international/prospective-international-students/how-to-apply/ HTTP/1.1" 200 18398 "-" "Mozilla/5.0 AppleWebKit/537.36 (KHTML, like Gecko; compatible; GeedoProductSearch; +http://www.geedo.com/product-search.html) Chrome/79.0.3945.88 Safari/537.36"
68.65.122.142 - - [12/Nov/2024:07:43:37 -0500] "POST /wp-cron.php?doing_wp_cron=1731415417.8932499885559082031250 HTTP/1.1" 403 1242 "-" "WordPress/6.2.1; https://glenbowcollege.ca"
68.65.122.142 - - [12/Nov/2024:07:42:28 -0500] "POST /wp-cron.php?doing_wp_cron=1731415348.9275209903717041015625 HTTP/1.1" 403 1242 "-" "WordPress/6.2.1; https://glenbowcollege.ca"
83.99.151.70 - - [12/Nov/2024:07:42:27 -0500] "GET /international/international-about/apply/ HTTP/1.1" 200 18025 "-" "Mozilla/5.0 AppleWebKit/537.36 (KHTML, like Gecko; compatible; GeedoProductSearch; +http://www.geedo.com/product-search.html) Chrome/79.0.3945.88 Safari/537.36"
83.99.151.71 - - [12/Nov/2024:07:42:43 -0500] "GET /about/get-in-touch/ HTTP/1.1" 200 18076 "-" "Mozilla/5.0 AppleWebKit/537.36 (KHTML, like Gecko; compatible; GeedoProductSearch; +http://www.geedo.com/product-search.html) Chrome/79.0.3945.88 Safari/537.36"
83.99.151.71 - - [12/Nov/2024:07:42:58 -0500] "GET /international-programs/ HTTP/1.1" 301 0 "-" "Mozilla/5.0 AppleWebKit/537.36 (KHTML, like Gecko; compatible; GeedoProductSearch; +http://www.geedo.com/product-search.html) Chrome/79.0.3945.88 Safari/537.36"
83.99.151.71 - - [12/Nov/2024:07:43:04 -0500] "GET /international/international-programs/ HTTP/1.1" 200 16906 "-" "Mozilla/5.0 AppleWebKit/537.36 (KHTML, like Gecko; compatible; GeedoProductSearch; +http://www.geedo.com/product-search.html) Chrome/79.0.3945.88 Safari/537.36"
40.77.167.42 - - [12/Nov/2024:07:43:13 -0500] "GET /burnett31c/bedbac1738834.htm HTTP/1.1" 404 14980 "-" "Mozilla/5.0 AppleWebKit/537.36 (KHTML, like Gecko; compatible; bingbot/2.0; +http://www.bing.com/bingbot.htm) Chrome/116.0.1938.76 Safari/537.36"
83.99.151.71 - - [12/Nov/2024:07:43:21 -0500] "GET /international/prospective-international-students/studying-in-canada/ HTTP/1.1" 200 20086 "-" "Mozilla/5.0 AppleWebKit/537.36 (KHTML, like Gecko; compatible; GeedoProductSearch; +http://www.geedo.com/product-search.html) Chrome/79.0.3945.88 Safari/537.36"
83.99.151.71 - - [12/Nov/2024:07:43:52 -0500] "GET /programs/teaching-english-to-speakers-of-other-languages-tesol/ HTTP/1.1" 404 14984 "-" "Mozilla/5.0 AppleWebKit/537.36 (KHTML, like Gecko; compatible; GeedoProductSearch; +http://www.geedo.com/product-search.html) Chrome/79.0.3945.88 Safari/537.36"
83.99.151.71 - - [12/Nov/2024:07:44:09 -0500] "GET /category/events/page/2/ HTTP/1.1" 200 16892 "-" "Mozilla/5.0 AppleWebKit/537.36 (KHTML, like Gecko; compatible; GeedoProductSearch; +http://www.geedo.com/product-search.html) Chrome/79.0.3945.88 Safari/537.36"
83.99.151.67 - - [12/Nov/2024:07:44:16 -0500] "GET /international/international-about/world-class-education/ HTTP/1.1" 200 17295 "-" "Mozilla/5.0 AppleWebKit/537.36 (KHTML, like Gecko; compatible; GeedoProductSearch; +http://www.geedo.com/product-search.html) Chrome/79.0.3945.88 Safari/537.36"
83.99.151.65 - - [12/Nov/2024:07:44:20 -0500] "GET /2024/08/21/newcomers-career-journey/ HTTP/1.1" 200 17366 "-" "Mozilla/5.0 AppleWebKit/537.36 (KHTML, like Gecko; compatible; GeedoProductSearch; +http://www.geedo.com/product-search.html) Chrome/79.0.3945.88 Safari/537.36"
83.99.151.65 - - [12/Nov/2024:07:44:23 -0500] "GET /international/current-international-students/academic-policies/ HTTP/1.1" 200 21958 "-" "Mozilla/5.0 AppleWebKit/537.36 (KHTML, like Gecko; compatible; GeedoProductSearch; +http://www.geedo.com/product-search.html) Chrome/79.0.3945.88 Safari/537.36"
178.156.136.36 - - [12/Nov/2024:07:44:25 -0500] "POST /wp-load.php?3ec1a3=92462 HTTP/1.1" 403 1242 "-" "Mozilla/5.0 (Windows NT 10.0; Win64; x64) AppleWebKit/537.36 (KHTML, like Gecko) Chrome/104.0.5112.97 Safari/537.36"
83.99.151.71 - - [12/Nov/2024:07:44:26 -0500] "GET /certifications/english-as-a-second-language-esl/ HTTP/1.1" 200 19698 "-" "Mozilla/5.0 AppleWebKit/537.36 (KHTML, like Gecko; compatible; GeedoProductSearch; +http://www.geedo.com/product-search.html) Chrome/79.0.3945.88 Safari/537.36"
83.99.151.65 - - [12/Nov/2024:07:44:28 -0500] "GET /programs/computerized-accounting-and-payroll-diploma/ HTTP/1.1" 200 18954 "-" "Mozilla/5.0 AppleWebKit/537.36 (KHTML, like Gecko; compatible; GeedoProductSearch; +http://www.geedo.com/product-search.html) Chrome/79.0.3945.88 Safari/537.36"
83.99.151.67 - - [12/Nov/2024:07:43:36 -0500] "GET /programs/hospitality-management-diploma-program/ HTTP/1.1" 200 19505 "-" "Mozilla/5.0 AppleWebKit/537.36 (KHTML, like Gecko; compatible; GeedoProductSearch; +http://www.geedo.com/product-search.html) Chrome/79.0.3945.88 Safari/537.36"
83.99.151.65 - - [12/Nov/2024:07:44:30 -0500] "GET /author/infoglenbowcollege-ca/ HTTP/1.1" 200 16962 "-" "Mozilla/5.0 AppleWebKit/537.36 (KHTML, like Gecko; compatible; GeedoProductSearch; +http://www.geedo.com/product-search.html) Chrome/79.0.3945.88 Safari/537.36"
145.239.10.137 - - [12/Nov/2024:07:55:20 -0500] "GET /menu.php HTTP/1.1" 404 16559 "https://glenbowcollege.ca/menu.php" "Mozilla/5.0 (iPhone; CPU iPhone OS 17_5_1 like Mac OS X) AppleWebKit/605.1.15 (KHTML, like Gecko) Version/17.5 Mobile/15E148 Safari/604.1"
145.239.10.137 - - [12/Nov/2024:07:55:20 -0500] "GET /content.php HTTP/1.1" 404 16570 "https://glenbowcollege.ca/content.php" "Mozilla/5.0 (iPhone; CPU iPhone OS 17_5_1 like Mac OS X) AppleWebKit/605.1.15 (KHTML, like Gecko) Version/17.5 Mobile/15E148 Safari/604.1"
68.65.122.142 - - [12/Nov/2024:07:57:01 -0500] "POST /?wordfence_syncAttackData=1731416221.8528 HTTP/1.1" 200 0 "-" "WordPress/6.2.1; https://glenbowcollege.ca"
68.65.122.142 - - [12/Nov/2024:07:57:02 -0500] "POST /wp-cron.php?doing_wp_cron=1731416222.9498438835144042968750 HTTP/1.1" 403 1242 "-" "WordPress/6.2.1; https://glenbowcollege.ca"
52.167.144.190 - - [12/Nov/2024:07:57:01 -0500] "GET /declinometerjsq.xml HTTP/1.1" 404 14961 "-" "Mozilla/5.0 AppleWebKit/537.36 (KHTML, like Gecko; compatible; bingbot/2.0; +http://www.bing.com/bingbot.htm) Chrome/116.0.1938.76 Safari/537.36"
68.65.122.142 - - [12/Nov/2024:07:58:32 -0500] "POST /wp-cron.php?doing_wp_cron=1731416312.1147899627685546875000 HTTP/1.1" 403 1242 "-" "WordPress/6.2.1; https://glenbowcollege.ca"
66.249.68.32 - - [12/Nov/2024:07:58:31 -0500] "GET /checkout/ HTTP/1.1" 302 0 "-" "Mozilla/5.0 (Linux; Android 6.0.1; Nexus 5X Build/MMB29P) AppleWebKit/537.36 (KHTML, like Gecko) Chrome/130.0.6723.116 Mobile Safari/537.36 (compatible; Googlebot/2.1; +http://www.google.com/bot.html)"
66.249.68.38 - - [12/Nov/2024:07:58:41 -0500] "GET /cart/ HTTP/1.1" 302 0 "-" "Mozilla/5.0 (Linux; Android 6.0.1; Nexus 5X Build/MMB29P) AppleWebKit/537.36 (KHTML, like Gecko) Chrome/130.0.6723.116 Mobile Safari/537.36 (compatible; Googlebot/2.1; +http://www.google.com/bot.html)"
83.99.151.71 - - [12/Nov/2024:07:44:36 -0500] "GET /certifications/payment-page/ HTTP/1.1" 404 14970 "-" "Mozilla/5.0 AppleWebKit/537.36 (KHTML, like Gecko; compatible; GeedoProductSearch; +http://www.geedo.com/product-search.html) Chrome/79.0.3945.88 Safari/537.36"
68.65.122.142 - - [12/Nov/2024:07:44:42 -0500] "POST /wp-cron.php?doing_wp_cron=1731415482.4802269935607910156250 HTTP/1.1" 403 1242 "-" "WordPress/6.2.1; https://glenbowcollege.ca"
83.99.151.71 - - [12/Nov/2024:07:44:41 -0500] "GET /2020/02/22/potluck/ HTTP/1.1" 200 17178 "-" "Mozilla/5.0 AppleWebKit/537.36 (KHTML, like Gecko; compatible; GeedoProductSearch; +http://www.geedo.com/product-search.html) Chrome/79.0.3945.88 Safari/537.36"
83.99.151.71 - - [12/Nov/2024:07:44:47 -0500] "GET /author/infoglenbowcollege-ca/page/2/ HTTP/1.1" 200 16671 "-" "Mozilla/5.0 AppleWebKit/537.36 (KHTML, like Gecko; compatible; GeedoProductSearch; +http://www.geedo.com/product-search.html) Chrome/79.0.3945.88 Safari/537.36"
145.239.10.137 - - [12/Nov/2024:07:55:20 -0500] "GET /js.php HTTP/1.1" 404 16571 "https://glenbowcollege.ca/js.php" "Mozilla/5.0 (iPhone; CPU iPhone OS 17_5_1 like Mac OS X) AppleWebKit/605.1.15 (KHTML, like Gecko) Version/17.5 Mobile/15E148 Safari/604.1"
66.249.68.32 - - [12/Nov/2024:07:56:12 -0500] "GET / HTTP/1.1" 200 20461 "-" "Mozilla/5.0 (compatible; Googlebot/2.1; +http://www.google.com/bot.html)"
66.249.68.39 - - [12/Nov/2024:07:59:01 -0500] "GET /wp-includes/css/dist/block-library/style.min.css?ver=6.2.1 HTTP/1.1" 200 11775 "https://glenbowcollege.ca/make-payment/" "Mozilla/5.0 (Linux; Android 6.0.1; Nexus 5X Build/MMB29P) AppleWebKit/537.36 (KHTML, like Gecko) Chrome/130.0.6723.69 Mobile Safari/537.36 (compatible; Googlebot/2.1; +http://www.google.com/bot.html)"
66.249.68.38 - - [12/Nov/2024:07:59:01 -0500] "GET /wp-includes/css/dist/components/style.min.css?ver=6.2.1 HTTP/1.1" 200 11247 "https://glenbowcollege.ca/make-payment/" "Mozilla/5.0 (Linux; Android 6.0.1; Nexus 5X Build/MMB29P) AppleWebKit/537.36 (KHTML, like Gecko) Chrome/130.0.6723.69 Mobile Safari/537.36 (compatible; Googlebot/2.1; +http://www.google.com/bot.html)"
66.249.68.38 - - [12/Nov/2024:07:59:02 -0500] "GET /wp-content/plugins/if-menu/assets/if-menu-site.css?ver=6.2.1 HTTP/1.1" 200 426 "https://glenbowcollege.ca/make-payment/" "Mozilla/5.0 (Linux; Android 6.0.1; Nexus 5X Build/MMB29P) AppleWebKit/537.36 (KHTML, like Gecko) Chrome/130.0.6723.69 Mobile Safari/537.36 (compatible; Googlebot/2.1; +http://www.google.com/bot.html)"
66.249.68.32 - - [12/Nov/2024:07:59:02 -0500] "GET /wp-includes/js/dist/vendor/wp-polyfill.min.js?ver=3.15.0 HTTP/1.1" 200 7980 "https://glenbowcollege.ca/make-payment/" "Mozilla/5.0 (Linux; Android 6.0.1; Nexus 5X Build/MMB29P) AppleWebKit/537.36 (KHTML, like Gecko) Chrome/130.0.6723.69 Mobile Safari/537.36 (compatible; Googlebot/2.1; +http://www.google.com/bot.html)"
66.249.68.38 - - [12/Nov/2024:07:59:03 -0500] "GET /wp-content/plugins/coblocks/dist/js/coblocks-animation.js?ver=3.1.5 HTTP/1.1" 200 1805 "https://glenbowcollege.ca/make-payment/" "Mozilla/5.0 (Linux; Android 6.0.1; Nexus 5X Build/MMB29P) AppleWebKit/537.36 (KHTML, like Gecko) Chrome/130.0.6723.69 Mobile Safari/537.36 (compatible; Googlebot/2.1; +http://www.google.com/bot.html)"
66.249.68.32 - - [12/Nov/2024:07:59:03 -0500] "GET /wp-content/plugins/woocommerce/assets/js/jquery-blockui/jquery.blockUI.min.js?ver=2.7.0-wc.7.8.0 HTTP/1.1" 200 4871 "https://glenbowcollege.ca/make-payment/" "Mozilla/5.0 (Linux; Android 6.0.1; Nexus 5X Build/MMB29P) AppleWebKit/537.36 (KHTML, like Gecko) Chrome/130.0.6723.69 Mobile Safari/537.36 (compatible; Googlebot/2.1; +http://www.google.com/bot.html)"
66.249.68.38 - - [12/Nov/2024:07:58:52 -0500] "GET /make-payment/ HTTP/1.1" 200 19528 "-" "Mozilla/5.0 (Linux; Android 6.0.1; Nexus 5X Build/MMB29P) AppleWebKit/537.36 (KHTML, like Gecko) Chrome/130.0.6723.116 Mobile Safari/537.36 (compatible; Googlebot/2.1; +http://www.google.com/bot.html)"
68.65.122.142 - - [12/Nov/2024:07:59:37 -0500] "POST /wp-cron.php?doing_wp_cron=1731416377.6526699066162109375000 HTTP/1.1" 403 1242 "-" "WordPress/6.2.1; https://glenbowcollege.ca"
45.55.82.208 - - [12/Nov/2024:07:59:36 -0500] "GET /special-request/ HTTP/1.1" 200 20332 "-" "Mozilla/5.0 (Macintosh; Intel Mac OS X 10_15_7) AppleWebKit/537.36 (KHTML, like Gecko) Chrome/124.0.0.0 Safari/537.36"
68.65.122.142 - - [12/Nov/2024:08:14:49 -0500] "POST /wp-cron.php?doing_wp_cron=1731417289.8148729801177978515625 HTTP/1.1" 403 1242 "-" "WordPress/6.2.1; https://glenbowcollege.ca"
40.77.167.144 - - [12/Nov/2024:08:14:48 -0500] "GET /fondeavtctxtd561997.html HTTP/1.1" 404 14977 "-" "Mozilla/5.0 AppleWebKit/537.36 (KHTML, like Gecko; compatible; bingbot/2.0; +http://www.bing.com/bingbot.htm) Chrome/116.0.1938.76 Safari/537.36"
51.222.253.19 - - [12/Nov/2024:08:16:58 -0500] "GET /international/international-programs/education-assistant-diploma-program/ HTTP/1.1" 200 17604 "-" "Mozilla/5.0 (compatible; AhrefsBot/7.0; +http://ahrefs.com/robot/)"
45.132.194.17 - - [12/Nov/2024:08:17:17 -0500] "POST /about/contact-us/ HTTP/1.0" 200 73765 "https://glenbowcollege.ca/about/contact-us/" "Mozilla/5.0 (Windows NT 15.0.0; Win64; x64; ) AppleWebKit/537.36 (KHTML, like Gecko) Chrome/124.0.6367.60 Chrome/124.0.6367.60 Not-A.Brand/99 Safari/537.36"
68.65.122.142 - - [12/Nov/2024:08:19:46 -0500] "POST /wp-cron.php?doing_wp_cron=1731417586.5185229778289794921875 HTTP/1.1" 403 1242 "-" "WordPress/6.2.1; https://glenbowcollege.ca"
66.249.68.38 - - [12/Nov/2024:08:19:45 -0500] "GET /feed/ HTTP/1.1" 304 0 "-" "Mozilla/5.0 (compatible; Googlebot/2.1; +http://www.google.com/bot.html)"
68.65.122.142 - - [12/Nov/2024:08:28:20 -0500] "POST /wp-cron.php?doing_wp_cron=1731418100.9614648818969726562500 HTTP/1.1" 403 1242 "-" "WordPress/6.2.1; https://glenbowcollege.ca"
40.77.167.51 - - [12/Nov/2024:08:28:19 -0500] "GET /likinckn.xml HTTP/1.1" 404 14983 "-" "Mozilla/5.0 AppleWebKit/537.36 (KHTML, like Gecko; compatible; bingbot/2.0; +http://www.bing.com/bingbot.htm) Chrome/116.0.1938.76 Safari/537.36"
68.65.122.142 - - [12/Nov/2024:08:16:59 -0500] "POST /wp-cron.php?doing_wp_cron=1731417419.1232750415802001953125 HTTP/1.1" 403 1242 "-" "WordPress/6.2.1; https://glenbowcollege.ca"
45.132.194.17 - - [12/Nov/2024:08:17:15 -0500] "GET /about/contact-us/ HTTP/1.0" 200 76005 "https://glenbowcollege.ca/about/contact-us/" "Mozilla/5.0 (Windows NT 15.0.0; Win64; x64; ) AppleWebKit/537.36 (KHTML, like Gecko) Chrome/124.0.6367.60 Chrome/124.0.6367.60 Not-A.Brand/99 Safari/537.36"
68.65.122.142 - - [12/Nov/2024:08:22:39 -0500] "POST /wp-cron.php?doing_wp_cron=1731417759.8707079887390136718750 HTTP/1.1" 403 1242 "-" "WordPress/6.2.1; https://glenbowcollege.ca"
52.167.144.189 - - [12/Nov/2024:08:22:38 -0500] "GET /suantnynzkqa78171.html HTTP/1.1" 404 14984 "-" "Mozilla/5.0 AppleWebKit/537.36 (KHTML, like Gecko; compatible; bingbot/2.0; +http://www.bing.com/bingbot.htm) Chrome/116.0.1938.76 Safari/537.36"
40.77.167.78 - - [12/Nov/2024:08:29:14 -0500] "GET /lccba/ HTTP/1.1" 301 0 "-" "Mozilla/5.0 AppleWebKit/537.36 (KHTML, like Gecko; compatible; bingbot/2.0; +http://www.bing.com/bingbot.htm) Chrome/116.0.1938.76 Safari/537.36"
68.183.107.157 - - [12/Nov/2024:08:44:35 -0500] "POST /wp-load.php?e18307=39648 HTTP/1.1" 403 1242 "-" "Mozilla/5.0 (Windows NT 10.0; Win64; x64) AppleWebKit/537.36 (KHTML, like Gecko) Chrome/104.0.5112.97 Safari/537.36"
40.77.167.1 - - [12/Nov/2024:08:56:38 -0500] "GET /likinckn.xml HTTP/1.1" 404 15003 "-" "Mozilla/5.0 AppleWebKit/537.36 (KHTML, like Gecko; compatible; bingbot/2.0; +http://www.bing.com/bingbot.htm) Chrome/116.0.1938.76 Safari/537.36"
68.65.122.142 - - [12/Nov/2024:08:59:37 -0500] "POST /wp-cron.php?doing_wp_cron=1731419977.2258610725402832031250 HTTP/1.1" 403 1242 "-" "WordPress/6.2.1; https://glenbowcollege.ca"
77.75.79.36 - - [12/Nov/2024:09:00:27 -0500] "GET /robots.txt HTTP/1.1" 200 242 "-" "Mozilla/5.0 (compatible; SeznamBot/4.0; +http://napoveda.seznam.cz/seznambot-intro/)"
212.118.53.218 - - [12/Nov/2024:09:05:37 -0500] "GET /about/contact-us/ HTTP/1.1" 200 20294 "-" "Mozilla/5.0 (Windows NT 10.0; Win64; x64) AppleWebKit/537.36 (KHTML, like Gecko) Chrome/120.0.0.0 Safari/537.36"
212.118.53.218 - - [12/Nov/2024:09:05:46 -0500] "GET /international/international-about/apply/ HTTP/1.1" 200 20413 "-" "Mozilla/5.0 (Windows NT 10.0; Win64; x64) AppleWebKit/537.36 (KHTML, like Gecko) Chrome/120.0.0.0 Safari/537.36"
103.181.145.218 - - [12/Nov/2024:09:05:57 -0500] "POST /international/international-about/apply/ HTTP/1.1" 200 18329 "-" "Mozilla/5.0 (Windows NT 10.0; Win64; x64) AppleWebKit/537.36 (KHTML, like Gecko) Chrome/120.0.0.0 Safari/537.36"
212.118.53.218 - - [12/Nov/2024:09:05:59 -0500] "GET /special-request/ HTTP/1.1" 200 20334 "-" "Mozilla/5.0 (Windows NT 10.0; Win64; x64) AppleWebKit/537.36 (KHTML, like Gecko) Chrome/120.0.0.0 Safari/537.36"
103.181.145.218 - - [12/Nov/2024:09:06:01 -0500] "POST /special-request/ HTTP/1.1" 200 18328 "-" "Mozilla/5.0 (Windows NT 10.0; Win64; x64) AppleWebKit/537.36 (KHTML, like Gecko) Chrome/120.0.0.0 Safari/537.36"
212.118.53.218 - - [12/Nov/2024:09:06:14 -0500] "GET /programs/computerized-accounting-and-payroll-diploma/ HTTP/1.1" 200 21539 "-" "Mozilla/5.0 (Windows NT 10.0; Win64; x64) AppleWebKit/537.36 (KHTML, like Gecko) Chrome/120.0.0.0 Safari/537.36"
212.118.53.218 - - [12/Nov/2024:09:06:24 -0500] "GET /international/international-prospective-students/how-to-apply/ HTTP/1.1" 301 0 "-" "Mozilla/5.0 (Windows NT 10.0; Win64; x64) AppleWebKit/537.36 (KHTML, like Gecko) Chrome/120.0.0.0 Safari/537.36"
212.118.53.218 - - [12/Nov/2024:09:06:26 -0500] "GET /international/prospective-international-students/how-to-apply/ HTTP/1.1" 200 20742 "https://glenbowcollege.ca/international/international-prospective-students/how-to-apply/#1" "Mozilla/5.0 (Windows NT 10.0; Win64; x64) AppleWebKit/537.36 (KHTML, like Gecko) Chrome/120.0.0.0 Safari/537.36"
212.118.53.218 - - [12/Nov/2024:09:06:27 -0500] "GET /2020/02/23/blog/ HTTP/1.1" 200 21985 "-" "Mozilla/5.0 (Windows NT 10.0; Win64; x64) AppleWebKit/537.36 (KHTML, like Gecko) Chrome/120.0.0.0 Safari/537.36"
103.181.145.218 - - [12/Nov/2024:09:06:34 -0500] "POST / HTTP/1.1" 200 20793 "-" "Mozilla/5.0 (Windows NT 10.0; Win64; x64) AppleWebKit/537.36 (KHTML, like Gecko) Chrome/120.0.0.0 Safari/537.36"
68.65.122.142 - - [12/Nov/2024:08:56:39 -0500] "POST /wp-cron.php?doing_wp_cron=1731419799.2615969181060791015625 HTTP/1.1" 403 1242 "-" "WordPress/6.2.1; https://glenbowcollege.ca"
40.77.167.23 - - [12/Nov/2024:08:59:36 -0500] "GET /isolated03/ HTTP/1.1" 404 14968 "-" "Mozilla/5.0 AppleWebKit/537.36 (KHTML, like Gecko; compatible; bingbot/2.0; +http://www.bing.com/bingbot.htm) Chrome/116.0.1938.76 Safari/537.36"
77.75.79.36 - - [12/Nov/2024:09:00:27 -0500] "GET /category/events/ HTTP/1.1" 200 19247 "-" "Mozilla/5.0 (compatible; SeznamBot/4.0; +http://napoveda.seznam.cz/seznambot-intro/)"
172.203.190.131 - - [12/Nov/2024:09:00:58 -0500] "GET /robots.txt HTTP/1.1" 304 0 "-" "Mozilla/5.0 AppleWebKit/537.36 (KHTML, like Gecko); compatible; OAI-SearchBot/1.0; +https://openai.com/searchbot"
68.65.122.142 - - [12/Nov/2024:09:05:36 -0500] "POST /wp-cron.php?doing_wp_cron=1731420336.7415010929107666015625 HTTP/1.1" 403 1242 "-" "WordPress/6.2.1; https://glenbowcollege.ca"
