104.205.178.130 - - [12/Nov/2024:13:15:15 -0500] "GET /wp-content/plugins/strong-testimonials/public/css/rating-display.css?ver=3.1.7 HTTP/1.1" 200 910 "https://glenbowcollege.ca/" "Mozilla/5.0 (iPhone; CPU iPhone OS 18_1 like Mac OS X) AppleWebKit/605.1.15 (KHTML, like Gecko) CriOS/130.0.6723.90 Mobile/15E148 Safari/604.1"
104.205.178.130 - - [12/Nov/2024:13:15:15 -0500] "GET /wp-content/themes/education-hub-pro/js/navigation.min.js?ver=20160421 HTTP/1.1" 200 2592 "https://glenbowcollege.ca/" "Mozilla/5.0 (iPhone; CPU iPhone OS 18_1 like Mac OS X) AppleWebKit/605.1.15 (KHTML, like Gecko) CriOS/130.0.6723.90 Mobile/15E148 Safari/604.1"
104.205.178.130 - - [12/Nov/2024:13:15:15 -0500] "GET /wp-content/plugins/coblocks/dist/js/vendors/tiny-swiper.js?ver=3.1.5 HTTP/1.1" 200 5731 "https://glenbowcollege.ca/" "Mozilla/5.0 (iPhone; CPU iPhone OS 18_1 like Mac OS X) AppleWebKit/605.1.15 (KHTML, like Gecko) CriOS/130.0.6723.90 Mobile/15E148 Safari/604.1"
104.205.178.130 - - [12/Nov/2024:13:15:15 -0500] "GET /wp-content/plugins/coblocks/dist/js/coblocks-animation.js?ver=3.1.5 HTTP/1.1" 200 1805 "https://glenbowcollege.ca/" "Mozilla/5.0 (iPhone; CPU iPhone OS 18_1 like Mac OS X) AppleWebKit/605.1.15 (KHTML, like Gecko) CriOS/130.0.6723.90 Mobile/15E148 Safari/604.1"
104.205.178.130 - - [12/Nov/2024:13:15:15 -0500] "GET /wp-content/plugins/strong-testimonials/public/js/lib/strongslider/jquery-strongslider.min.js?ver=3.1.7 HTTP/1.1" 200 7840 "https://glenbowcollege.ca/" "Mozilla/5.0 (iPhone; CPU iPhone OS 18_1 like Mac OS X) AppleWebKit/605.1.15 (KHTML, like Gecko) CriOS/130.0.6723.90 Mobile/15E148 Safari/604.1"
104.205.178.130 - - [12/Nov/2024:13:15:16 -0500] "GET /wp-content/themes/education-hub-pro/third-party/font-awesome/fonts/fontawesome-webfont.woff2?v=4.7.0 HTTP/1.1" 200 77160 "https://glenbowcollege.ca/" "Mozilla/5.0 (iPhone; CPU iPhone OS 18_1 like Mac OS X) AppleWebKit/605.1.15 (KHTML, like Gecko) CriOS/130.0.6723.90 Mobile/15E148 Safari/604.1"
104.205.178.130 - - [12/Nov/2024:13:15:17 -0500] "GET /wp-content/uploads/2020/04/slider-education.jpg HTTP/1.1" 200 399060 "https://glenbowcollege.ca/" "Mozilla/5.0 (iPhone; CPU iPhone OS 18_1 like Mac OS X) AppleWebKit/605.1.15 (KHTML, like Gecko) CriOS/130.0.6723.90 Mobile/15E148 Safari/604.1"
104.205.178.130 - - [12/Nov/2024:13:15:15 -0500] "GET /wp-content/plugins/strong-testimonials/public/js/lib/verge/verge.min.js?ver=1.10.2 HTTP/1.1" 200 2151 "https://glenbowcollege.ca/" "Mozilla/5.0 (iPhone; CPU iPhone OS 18_1 like Mac OS X) AppleWebKit/605.1.15 (KHTML, like Gecko) CriOS/130.0.6723.90 Mobile/15E148 Safari/604.1"
104.205.178.130 - - [12/Nov/2024:13:15:15 -0500] "GET /wp-content/plugins/strong-testimonials/public/js/lib/actual/jquery-actual.min.js?ver=1.0.16 HTTP/1.1" 200 2191 "https://glenbowcollege.ca/" "Mozilla/5.0 (iPhone; CPU iPhone OS 18_1 like Mac OS X) AppleWebKit/605.1.15 (KHTML, like Gecko) CriOS/130.0.6723.90 Mobile/15E148 Safari/604.1"
104.205.178.130 - - [12/Nov/2024:13:15:16 -0500] "GET /wp-content/plugins/advanced-nocaptcha-recaptcha/admin/templates/templates.css?id=zcxq7nvun79s1ft4pu12v HTTP/1.1" 200 120 "https://glenbowcollege.ca/" "Mozilla/5.0 (iPhone; CPU iPhone OS 18_1 like Mac OS X) AppleWebKit/605.1.15 (KHTML, like Gecko) CriOS/130.0.6723.90 Mobile/15E148 Safari/604.1"
104.205.178.130 - - [12/Nov/2024:13:15:17 -0500] "GET /wp-content/uploads/2020/02/cropped-logo6.png HTTP/1.1" 200 11781 "https://glenbowcollege.ca/" "Mozilla/5.0 (iPhone; CPU iPhone OS 18_1 like Mac OS X) AppleWebKit/605.1.15 (KHTML, like Gecko) CriOS/130.0.6723.90 Mobile/15E148 Safari/604.1"
104.205.178.130 - - [12/Nov/2024:13:15:17 -0500] "GET /wp-content/uploads/2020/02/student_register_1-360x156.jpg HTTP/1.1" 200 13009 "https://glenbowcollege.ca/" "Mozilla/5.0 (iPhone; CPU iPhone OS 18_1 like Mac OS X) AppleWebKit/605.1.15 (KHTML, like Gecko) CriOS/130.0.6723.90 Mobile/15E148 Safari/604.1"
104.205.178.130 - - [12/Nov/2024:13:15:17 -0500] "GET /wp-content/uploads/2020/02/cropped-logo11-192x192.png HTTP/1.1" 200 11934 "-" "Mozilla/5.0 (iPhone; CPU iPhone OS 18_1 like Mac OS X) AppleWebKit/605.1.15 (KHTML, like Gecko) CriOS/130.0.6723.90 Mobile/15E148 Safari/604.1"
104.205.178.130 - - [12/Nov/2024:13:15:17 -0500] "GET /wp-content/plugins/strong-testimonials/templates/default/img/quotes.png HTTP/1.1" 200 335 "https://glenbowcollege.ca/" "Mozilla/5.0 (iPhone; CPU iPhone OS 18_1 like Mac OS X) AppleWebKit/605.1.15 (KHTML, like Gecko) CriOS/130.0.6723.90 Mobile/15E148 Safari/604.1"
104.205.178.130 - - [12/Nov/2024:13:15:17 -0500] "GET /wp-content/uploads/2023/05/Daskalos.png HTTP/1.1" 200 8710 "https://glenbowcollege.ca/" "Mozilla/5.0 (iPhone; CPU iPhone OS 18_1 like Mac OS X) AppleWebKit/605.1.15 (KHTML, like Gecko) CriOS/130.0.6723.90 Mobile/15E148 Safari/604.1"
104.205.178.130 - - [12/Nov/2024:13:15:17 -0500] "GET /wp-content/uploads/2020/03/apple-education-slider.jpg HTTP/1.1" 200 584207 "https://glenbowcollege.ca/" "Mozilla/5.0 (iPhone; CPU iPhone OS 18_1 like Mac OS X) AppleWebKit/605.1.15 (KHTML, like Gecko) CriOS/130.0.6723.90 Mobile/15E148 Safari/604.1"
104.205.178.130 - - [12/Nov/2024:13:15:17 -0500] "GET /wp-content/uploads/2020/02/students1_1-360x158.jpg HTTP/1.1" 200 13848 "https://glenbowcollege.ca/" "Mozilla/5.0 (iPhone; CPU iPhone OS 18_1 like Mac OS X) AppleWebKit/605.1.15 (KHTML, like Gecko) CriOS/130.0.6723.90 Mobile/15E148 Safari/604.1"
104.205.178.130 - - [12/Nov/2024:13:15:17 -0500] "GET /wp-content/uploads/2020/03/slider-2.jpg HTTP/1.1" 200 544765 "https://glenbowcollege.ca/" "Mozilla/5.0 (iPhone; CPU iPhone OS 18_1 like Mac OS X) AppleWebKit/605.1.15 (KHTML, like Gecko) CriOS/130.0.6723.90 Mobile/15E148 Safari/604.1"
104.205.178.130 - - [12/Nov/2024:13:15:18 -0500] "GET /wp-content/plugins/strong-testimonials/public/svg/chevron-left-solid.svg HTTP/1.1" 200 267 "https://glenbowcollege.ca/" "Mozilla/5.0 (iPhone; CPU iPhone OS 18_1 like Mac OS X) AppleWebKit/605.1.15 (KHTML, like Gecko) CriOS/130.0.6723.90 Mobile/15E148 Safari/604.1"
104.205.178.130 - - [12/Nov/2024:13:15:18 -0500] "GET /wp-content/plugins/strong-testimonials/public/svg/chevron-right-solid.svg HTTP/1.1" 200 285 "https://glenbowcollege.ca/" "Mozilla/5.0 (iPhone; CPU iPhone OS 18_1 like Mac OS X) AppleWebKit/605.1.15 (KHTML, like Gecko) CriOS/130.0.6723.90 Mobile/15E148 Safari/604.1"
104.205.178.130 - - [12/Nov/2024:13:15:31 -0500] "GET /wp-content/uploads/2020/02/administrative_assistant.jpg HTTP/1.1" 200 53359 "https://glenbowcollege.ca/programs/administrative-assistant-diploma/" "Mozilla/5.0 (iPhone; CPU iPhone OS 18_1 like Mac OS X) AppleWebKit/605.1.15 (KHTML, like Gecko) CriOS/130.0.6723.90 Mobile/15E148 Safari/604.1"
193.186.4.244 - - [12/Nov/2024:13:15:40 -0500] "GET / HTTP/1.1" 200 20467 "https://www.google.com/" "Mozilla/5.0 (Linux; Android 10; K) AppleWebKit/537.36 (KHTML, like Gecko) Chrome/130.0.0.0 Mobile Safari/537.36"
104.205.178.130 - - [12/Nov/2024:13:16:00 -0500] "GET /certifications-esl/ HTTP/1.1" 200 20597 "https://glenbowcollege.ca/" "Mozilla/5.0 (iPhone; CPU iPhone OS 18_1 like Mac OS X) AppleWebKit/605.1.15 (KHTML, like Gecko) CriOS/130.0.6723.90 Mobile/15E148 Safari/604.1"
104.205.178.130 - - [12/Nov/2024:13:16:02 -0500] "GET /certifications-esl/ HTTP/1.1" 200 20573 "https://glenbowcollege.ca/" "Mozilla/5.0 (iPhone; CPU iPhone OS 18_1 like Mac OS X) AppleWebKit/605.1.15 (KHTML, like Gecko) CriOS/130.0.6723.90 Mobile/15E148 Safari/604.1"
104.205.178.130 - - [12/Nov/2024:13:16:04 -0500] "GET /wp-content/uploads/2020/04/english_as_a_second_language.jpg HTTP/1.1" 200 36750 "https://glenbowcollege.ca/certifications-esl/" "Mozilla/5.0 (iPhone; CPU iPhone OS 18_1 like Mac OS X) AppleWebKit/605.1.15 (KHTML, like Gecko) CriOS/130.0.6723.90 Mobile/15E148 Safari/604.1"
104.205.178.130 - - [12/Nov/2024:13:16:04 -0500] "GET /wp-content/plugins/pdf-embedder/assets/css/pdfemb-embed-pdf.css?ver=4.6.4 HTTP/1.1" 200 1770 "https://glenbowcollege.ca/certifications-esl/" "Mozilla/5.0 (iPhone; CPU iPhone OS 18_1 like Mac OS X) AppleWebKit/605.1.15 (KHTML, like Gecko) CriOS/130.0.6723.90 Mobile/15E148 Safari/604.1"
104.205.178.130 - - [12/Nov/2024:13:16:04 -0500] "GET /wp-content/plugins/pdf-embedder/assets/js/min/all-pdfemb-min.js?ver=6.2.1 HTTP/1.1" 200 7596 "https://glenbowcollege.ca/certifications-esl/" "Mozilla/5.0 (iPhone; CPU iPhone OS 18_1 like Mac OS X) AppleWebKit/605.1.15 (KHTML, like Gecko) CriOS/130.0.6723.90 Mobile/15E148 Safari/604.1"
104.205.178.130 - - [12/Nov/2024:13:16:04 -0500] "GET /wp-content/plugins/pdf-embedder/assets/js/pdfjs/pdf.min.js?ver=4.6.4 HTTP/1.1" 200 85478 "https://glenbowcollege.ca/certifications-esl/" "Mozilla/5.0 (iPhone; CPU iPhone OS 18_1 like Mac OS X) AppleWebKit/605.1.15 (KHTML, like Gecko) CriOS/130.0.6723.90 Mobile/15E148 Safari/604.1"
104.205.178.130 - - [12/Nov/2024:13:16:04 -0500] "GET /wp-content/uploads/2024/03/PROBLEM-RESOLUTION-POLICY-PROCEDURE-FOR-COMPLAINTS.pdf HTTP/1.1" 200 656890 "https://glenbowcollege.ca/certifications-esl/" "Mozilla/5.0 (iPhone; CPU iPhone OS 18_1 like Mac OS X) AppleWebKit/605.1.15 (KHTML, like Gecko) CriOS/130.0.6723.90 Mobile/15E148 Safari/604.1"
104.205.178.130 - - [12/Nov/2024:13:16:04 -0500] "GET /wp-content/uploads/2024/03/PROBLEM-RESOLUTION-POLICY-PROCEDURE-FOR-COMPLAINTS.pdf HTTP/1.1" 206 65536 "https://glenbowcollege.ca/certifications-esl/" "Mozilla/5.0 (iPhone; CPU iPhone OS 18_1 like Mac OS X) AppleWebKit/605.1.15 (KHTML, like Gecko) CriOS/130.0.6723.90 Mobile/15E148 Safari/604.1"
104.205.178.130 - - [12/Nov/2024:13:16:04 -0500] "GET /wp-content/uploads/2024/03/FEES-AND-REFUND-POLICY.pdf HTTP/1.1" 206 42071 "https://glenbowcollege.ca/certifications-esl/" "Mozilla/5.0 (iPhone; CPU iPhone OS 18_1 like Mac OS X) AppleWebKit/605.1.15 (KHTML, like Gecko) CriOS/130.0.6723.90 Mobile/15E148 Safari/604.1"
104.205.178.130 - - [12/Nov/2024:13:16:04 -0500] "GET /wp-content/uploads/2024/03/FEES-AND-REFUND-POLICY.pdf HTTP/1.1" 206 65536 "https://glenbowcollege.ca/certifications-esl/" "Mozilla/5.0 (iPhone; CPU iPhone OS 18_1 like Mac OS X) AppleWebKit/605.1.15 (KHTML, like Gecko) CriOS/130.0.6723.90 Mobile/15E148 Safari/604.1"
104.205.178.130 - - [12/Nov/2024:13:15:17 -0500] "GET /wp-content/uploads/2020/03/slider-6.jpg HTTP/1.1" 200 578444 "https://glenbowcollege.ca/" "Mozilla/5.0 (iPhone; CPU iPhone OS 18_1 like Mac OS X) AppleWebKit/605.1.15 (KHTML, like Gecko) CriOS/130.0.6723.90 Mobile/15E148 Safari/604.1"
104.205.178.130 - - [12/Nov/2024:13:15:17 -0500] "GET /wp-content/uploads/2020/02/cropped-logo11-180x180.png HTTP/1.1" 200 14439 "-" "Mozilla/5.0 (iPhone; CPU iPhone OS 18_1 like Mac OS X) AppleWebKit/605.1.15 (KHTML, like Gecko) CriOS/130.0.6723.90 Mobile/15E148 Safari/604.1"
104.205.178.130 - - [12/Nov/2024:13:15:17 -0500] "GET /wp-content/uploads/2020/02/616x321-ziraat-fakultesi-ogrencisine-burs-1543613768524-2-360x162.jpeg HTTP/1.1" 200 15500 "https://glenbowcollege.ca/" "Mozilla/5.0 (iPhone; CPU iPhone OS 18_1 like Mac OS X) AppleWebKit/605.1.15 (KHTML, like Gecko) CriOS/130.0.6723.90 Mobile/15E148 Safari/604.1"
104.205.178.130 - - [12/Nov/2024:13:15:17 -0500] "GET /wp-content/uploads/2023/05/mirgul.png HTTP/1.1" 200 8740 "https://glenbowcollege.ca/" "Mozilla/5.0 (iPhone; CPU iPhone OS 18_1 like Mac OS X) AppleWebKit/605.1.15 (KHTML, like Gecko) CriOS/130.0.6723.90 Mobile/15E148 Safari/604.1"
104.205.178.130 - - [12/Nov/2024:13:15:19 -0500] "GET /wp-content/uploads/2020/04/ANA-SAYFA.png HTTP/1.1" 200 1322485 "https://glenbowcollege.ca/" "Mozilla/5.0 (iPhone; CPU iPhone OS 18_1 like Mac OS X) AppleWebKit/605.1.15 (KHTML, like Gecko) CriOS/130.0.6723.90 Mobile/15E148 Safari/604.1"
104.205.178.130 - - [12/Nov/2024:13:15:29 -0500] "GET /programs/administrative-assistant-diploma/ HTTP/1.1" 200 20419 "https://glenbowcollege.ca/" "Mozilla/5.0 (iPhone; CPU iPhone OS 18_1 like Mac OS X) AppleWebKit/605.1.15 (KHTML, like Gecko) CriOS/130.0.6723.90 Mobile/15E148 Safari/604.1"
104.205.178.130 - - [12/Nov/2024:13:16:04 -0500] "GET /wp-content/plugins/pdf-embedder/assets/js/pdfjs/pdf.worker.min.js?ver=4.6.4 HTTP/1.1" 200 211679 "https://glenbowcollege.ca/certifications-esl/" "Mozilla/5.0 (iPhone; CPU iPhone OS 18_1 like Mac OS X) AppleWebKit/605.1.15 (KHTML, like Gecko) CriOS/130.0.6723.90 Mobile/15E148 Safari/604.1"
104.205.178.130 - - [12/Nov/2024:13:16:04 -0500] "GET /wp-content/uploads/2024/03/FEES-AND-REFUND-POLICY.pdf HTTP/1.1" 200 631895 "https://glenbowcollege.ca/certifications-esl/" "Mozilla/5.0 (iPhone; CPU iPhone OS 18_1 like Mac OS X) AppleWebKit/605.1.15 (KHTML, like Gecko) CriOS/130.0.6723.90 Mobile/15E148 Safari/604.1"
104.205.178.130 - - [12/Nov/2024:13:16:04 -0500] "GET /wp-content/uploads/2024/03/HEALTH-INSURANCE-POLICY.pdf HTTP/1.1" 200 634966 "https://glenbowcollege.ca/certifications-esl/" "Mozilla/5.0 (iPhone; CPU iPhone OS 18_1 like Mac OS X) AppleWebKit/605.1.15 (KHTML, like Gecko) CriOS/130.0.6723.90 Mobile/15E148 Safari/604.1"
104.205.178.130 - - [12/Nov/2024:13:16:04 -0500] "GET /wp-content/uploads/2024/03/student_handbook.pdf HTTP/1.1" 200 1599211 "https://glenbowcollege.ca/certifications-esl/" "Mozilla/5.0 (iPhone; CPU iPhone OS 18_1 like Mac OS X) AppleWebKit/605.1.15 (KHTML, like Gecko) CriOS/130.0.6723.90 Mobile/15E148 Safari/604.1"
104.205.178.130 - - [12/Nov/2024:13:16:04 -0500] "GET /wp-content/uploads/2024/03/PROBLEM-RESOLUTION-POLICY-PROCEDURE-FOR-COMPLAINTS.pdf HTTP/1.1" 206 1530 "https://glenbowcollege.ca/certifications-esl/" "Mozilla/5.0 (iPhone; CPU iPhone OS 18_1 like Mac OS X) AppleWebKit/605.1.15 (KHTML, like Gecko) CriOS/130.0.6723.90 Mobile/15E148 Safari/604.1"
104.205.178.130 - - [12/Nov/2024:13:16:04 -0500] "GET /wp-content/uploads/2024/03/HEALTH-INSURANCE-POLICY.pdf HTTP/1.1" 206 65536 "https://glenbowcollege.ca/certifications-esl/" "Mozilla/5.0 (iPhone; CPU iPhone OS 18_1 like Mac OS X) AppleWebKit/605.1.15 (KHTML, like Gecko) CriOS/130.0.6723.90 Mobile/15E148 Safari/604.1"
104.205.178.130 - - [12/Nov/2024:13:16:04 -0500] "GET /wp-content/uploads/2024/03/student_handbook.pdf HTTP/1.1" 206 26347 "https://glenbowcollege.ca/certifications-esl/" "Mozilla/5.0 (iPhone; CPU iPhone OS 18_1 like Mac OS X) AppleWebKit/605.1.15 (KHTML, like Gecko) CriOS/130.0.6723.90 Mobile/15E148 Safari/604.1"
104.205.178.130 - - [12/Nov/2024:13:16:04 -0500] "GET /wp-content/uploads/2024/03/student_handbook.pdf HTTP/1.1" 206 65536 "https://glenbowcollege.ca/certifications-esl/" "Mozilla/5.0 (iPhone; CPU iPhone OS 18_1 like Mac OS X) AppleWebKit/605.1.15 (KHTML, like Gecko) CriOS/130.0.6723.90 Mobile/15E148 Safari/604.1"
104.205.178.130 - - [12/Nov/2024:13:16:04 -0500] "GET /wp-content/uploads/2024/03/HEALTH-INSURANCE-POLICY.pdf HTTP/1.1" 206 45142 "https://glenbowcollege.ca/certifications-esl/" "Mozilla/5.0 (iPhone; CPU iPhone OS 18_1 like Mac OS X) AppleWebKit/605.1.15 (KHTML, like Gecko) CriOS/130.0.6723.90 Mobile/15E148 Safari/604.1"
104.205.178.130 - - [12/Nov/2024:13:16:07 -0500] "GET /wp-content/uploads/2024/03/programs2.jpg HTTP/1.1" 200 75999 "https://glenbowcollege.ca/certifications-esl/" "Mozilla/5.0 (iPhone; CPU iPhone OS 18_1 like Mac OS X) AppleWebKit/605.1.15 (KHTML, like Gecko) CriOS/130.0.6723.90 Mobile/15E148 Safari/604.1"
104.205.178.130 - - [12/Nov/2024:13:16:27 -0500] "GET /wp-content/uploads/2024/05/LC-Logo_Colour-2.jpg HTTP/1.1" 200 164935 "https://glenbowcollege.ca/certifications-esl/" "Mozilla/5.0 (iPhone; CPU iPhone OS 18_1 like Mac OS X) AppleWebKit/605.1.15 (KHTML, like Gecko) CriOS/130.0.6723.90 Mobile/15E148 Safari/604.1"
35.231.193.205 - - [12/Nov/2024:13:19:39 -0500] "GET /robots.txt HTTP/1.0" 200 242 "-" "Mozilla/5.0/(X11; Linux x86_64) AppleWebKit/537.36 (KHTML, like Gecko) Chrome/125.0.0.0 Safari/537.36"
35.231.193.205 - - [12/Nov/2024:13:19:39 -0500] "GET /robots.txt HTTP/1.0" 200 242 "-" "Mozilla/5.0/(X11; Linux x86_64) AppleWebKit/537.36 (KHTML, like Gecko) Chrome/125.0.0.0 Safari/537.36"
35.231.193.205 - - [12/Nov/2024:13:19:39 -0500] "GET /xmlrpc.php?rsd HTTP/1.0" 403 1242 "-" "Mozilla/5.0/(X11; Linux x86_64) AppleWebKit/537.36 (KHTML, like Gecko) Chrome/125.0.0.0 Safari/537.36"
68.65.122.142 - - [12/Nov/2024:13:19:40 -0500] "POST /wp-cron.php?doing_wp_cron=1731435580.4116179943084716796875 HTTP/1.1" 403 1242 "-" "WordPress/6.2.1; https://glenbowcollege.ca"
35.231.193.205 - - [12/Nov/2024:13:19:39 -0500] "GET /about/why-us/ HTTP/1.0" 200 20863 "-" "Mozilla/5.0/(X11; Linux x86_64) AppleWebKit/537.36 (KHTML, like Gecko) Chrome/125.0.0.0 Safari/537.36"
68.65.122.142 - - [12/Nov/2024:13:19:41 -0500] "POST /wp-cron.php?doing_wp_cron=1731435581.2810308933258056640625 HTTP/1.1" 403 1242 "-" "WordPress/6.2.1; https://glenbowcollege.ca"
35.231.193.205 - - [12/Nov/2024:13:19:39 -0500] "GET /certifications-esl/ HTTP/1.0" 200 23361 "-" "Mozilla/5.0/(X11; Linux x86_64) AppleWebKit/537.36 (KHTML, like Gecko) Chrome/125.0.0.0 Safari/537.36"
35.231.193.205 - - [12/Nov/2024:13:19:42 -0500] "GET /page/2/ HTTP/1.0" 200 23164 "-" "Mozilla/5.0/(X11; Linux x86_64) AppleWebKit/537.36 (KHTML, like Gecko) Chrome/125.0.0.0 Safari/537.36"
35.231.193.205 - - [12/Nov/2024:13:19:46 -0500] "GET /testimonial/mirgul-shamshieva/ HTTP/1.0" 200 19401 "-" "Mozilla/5.0/(X11; Linux x86_64) AppleWebKit/537.36 (KHTML, like Gecko) Chrome/125.0.0.0 Safari/537.36"
35.231.193.205 - - [12/Nov/2024:13:19:50 -0500] "GET /international/international-about/world-class-education/ HTTP/1.0" 200 19688 "-" "Mozilla/5.0/(X11; Linux x86_64) AppleWebKit/537.36 (KHTML, like Gecko) Chrome/125.0.0.0 Safari/537.36"
35.231.193.205 - - [12/Nov/2024:13:19:50 -0500] "GET /international/current-international-students/ HTTP/1.0" 200 19416 "-" "Mozilla/5.0/(X11; Linux x86_64) AppleWebKit/537.36 (KHTML, like Gecko) Chrome/125.0.0.0 Safari/537.36"
35.231.193.205 - - [12/Nov/2024:13:19:52 -0500] "GET /international/international-programs/administrative-professional-diploma-program/ HTTP/1.0" 200 20638 "-" "Mozilla/5.0/(X11; Linux x86_64) AppleWebKit/537.36 (KHTML, like Gecko) Chrome/125.0.0.0 Safari/537.36"
68.65.122.142 - - [12/Nov/2024:13:20:43 -0500] "POST /wp-cron.php?doing_wp_cron=1731435643.4449470043182373046875 HTTP/1.1" 403 1242 "-" "WordPress/6.2.1; https://glenbowcollege.ca"
104.205.178.130 - - [12/Nov/2024:13:16:07 -0500] "GET /wp-content/uploads/2024/03/programs1.jpg HTTP/1.1" 200 94671 "https://glenbowcollege.ca/certifications-esl/" "Mozilla/5.0 (iPhone; CPU iPhone OS 18_1 like Mac OS X) AppleWebKit/605.1.15 (KHTML, like Gecko) CriOS/130.0.6723.90 Mobile/15E148 Safari/604.1"
104.205.178.130 - - [12/Nov/2024:13:16:09 -0500] "GET /wp-content/uploads/2024/03/general_english.jpg HTTP/1.1" 200 14600 "https://glenbowcollege.ca/certifications-esl/" "Mozilla/5.0 (iPhone; CPU iPhone OS 18_1 like Mac OS X) AppleWebKit/605.1.15 (KHTML, like Gecko) CriOS/130.0.6723.90 Mobile/15E148 Safari/604.1"
35.231.193.205 - - [12/Nov/2024:13:19:41 -0500] "GET /about/academic/ HTTP/1.0" 200 20270 "-" "Mozilla/5.0/(X11; Linux x86_64) AppleWebKit/537.36 (KHTML, like Gecko) Chrome/125.0.0.0 Safari/537.36"
35.231.193.205 - - [12/Nov/2024:13:19:41 -0500] "GET /programs/hospitality-management-diploma-program/ HTTP/1.0" 200 22095 "-" "Mozilla/5.0/(X11; Linux x86_64) AppleWebKit/537.36 (KHTML, like Gecko) Chrome/125.0.0.0 Safari/537.36"
35.231.193.205 - - [12/Nov/2024:13:19:44 -0500] "GET /testimonial/daskalos/ HTTP/1.0" 200 19446 "-" "Mozilla/5.0/(X11; Linux x86_64) AppleWebKit/537.36 (KHTML, like Gecko) Chrome/125.0.0.0 Safari/537.36"
35.231.193.205 - - [12/Nov/2024:13:19:44 -0500] "GET /programs/medical-office-administration-diploma/ HTTP/1.0" 200 23003 "-" "Mozilla/5.0/(X11; Linux x86_64) AppleWebKit/537.36 (KHTML, like Gecko) Chrome/125.0.0.0 Safari/537.36"
35.231.193.205 - - [12/Nov/2024:13:19:46 -0500] "GET /international/work-with-pipa/ HTTP/1.0" 200 23749 "-" "Mozilla/5.0/(X11; Linux x86_64) AppleWebKit/537.36 (KHTML, like Gecko) Chrome/125.0.0.0 Safari/537.36"
35.231.193.205 - - [12/Nov/2024:13:19:49 -0500] "GET /international/international-programs/computerized-accounting-payroll-diploma-program/ HTTP/1.0" 200 19976 "-" "Mozilla/5.0/(X11; Linux x86_64) AppleWebKit/537.36 (KHTML, like Gecko) Chrome/125.0.0.0 Safari/537.36"
35.231.193.205 - - [12/Nov/2024:13:19:54 -0500] "GET /international/current-international-students/academic-policies/ HTTP/1.0" 200 25165 "-" "Mozilla/5.0/(X11; Linux x86_64) AppleWebKit/537.36 (KHTML, like Gecko) Chrome/125.0.0.0 Safari/537.36"
62.60.155.25 - - [12/Nov/2024:13:20:51 -0500] "GET /?author=1 HTTP/1.1" 404 0 "https://www.google.com" "Mozilla/5.0 (X11; Linux x86_64) AppleWebKit/537.36 (KHTML, like Gecko) Chrome/119.0.0.0 Safari/537.36"
62.60.155.25 - - [12/Nov/2024:13:20:52 -0500] "POST /xmlrpc.php HTTP/1.1" 403 1242 "-" "Apache-HttpClient/4.5.13 (Java/11.0.25)"
35.231.193.205 - - [12/Nov/2024:13:20:52 -0500] "GET /international/international-about/ HTTP/1.0" 200 19897 "-" "Mozilla/5.0/(X11; Linux x86_64) AppleWebKit/537.36 (KHTML, like Gecko) Chrome/125.0.0.0 Safari/537.36"
62.60.155.25 - - [12/Nov/2024:13:20:53 -0500] "GET /wp-login.php HTTP/1.1" 404 41 "https://www.google.com" "Mozilla/5.0 (X11; Linux x86_64) AppleWebKit/537.36 (KHTML, like Gecko) Chrome/119.0.0.0 Safari/537.36"
35.231.193.205 - - [12/Nov/2024:13:20:53 -0500] "GET /about/ HTTP/1.0" 200 19868 "-" "Mozilla/5.0/(X11; Linux x86_64) AppleWebKit/537.36 (KHTML, like Gecko) Chrome/125.0.0.0 Safari/537.36"
62.60.155.25 - - [12/Nov/2024:13:20:55 -0500] "GET /wp-login.php HTTP/1.1" 404 41 "https://www.google.com" "Mozilla/5.0 (X11; Linux x86_64) AppleWebKit/537.36 (KHTML, like Gecko) Chrome/119.0.0.0 Safari/537.36"
35.231.193.205 - - [12/Nov/2024:13:20:42 -0500] "GET /international/international-programs/hospitality-management-diploma-program/ HTTP/1.0" 200 22134 "-" "Mozilla/5.0/(X11; Linux x86_64) AppleWebKit/537.36 (KHTML, like Gecko) Chrome/125.0.0.0 Safari/537.36"
62.60.155.25 - - [12/Nov/2024:13:20:48 -0500] "GET /wp-json/wp/v2/users HTTP/1.1" 401 108 "https://www.google.com" "Mozilla/5.0 (X11; Linux x86_64) AppleWebKit/537.36 (KHTML, like Gecko) Chrome/119.0.0.0 Safari/537.36"
35.231.193.205 - - [12/Nov/2024:13:21:13 -0500] "GET /2024/08/22/2176/ HTTP/1.0" 200 19605 "-" "Mozilla/5.0/(X11; Linux x86_64) AppleWebKit/537.36 (KHTML, like Gecko) Chrome/125.0.0.0 Safari/537.36"
35.231.193.205 - - [12/Nov/2024:13:21:45 -0500] "GET /testimonial/strazimiri-yang/ HTTP/1.0" 200 19216 "-" "Mozilla/5.0/(X11; Linux x86_64) AppleWebKit/537.36 (KHTML, like Gecko) Chrome/125.0.0.0 Safari/537.36"
35.231.193.205 - - [12/Nov/2024:13:22:03 -0500] "GET /certifications/data-analysis-biomedical-health/ HTTP/1.0" 200 21404 "-" "Mozilla/5.0/(X11; Linux x86_64) AppleWebKit/537.36 (KHTML, like Gecko) Chrome/125.0.0.0 Safari/537.36"
35.231.193.205 - - [12/Nov/2024:13:22:24 -0500] "GET /about/get-in-touch/ HTTP/1.0" 200 20409 "-" "Mozilla/5.0/(X11; Linux x86_64) AppleWebKit/537.36 (KHTML, like Gecko) Chrome/125.0.0.0 Safari/537.36"
35.231.193.205 - - [12/Nov/2024:13:23:04 -0500] "GET /international/international-programs/medical-office-administration-diploma-program/ HTTP/1.0" 200 20462 "-" "Mozilla/5.0/(X11; Linux x86_64) AppleWebKit/537.36 (KHTML, like Gecko) Chrome/125.0.0.0 Safari/537.36"
35.231.193.205 - - [12/Nov/2024:13:23:08 -0500] "GET /comment/ HTTP/1.0" 200 23150 "-" "Mozilla/5.0/(X11; Linux x86_64) AppleWebKit/537.36 (KHTML, like Gecko) Chrome/125.0.0.0 Safari/537.36"
35.231.193.205 - - [12/Nov/2024:13:23:35 -0500] "GET /international/prospective-international-students/application-processing-time/ HTTP/1.0" 200 19272 "-" "Mozilla/5.0/(X11; Linux x86_64) AppleWebKit/537.36 (KHTML, like Gecko) Chrome/125.0.0.0 Safari/537.36"
24.114.41.217 - - [12/Nov/2024:13:24:46 -0500] "GET / HTTP/1.1" 200 20462 "https://www.google.com/" "Mozilla/5.0 (Linux; Android 10; K) AppleWebKit/537.36 (KHTML, like Gecko) SamsungBrowser/26.0 Chrome/122.0.0.0 Mobile Safari/537.36"
24.114.41.217 - - [12/Nov/2024:13:24:48 -0500] "GET /wp-includes/css/dist/block-library/style.min.css?ver=6.2.1 HTTP/1.1" 200 11775 "https://glenbowcollege.ca/" "Mozilla/5.0 (Linux; Android 10; K) AppleWebKit/537.36 (KHTML, like Gecko) SamsungBrowser/26.0 Chrome/122.0.0.0 Mobile Safari/537.36"
24.114.41.217 - - [12/Nov/2024:13:24:48 -0500] "GET /wp-content/plugins/woocommerce/packages/woocommerce-blocks/build/wc-blocks-style.css?ver=10.2.3 HTTP/1.1" 200 26445 "https://glenbowcollege.ca/" "Mozilla/5.0 (Linux; Android 10; K) AppleWebKit/537.36 (KHTML, like Gecko) SamsungBrowser/26.0 Chrome/122.0.0.0 Mobile Safari/537.36"
24.114.41.217 - - [12/Nov/2024:13:24:48 -0500] "GET /wp-content/plugins/coblocks/dist/style-coblocks-1.css?ver=3.1.5 HTTP/1.1" 200 34606 "https://glenbowcollege.ca/" "Mozilla/5.0 (Linux; Android 10; K) AppleWebKit/537.36 (KHTML, like Gecko) SamsungBrowser/26.0 Chrome/122.0.0.0 Mobile Safari/537.36"
24.114.41.217 - - [12/Nov/2024:13:24:48 -0500] "GET /wp-content/plugins/coblocks/dist/style-coblocks-extensions.css?ver=3.1.5 HTTP/1.1" 200 304 "https://glenbowcollege.ca/" "Mozilla/5.0 (Linux; Android 10; K) AppleWebKit/537.36 (KHTML, like Gecko) SamsungBrowser/26.0 Chrome/122.0.0.0 Mobile Safari/537.36"
24.114.41.217 - - [12/Nov/2024:13:24:48 -0500] "GET /wp-content/plugins/coblocks/dist/style-coblocks-animation.css?ver=d9b2b27566e6a2a85d1b HTTP/1.1" 200 871 "https://glenbowcollege.ca/" "Mozilla/5.0 (Linux; Android 10; K) AppleWebKit/537.36 (KHTML, like Gecko) SamsungBrowser/26.0 Chrome/122.0.0.0 Mobile Safari/537.36"
24.114.41.217 - - [12/Nov/2024:13:24:48 -0500] "GET /wp-includes/css/classic-themes.min.css?ver=6.2.1 HTTP/1.1" 200 291 "https://glenbowcollege.ca/" "Mozilla/5.0 (Linux; Android 10; K) AppleWebKit/537.36 (KHTML, like Gecko) SamsungBrowser/26.0 Chrome/122.0.0.0 Mobile Safari/537.36"
24.114.41.217 - - [12/Nov/2024:13:24:48 -0500] "GET /wp-content/plugins/woocommerce/assets/css/woocommerce-smallscreen.css?ver=7.8.0 HTTP/1.1" 200 1058 "https://glenbowcollege.ca/" "Mozilla/5.0 (Linux; Android 10; K) AppleWebKit/537.36 (KHTML, like Gecko) SamsungBrowser/26.0 Chrome/122.0.0.0 Mobile Safari/537.36"
24.114.41.217 - - [12/Nov/2024:13:24:48 -0500] "GET /wp-content/plugins/coblocks/includes/Dependencies/GoDaddy/Styles/build/latest.css?ver=2.0.2 HTTP/1.1" 200 1313 "https://glenbowcollege.ca/" "Mozilla/5.0 (Linux; Android 10; K) AppleWebKit/537.36 (KHTML, like Gecko) SamsungBrowser/26.0 Chrome/122.0.0.0 Mobile Safari/537.36"
52.167.144.197 - - [12/Nov/2024:13:21:38 -0500] "GET /invited7a/ HTTP/1.1" 404 14992 "-" "Mozilla/5.0 AppleWebKit/537.36 (KHTML, like Gecko; compatible; bingbot/2.0; +http://www.bing.com/bingbot.htm) Chrome/116.0.1938.76 Safari/537.36"
68.65.122.142 - - [12/Nov/2024:13:21:46 -0500] "POST /wp-cron.php?doing_wp_cron=1731435706.4647428989410400390625 HTTP/1.1" 403 1242 "-" "WordPress/6.2.1; https://glenbowcollege.ca"
68.65.122.142 - - [12/Nov/2024:13:22:51 -0500] "POST /wp-cron.php?doing_wp_cron=1731435771.5802559852600097656250 HTTP/1.1" 403 1242 "-" "WordPress/6.2.1; https://glenbowcollege.ca"
35.231.193.205 - - [12/Nov/2024:13:22:50 -0500] "GET /admissions/ HTTP/1.0" 200 20823 "-" "Mozilla/5.0/(X11; Linux x86_64) AppleWebKit/537.36 (KHTML, like Gecko) Chrome/125.0.0.0 Safari/537.36"
68.65.122.142 - - [12/Nov/2024:13:24:39 -0500] "POST /wp-cron.php?doing_wp_cron=1731435879.9042370319366455078125 HTTP/1.1" 403 1242 "-" "WordPress/6.2.1; https://glenbowcollege.ca"
35.231.193.205 - - [12/Nov/2024:13:24:38 -0500] "GET /international/current-international-students/tuition-collection-and-refund-policy/ HTTP/1.0" 200 21180 "-" "Mozilla/5.0/(X11; Linux x86_64) AppleWebKit/537.36 (KHTML, like Gecko) Chrome/125.0.0.0 Safari/537.36"
24.114.41.217 - - [12/Nov/2024:13:24:48 -0500] "GET /wp-content/plugins/woocommerce/packages/woocommerce-blocks/build/wc-blocks-vendors-style.css?ver=10.2.3 HTTP/1.1" 200 1760 "https://glenbowcollege.ca/" "Mozilla/5.0 (Linux; Android 10; K) AppleWebKit/537.36 (KHTML, like Gecko) SamsungBrowser/26.0 Chrome/122.0.0.0 Mobile Safari/537.36"
24.114.41.217 - - [12/Nov/2024:13:24:48 -0500] "GET /wp-content/plugins/woocommerce/assets/css/woocommerce.css?ver=7.8.0 HTTP/1.1" 200 8786 "https://glenbowcollege.ca/" "Mozilla/5.0 (Linux; Android 10; K) AppleWebKit/537.36 (KHTML, like Gecko) SamsungBrowser/26.0 Chrome/122.0.0.0 Mobile Safari/537.36"
24.114.41.217 - - [12/Nov/2024:13:24:48 -0500] "GET /wp-content/plugins/contact-form-7/includes/css/styles.css?ver=5.8.6 HTTP/1.1" 200 890 "https://glenbowcollege.ca/" "Mozilla/5.0 (Linux; Android 10; K) AppleWebKit/537.36 (KHTML, like Gecko) SamsungBrowser/26.0 Chrome/122.0.0.0 Mobile Safari/537.36"
24.114.41.217 - - [12/Nov/2024:13:24:48 -0500] "GET /wp-content/plugins/woocommerce/assets/css/woocommerce-layout.css?ver=7.8.0 HTTP/1.1" 200 2313 "https://glenbowcollege.ca/" "Mozilla/5.0 (Linux; Android 10; K) AppleWebKit/537.36 (KHTML, like Gecko) SamsungBrowser/26.0 Chrome/122.0.0.0 Mobile Safari/537.36"
24.114.41.217 - - [12/Nov/2024:13:24:48 -0500] "GET /wp-includes/css/dist/components/style.min.css?ver=6.2.1 HTTP/1.1" 200 11247 "https://glenbowcollege.ca/" "Mozilla/5.0 (Linux; Android 10; K) AppleWebKit/537.36 (KHTML, like Gecko) SamsungBrowser/26.0 Chrome/122.0.0.0 Mobile Safari/537.36"
24.114.41.217 - - [12/Nov/2024:13:24:48 -0500] "GET /wp-content/themes/education-hub-pro/third-party/font-awesome/css/font-awesome.min.css?ver=4.7.0 HTTP/1.1" 200 6658 "https://glenbowcollege.ca/" "Mozilla/5.0 (Linux; Android 10; K) AppleWebKit/537.36 (KHTML, like Gecko) SamsungBrowser/26.0 Chrome/122.0.0.0 Mobile Safari/537.36"
24.114.41.217 - - [12/Nov/2024:13:24:48 -0500] "GET /wp-content/themes/education-hub-pro/style.css?ver=3.4.1 HTTP/1.1" 200 14555 "https://glenbowcollege.ca/" "Mozilla/5.0 (Linux; Android 10; K) AppleWebKit/537.36 (KHTML, like Gecko) SamsungBrowser/26.0 Chrome/122.0.0.0 Mobile Safari/537.36"
24.114.41.217 - - [12/Nov/2024:13:24:48 -0500] "GET /wp-content/uploads/2020/03/slider-6.jpg HTTP/1.1" 200 578444 "https://glenbowcollege.ca/" "Mozilla/5.0 (Linux; Android 10; K) AppleWebKit/537.36 (KHTML, like Gecko) SamsungBrowser/26.0 Chrome/122.0.0.0 Mobile Safari/537.36"
24.114.41.217 - - [12/Nov/2024:13:24:48 -0500] "GET /wp-content/uploads/2020/03/slider-2.jpg HTTP/1.1" 200 544765 "https://glenbowcollege.ca/" "Mozilla/5.0 (Linux; Android 10; K) AppleWebKit/537.36 (KHTML, like Gecko) SamsungBrowser/26.0 Chrome/122.0.0.0 Mobile Safari/537.36"
24.114.41.217 - - [12/Nov/2024:13:24:48 -0500] "GET /wp-content/plugins/add-to-cart-direct-checkout-for-woocommerce/public/css/pi-dcw-public.css?ver=2.1.64 HTTP/1.1" 200 294 "https://glenbowcollege.ca/" "Mozilla/5.0 (Linux; Android 10; K) AppleWebKit/537.36 (KHTML, like Gecko) SamsungBrowser/26.0 Chrome/122.0.0.0 Mobile Safari/537.36"
24.114.41.217 - - [12/Nov/2024:13:24:48 -0500] "GET /wp-content/plugins/woocommerce-menu-bar-cart/assets/css/wpmenucart-icons.min.css?ver=2.14.2 HTTP/1.1" 200 192 "https://glenbowcollege.ca/" "Mozilla/5.0 (Linux; Android 10; K) AppleWebKit/537.36 (KHTML, like Gecko) SamsungBrowser/26.0 Chrome/122.0.0.0 Mobile Safari/537.36"
24.114.41.217 - - [12/Nov/2024:13:24:48 -0500] "GET /wp-content/plugins/woocommerce-menu-bar-cart/assets/css/wpmenucart-main.min.css?ver=2.14.2 HTTP/1.1" 200 329 "https://glenbowcollege.ca/" "Mozilla/5.0 (Linux; Android 10; K) AppleWebKit/537.36 (KHTML, like Gecko) SamsungBrowser/26.0 Chrome/122.0.0.0 Mobile Safari/537.36"
24.114.41.217 - - [12/Nov/2024:13:24:48 -0500] "GET /wp-content/plugins/if-menu/assets/if-menu-site.css?ver=6.2.1 HTTP/1.1" 200 426 "https://glenbowcollege.ca/" "Mozilla/5.0 (Linux; Android 10; K) AppleWebKit/537.36 (KHTML, like Gecko) SamsungBrowser/26.0 Chrome/122.0.0.0 Mobile Safari/537.36"
24.114.41.217 - - [12/Nov/2024:13:24:48 -0500] "GET /wp-content/uploads/2020/02/cropped-logo6.png HTTP/1.1" 200 11781 "https://glenbowcollege.ca/" "Mozilla/5.0 (Linux; Android 10; K) AppleWebKit/537.36 (KHTML, like Gecko) SamsungBrowser/26.0 Chrome/122.0.0.0 Mobile Safari/537.36"
24.114.41.217 - - [12/Nov/2024:13:24:48 -0500] "GET /wp-includes/js/jquery/jquery.min.js?ver=3.6.4 HTTP/1.1" 200 31997 "https://glenbowcollege.ca/" "Mozilla/5.0 (Linux; Android 10; K) AppleWebKit/537.36 (KHTML, like Gecko) SamsungBrowser/26.0 Chrome/122.0.0.0 Mobile Safari/537.36"
24.114.41.217 - - [12/Nov/2024:13:24:48 -0500] "GET /wp-content/uploads/2020/04/slider-education.jpg HTTP/1.1" 200 399060 "https://glenbowcollege.ca/" "Mozilla/5.0 (Linux; Android 10; K) AppleWebKit/537.36 (KHTML, like Gecko) SamsungBrowser/26.0 Chrome/122.0.0.0 Mobile Safari/537.36"
24.114.41.217 - - [12/Nov/2024:13:24:48 -0500] "GET /wp-content/uploads/2020/03/apple-education-slider.jpg HTTP/1.1" 200 584207 "https://glenbowcollege.ca/" "Mozilla/5.0 (Linux; Android 10; K) AppleWebKit/537.36 (KHTML, like Gecko) SamsungBrowser/26.0 Chrome/122.0.0.0 Mobile Safari/537.36"
24.114.41.217 - - [12/Nov/2024:13:24:48 -0500] "GET /wp-content/plugins/strong-testimonials/templates/default/content.css?ver=3.1.7 HTTP/1.1" 200 1833 "https://glenbowcollege.ca/" "Mozilla/5.0 (Linux; Android 10; K) AppleWebKit/537.36 (KHTML, like Gecko) SamsungBrowser/26.0 Chrome/122.0.0.0 Mobile Safari/537.36"
24.114.41.217 - - [12/Nov/2024:13:24:48 -0500] "GET /wp-content/plugins/strong-testimonials/public/css/slider-controls-simple-buttons.css?ver=3.1.7 HTTP/1.1" 200 788 "https://glenbowcollege.ca/" "Mozilla/5.0 (Linux; Android 10; K) AppleWebKit/537.36 (KHTML, like Gecko) SamsungBrowser/26.0 Chrome/122.0.0.0 Mobile Safari/537.36"
24.114.41.217 - - [12/Nov/2024:13:24:48 -0500] "GET /wp-content/uploads/2020/02/students1_1-360x158.jpg HTTP/1.1" 200 13848 "https://glenbowcollege.ca/" "Mozilla/5.0 (Linux; Android 10; K) AppleWebKit/537.36 (KHTML, like Gecko) SamsungBrowser/26.0 Chrome/122.0.0.0 Mobile Safari/537.36"
24.114.41.217 - - [12/Nov/2024:13:24:48 -0500] "GET /wp-content/plugins/add-to-cart-direct-checkout-for-woocommerce/public/js/pi-dcw-public.js?ver=2.1.64 HTTP/1.1" 200 2634 "https://glenbowcollege.ca/" "Mozilla/5.0 (Linux; Android 10; K) AppleWebKit/537.36 (KHTML, like Gecko) SamsungBrowser/26.0 Chrome/122.0.0.0 Mobile Safari/537.36"
24.114.41.217 - - [12/Nov/2024:13:24:48 -0500] "GET /wp-includes/js/dist/vendor/regenerator-runtime.min.js?ver=0.13.11 HTTP/1.1" 200 4046 "https://glenbowcollege.ca/" "Mozilla/5.0 (Linux; Android 10; K) AppleWebKit/537.36 (KHTML, like Gecko) SamsungBrowser/26.0 Chrome/122.0.0.0 Mobile Safari/537.36"
24.114.41.217 - - [12/Nov/2024:13:24:48 -0500] "GET /wp-content/plugins/strong-testimonials/public/css/rating-display.css?ver=3.1.7 HTTP/1.1" 200 910 "https://glenbowcollege.ca/" "Mozilla/5.0 (Linux; Android 10; K) AppleWebKit/537.36 (KHTML, like Gecko) SamsungBrowser/26.0 Chrome/122.0.0.0 Mobile Safari/537.36"
24.114.41.217 - - [12/Nov/2024:13:24:48 -0500] "GET /wp-includes/js/dist/vendor/wp-polyfill-inert.min.js?ver=3.1.2 HTTP/1.1" 200 3978 "https://glenbowcollege.ca/" "Mozilla/5.0 (Linux; Android 10; K) AppleWebKit/537.36 (KHTML, like Gecko) SamsungBrowser/26.0 Chrome/122.0.0.0 Mobile Safari/537.36"
24.114.41.217 - - [12/Nov/2024:13:24:48 -0500] "GET /wp-includes/js/dist/vendor/wp-polyfill.min.js?ver=3.15.0 HTTP/1.1" 200 7980 "https://glenbowcollege.ca/" "Mozilla/5.0 (Linux; Android 10; K) AppleWebKit/537.36 (KHTML, like Gecko) SamsungBrowser/26.0 Chrome/122.0.0.0 Mobile Safari/537.36"
24.114.41.217 - - [12/Nov/2024:13:24:48 -0500] "GET /wp-content/uploads/2020/02/616x321-ziraat-fakultesi-ogrencisine-burs-1543613768524-2-360x162.jpeg HTTP/1.1" 200 15500 "https://glenbowcollege.ca/" "Mozilla/5.0 (Linux; Android 10; K) AppleWebKit/537.36 (KHTML, like Gecko) SamsungBrowser/26.0 Chrome/122.0.0.0 Mobile Safari/537.36"
24.114.41.217 - - [12/Nov/2024:13:24:48 -0500] "GET /wp-content/plugins/product-open-pricing-name-your-price-for-woocommerce/includes/js/alg-wc-pop-frontend.js?ver=1.7.1 HTTP/1.1" 200 2030 "https://glenbowcollege.ca/" "Mozilla/5.0 (Linux; Android 10; K) AppleWebKit/537.36 (KHTML, like Gecko) SamsungBrowser/26.0 Chrome/122.0.0.0 Mobile Safari/537.36"
24.114.41.217 - - [12/Nov/2024:13:24:48 -0500] "GET /wp-content/plugins/coblocks/dist/js/coblocks-tinyswiper-initializer.js?ver=3.1.5 HTTP/1.1" 200 6836 "https://glenbowcollege.ca/" "Mozilla/5.0 (Linux; Android 10; K) AppleWebKit/537.36 (KHTML, like Gecko) SamsungBrowser/26.0 Chrome/122.0.0.0 Mobile Safari/537.36"
24.114.41.217 - - [12/Nov/2024:13:24:48 -0500] "GET /wp-includes/js/dist/hooks.min.js?ver=4169d3cf8e8d95a3d6d5 HTTP/1.1" 200 3211 "https://glenbowcollege.ca/" "Mozilla/5.0 (Linux; Android 10; K) AppleWebKit/537.36 (KHTML, like Gecko) SamsungBrowser/26.0 Chrome/122.0.0.0 Mobile Safari/537.36"
24.114.41.217 - - [12/Nov/2024:13:24:48 -0500] "GET /wp-includes/js/jquery/jquery-migrate.min.js?ver=3.4.0 HTTP/1.1" 200 6238 "https://glenbowcollege.ca/" "Mozilla/5.0 (Linux; Android 10; K) AppleWebKit/537.36 (KHTML, like Gecko) SamsungBrowser/26.0 Chrome/122.0.0.0 Mobile Safari/537.36"
24.114.41.217 - - [12/Nov/2024:13:24:48 -0500] "GET /wp-content/uploads/2020/02/student_register_1-360x156.jpg HTTP/1.1" 200 13009 "https://glenbowcollege.ca/" "Mozilla/5.0 (Linux; Android 10; K) AppleWebKit/537.36 (KHTML, like Gecko) SamsungBrowser/26.0 Chrome/122.0.0.0 Mobile Safari/537.36"
24.114.41.217 - - [12/Nov/2024:13:24:48 -0500] "GET /wp-content/plugins/woocommerce-menu-bar-cart/assets/js/wpmenucart-ajax-assist.min.js?ver=2.14.2 HTTP/1.1" 200 1860 "https://glenbowcollege.ca/" "Mozilla/5.0 (Linux; Android 10; K) AppleWebKit/537.36 (KHTML, like Gecko) SamsungBrowser/26.0 Chrome/122.0.0.0 Mobile Safari/537.36"
24.114.41.217 - - [12/Nov/2024:13:24:48 -0500] "GET /wp-content/themes/education-hub-pro/third-party/cycle2/js/jquery.cycle2.min.js?ver=2.1.6 HTTP/1.1" 200 8488 "https://glenbowcollege.ca/" "Mozilla/5.0 (Linux; Android 10; K) AppleWebKit/537.36 (KHTML, like Gecko) SamsungBrowser/26.0 Chrome/122.0.0.0 Mobile Safari/537.36"
24.114.41.217 - - [12/Nov/2024:13:24:48 -0500] "GET /wp-includes/js/imagesloaded.min.js?ver=4.1.4 HTTP/1.1" 200 3380 "https://glenbowcollege.ca/" "Mozilla/5.0 (Linux; Android 10; K) AppleWebKit/537.36 (KHTML, like Gecko) SamsungBrowser/26.0 Chrome/122.0.0.0 Mobile Safari/537.36"
24.114.41.217 - - [12/Nov/2024:13:24:48 -0500] "GET /wp-content/plugins/strong-testimonials/public/js/lib/actual/jquery-actual.min.js?ver=1.0.16 HTTP/1.1" 200 2191 "https://glenbowcollege.ca/" "Mozilla/5.0 (Linux; Android 10; K) AppleWebKit/537.36 (KHTML, like Gecko) SamsungBrowser/26.0 Chrome/122.0.0.0 Mobile Safari/537.36"
24.114.41.217 - - [12/Nov/2024:13:24:48 -0500] "GET /wp-content/plugins/contact-form-7/includes/swv/js/index.js?ver=5.8.6 HTTP/1.1" 200 4707 "https://glenbowcollege.ca/" "Mozilla/5.0 (Linux; Android 10; K) AppleWebKit/537.36 (KHTML, like Gecko) SamsungBrowser/26.0 Chrome/122.0.0.0 Mobile Safari/537.36"
24.114.41.217 - - [12/Nov/2024:13:24:48 -0500] "GET /wp-content/plugins/woocommerce/assets/js/jquery-blockui/jquery.blockUI.min.js?ver=2.7.0-wc.7.8.0 HTTP/1.1" 200 4871 "https://glenbowcollege.ca/" "Mozilla/5.0 (Linux; Android 10; K) AppleWebKit/537.36 (KHTML, like Gecko) SamsungBrowser/26.0 Chrome/122.0.0.0 Mobile Safari/537.36"
24.114.41.217 - - [12/Nov/2024:13:24:48 -0500] "GET /wp-content/plugins/contact-form-7/includes/js/index.js?ver=5.8.6 HTTP/1.1" 200 5587 "https://glenbowcollege.ca/" "Mozilla/5.0 (Linux; Android 10; K) AppleWebKit/537.36 (KHTML, like Gecko) SamsungBrowser/26.0 Chrome/122.0.0.0 Mobile Safari/537.36"
24.114.41.217 - - [12/Nov/2024:13:24:48 -0500] "GET /wp-content/plugins/coblocks/dist/js/coblocks-animation.js?ver=3.1.5 HTTP/1.1" 200 1805 "https://glenbowcollege.ca/" "Mozilla/5.0 (Linux; Android 10; K) AppleWebKit/537.36 (KHTML, like Gecko) SamsungBrowser/26.0 Chrome/122.0.0.0 Mobile Safari/537.36"
24.114.41.217 - - [12/Nov/2024:13:24:48 -0500] "GET /wp-content/plugins/coblocks/dist/js/vendors/tiny-swiper.js?ver=3.1.5 HTTP/1.1" 200 5731 "https://glenbowcollege.ca/" "Mozilla/5.0 (Linux; Android 10; K) AppleWebKit/537.36 (KHTML, like Gecko) SamsungBrowser/26.0 Chrome/122.0.0.0 Mobile Safari/537.36"
24.114.41.217 - - [12/Nov/2024:13:24:48 -0500] "GET /wp-content/themes/education-hub-pro/js/skip-link-focus-fix.min.js?ver=20130115 HTTP/1.1" 200 1840 "https://glenbowcollege.ca/" "Mozilla/5.0 (Linux; Android 10; K) AppleWebKit/537.36 (KHTML, like Gecko) SamsungBrowser/26.0 Chrome/122.0.0.0 Mobile Safari/537.36"
24.114.41.217 - - [12/Nov/2024:13:24:48 -0500] "GET /wp-content/plugins/woocommerce/assets/js/frontend/woocommerce.min.js?ver=7.8.0 HTTP/1.1" 200 2315 "https://glenbowcollege.ca/" "Mozilla/5.0 (Linux; Android 10; K) AppleWebKit/537.36 (KHTML, like Gecko) SamsungBrowser/26.0 Chrome/122.0.0.0 Mobile Safari/537.36"
24.114.41.217 - - [12/Nov/2024:13:24:48 -0500] "GET /wp-includes/js/underscore.min.js?ver=1.13.4 HTTP/1.1" 200 8801 "https://glenbowcollege.ca/" "Mozilla/5.0 (Linux; Android 10; K) AppleWebKit/537.36 (KHTML, like Gecko) SamsungBrowser/26.0 Chrome/122.0.0.0 Mobile Safari/537.36"
24.114.41.217 - - [12/Nov/2024:13:24:48 -0500] "GET /wp-content/plugins/strong-testimonials/public/js/controller.min.js?ver=3.1.7 HTTP/1.1" 200 3094 "https://glenbowcollege.ca/" "Mozilla/5.0 (Linux; Android 10; K) AppleWebKit/537.36 (KHTML, like Gecko) SamsungBrowser/26.0 Chrome/122.0.0.0 Mobile Safari/537.36"
24.114.41.217 - - [12/Nov/2024:13:24:48 -0500] "GET /wp-content/themes/education-hub-pro/third-party/font-awesome/fonts/fontawesome-webfont.woff2?v=4.7.0 HTTP/1.1" 200 77160 "https://glenbowcollege.ca/wp-content/themes/education-hub-pro/third-party/font-awesome/css/font-awesome.min.css?ver=4.7.0" "Mozilla/5.0 (Linux; Android 10; K) AppleWebKit/537.36 (KHTML, like Gecko) SamsungBrowser/26.0 Chrome/122.0.0.0 Mobile Safari/537.36"
24.114.41.217 - - [12/Nov/2024:13:24:48 -0500] "GET /wp-content/themes/education-hub-pro/third-party/ticker/jquery.easy-ticker.min.js?ver=2.0 HTTP/1.1" 200 2686 "https://glenbowcollege.ca/" "Mozilla/5.0 (Linux; Android 10; K) AppleWebKit/537.36 (KHTML, like Gecko) SamsungBrowser/26.0 Chrome/122.0.0.0 Mobile Safari/537.36"
24.114.41.217 - - [12/Nov/2024:13:24:48 -0500] "GET /wp-content/uploads/2023/05/Daskalos.png HTTP/1.1" 200 8710 "https://glenbowcollege.ca/" "Mozilla/5.0 (Linux; Android 10; K) AppleWebKit/537.36 (KHTML, like Gecko) SamsungBrowser/26.0 Chrome/122.0.0.0 Mobile Safari/537.36"
24.114.41.217 - - [12/Nov/2024:13:24:49 -0500] "GET /wp-content/uploads/2020/02/pl-300x300.jpg HTTP/1.1" 200 47460 "https://glenbowcollege.ca/" "Mozilla/5.0 (Linux; Android 10; K) AppleWebKit/537.36 (KHTML, like Gecko) SamsungBrowser/26.0 Chrome/122.0.0.0 Mobile Safari/537.36"
24.114.41.217 - - [12/Nov/2024:13:24:48 -0500] "GET /wp-content/plugins/woocommerce/assets/js/frontend/add-to-cart.min.js?ver=7.8.0 HTTP/1.1" 200 2605 "https://glenbowcollege.ca/" "Mozilla/5.0 (Linux; Android 10; K) AppleWebKit/537.36 (KHTML, like Gecko) SamsungBrowser/26.0 Chrome/122.0.0.0 Mobile Safari/537.36"
24.114.41.217 - - [12/Nov/2024:13:24:48 -0500] "GET /wp-content/plugins/woocommerce/assets/js/js-cookie/js.cookie.min.js?ver=2.1.4-wc.7.8.0 HTTP/1.1" 200 2490 "https://glenbowcollege.ca/" "Mozilla/5.0 (Linux; Android 10; K) AppleWebKit/537.36 (KHTML, like Gecko) SamsungBrowser/26.0 Chrome/122.0.0.0 Mobile Safari/537.36"
24.114.41.217 - - [12/Nov/2024:13:24:48 -0500] "GET /wp-content/themes/education-hub-pro/js/custom.min.js?ver=1.0 HTTP/1.1" 200 2049 "https://glenbowcollege.ca/" "Mozilla/5.0 (Linux; Android 10; K) AppleWebKit/537.36 (KHTML, like Gecko) SamsungBrowser/26.0 Chrome/122.0.0.0 Mobile Safari/537.36"
24.114.41.217 - - [12/Nov/2024:13:24:48 -0500] "GET /wp-content/plugins/strong-testimonials/public/js/lib/verge/verge.min.js?ver=1.10.2 HTTP/1.1" 200 2151 "https://glenbowcollege.ca/" "Mozilla/5.0 (Linux; Android 10; K) AppleWebKit/537.36 (KHTML, like Gecko) SamsungBrowser/26.0 Chrome/122.0.0.0 Mobile Safari/537.36"
24.114.41.217 - - [12/Nov/2024:13:24:48 -0500] "GET /wp-content/themes/education-hub-pro/js/navigation.min.js?ver=20160421 HTTP/1.1" 200 2592 "https://glenbowcollege.ca/" "Mozilla/5.0 (Linux; Android 10; K) AppleWebKit/537.36 (KHTML, like Gecko) SamsungBrowser/26.0 Chrome/122.0.0.0 Mobile Safari/537.36"
24.114.41.217 - - [12/Nov/2024:13:24:48 -0500] "GET /wp-content/plugins/strong-testimonials/public/js/lib/strongslider/jquery-strongslider.min.js?ver=3.1.7 HTTP/1.1" 200 7840 "https://glenbowcollege.ca/" "Mozilla/5.0 (Linux; Android 10; K) AppleWebKit/537.36 (KHTML, like Gecko) SamsungBrowser/26.0 Chrome/122.0.0.0 Mobile Safari/537.36"
24.114.41.217 - - [12/Nov/2024:13:24:48 -0500] "GET /wp-includes/js/dist/i18n.min.js?ver=9e794f35a71bb98672ae HTTP/1.1" 200 5325 "https://glenbowcollege.ca/" "Mozilla/5.0 (Linux; Android 10; K) AppleWebKit/537.36 (KHTML, like Gecko) SamsungBrowser/26.0 Chrome/122.0.0.0 Mobile Safari/537.36"
24.114.41.217 - - [12/Nov/2024:13:24:48 -0500] "GET /wp-content/uploads/2023/05/mirgul.png HTTP/1.1" 200 8740 "https://glenbowcollege.ca/" "Mozilla/5.0 (Linux; Android 10; K) AppleWebKit/537.36 (KHTML, like Gecko) SamsungBrowser/26.0 Chrome/122.0.0.0 Mobile Safari/537.36"
24.114.41.217 - - [12/Nov/2024:13:24:48 -0500] "GET /wp-content/uploads/2020/04/ANA-SAYFA-1024x423.png HTTP/1.1" 200 402466 "https://glenbowcollege.ca/" "Mozilla/5.0 (Linux; Android 10; K) AppleWebKit/537.36 (KHTML, like Gecko) SamsungBrowser/26.0 Chrome/122.0.0.0 Mobile Safari/537.36"
24.114.41.217 - - [12/Nov/2024:13:24:48 -0500] "GET /wp-content/uploads/2023/05/comment.png HTTP/1.1" 200 495619 "https://glenbowcollege.ca/" "Mozilla/5.0 (Linux; Android 10; K) AppleWebKit/537.36 (KHTML, like Gecko) SamsungBrowser/26.0 Chrome/122.0.0.0 Mobile Safari/537.36"
24.114.41.217 - - [12/Nov/2024:13:24:48 -0500] "GET /wp-content/plugins/strong-testimonials/templates/default/img/quotes.png HTTP/1.1" 200 335 "https://glenbowcollege.ca/wp-content/plugins/strong-testimonials/templates/default/content.css?ver=3.1.7" "Mozilla/5.0 (Linux; Android 10; K) AppleWebKit/537.36 (KHTML, like Gecko) SamsungBrowser/26.0 Chrome/122.0.0.0 Mobile Safari/537.36"
24.114.41.217 - - [12/Nov/2024:13:24:48 -0500] "GET /wp-content/uploads/2021/06/academic-conferences-2-1-300x300.png HTTP/1.1" 200 84979 "https://glenbowcollege.ca/" "Mozilla/5.0 (Linux; Android 10; K) AppleWebKit/537.36 (KHTML, like Gecko) SamsungBrowser/26.0 Chrome/122.0.0.0 Mobile Safari/537.36"
24.114.41.217 - - [12/Nov/2024:13:24:48 -0500] "GET /wp-content/plugins/advanced-nocaptcha-recaptcha/admin/templates/templates.css?id=rc61u3sfvwjyo9zf1fklbo HTTP/1.1" 200 120 "https://glenbowcollege.ca/" "Mozilla/5.0 (Linux; Android 10; K) AppleWebKit/537.36 (KHTML, like Gecko) SamsungBrowser/26.0 Chrome/122.0.0.0 Mobile Safari/537.36"
24.114.41.217 - - [12/Nov/2024:13:24:49 -0500] "GET /wp-content/plugins/strong-testimonials/public/svg/chevron-left-solid.svg HTTP/1.1" 200 267 "https://glenbowcollege.ca/wp-content/plugins/strong-testimonials/public/css/slider-controls-simple-buttons.css?ver=3.1.7" "Mozilla/5.0 (Linux; Android 10; K) AppleWebKit/537.36 (KHTML, like Gecko) SamsungBrowser/26.0 Chrome/122.0.0.0 Mobile Safari/537.36"
24.114.41.217 - - [12/Nov/2024:13:24:49 -0500] "GET /wp-content/uploads/2020/02/cropped-logo11-192x192.png HTTP/1.1" 200 11934 "https://glenbowcollege.ca/" "Mozilla/5.0 (Linux; Android 10; K) AppleWebKit/537.36 (KHTML, like Gecko) SamsungBrowser/26.0 Chrome/122.0.0.0 Mobile Safari/537.36"
24.114.41.217 - - [12/Nov/2024:13:25:10 -0500] "GET /wp-content/uploads/2020/02/logo_white-1024x441.png HTTP/1.1" 200 94887 "https://glenbowcollege.ca/?s=English+course" "Mozilla/5.0 (Linux; Android 10; K) AppleWebKit/537.36 (KHTML, like Gecko) SamsungBrowser/26.0 Chrome/122.0.0.0 Mobile Safari/537.36"
35.231.193.205 - - [12/Nov/2024:13:25:22 -0500] "GET /programs/education-assistant-diploma/ HTTP/1.0" 200 21518 "-" "Mozilla/5.0/(X11; Linux x86_64) AppleWebKit/537.36 (KHTML, like Gecko) Chrome/125.0.0.0 Safari/537.36"
35.231.193.205 - - [12/Nov/2024:13:25:32 -0500] "GET /feed/ HTTP/1.0" 200 5632 "-" "Mozilla/5.0/(X11; Linux x86_64) AppleWebKit/537.36 (KHTML, like Gecko) Chrome/125.0.0.0 Safari/537.36"
35.231.193.205 - - [12/Nov/2024:13:25:33 -0500] "GET /make-payment/ HTTP/1.0" 200 22110 "-" "Mozilla/5.0/(X11; Linux x86_64) AppleWebKit/537.36 (KHTML, like Gecko) Chrome/125.0.0.0 Safari/537.36"
68.65.122.142 - - [12/Nov/2024:13:25:48 -0500] "POST /wp-cron.php?doing_wp_cron=1731435948.6787660121917724609375 HTTP/1.1" 403 1242 "-" "WordPress/6.2.1; https://glenbowcollege.ca"
193.186.4.224 - - [12/Nov/2024:13:25:47 -0500] "GET /certifications/english-as-a-second-language-esl/ HTTP/1.1" 200 19678 "https://www.google.com/" "Mozilla/5.0 (Linux; Android 10; K) AppleWebKit/537.36 (KHTML, like Gecko) Chrome/130.0.0.0 Mobile Safari/537.36"
72.14.201.245 - - [12/Nov/2024:13:25:49 -0500] "GET /certifications/teaching-english-to-speakers-of-other-languages/ HTTP/1.1" 200 18502 "https://www.google.com/" "Mozilla/5.0 (Linux; Android 10; K) AppleWebKit/537.36 (KHTML, like Gecko) Chrome/130.0.0.0 Mobile Safari/537.36"
24.114.40.199 - - [12/Nov/2024:13:26:10 -0500] "GET /wp-content/plugins/woocommerce/packages/woocommerce-blocks/build/wc-blocks-vendors-style.css?ver=10.2.3 HTTP/1.1" 200 1760 "-" "Mozilla/5.0 (Linux; Android 10; K) AppleWebKit/537.36 (KHTML, like Gecko) Chrome/130.0.0.0 Mobile Safari/537.36"
24.114.40.199 - - [12/Nov/2024:13:26:10 -0500] "GET /wp-includes/css/classic-themes.min.css?ver=6.2.1 HTTP/1.1" 200 291 "https://glenbowcollege.ca/certifications/english-as-a-second-language-esl/" "Mozilla/5.0 (Linux; Android 10; K) AppleWebKit/537.36 (KHTML, like Gecko) Chrome/130.0.0.0 Mobile Safari/537.36"
24.114.40.199 - - [12/Nov/2024:13:26:10 -0500] "GET /wp-content/plugins/add-to-cart-direct-checkout-for-woocommerce/public/css/pi-dcw-public.css?ver=2.1.64 HTTP/1.1" 200 294 "https://glenbowcollege.ca/certifications/english-as-a-second-language-esl/" "Mozilla/5.0 (Linux; Android 10; K) AppleWebKit/537.36 (KHTML, like Gecko) Chrome/130.0.0.0 Mobile Safari/537.36"
24.114.40.199 - - [12/Nov/2024:13:26:10 -0500] "GET /wp-content/plugins/woocommerce-menu-bar-cart/assets/css/wpmenucart-icons.min.css?ver=2.14.2 HTTP/1.1" 200 192 "https://glenbowcollege.ca/certifications/english-as-a-second-language-esl/" "Mozilla/5.0 (Linux; Android 10; K) AppleWebKit/537.36 (KHTML, like Gecko) Chrome/130.0.0.0 Mobile Safari/537.36"
