68.65.122.142 - - [12/Nov/2024:17:57:05 -0500] "POST /wp-cron.php?doing_wp_cron=1731452225.0197560787200927734375 HTTP/1.1" 403 1242 "-" "WordPress/6.2.1; https://glenbowcollege.ca"
205.206.222.153 - - [12/Nov/2024:17:57:05 -0500] "GET /wp-content/uploads/2020/02/english_as_a_second_language.jpg HTTP/1.1" 200 36750 "https://glenbowcollege.ca/certifications/english-as-a-second-language-esl/" "Mozilla/5.0 (Linux; Android 10; K) AppleWebKit/537.36 (KHTML, like Gecko) Chrome/130.0.0.0 Mobile Safari/537.36"
37.99.35.189 - - [12/Nov/2024:18:03:27 -0500] "GET /about/contact-us/ HTTP/1.0" 200 76005 "https://glenbowcollege.ca/about/contact-us/" "Mozilla/5.0 (Windows NT 6.3; WOW64) AppleWebKit/537.36 (KHTML, like Gecko) Chrome/103.0.0.0 Safari/537.36"
205.206.222.153 - - [12/Nov/2024:18:04:10 -0500] "GET /wp-content/uploads/2024/05/LC-Logo_Colour.png HTTP/1.1" 200 33091 "https://glenbowcollege.ca/certifications/english-as-a-second-language-esl/" "Mozilla/5.0 (Linux; Android 10; K) AppleWebKit/537.36 (KHTML, like Gecko) Chrome/130.0.0.0 Mobile Safari/537.36"
205.206.222.153 - - [12/Nov/2024:18:05:35 -0500] "GET /wp-content/uploads/2023/05/comment.png HTTP/1.1" 200 495619 "https://glenbowcollege.ca/" "Mozilla/5.0 (Linux; Android 10; K) AppleWebKit/537.36 (KHTML, like Gecko) Chrome/130.0.0.0 Mobile Safari/537.36"
205.206.222.153 - - [12/Nov/2024:18:05:36 -0500] "GET /wp-content/uploads/2021/06/academic-conferences-2-1-300x300.png HTTP/1.1" 200 84979 "https://glenbowcollege.ca/" "Mozilla/5.0 (Linux; Android 10; K) AppleWebKit/537.36 (KHTML, like Gecko) Chrome/130.0.0.0 Mobile Safari/537.36"
205.206.222.153 - - [12/Nov/2024:18:05:36 -0500] "GET /wp-content/uploads/2020/02/pl-300x300.jpg HTTP/1.1" 200 47460 "https://glenbowcollege.ca/" "Mozilla/5.0 (Linux; Android 10; K) AppleWebKit/537.36 (KHTML, like Gecko) Chrome/130.0.0.0 Mobile Safari/537.36"
205.206.222.153 - - [12/Nov/2024:17:56:09 -0500] "GET /wp-content/uploads/2020/04/ANA-SAYFA-1024x423.png HTTP/1.1" 200 402466 "https://glenbowcollege.ca/" "Mozilla/5.0 (Linux; Android 10; K) AppleWebKit/537.36 (KHTML, like Gecko) Chrome/130.0.0.0 Mobile Safari/537.36"
205.206.222.153 - - [12/Nov/2024:17:56:10 -0500] "GET /wp-content/uploads/2023/05/Daskalos.png HTTP/1.1" 200 8710 "https://glenbowcollege.ca/" "Mozilla/5.0 (Linux; Android 10; K) AppleWebKit/537.36 (KHTML, like Gecko) Chrome/130.0.0.0 Mobile Safari/537.36"
205.206.222.153 - - [12/Nov/2024:17:56:10 -0500] "GET /wp-content/uploads/2023/05/mirgul.png HTTP/1.1" 200 8740 "https://glenbowcollege.ca/" "Mozilla/5.0 (Linux; Android 10; K) AppleWebKit/537.36 (KHTML, like Gecko) Chrome/130.0.0.0 Mobile Safari/537.36"
205.206.222.153 - - [12/Nov/2024:17:56:10 -0500] "GET /wp-content/uploads/2020/02/cropped-logo11-192x192.png HTTP/1.1" 200 11934 "https://glenbowcollege.ca/" "Mozilla/5.0 (Linux; Android 10; K) AppleWebKit/537.36 (KHTML, like Gecko) Chrome/130.0.0.0 Mobile Safari/537.36"
95.53.149.242 - - [12/Nov/2024:17:56:47 -0500] "POST /about/contact-us/ HTTP/1.0" 200 73614 "https://glenbowcollege.ca/about/contact-us/" "Mozilla/5.0 (Windows NT 6.3; WOW64) AppleWebKit/537.36 (KHTML, like Gecko) Chrome/103.0.5060.114 Safari/537.36"
205.206.222.153 - - [12/Nov/2024:17:57:04 -0500] "GET /certifications/english-as-a-second-language-esl/ HTTP/1.1" 200 19711 "https://glenbowcollege.ca/?s=Free+learning+English+course" "Mozilla/5.0 (Linux; Android 10; K) AppleWebKit/537.36 (KHTML, like Gecko) Chrome/130.0.0.0 Mobile Safari/537.36"
68.65.122.142 - - [12/Nov/2024:18:03:28 -0500] "POST /wp-cron.php?doing_wp_cron=1731452608.0086250305175781250000 HTTP/1.1" 403 1242 "-" "WordPress/6.2.1; https://glenbowcollege.ca"
37.99.35.189 - - [12/Nov/2024:18:03:32 -0500] "POST /about/contact-us/ HTTP/1.0" 200 73687 "https://glenbowcollege.ca/about/contact-us/" "Mozilla/5.0 (Windows NT 6.3; WOW64) AppleWebKit/537.36 (KHTML, like Gecko) Chrome/103.0.0.0 Safari/537.36"
205.206.222.153 - - [12/Nov/2024:18:04:10 -0500] "GET /wp-content/uploads/2020/02/logo_white-1024x441.png HTTP/1.1" 200 94887 "https://glenbowcollege.ca/certifications/english-as-a-second-language-esl/" "Mozilla/5.0 (Linux; Android 10; K) AppleWebKit/537.36 (KHTML, like Gecko) Chrome/130.0.0.0 Mobile Safari/537.36"
68.65.122.142 - - [12/Nov/2024:18:12:02 -0500] "POST /wp-cron.php?doing_wp_cron=1731453122.6705629825592041015625 HTTP/1.1" 403 1242 "-" "WordPress/6.2.1; https://glenbowcollege.ca"
68.65.122.142 - - [12/Nov/2024:18:12:02 -0500] "POST /wp-cron.php?doing_wp_cron=1731453122.7058160305023193359375 HTTP/1.1" 403 1242 "-" "WordPress/6.2.1; https://glenbowcollege.ca"
54.177.162.10 - - [12/Nov/2024:18:12:01 -0500] "GET /martin-x1bish-v8ff-r2mid-x1ms-x1g-v8v HTTP/1.1" 404 60062 "-" "Mozilla/5.0 (Macintosh; Intel Mac OS X 10_10_5) AppleWebKit/537.36 (KHTML, like Gecko) Chrome/52.0.2743.116 Safari/537.36"
54.177.162.10 - - [12/Nov/2024:18:12:01 -0500] "GET /jip HTTP/1.1" 404 60082 "-" "Mozilla/5.0 (Macintosh; Intel Mac OS X 10_10_5) AppleWebKit/537.36 (KHTML, like Gecko) Chrome/52.0.2743.116 Safari/537.36"
68.65.122.142 - - [12/Nov/2024:18:13:35 -0500] "POST /wp-cron.php?doing_wp_cron=1731453215.3920750617980957031250 HTTP/1.1" 403 1242 "-" "WordPress/6.2.1; https://glenbowcollege.ca"
68.65.122.142 - - [12/Nov/2024:18:12:02 -0500] "POST /wp-admin/admin-post.php HTTP/1.1" 403 1242 "-" "WordPress/6.2.1; https://glenbowcollege.ca"
40.77.167.23 - - [12/Nov/2024:18:13:34 -0500] "GET /neoidiym.xml HTTP/1.1" 404 14982 "-" "Mozilla/5.0 AppleWebKit/537.36 (KHTML, like Gecko; compatible; bingbot/2.0; +http://www.bing.com/bingbot.htm) Chrome/116.0.1938.76 Safari/537.36"
68.65.122.142 - - [12/Nov/2024:18:15:13 -0500] "POST /wp-cron.php?doing_wp_cron=1731453313.2689340114593505859375 HTTP/1.1" 403 1242 "-" "WordPress/6.2.1; https://glenbowcollege.ca"
52.167.144.147 - - [12/Nov/2024:18:15:12 -0500] "GET /nantzeti.xml HTTP/1.1" 404 15007 "-" "Mozilla/5.0 AppleWebKit/537.36 (KHTML, like Gecko; compatible; bingbot/2.0; +http://www.bing.com/bingbot.htm) Chrome/116.0.1938.76 Safari/537.36"
68.65.122.142 - - [12/Nov/2024:18:18:20 -0500] "POST /wp-cron.php?doing_wp_cron=1731453500.0550220012664794921875 HTTP/1.1" 403 1242 "-" "WordPress/6.2.1; https://glenbowcollege.ca"
68.65.122.142 - - [12/Nov/2024:18:24:27 -0500] "POST /wp-cron.php?doing_wp_cron=1731453867.4704821109771728515625 HTTP/1.1" 403 1242 "-" "WordPress/6.2.1; https://glenbowcollege.ca"
52.167.144.186 - - [12/Nov/2024:18:24:26 -0500] "GET /declinometerjsq.xml HTTP/1.1" 404 14965 "-" "Mozilla/5.0 AppleWebKit/537.36 (KHTML, like Gecko; compatible; bingbot/2.0; +http://www.bing.com/bingbot.htm) Chrome/116.0.1938.76 Safari/537.36"
40.77.167.144 - - [12/Nov/2024:18:25:50 -0500] "GET /harpyeagleiki.xml HTTP/1.1" 404 14996 "-" "Mozilla/5.0 AppleWebKit/537.36 (KHTML, like Gecko; compatible; bingbot/2.0; +http://www.bing.com/bingbot.htm) Chrome/116.0.1938.76 Safari/537.36"
114.119.159.87 - - [12/Nov/2024:18:18:19 -0500] "GET /admissions/ HTTP/1.1" 200 20822 "https://www.glenbowcollege.ca/about/contact-us" "Mozilla/5.0 (Linux; Android 7.0;) AppleWebKit/537.36 (KHTML, like Gecko) Mobile Safari/537.36 (compatible; PetalBot;+https://webmaster.petalsearch.com/site/petalbot)"
52.167.144.186 - - [12/Nov/2024:18:18:47 -0500] "GET /iec34b98/eec513887.htm HTTP/1.1" 404 15004 "-" "Mozilla/5.0 AppleWebKit/537.36 (KHTML, like Gecko; compatible; bingbot/2.0; +http://www.bing.com/bingbot.htm) Chrome/116.0.1938.76 Safari/537.36"
68.65.122.142 - - [12/Nov/2024:18:25:51 -0500] "POST /wp-cron.php?doing_wp_cron=1731453951.0680510997772216796875 HTTP/1.1" 403 1242 "-" "WordPress/6.2.1; https://glenbowcollege.ca"