35.196.58.77 - - [12/Nov/2024:14:37:07 -0500] "GET /programs/education-assistant-diploma/ HTTP/1.0" 200 21516 "-" "Mozilla/5.0/(X11; Linux x86_64) AppleWebKit/537.36 (KHTML, like Gecko) Chrome/125.0.0.0 Safari/537.36"
35.196.58.77 - - [12/Nov/2024:14:37:11 -0500] "GET /?p=2168 HTTP/1.0" 301 0 "-" "Mozilla/5.0/(X11; Linux x86_64) AppleWebKit/537.36 (KHTML, like Gecko) Chrome/125.0.0.0 Safari/537.36"
13.73.206.214 - - [12/Nov/2024:14:37:43 -0500] "HEAD / HTTP/1.1" 200 0 "http://glenbowcollege.ca/" "Mozilla/5.0 (Windows NT 10.0; Win64; x64) AppleWebKit/537.36 (KHTML, like Gecko) Chrome/74.0.3729.169 Safari/537.36"
13.73.206.214 - - [12/Nov/2024:14:37:45 -0500] "HEAD /wp HTTP/1.1" 404 0 "http://glenbowcollege.ca/wp" "Mozilla/5.0 (Windows NT 10.0; Win64; x64) AppleWebKit/537.36 (KHTML, like Gecko) Chrome/74.0.3729.169 Safari/537.36"
68.65.122.142 - - [12/Nov/2024:14:37:47 -0500] "POST /wp-cron.php?doing_wp_cron=1731440267.7803668975830078125000 HTTP/1.1" 403 1242 "-" "WordPress/6.2.1; https://glenbowcollege.ca"
13.73.206.214 - - [12/Nov/2024:14:37:46 -0500] "HEAD /wp HTTP/1.1" 404 0 "http://glenbowcollege.ca/wp" "Mozilla/5.0 (Windows NT 10.0; Win64; x64) AppleWebKit/537.36 (KHTML, like Gecko) Chrome/74.0.3729.169 Safari/537.36"
35.196.58.77 - - [12/Nov/2024:14:37:48 -0500] "GET /international/international-programs/computerized-accounting-payroll-diploma-program/ HTTP/1.0" 200 19977 "-" "Mozilla/5.0/(X11; Linux x86_64) AppleWebKit/537.36 (KHTML, like Gecko) Chrome/125.0.0.0 Safari/537.36"
13.73.206.214 - - [12/Nov/2024:14:37:49 -0500] "HEAD /bc HTTP/1.1" 404 0 "http://glenbowcollege.ca/bc" "Mozilla/5.0 (Windows NT 10.0; Win64; x64) AppleWebKit/537.36 (KHTML, like Gecko) Chrome/74.0.3729.169 Safari/537.36"
13.73.206.214 - - [12/Nov/2024:14:37:51 -0500] "HEAD /bk HTTP/1.1" 404 0 "http://glenbowcollege.ca/bk" "Mozilla/5.0 (Windows NT 10.0; Win64; x64) AppleWebKit/537.36 (KHTML, like Gecko) Chrome/74.0.3729.169 Safari/537.36"
13.73.206.214 - - [12/Nov/2024:14:37:52 -0500] "HEAD /bk HTTP/1.1" 404 0 "http://glenbowcollege.ca/bk" "Mozilla/5.0 (Windows NT 10.0; Win64; x64) AppleWebKit/537.36 (KHTML, like Gecko) Chrome/74.0.3729.169 Safari/537.36"
13.73.206.214 - - [12/Nov/2024:14:37:53 -0500] "HEAD /backup HTTP/1.1" 404 0 "http://glenbowcollege.ca/backup" "Mozilla/5.0 (Windows NT 10.0; Win64; x64) AppleWebKit/537.36 (KHTML, like Gecko) Chrome/74.0.3729.169 Safari/537.36"
13.73.206.214 - - [12/Nov/2024:14:37:56 -0500] "HEAD /old HTTP/1.1" 404 0 "http://glenbowcollege.ca/old" "Mozilla/5.0 (Windows NT 10.0; Win64; x64) AppleWebKit/537.36 (KHTML, like Gecko) Chrome/74.0.3729.169 Safari/537.36"
13.73.206.214 - - [12/Nov/2024:14:37:57 -0500] "HEAD /old HTTP/1.1" 404 0 "http://glenbowcollege.ca/old" "Mozilla/5.0 (Windows NT 10.0; Win64; x64) AppleWebKit/537.36 (KHTML, like Gecko) Chrome/74.0.3729.169 Safari/537.36"
13.73.206.214 - - [12/Nov/2024:14:37:58 -0500] "HEAD /new HTTP/1.1" 301 0 "http://glenbowcollege.ca/new" "Mozilla/5.0 (Windows NT 10.0; Win64; x64) AppleWebKit/537.36 (KHTML, like Gecko) Chrome/74.0.3729.169 Safari/537.36"
13.73.206.214 - - [12/Nov/2024:14:38:01 -0500] "HEAD /2024/08/21/newcomers-career-journey/ HTTP/1.1" 200 0 "https://glenbowcollege.ca/new" "Mozilla/5.0 (Windows NT 10.0; Win64; x64) AppleWebKit/537.36 (KHTML, like Gecko) Chrome/74.0.3729.169 Safari/537.36"
13.73.206.214 - - [12/Nov/2024:14:38:02 -0500] "HEAD /main HTTP/1.1" 404 0 "http://glenbowcollege.ca/main" "Mozilla/5.0 (Windows NT 10.0; Win64; x64) AppleWebKit/537.36 (KHTML, like Gecko) Chrome/74.0.3729.169 Safari/537.36"
13.73.206.214 - - [12/Nov/2024:14:38:03 -0500] "HEAD /main HTTP/1.1" 404 0 "http://glenbowcollege.ca/main" "Mozilla/5.0 (Windows NT 10.0; Win64; x64) AppleWebKit/537.36 (KHTML, like Gecko) Chrome/74.0.3729.169 Safari/537.36"
13.73.206.214 - - [12/Nov/2024:14:38:04 -0500] "HEAD /home HTTP/1.1" 301 0 "http://glenbowcollege.ca/home" "Mozilla/5.0 (Windows NT 10.0; Win64; x64) AppleWebKit/537.36 (KHTML, like Gecko) Chrome/74.0.3729.169 Safari/537.36"
13.73.206.214 - - [12/Nov/2024:14:38:06 -0500] "HEAD /home HTTP/1.1" 301 0 "http://glenbowcollege.ca/home" "Mozilla/5.0 (Windows NT 10.0; Win64; x64) AppleWebKit/537.36 (KHTML, like Gecko) Chrome/74.0.3729.169 Safari/537.36"
13.73.206.214 - - [12/Nov/2024:14:38:06 -0500] "HEAD / HTTP/1.1" 200 0 "https://glenbowcollege.ca/popupbuilder/home-stay/" "Mozilla/5.0 (Windows NT 10.0; Win64; x64) AppleWebKit/537.36 (KHTML, like Gecko) Chrome/74.0.3729.169 Safari/537.36"
35.196.58.77 - - [12/Nov/2024:14:38:08 -0500] "GET /about/ HTTP/1.0" 200 19864 "-" "Mozilla/5.0/(X11; Linux x86_64) AppleWebKit/537.36 (KHTML, like Gecko) Chrome/125.0.0.0 Safari/537.36"
35.196.58.77 - - [12/Nov/2024:14:38:35 -0500] "GET /?p=1380 HTTP/1.0" 301 0 "-" "Mozilla/5.0/(X11; Linux x86_64) AppleWebKit/537.36 (KHTML, like Gecko) Chrome/125.0.0.0 Safari/537.36"
68.65.122.142 - - [12/Nov/2024:14:37:47 -0500] "POST /wp-cron.php?doing_wp_cron=1731440267.8549020290374755859375 HTTP/1.1" 403 1242 "-" "WordPress/6.2.1; https://glenbowcollege.ca"
35.196.58.77 - - [12/Nov/2024:14:37:46 -0500] "GET /?p=306 HTTP/1.0" 301 0 "-" "Mozilla/5.0/(X11; Linux x86_64) AppleWebKit/537.36 (KHTML, like Gecko) Chrome/125.0.0.0 Safari/537.36"
13.73.206.214 - - [12/Nov/2024:14:37:48 -0500] "HEAD /bc HTTP/1.1" 404 0 "http://glenbowcollege.ca/bc" "Mozilla/5.0 (Windows NT 10.0; Win64; x64) AppleWebKit/537.36 (KHTML, like Gecko) Chrome/74.0.3729.169 Safari/537.36"
13.73.206.214 - - [12/Nov/2024:14:37:55 -0500] "HEAD /backup HTTP/1.1" 404 0 "http://glenbowcollege.ca/backup" "Mozilla/5.0 (Windows NT 10.0; Win64; x64) AppleWebKit/537.36 (KHTML, like Gecko) Chrome/74.0.3729.169 Safari/537.36"
13.73.206.214 - - [12/Nov/2024:14:37:59 -0500] "HEAD /2024/08/21/newcomers-career-journey/ HTTP/1.1" 200 0 "https://glenbowcollege.ca/new" "Mozilla/5.0 (Windows NT 10.0; Win64; x64) AppleWebKit/537.36 (KHTML, like Gecko) Chrome/74.0.3729.169 Safari/537.36"
13.73.206.214 - - [12/Nov/2024:14:38:00 -0500] "HEAD /new HTTP/1.1" 301 0 "http://glenbowcollege.ca/new" "Mozilla/5.0 (Windows NT 10.0; Win64; x64) AppleWebKit/537.36 (KHTML, like Gecko) Chrome/74.0.3729.169 Safari/537.36"
13.73.206.214 - - [12/Nov/2024:14:38:05 -0500] "HEAD /popupbuilder/home-stay/ HTTP/1.1" 302 0 "https://glenbowcollege.ca/home" "Mozilla/5.0 (Windows NT 10.0; Win64; x64) AppleWebKit/537.36 (KHTML, like Gecko) Chrome/74.0.3729.169 Safari/537.36"
35.196.58.77 - - [12/Nov/2024:14:38:06 -0500] "GET /?p=62 HTTP/1.0" 301 0 "-" "Mozilla/5.0/(X11; Linux x86_64) AppleWebKit/537.36 (KHTML, like Gecko) Chrome/125.0.0.0 Safari/537.36"
13.73.206.214 - - [12/Nov/2024:14:38:08 -0500] "HEAD /popupbuilder/home-stay/ HTTP/1.1" 302 0 "https://glenbowcollege.ca/home" "Mozilla/5.0 (Windows NT 10.0; Win64; x64) AppleWebKit/537.36 (KHTML, like Gecko) Chrome/74.0.3729.169 Safari/537.36"
13.73.206.214 - - [12/Nov/2024:14:38:09 -0500] "HEAD / HTTP/1.1" 200 0 "https://glenbowcollege.ca/popupbuilder/home-stay/" "Mozilla/5.0 (Windows NT 10.0; Win64; x64) AppleWebKit/537.36 (KHTML, like Gecko) Chrome/74.0.3729.169 Safari/537.36"
35.196.58.77 - - [12/Nov/2024:14:38:36 -0500] "GET /?p=315 HTTP/1.0" 301 0 "-" "Mozilla/5.0/(X11; Linux x86_64) AppleWebKit/537.36 (KHTML, like Gecko) Chrome/125.0.0.0 Safari/537.36"
35.196.58.77 - - [12/Nov/2024:14:38:41 -0500] "GET /comment/ HTTP/1.0" 200 23152 "-" "Mozilla/5.0/(X11; Linux x86_64) AppleWebKit/537.36 (KHTML, like Gecko) Chrome/125.0.0.0 Safari/537.36"
68.65.122.142 - - [12/Nov/2024:14:39:16 -0500] "POST /wp-cron.php?doing_wp_cron=1731440356.0506350994110107421875 HTTP/1.1" 403 1242 "-" "WordPress/6.2.1; https://glenbowcollege.ca"
35.196.58.77 - - [12/Nov/2024:14:39:16 -0500] "GET /international/international-programs/hospitality-management-diploma-program/ HTTP/1.0" 200 22133 "-" "Mozilla/5.0/(X11; Linux x86_64) AppleWebKit/537.36 (KHTML, like Gecko) Chrome/125.0.0.0 Safari/537.36"
35.196.58.77 - - [12/Nov/2024:14:39:41 -0500] "GET /programs/hospitality-management-diploma-program/ HTTP/1.0" 200 22103 "-" "Mozilla/5.0/(X11; Linux x86_64) AppleWebKit/537.36 (KHTML, like Gecko) Chrome/125.0.0.0 Safari/537.36"
35.196.58.77 - - [12/Nov/2024:14:39:46 -0500] "GET /?p=335 HTTP/1.0" 301 0 "-" "Mozilla/5.0/(X11; Linux x86_64) AppleWebKit/537.36 (KHTML, like Gecko) Chrome/125.0.0.0 Safari/537.36"
35.196.58.77 - - [12/Nov/2024:14:39:48 -0500] "GET /international/prospective-international-students/ HTTP/1.0" 200 19204 "-" "Mozilla/5.0/(X11; Linux x86_64) AppleWebKit/537.36 (KHTML, like Gecko) Chrome/125.0.0.0 Safari/537.36"
35.196.58.77 - - [12/Nov/2024:14:39:56 -0500] "GET /international/prospective-international-students/application-processing-time/ HTTP/1.0" 200 19283 "-" "Mozilla/5.0/(X11; Linux x86_64) AppleWebKit/537.36 (KHTML, like Gecko) Chrome/125.0.0.0 Safari/537.36"
35.196.58.77 - - [12/Nov/2024:14:38:37 -0500] "GET /testimonial/mirgul-shamshieva/ HTTP/1.0" 200 19394 "-" "Mozilla/5.0/(X11; Linux x86_64) AppleWebKit/537.36 (KHTML, like Gecko) Chrome/125.0.0.0 Safari/537.36"
35.196.58.77 - - [12/Nov/2024:14:38:38 -0500] "GET /international/international-programs/medical-office-administration-diploma-program/ HTTP/1.0" 200 20452 "-" "Mozilla/5.0/(X11; Linux x86_64) AppleWebKit/537.36 (KHTML, like Gecko) Chrome/125.0.0.0 Safari/537.36"
35.196.58.77 - - [12/Nov/2024:14:38:39 -0500] "GET /?p=1352 HTTP/1.0" 301 0 "-" "Mozilla/5.0/(X11; Linux x86_64) AppleWebKit/537.36 (KHTML, like Gecko) Chrome/125.0.0.0 Safari/537.36"
35.196.58.77 - - [12/Nov/2024:14:39:14 -0500] "GET /?p=311 HTTP/1.0" 301 0 "-" "Mozilla/5.0/(X11; Linux x86_64) AppleWebKit/537.36 (KHTML, like Gecko) Chrome/125.0.0.0 Safari/537.36"
35.196.58.77 - - [12/Nov/2024:14:39:19 -0500] "GET /?p=1788 HTTP/1.0" 301 0 "-" "Mozilla/5.0/(X11; Linux x86_64) AppleWebKit/537.36 (KHTML, like Gecko) Chrome/125.0.0.0 Safari/537.36"
35.196.58.77 - - [12/Nov/2024:14:39:21 -0500] "GET /about/academic/ HTTP/1.0" 200 20277 "-" "Mozilla/5.0/(X11; Linux x86_64) AppleWebKit/537.36 (KHTML, like Gecko) Chrome/125.0.0.0 Safari/537.36"
35.196.58.77 - - [12/Nov/2024:14:39:39 -0500] "GET /?p=240 HTTP/1.0" 301 0 "-" "Mozilla/5.0/(X11; Linux x86_64) AppleWebKit/537.36 (KHTML, like Gecko) Chrome/125.0.0.0 Safari/537.36"
35.196.58.77 - - [12/Nov/2024:14:39:54 -0500] "GET /?p=348 HTTP/1.0" 301 0 "-" "Mozilla/5.0/(X11; Linux x86_64) AppleWebKit/537.36 (KHTML, like Gecko) Chrome/125.0.0.0 Safari/537.36"
35.196.58.77 - - [12/Nov/2024:14:39:57 -0500] "GET /?p=320 HTTP/1.0" 301 0 "-" "Mozilla/5.0/(X11; Linux x86_64) AppleWebKit/537.36 (KHTML, like Gecko) Chrome/125.0.0.0 Safari/537.36"
35.196.58.77 - - [12/Nov/2024:14:39:59 -0500] "GET /international/international-programs/administrative-professional-diploma-program/ HTTP/1.0" 200 20639 "-" "Mozilla/5.0/(X11; Linux x86_64) AppleWebKit/537.36 (KHTML, like Gecko) Chrome/125.0.0.0 Safari/537.36"
35.196.58.77 - - [12/Nov/2024:14:40:00 -0500] "GET /?p=279 HTTP/1.0" 301 0 "-" "Mozilla/5.0/(X11; Linux x86_64) AppleWebKit/537.36 (KHTML, like Gecko) Chrome/125.0.0.0 Safari/537.36"
35.196.58.77 - - [12/Nov/2024:14:40:02 -0500] "GET /international/ HTTP/1.0" 200 19785 "-" "Mozilla/5.0/(X11; Linux x86_64) AppleWebKit/537.36 (KHTML, like Gecko) Chrome/125.0.0.0 Safari/537.36"
35.196.58.77 - - [12/Nov/2024:14:40:16 -0500] "GET /?p=876 HTTP/1.0" 301 0 "-" "Mozilla/5.0/(X11; Linux x86_64) AppleWebKit/537.36 (KHTML, like Gecko) Chrome/125.0.0.0 Safari/537.36"
35.196.58.77 - - [12/Nov/2024:14:40:17 -0500] "GET /certifications/data-analysis-biomedical-health/ HTTP/1.0" 200 21409 "-" "Mozilla/5.0/(X11; Linux x86_64) AppleWebKit/537.36 (KHTML, like Gecko) Chrome/125.0.0.0 Safari/537.36"
35.196.58.77 - - [12/Nov/2024:14:40:22 -0500] "GET /?p=1197 HTTP/1.0" 301 0 "-" "Mozilla/5.0/(X11; Linux x86_64) AppleWebKit/537.36 (KHTML, like Gecko) Chrome/125.0.0.0 Safari/537.36"
35.196.58.77 - - [12/Nov/2024:14:40:29 -0500] "GET /?p=66 HTTP/1.0" 301 0 "-" "Mozilla/5.0/(X11; Linux x86_64) AppleWebKit/537.36 (KHTML, like Gecko) Chrome/125.0.0.0 Safari/537.36"
35.196.58.77 - - [12/Nov/2024:14:40:29 -0500] "GET /category/news/ HTTP/1.0" 200 18603 "-" "Mozilla/5.0/(X11; Linux x86_64) AppleWebKit/537.36 (KHTML, like Gecko) Chrome/125.0.0.0 Safari/537.36"
35.196.58.77 - - [12/Nov/2024:14:40:30 -0500] "GET /admissions/ HTTP/1.0" 200 20828 "-" "Mozilla/5.0/(X11; Linux x86_64) AppleWebKit/537.36 (KHTML, like Gecko) Chrome/125.0.0.0 Safari/537.36"
35.196.58.77 - - [12/Nov/2024:14:41:04 -0500] "GET /international/prospective-international-students/admission-requirements/ HTTP/1.0" 200 19815 "-" "Mozilla/5.0/(X11; Linux x86_64) AppleWebKit/537.36 (KHTML, like Gecko) Chrome/125.0.0.0 Safari/537.36"
68.65.122.142 - - [12/Nov/2024:14:41:18 -0500] "POST /wp-cron.php?doing_wp_cron=1731440478.7273271083831787109375 HTTP/1.1" 403 1242 "-" "WordPress/6.2.1; https://glenbowcollege.ca"
68.65.122.142 - - [12/Nov/2024:14:40:17 -0500] "POST /wp-cron.php?doing_wp_cron=1731440417.0515921115875244140625 HTTP/1.1" 403 1242 "-" "WordPress/6.2.1; https://glenbowcollege.ca"
35.196.58.77 - - [12/Nov/2024:14:40:23 -0500] "GET /international/prospective-international-students/tuition-fees-and-financials/ HTTP/1.0" 200 20137 "-" "Mozilla/5.0/(X11; Linux x86_64) AppleWebKit/537.36 (KHTML, like Gecko) Chrome/125.0.0.0 Safari/537.36"
35.196.58.77 - - [12/Nov/2024:14:41:03 -0500] "GET /?p=340 HTTP/1.0" 301 0 "-" "Mozilla/5.0/(X11; Linux x86_64) AppleWebKit/537.36 (KHTML, like Gecko) Chrome/125.0.0.0 Safari/537.36"
35.196.58.77 - - [12/Nov/2024:14:41:15 -0500] "GET /?p=366 HTTP/1.0" 301 0 "-" "Mozilla/5.0/(X11; Linux x86_64) AppleWebKit/537.36 (KHTML, like Gecko) Chrome/125.0.0.0 Safari/537.36"
35.196.58.77 - - [12/Nov/2024:14:41:17 -0500] "GET /international/current-international-students/dispute-resolution-policy/ HTTP/1.0" 200 21705 "-" "Mozilla/5.0/(X11; Linux x86_64) AppleWebKit/537.36 (KHTML, like Gecko) Chrome/125.0.0.0 Safari/537.36"
35.196.58.77 - - [12/Nov/2024:14:41:26 -0500] "GET /?p=351 HTTP/1.0" 301 0 "-" "Mozilla/5.0/(X11; Linux x86_64) AppleWebKit/537.36 (KHTML, like Gecko) Chrome/125.0.0.0 Safari/537.36"
35.196.58.77 - - [12/Nov/2024:14:42:04 -0500] "GET /?p=31 HTTP/1.0" 301 0 "-" "Mozilla/5.0/(X11; Linux x86_64) AppleWebKit/537.36 (KHTML, like Gecko) Chrome/125.0.0.0 Safari/537.36"
35.196.58.77 - - [12/Nov/2024:14:42:05 -0500] "GET /about/contact-us/ HTTP/1.0" 200 20291 "-" "Mozilla/5.0/(X11; Linux x86_64) AppleWebKit/537.36 (KHTML, like Gecko) Chrome/125.0.0.0 Safari/537.36"
35.196.58.77 - - [12/Nov/2024:14:42:47 -0500] "GET /?p=1381 HTTP/1.0" 301 0 "-" "Mozilla/5.0/(X11; Linux x86_64) AppleWebKit/537.36 (KHTML, like Gecko) Chrome/125.0.0.0 Safari/537.36"
178.156.134.136 - - [12/Nov/2024:14:45:13 -0500] "POST /wp-load.php?d7fb69=3024 HTTP/1.1" 403 1242 "-" "Mozilla/5.0 (Windows NT 10.0; Win64; x64) AppleWebKit/537.36 (KHTML, like Gecko) Chrome/104.0.5112.97 Safari/537.36"
35.196.58.77 - - [12/Nov/2024:14:41:27 -0500] "GET /international/prospective-international-students/studying-in-canada/ HTTP/1.0" 200 22750 "-" "Mozilla/5.0/(X11; Linux x86_64) AppleWebKit/537.36 (KHTML, like Gecko) Chrome/125.0.0.0 Safari/537.36"
35.196.58.77 - - [12/Nov/2024:14:42:07 -0500] "GET /?p=360 HTTP/1.0" 301 0 "-" "Mozilla/5.0/(X11; Linux x86_64) AppleWebKit/537.36 (KHTML, like Gecko) Chrome/125.0.0.0 Safari/537.36"
35.196.58.77 - - [12/Nov/2024:14:42:09 -0500] "GET /international/current-international-students/tuition-collection-and-refund-policy/ HTTP/1.0" 200 21167 "-" "Mozilla/5.0/(X11; Linux x86_64) AppleWebKit/537.36 (KHTML, like Gecko) Chrome/125.0.0.0 Safari/537.36"
35.196.58.77 - - [12/Nov/2024:14:42:11 -0500] "GET /page/3/ HTTP/1.0" 200 23165 "-" "Mozilla/5.0/(X11; Linux x86_64) AppleWebKit/537.36 (KHTML, like Gecko) Chrome/125.0.0.0 Safari/537.36"
68.65.122.142 - - [12/Nov/2024:14:42:48 -0500] "POST /wp-cron.php?doing_wp_cron=1731440568.7995491027832031250000 HTTP/1.1" 403 1242 "-" "WordPress/6.2.1; https://glenbowcollege.ca"
35.196.58.77 - - [12/Nov/2024:14:42:49 -0500] "GET /testimonial/daskalos/ HTTP/1.0" 200 19446 "-" "Mozilla/5.0/(X11; Linux x86_64) AppleWebKit/537.36 (KHTML, like Gecko) Chrome/125.0.0.0 Safari/537.36"
35.196.58.77 - - [12/Nov/2024:14:43:05 -0500] "GET /make-payment/feed/ HTTP/1.0" 200 828 "-" "Mozilla/5.0/(X11; Linux x86_64) AppleWebKit/537.36 (KHTML, like Gecko) Chrome/125.0.0.0 Safari/537.36"
68.65.122.142 - - [12/Nov/2024:14:46:38 -0500] "POST /?wordfence_syncAttackData=1731440798.4765 HTTP/1.1" 200 0 "-" "WordPress/6.2.1; https://glenbowcollege.ca"
68.65.122.142 - - [12/Nov/2024:14:46:39 -0500] "POST /wp-cron.php?doing_wp_cron=1731440799.7292909622192382812500 HTTP/1.1" 403 1242 "-" "WordPress/6.2.1; https://glenbowcollege.ca"
35.196.58.77 - - [12/Nov/2024:14:47:25 -0500] "GET /?p=247 HTTP/1.0" 301 0 "-" "Mozilla/5.0/(X11; Linux x86_64) AppleWebKit/537.36 (KHTML, like Gecko) Chrome/125.0.0.0 Safari/537.36"
35.196.58.77 - - [12/Nov/2024:14:47:33 -0500] "GET /?p=301 HTTP/1.0" 301 0 "-" "Mozilla/5.0/(X11; Linux x86_64) AppleWebKit/537.36 (KHTML, like Gecko) Chrome/125.0.0.0 Safari/537.36"
35.196.58.77 - - [12/Nov/2024:14:47:34 -0500] "GET /international/international-programs/education-assistant-diploma-program/ HTTP/1.0" 200 20041 "-" "Mozilla/5.0/(X11; Linux x86_64) AppleWebKit/537.36 (KHTML, like Gecko) Chrome/125.0.0.0 Safari/537.36"
35.196.58.77 - - [12/Nov/2024:14:47:58 -0500] "GET /?p=1574 HTTP/1.0" 301 0 "-" "Mozilla/5.0/(X11; Linux x86_64) AppleWebKit/537.36 (KHTML, like Gecko) Chrome/125.0.0.0 Safari/537.36"
35.196.58.77 - - [12/Nov/2024:14:49:07 -0500] "GET /?p=196 HTTP/1.0" 301 0 "-" "Mozilla/5.0/(X11; Linux x86_64) AppleWebKit/537.36 (KHTML, like Gecko) Chrome/125.0.0.0 Safari/537.36"
35.196.58.77 - - [12/Nov/2024:14:49:22 -0500] "GET /?p=345 HTTP/1.0" 301 0 "-" "Mozilla/5.0/(X11; Linux x86_64) AppleWebKit/537.36 (KHTML, like Gecko) Chrome/125.0.0.0 Safari/537.36"
35.196.58.77 - - [12/Nov/2024:14:49:23 -0500] "GET /international/prospective-international-students/how-to-apply/ HTTP/1.0" 200 20756 "-" "Mozilla/5.0/(X11; Linux x86_64) AppleWebKit/537.36 (KHTML, like Gecko) Chrome/125.0.0.0 Safari/537.36"
66.249.68.38 - - [12/Nov/2024:14:51:13 -0500] "GET /programs/administrative-assistant-diploma HTTP/1.1" 301 0 "-" "Mozilla/5.0 (Linux; Android 6.0.1; Nexus 5X Build/MMB29P) AppleWebKit/537.36 (KHTML, like Gecko) Chrome/130.0.6723.116 Mobile Safari/537.36 (compatible; Googlebot/2.1; +http://www.google.com/bot.html)"
66.249.68.32 - - [12/Nov/2024:14:51:15 -0500] "GET /programs/administrative-assistant-diploma/ HTTP/1.1" 200 20386 "-" "Mozilla/5.0 (Linux; Android 6.0.1; Nexus 5X Build/MMB29P) AppleWebKit/537.36 (KHTML, like Gecko) Chrome/130.0.6723.116 Mobile Safari/537.36 (compatible; Googlebot/2.1; +http://www.google.com/bot.html)"
20.171.206.118 - - [12/Nov/2024:14:51:47 -0500] "GET /page/3/ HTTP/1.1" 200 20401 "-" "Mozilla/5.0 AppleWebKit/537.36 (KHTML, like Gecko; compatible; GPTBot/1.2; +https://openai.com/gptbot)"
51.222.253.12 - - [12/Nov/2024:14:51:48 -0500] "GET /category/news/page/2/ HTTP/1.1" 200 17336 "-" "Mozilla/5.0 (compatible; AhrefsBot/7.0; +http://ahrefs.com/robot/)"
68.65.122.142 - - [12/Nov/2024:14:53:21 -0500] "POST /wp-cron.php?doing_wp_cron=1731441201.9672269821166992187500 HTTP/1.1" 403 1242 "-" "WordPress/6.2.1; https://glenbowcollege.ca"
64.233.172.169 - - [12/Nov/2024:14:53:20 -0500] "GET /.well-known/traffic-advice HTTP/1.1" 404 14584 "-" "Chrome Privacy Preserving Prefetch Proxy"
72.14.201.215 - - [12/Nov/2024:14:53:34 -0500] "GET / HTTP/1.1" 200 20461 "https://www.google.com/" "Mozilla/5.0 (Linux; Android 10; K) AppleWebKit/537.36 (KHTML, like Gecko) Chrome/130.0.0.0 Mobile Safari/537.36"
193.186.4.244 - - [12/Nov/2024:14:53:38 -0500] "GET / HTTP/1.1" 200 20460 "https://www.google.com/" "Mozilla/5.0 (Linux; Android 10; K) AppleWebKit/537.36 (KHTML, like Gecko) Chrome/130.0.0.0 Mobile Safari/537.36"
68.65.122.142 - - [12/Nov/2024:14:55:17 -0500] "POST /wp-cron.php?doing_wp_cron=1731441317.4015500545501708984375 HTTP/1.1" 403 1242 "-" "WordPress/6.2.1; https://glenbowcollege.ca"
114.119.146.19 - - [12/Nov/2024:14:57:44 -0500] "GET /wp-includes/sodium_compat/src/Core32/Curve25519/Ge/?ND HTTP/1.1" 403 1242 "https://glenbowcollege.ca/wp-includes/sodium_compat/src/Core32/Curve25519/Ge/?NA" "Mozilla/5.0 (Linux; Android 7.0;) AppleWebKit/537.36 (KHTML, like Gecko) Mobile Safari/537.36 (compatible; PetalBot;+https://webmaster.petalsearch.com/site/petalbot)"
35.196.58.77 - - [12/Nov/2024:14:46:37 -0500] "GET /?p=169 HTTP/1.0" 301 0 "-" "Mozilla/5.0/(X11; Linux x86_64) AppleWebKit/537.36 (KHTML, like Gecko) Chrome/125.0.0.0 Safari/537.36"
35.196.58.77 - - [12/Nov/2024:14:46:39 -0500] "GET /current-student/ HTTP/1.0" 200 23029 "-" "Mozilla/5.0/(X11; Linux x86_64) AppleWebKit/537.36 (KHTML, like Gecko) Chrome/125.0.0.0 Safari/537.36"
35.196.58.77 - - [12/Nov/2024:14:46:50 -0500] "GET /?p=236 HTTP/1.0" 301 0 "-" "Mozilla/5.0/(X11; Linux x86_64) AppleWebKit/537.36 (KHTML, like Gecko) Chrome/125.0.0.0 Safari/537.36"
35.196.58.77 - - [12/Nov/2024:14:46:51 -0500] "GET /programs/computerized-accounting-and-payroll-diploma/ HTTP/1.0" 200 21533 "-" "Mozilla/5.0/(X11; Linux x86_64) AppleWebKit/537.36 (KHTML, like Gecko) Chrome/125.0.0.0 Safari/537.36"
35.196.58.77 - - [12/Nov/2024:14:47:27 -0500] "GET /programs/medical-office-administration-diploma/ HTTP/1.0" 200 22998 "-" "Mozilla/5.0/(X11; Linux x86_64) AppleWebKit/537.36 (KHTML, like Gecko) Chrome/125.0.0.0 Safari/537.36"
68.65.122.142 - - [12/Nov/2024:14:47:54 -0500] "POST /wp-cron.php?doing_wp_cron=1731440874.9691519737243652343750 HTTP/1.1" 403 1242 "-" "WordPress/6.2.1; https://glenbowcollege.ca"
35.196.58.77 - - [12/Nov/2024:14:47:53 -0500] "GET /?p=258 HTTP/1.0" 301 0 "-" "Mozilla/5.0/(X11; Linux x86_64) AppleWebKit/537.36 (KHTML, like Gecko) Chrome/125.0.0.0 Safari/537.36"
35.196.58.77 - - [12/Nov/2024:14:47:55 -0500] "GET /programs/administrative-assistant-diploma/ HTTP/1.0" 200 23400 "-" "Mozilla/5.0/(X11; Linux x86_64) AppleWebKit/537.36 (KHTML, like Gecko) Chrome/125.0.0.0 Safari/537.36"
35.196.58.77 - - [12/Nov/2024:14:48:00 -0500] "GET /certifications-esl/ HTTP/1.0" 200 23360 "-" "Mozilla/5.0/(X11; Linux x86_64) AppleWebKit/537.36 (KHTML, like Gecko) Chrome/125.0.0.0 Safari/537.36"
68.65.122.142 - - [12/Nov/2024:14:49:08 -0500] "POST /wp-cron.php?doing_wp_cron=1731440948.4186570644378662109375 HTTP/1.1" 403 1242 "-" "WordPress/6.2.1; https://glenbowcollege.ca"
35.196.58.77 - - [12/Nov/2024:14:49:08 -0500] "GET /programs/ HTTP/1.0" 200 19715 "-" "Mozilla/5.0/(X11; Linux x86_64) AppleWebKit/537.36 (KHTML, like Gecko) Chrome/125.0.0.0 Safari/537.36"
68.65.122.142 - - [12/Nov/2024:14:51:14 -0500] "POST /wp-cron.php?doing_wp_cron=1731441074.5796329975128173828125 HTTP/1.1" 403 1242 "-" "WordPress/6.2.1; https://glenbowcollege.ca"
20.171.206.118 - - [12/Nov/2024:14:51:43 -0500] "GET /page/4/ HTTP/1.1" 200 20355 "-" "Mozilla/5.0 AppleWebKit/537.36 (KHTML, like Gecko; compatible; GPTBot/1.2; +https://openai.com/gptbot)"
68.65.122.142 - - [12/Nov/2024:14:53:22 -0500] "POST /wp-cron.php?doing_wp_cron=1731441202.1403110027313232421875 HTTP/1.1" 403 1242 "-" "WordPress/6.2.1; https://glenbowcollege.ca"
193.186.4.215 - - [12/Nov/2024:14:53:21 -0500] "GET / HTTP/1.1" 200 20465 "https://www.google.com/" "Mozilla/5.0 (Linux; Android 10; K) AppleWebKit/537.36 (KHTML, like Gecko) Chrome/130.0.0.0 Mobile Safari/537.36"
51.222.253.11 - - [12/Nov/2024:14:55:16 -0500] "GET /international/international-about/why-choose-gc/ HTTP/1.1" 200 17351 "-" "Mozilla/5.0 (compatible; AhrefsBot/7.0; +http://ahrefs.com/robot/)"
40.77.167.50 - - [12/Nov/2024:14:58:59 -0500] "GET /foundersfeb0/aeecfd1434116.htm HTTP/1.1" 404 14990 "-" "Mozilla/5.0 AppleWebKit/537.36 (KHTML, like Gecko; compatible; bingbot/2.0; +http://www.bing.com/bingbot.htm) Chrome/116.0.1938.76 Safari/537.36"
17.241.227.125 - - [12/Nov/2024:14:59:21 -0500] "GET /certifications/chaplaincy/ HTTP/1.1" 200 20172 "-" "Mozilla/5.0 (Macintosh; Intel Mac OS X 10_15_7) AppleWebKit/605.1.15 (KHTML, like Gecko) Version/17.4 Safari/605.1.15 (Applebot/0.1; +http://www.apple.com/go/applebot)"
68.65.122.142 - - [12/Nov/2024:15:00:28 -0500] "POST /wp-cron.php?doing_wp_cron=1731441628.8374710083007812500000 HTTP/1.1" 403 1242 "-" "WordPress/6.2.1; https://glenbowcollege.ca"
68.65.122.142 - - [12/Nov/2024:14:59:01 -0500] "POST /wp-cron.php?doing_wp_cron=1731441541.0873548984527587890625 HTTP/1.1" 403 1242 "-" "WordPress/6.2.1; https://glenbowcollege.ca"
51.222.253.7 - - [12/Nov/2024:15:00:27 -0500] "GET /international/international-programs/medical-office-administration-diploma-program/ HTTP/1.1" 200 17986 "-" "Mozilla/5.0 (compatible; AhrefsBot/7.0; +http://ahrefs.com/robot/)"
17.246.23.96 - - [12/Nov/2024:15:01:17 -0500] "GET /wp-includes/js/dist/vendor/wp-polyfill.min.js?ver=3.15.0 HTTP/1.1" 200 8920 "https://glenbowcollege.ca/certifications/chaplaincy/" "Mozilla/5.0 (Macintosh; Intel Mac OS X 10_15_7) AppleWebKit/605.1.15 (KHTML, like Gecko) Version/17.4 Safari/605.1.15 (Applebot/0.1; +http://www.apple.com/go/applebot)"
17.246.19.250 - - [12/Nov/2024:15:01:18 -0500] "GET /wp-includes/js/jquery/jquery.min.js?ver=3.6.4 HTTP/1.1" 200 36727 "https://glenbowcollege.ca/certifications/chaplaincy/" "Mozilla/5.0 (Macintosh; Intel Mac OS X 10_15_7) AppleWebKit/605.1.15 (KHTML, like Gecko) Version/17.4 Safari/605.1.15 (Applebot/0.1; +http://www.apple.com/go/applebot)"
17.246.19.180 - - [12/Nov/2024:15:01:19 -0500] "GET /wp-includes/js/jquery/jquery-migrate.min.js?ver=3.4.0 HTTP/1.1" 200 6917 "https://glenbowcollege.ca/certifications/chaplaincy/" "Mozilla/5.0 (Macintosh; Intel Mac OS X 10_15_7) AppleWebKit/605.1.15 (KHTML, like Gecko) Version/17.4 Safari/605.1.15 (Applebot/0.1; +http://www.apple.com/go/applebot)"
17.246.19.27 - - [12/Nov/2024:15:01:20 -0500] "GET /wp-content/plugins/woocommerce-menu-bar-cart/assets/js/wpmenucart-ajax-assist.min.js?ver=2.14.2 HTTP/1.1" 200 2040 "https://glenbowcollege.ca/certifications/chaplaincy/" "Mozilla/5.0 (Macintosh; Intel Mac OS X 10_15_7) AppleWebKit/605.1.15 (KHTML, like Gecko) Version/17.4 Safari/605.1.15 (Applebot/0.1; +http://www.apple.com/go/applebot)"
17.246.23.96 - - [12/Nov/2024:15:01:20 -0500] "GET /wp-content/plugins/coblocks/dist/js/coblocks-animation.js?ver=3.1.5 HTTP/1.1" 200 1957 "https://glenbowcollege.ca/certifications/chaplaincy/" "Mozilla/5.0 (Macintosh; Intel Mac OS X 10_15_7) AppleWebKit/605.1.15 (KHTML, like Gecko) Version/17.4 Safari/605.1.15 (Applebot/0.1; +http://www.apple.com/go/applebot)"
17.246.15.238 - - [12/Nov/2024:15:01:21 -0500] "GET /wp-content/plugins/contact-form-7/includes/swv/js/index.js?ver=5.8.6 HTTP/1.1" 200 5276 "https://glenbowcollege.ca/certifications/chaplaincy/" "Mozilla/5.0 (Macintosh; Intel Mac OS X 10_15_7) AppleWebKit/605.1.15 (KHTML, like Gecko) Version/17.4 Safari/605.1.15 (Applebot/0.1; +http://www.apple.com/go/applebot)"
17.246.19.27 - - [12/Nov/2024:15:01:22 -0500] "GET /wp-content/plugins/contact-form-7/includes/js/index.js?ver=5.8.6 HTTP/1.1" 200 6334 "https://glenbowcollege.ca/certifications/chaplaincy/" "Mozilla/5.0 (Macintosh; Intel Mac OS X 10_15_7) AppleWebKit/605.1.15 (KHTML, like Gecko) Version/17.4 Safari/605.1.15 (Applebot/0.1; +http://www.apple.com/go/applebot)"
17.246.19.180 - - [12/Nov/2024:15:01:23 -0500] "GET /wp-content/plugins/woocommerce/assets/js/jquery-blockui/jquery.blockUI.min.js?ver=2.7.0-wc.7.8.0 HTTP/1.1" 200 5411 "https://glenbowcollege.ca/certifications/chaplaincy/" "Mozilla/5.0 (Macintosh; Intel Mac OS X 10_15_7) AppleWebKit/605.1.15 (KHTML, like Gecko) Version/17.4 Safari/605.1.15 (Applebot/0.1; +http://www.apple.com/go/applebot)"
17.246.19.249 - - [12/Nov/2024:15:01:25 -0500] "GET /wp-content/plugins/woocommerce/assets/js/js-cookie/js.cookie.min.js?ver=2.1.4-wc.7.8.0 HTTP/1.1" 200 2677 "https://glenbowcollege.ca/certifications/chaplaincy/" "Mozilla/5.0 (Macintosh; Intel Mac OS X 10_15_7) AppleWebKit/605.1.15 (KHTML, like Gecko) Version/17.4 Safari/605.1.15 (Applebot/0.1; +http://www.apple.com/go/applebot)"
17.246.23.191 - - [12/Nov/2024:15:01:26 -0500] "GET /wp-content/themes/education-hub-pro/js/skip-link-focus-fix.min.js?ver=20130115 HTTP/1.1" 200 2024 "https://glenbowcollege.ca/certifications/chaplaincy/" "Mozilla/5.0 (Macintosh; Intel Mac OS X 10_15_7) AppleWebKit/605.1.15 (KHTML, like Gecko) Version/17.4 Safari/605.1.15 (Applebot/0.1; +http://www.apple.com/go/applebot)"
17.246.23.225 - - [12/Nov/2024:15:01:26 -0500] "GET /wp-content/themes/education-hub-pro/third-party/cycle2/js/jquery.cycle2.min.js?ver=2.1.6 HTTP/1.1" 200 9702 "https://glenbowcollege.ca/certifications/chaplaincy/" "Mozilla/5.0 (Macintosh; Intel Mac OS X 10_15_7) AppleWebKit/605.1.15 (KHTML, like Gecko) Version/17.4 Safari/605.1.15 (Applebot/0.1; +http://www.apple.com/go/applebot)"
17.246.19.26 - - [12/Nov/2024:15:01:27 -0500] "GET /wp-content/themes/education-hub-pro/js/custom.min.js?ver=1.0 HTTP/1.1" 200 2260 "https://glenbowcollege.ca/certifications/chaplaincy/" "Mozilla/5.0 (Macintosh; Intel Mac OS X 10_15_7) AppleWebKit/605.1.15 (KHTML, like Gecko) Version/17.4 Safari/605.1.15 (Applebot/0.1; +http://www.apple.com/go/applebot)"
17.246.23.234 - - [12/Nov/2024:15:01:28 -0500] "GET /wp-content/themes/education-hub-pro/js/navigation.min.js?ver=20160421 HTTP/1.1" 200 2920 "https://glenbowcollege.ca/certifications/chaplaincy/" "Mozilla/5.0 (Macintosh; Intel Mac OS X 10_15_7) AppleWebKit/605.1.15 (KHTML, like Gecko) Version/17.4 Safari/605.1.15 (Applebot/0.1; +http://www.apple.com/go/applebot)"
17.246.15.153 - - [12/Nov/2024:15:01:28 -0500] "GET /wp-includes/js/wp-emoji-release.min.js?ver=6.2.1 HTTP/1.1" 200 7506 "https://glenbowcollege.ca/certifications/chaplaincy/" "Mozilla/5.0 (Macintosh; Intel Mac OS X 10_15_7) AppleWebKit/605.1.15 (KHTML, like Gecko) Version/17.4 Safari/605.1.15 (Applebot/0.1; +http://www.apple.com/go/applebot)"
17.246.23.12 - - [12/Nov/2024:15:01:29 -0500] "GET /wp-includes/js/dist/vendor/wp-polyfill-inert.min.js?ver=3.1.2 HTTP/1.1" 200 4487 "https://glenbowcollege.ca/certifications/chaplaincy/" "Mozilla/5.0 (Macintosh; Intel Mac OS X 10_15_7) AppleWebKit/605.1.15 (KHTML, like Gecko) Version/17.4 Safari/605.1.15 (Applebot/0.1; +http://www.apple.com/go/applebot)"
17.246.15.238 - - [12/Nov/2024:15:01:17 -0500] "GET /wp-includes/js/dist/vendor/regenerator-runtime.min.js?ver=0.13.11 HTTP/1.1" 200 4406 "https://glenbowcollege.ca/certifications/chaplaincy/" "Mozilla/5.0 (Macintosh; Intel Mac OS X 10_15_7) AppleWebKit/605.1.15 (KHTML, like Gecko) Version/17.4 Safari/605.1.15 (Applebot/0.1; +http://www.apple.com/go/applebot)"
17.246.23.247 - - [12/Nov/2024:15:01:18 -0500] "GET /wp-includes/js/dist/hooks.min.js?ver=4169d3cf8e8d95a3d6d5 HTTP/1.1" 200 3499 "https://glenbowcollege.ca/certifications/chaplaincy/" "Mozilla/5.0 (Macintosh; Intel Mac OS X 10_15_7) AppleWebKit/605.1.15 (KHTML, like Gecko) Version/17.4 Safari/605.1.15 (Applebot/0.1; +http://www.apple.com/go/applebot)"
17.246.15.238 - - [12/Nov/2024:15:01:19 -0500] "GET /wp-content/plugins/add-to-cart-direct-checkout-for-woocommerce/public/js/pi-dcw-public.js?ver=2.1.64 HTTP/1.1" 200 2962 "https://glenbowcollege.ca/certifications/chaplaincy/" "Mozilla/5.0 (Macintosh; Intel Mac OS X 10_15_7) AppleWebKit/605.1.15 (KHTML, like Gecko) Version/17.4 Safari/605.1.15 (Applebot/0.1; +http://www.apple.com/go/applebot)"
17.246.19.180 - - [12/Nov/2024:15:01:21 -0500] "GET /wp-content/plugins/coblocks/dist/js/coblocks-tinyswiper-initializer.js?ver=3.1.5 HTTP/1.1" 200 7498 "https://glenbowcollege.ca/certifications/chaplaincy/" "Mozilla/5.0 (Macintosh; Intel Mac OS X 10_15_7) AppleWebKit/605.1.15 (KHTML, like Gecko) Version/17.4 Safari/605.1.15 (Applebot/0.1; +http://www.apple.com/go/applebot)"
17.246.19.6 - - [12/Nov/2024:15:01:23 -0500] "GET /wp-content/plugins/product-open-pricing-name-your-price-for-woocommerce/includes/js/alg-wc-pop-frontend.js?ver=1.7.1 HTTP/1.1" 200 2211 "https://glenbowcollege.ca/certifications/chaplaincy/" "Mozilla/5.0 (Macintosh; Intel Mac OS X 10_15_7) AppleWebKit/605.1.15 (KHTML, like Gecko) Version/17.4 Safari/605.1.15 (Applebot/0.1; +http://www.apple.com/go/applebot)"
17.246.23.225 - - [12/Nov/2024:15:01:24 -0500] "GET /wp-content/plugins/woocommerce/assets/js/frontend/add-to-cart.min.js?ver=7.8.0 HTTP/1.1" 200 2888 "https://glenbowcollege.ca/certifications/chaplaincy/" "Mozilla/5.0 (Macintosh; Intel Mac OS X 10_15_7) AppleWebKit/605.1.15 (KHTML, like Gecko) Version/17.4 Safari/605.1.15 (Applebot/0.1; +http://www.apple.com/go/applebot)"
17.246.19.6 - - [12/Nov/2024:15:01:25 -0500] "GET /wp-content/plugins/woocommerce/assets/js/frontend/woocommerce.min.js?ver=7.8.0 HTTP/1.1" 200 2580 "https://glenbowcollege.ca/certifications/chaplaincy/" "Mozilla/5.0 (Macintosh; Intel Mac OS X 10_15_7) AppleWebKit/605.1.15 (KHTML, like Gecko) Version/17.4 Safari/605.1.15 (Applebot/0.1; +http://www.apple.com/go/applebot)"
17.246.15.153 - - [12/Nov/2024:15:01:26 -0500] "GET /wp-content/plugins/coblocks/dist/js/vendors/tiny-swiper.js?ver=3.1.5 HTTP/1.1" 200 6225 "https://glenbowcollege.ca/certifications/chaplaincy/" "Mozilla/5.0 (Macintosh; Intel Mac OS X 10_15_7) AppleWebKit/605.1.15 (KHTML, like Gecko) Version/17.4 Safari/605.1.15 (Applebot/0.1; +http://www.apple.com/go/applebot)"
17.246.19.249 - - [12/Nov/2024:15:01:27 -0500] "GET /wp-content/themes/education-hub-pro/third-party/ticker/jquery.easy-ticker.min.js?ver=2.0 HTTP/1.1" 200 2918 "https://glenbowcollege.ca/certifications/chaplaincy/" "Mozilla/5.0 (Macintosh; Intel Mac OS X 10_15_7) AppleWebKit/605.1.15 (KHTML, like Gecko) Version/17.4 Safari/605.1.15 (Applebot/0.1; +http://www.apple.com/go/applebot)"
20.171.206.105 - - [12/Nov/2024:15:04:47 -0500] "GET /page/4/ HTTP/1.1" 200 20361 "-" "Mozilla/5.0 AppleWebKit/537.36 (KHTML, like Gecko; compatible; GPTBot/1.2; +https://openai.com/gptbot)"
40.77.167.50 - - [12/Nov/2024:15:05:32 -0500] "GET /brushes76b/ HTTP/1.1" 404 14966 "-" "Mozilla/5.0 AppleWebKit/537.36 (KHTML, like Gecko; compatible; bingbot/2.0; +http://www.bing.com/bingbot.htm) Chrome/116.0.1938.76 Safari/537.36"
84.54.44.204 - - [12/Nov/2024:15:07:10 -0500] "GET /comment/?success&formid=1 HTTP/1.0" 200 84967 "https://glenbowcollege.ca/?success&formid=1" "Mozilla/5.0 (Windows NT 10.0; Win64; x64) AppleWebKit/537.36 (KHTML, like Gecko) Chrome/124.0.6367.92 Safari/537.36"
68.65.122.142 - - [12/Nov/2024:15:08:42 -0500] "POST /wp-cron.php?doing_wp_cron=1731442122.4429121017456054687500 HTTP/1.1" 403 1242 "-" "WordPress/6.2.1; https://glenbowcollege.ca"
66.249.68.39 - - [12/Nov/2024:15:08:41 -0500] "GET /programs/education-assistant-diploma/ HTTP/1.1" 200 18955 "-" "Mozilla/5.0 (Linux; Android 6.0.1; Nexus 5X Build/MMB29P) AppleWebKit/537.36 (KHTML, like Gecko) Chrome/130.0.6723.116 Mobile Safari/537.36 (compatible; Googlebot/2.1; +http://www.google.com/bot.html)"
66.249.68.38 - - [12/Nov/2024:15:08:44 -0500] "GET /wp-includes/css/dist/block-library/style.min.css?ver=6.2.1 HTTP/1.1" 200 11775 "https://glenbowcollege.ca/programs/education-assistant-diploma/" "Mozilla/5.0 (Linux; Android 6.0.1; Nexus 5X Build/MMB29P) AppleWebKit/537.36 (KHTML, like Gecko) Chrome/130.0.6723.69 Mobile Safari/537.36 (compatible; Googlebot/2.1; +http://www.google.com/bot.html)"
66.249.68.39 - - [12/Nov/2024:15:08:45 -0500] "GET /wp-content/plugins/woocommerce/assets/js/js-cookie/js.cookie.min.js?ver=2.1.4-wc.7.8.0 HTTP/1.1" 200 2490 "https://glenbowcollege.ca/programs/education-assistant-diploma/" "Mozilla/5.0 (Linux; Android 6.0.1; Nexus 5X Build/MMB29P) AppleWebKit/537.36 (KHTML, like Gecko) Chrome/130.0.6723.69 Mobile Safari/537.36 (compatible; Googlebot/2.1; +http://www.google.com/bot.html)"
54.39.104.60 - - [12/Nov/2024:15:12:35 -0500] "GET / HTTP/1.1" 301 0 "http://www.glenbowcollege.ca" "Mozilla/5.0 (Windows NT 6.1; Win64; x64; +http://url-classification.io/wiki/index.php?title=URL_server_crawler) KStandBot/1.0"
54.39.104.60 - - [12/Nov/2024:15:12:37 -0500] "GET / HTTP/1.1" 200 88794 "https://www.glenbowcollege.ca/" "Mozilla/5.0 (Windows NT 6.1; Win64; x64; +http://url-classification.io/wiki/index.php?title=URL_server_crawler) KStandBot/1.0"
68.65.122.142 - - [12/Nov/2024:15:17:57 -0500] "POST /wp-cron.php?doing_wp_cron=1731442677.8735589981079101562500 HTTP/1.1" 403 1242 "-" "WordPress/6.2.1; https://glenbowcollege.ca"
51.222.253.18 - - [12/Nov/2024:15:17:56 -0500] "GET /tag/esl/feed/ HTTP/1.1" 200 1550 "-" "Mozilla/5.0 (compatible; AhrefsBot/7.0; +http://ahrefs.com/robot/)"
68.65.122.142 - - [12/Nov/2024:15:04:48 -0500] "POST /wp-cron.php?doing_wp_cron=1731441888.3440148830413818359375 HTTP/1.1" 403 1242 "-" "WordPress/6.2.1; https://glenbowcollege.ca"
68.65.122.142 - - [12/Nov/2024:15:07:07 -0500] "POST /wp-cron.php?doing_wp_cron=1731442027.0005149841308593750000 HTTP/1.1" 403 1242 "-" "WordPress/6.2.1; https://glenbowcollege.ca"
84.54.44.204 - - [12/Nov/2024:15:07:05 -0500] "GET /comment/ HTTP/1.0" 200 95499 "https://glenbowcollege.ca/comment/" "Mozilla/5.0 (Windows NT 10.0; Win64; x64) AppleWebKit/537.36 (KHTML, like Gecko) Chrome/124.0.6367.92 Safari/537.36"
84.54.44.204 - - [12/Nov/2024:15:07:08 -0500] "POST /comment/ HTTP/1.0" 302 0 "https://glenbowcollege.ca/comment/" "Mozilla/5.0 (Windows NT 10.0; Win64; x64) AppleWebKit/537.36 (KHTML, like Gecko) Chrome/124.0.6367.92 Safari/537.36"
66.249.68.38 - - [12/Nov/2024:15:08:44 -0500] "GET /wp-content/plugins/woocommerce/assets/css/woocommerce.css?ver=7.8.0 HTTP/1.1" 200 8786 "https://glenbowcollege.ca/programs/education-assistant-diploma/" "Mozilla/5.0 (Linux; Android 6.0.1; Nexus 5X Build/MMB29P) AppleWebKit/537.36 (KHTML, like Gecko) Chrome/130.0.6723.69 Mobile Safari/537.36 (compatible; Googlebot/2.1; +http://www.google.com/bot.html)"
66.249.68.32 - - [12/Nov/2024:15:08:45 -0500] "GET /wp-content/plugins/coblocks/includes/Dependencies/GoDaddy/Styles/build/latest.css?ver=2.0.2 HTTP/1.1" 200 1313 "https://glenbowcollege.ca/programs/education-assistant-diploma/" "Mozilla/5.0 (Linux; Android 6.0.1; Nexus 5X Build/MMB29P) AppleWebKit/537.36 (KHTML, like Gecko) Chrome/130.0.6723.69 Mobile Safari/537.36 (compatible; Googlebot/2.1; +http://www.google.com/bot.html)"
5.78.123.225 - - [12/Nov/2024:15:08:51 -0500] "GET /category/news/ HTTP/1.1" 200 18606 "-" "Mozilla/5.0 (Windows NT 10.0; Win64; x64) AppleWebKit/537.36 (KHTML, like Gecko) Chrome/124.0.0.0 Safari/537.36"
68.65.122.142 - - [12/Nov/2024:15:26:25 -0500] "POST /wp-cron.php?doing_wp_cron=1731443185.5268919467926025390625 HTTP/1.1" 403 1242 "-" "WordPress/6.2.1; https://glenbowcollege.ca"
114.119.146.195 - - [12/Nov/2024:15:22:56 -0500] "GET /wp-includes/js/dist/html-entities.js HTTP/1.1" 200 3151 "https://glenbowcollege.ca/wp-includes/js/dist/" "Mozilla/5.0 (Linux; Android 7.0;) AppleWebKit/537.36 (KHTML, like Gecko) Mobile Safari/537.36 (compatible; PetalBot;+https://webmaster.petalsearch.com/site/petalbot)"
51.222.253.5 - - [12/Nov/2024:15:26:24 -0500] "GET /international/international-about/world-class-education/ HTTP/1.1" 200 17300 "-" "Mozilla/5.0 (compatible; AhrefsBot/7.0; +http://ahrefs.com/robot/)"
68.65.122.142 - - [12/Nov/2024:15:34:30 -0500] "POST /wp-cron.php?doing_wp_cron=1731443670.0673189163208007812500 HTTP/1.1" 403 1242 "-" "WordPress/6.2.1; https://glenbowcollege.ca"
51.222.253.13 - - [12/Nov/2024:15:34:28 -0500] "GET /international/ HTTP/1.1" 200 17440 "-" "Mozilla/5.0 (compatible; AhrefsBot/7.0; +http://ahrefs.com/robot/)"
68.65.122.142 - - [12/Nov/2024:15:41:39 -0500] "POST /wp-cron.php?doing_wp_cron=1731444099.2777960300445556640625 HTTP/1.1" 403 1242 "-" "WordPress/6.2.1; https://glenbowcollege.ca"
68.65.122.142 - - [12/Nov/2024:15:46:32 -0500] "POST /wp-cron.php?doing_wp_cron=1731444392.4344029426574707031250 HTTP/1.1" 403 1242 "-" "WordPress/6.2.1; https://glenbowcollege.ca"
195.2.67.184 - - [12/Nov/2024:15:46:33 -0500] "POST /comment/ HTTP/1.0" 302 0 "https://glenbowcollege.ca/comment/" "Mozilla/5.0 (Windows NT 10.0.0; Win64; x64; ) AppleWebKit/537.36 (KHTML, like Gecko) Chrome/124.0.6367.119 Chrome/124.0.6367.119 Not-A.Brand/99 Safari/537.36"
195.2.67.184 - - [12/Nov/2024:15:46:35 -0500] "GET /comment/?success&formid=1 HTTP/1.0" 200 84997 "https://glenbowcollege.ca/?success&formid=1" "Mozilla/5.0 (Windows NT 10.0.0; Win64; x64; ) AppleWebKit/537.36 (KHTML, like Gecko) Chrome/124.0.6367.119 Chrome/124.0.6367.119 Not-A.Brand/99 Safari/537.36"
51.222.253.7 - - [12/Nov/2024:15:49:55 -0500] "GET /international/current-international-students/academic-policies/ HTTP/1.1" 200 21924 "-" "Mozilla/5.0 (compatible; AhrefsBot/7.0; +http://ahrefs.com/robot/)"
51.222.253.9 - - [12/Nov/2024:15:41:38 -0500] "GET /2024/08/22/dyslexia-awareness-conference-2/ HTTP/1.1" 200 17511 "-" "Mozilla/5.0 (compatible; AhrefsBot/7.0; +http://ahrefs.com/robot/)"
161.35.15.229 - - [12/Nov/2024:15:45:24 -0500] "POST /wp-load.php?00ecb9=30562 HTTP/1.1" 403 1242 "-" "Mozilla/5.0 (Windows NT 10.0; Win64; x64) AppleWebKit/537.36 (KHTML, like Gecko) Chrome/104.0.5112.97 Safari/537.36"
195.2.67.184 - - [12/Nov/2024:15:46:31 -0500] "GET /comment/ HTTP/1.0" 200 95471 "https://glenbowcollege.ca/comment/" "Mozilla/5.0 (Windows NT 10.0.0; Win64; x64; ) AppleWebKit/537.36 (KHTML, like Gecko) Chrome/124.0.6367.119 Chrome/124.0.6367.119 Not-A.Brand/99 Safari/537.36"
68.65.122.142 - - [12/Nov/2024:15:49:56 -0500] "POST /wp-cron.php?doing_wp_cron=1731444596.9378800392150878906250 HTTP/1.1" 403 1242 "-" "WordPress/6.2.1; https://glenbowcollege.ca"
104.196.115.254 - - [12/Nov/2024:15:53:43 -0500] "GET /robots.txt HTTP/1.0" 200 242 "-" "Mozilla/5.0/(X11; Linux x86_64) AppleWebKit/537.36 (KHTML, like Gecko) Chrome/125.0.0.0 Safari/537.36"
178.20.46.206 - - [12/Nov/2024:15:55:31 -0500] "GET /comment/ HTTP/1.0" 200 95491 "https://glenbowcollege.ca/comment/" "Mozilla/5.0 (Windows NT 10.0; Win64; x64; ) AppleWebKit/537.36 (KHTML, like Gecko) Chrome/124.0.6367.61 Chrome/124.0.6367.61 Not-A.Brand/99 Safari/537.36"
178.20.46.206 - - [12/Nov/2024:15:55:33 -0500] "POST /comment/ HTTP/1.0" 302 0 "https://glenbowcollege.ca/comment/" "Mozilla/5.0 (Windows NT 10.0; Win64; x64; ) AppleWebKit/537.36 (KHTML, like Gecko) Chrome/124.0.6367.61 Chrome/124.0.6367.61 Not-A.Brand/99 Safari/537.36"
104.196.115.254 - - [12/Nov/2024:15:53:44 -0500] "GET / HTTP/1.0" 200 23163 "-" "Mozilla/5.0/(X11; Linux x86_64) AppleWebKit/537.36 (KHTML, like Gecko) Chrome/125.0.0.0 Safari/537.36"
43.130.3.122 - - [12/Nov/2024:15:54:13 -0500] "GET / HTTP/1.1" 200 23169 "http://glenbowcollege.ca/" "Mozilla/5.0 (iPhone; CPU iPhone OS 13_2_3 like Mac OS X) AppleWebKit/605.1.15 (KHTML, like Gecko) Version/13.0.3 Mobile/15E148 Safari/604.1"
68.65.122.142 - - [12/Nov/2024:15:55:25 -0500] "POST /wp-cron.php?doing_wp_cron=1731444925.7436969280242919921875 HTTP/1.1" 403 1242 "-" "WordPress/6.2.1; https://glenbowcollege.ca"
178.20.46.206 - - [12/Nov/2024:15:55:24 -0500] "GET /comment/?success&formid=1 HTTP/1.0" 200 84982 "https://glenbowcollege.ca/comment/?success&formid=1" "Mozilla/5.0 (Windows NT 10.0; Win64; x64; ) AppleWebKit/537.36 (KHTML, like Gecko) Chrome/124.0.6367.61 Chrome/124.0.6367.61 Not-A.Brand/99 Safari/537.36"
178.20.46.206 - - [12/Nov/2024:15:55:27 -0500] "GET /2020/02/23/blog/ HTTP/1.0" 200 83430 "https://glenbowcollege.ca/2020/02/23/blog/" "Mozilla/5.0 (Windows NT 10.0; Win64; x64; ) AppleWebKit/537.36 (KHTML, like Gecko) Chrome/124.0.6367.61 Chrome/124.0.6367.61 Not-A.Brand/99 Safari/537.36"
178.20.46.206 - - [12/Nov/2024:15:55:29 -0500] "GET /category/blog/ HTTP/1.0" 200 70465 "https://glenbowcollege.ca/category/blog/" "Mozilla/5.0 (Windows NT 10.0; Win64; x64; ) AppleWebKit/537.36 (KHTML, like Gecko) Chrome/124.0.6367.61 Chrome/124.0.6367.61 Not-A.Brand/99 Safari/537.36"
178.20.46.206 - - [12/Nov/2024:15:55:35 -0500] "GET /comment/?success&formid=1 HTTP/1.0" 200 84992 "https://glenbowcollege.ca/?success&formid=1" "Mozilla/5.0 (Windows NT 10.0; Win64; x64; ) AppleWebKit/537.36 (KHTML, like Gecko) Chrome/124.0.6367.61 Chrome/124.0.6367.61 Not-A.Brand/99 Safari/537.36"
104.196.115.254 - - [12/Nov/2024:15:56:13 -0500] "GET /robots.txt HTTP/1.0" 200 242 "-" "Mozilla/5.0/(X11; Linux x86_64) AppleWebKit/537.36 (KHTML, like Gecko) Chrome/125.0.0.0 Safari/537.36"
104.196.115.254 - - [12/Nov/2024:15:56:13 -0500] "GET / HTTP/1.0" 301 0 "-" "Mozilla/5.0/(X11; Linux x86_64) AppleWebKit/537.36 (KHTML, like Gecko) Chrome/125.0.0.0 Safari/537.36"
68.65.122.142 - - [12/Nov/2024:15:58:05 -0500] "POST /wp-cron.php?doing_wp_cron=1731445085.9878339767456054687500 HTTP/1.1" 403 1242 "-" "WordPress/6.2.1; https://glenbowcollege.ca"
51.222.253.14 - - [12/Nov/2024:15:58:04 -0500] "GET /about/contact-us/ HTTP/1.1" 200 18108 "-" "Mozilla/5.0 (compatible; AhrefsBot/7.0; +http://ahrefs.com/robot/)"
35.231.193.205 - - [12/Nov/2024:16:19:54 -0500] "GET /robots.txt HTTP/1.0" 200 242 "-" "Mozilla/5.0/(X11; Linux x86_64) AppleWebKit/537.36 (KHTML, like Gecko) Chrome/125.0.0.0 Safari/537.36"
35.231.193.205 - - [12/Nov/2024:16:19:54 -0500] "GET /xmlrpc.php?rsd HTTP/1.0" 403 1242 "-" "Mozilla/5.0/(X11; Linux x86_64) AppleWebKit/537.36 (KHTML, like Gecko) Chrome/125.0.0.0 Safari/537.36"
35.231.193.205 - - [12/Nov/2024:16:19:54 -0500] "GET /about/why-us/ HTTP/1.0" 200 20866 "-" "Mozilla/5.0/(X11; Linux x86_64) AppleWebKit/537.36 (KHTML, like Gecko) Chrome/125.0.0.0 Safari/537.36"
35.231.193.205 - - [12/Nov/2024:16:19:56 -0500] "GET /certifications-esl/ HTTP/1.0" 200 23348 "-" "Mozilla/5.0/(X11; Linux x86_64) AppleWebKit/537.36 (KHTML, like Gecko) Chrome/125.0.0.0 Safari/537.36"
35.231.193.205 - - [12/Nov/2024:16:19:56 -0500] "GET /about/academic/ HTTP/1.0" 200 20290 "-" "Mozilla/5.0/(X11; Linux x86_64) AppleWebKit/537.36 (KHTML, like Gecko) Chrome/125.0.0.0 Safari/537.36"
35.231.193.205 - - [12/Nov/2024:16:19:58 -0500] "GET /page/2/ HTTP/1.0" 200 23154 "-" "Mozilla/5.0/(X11; Linux x86_64) AppleWebKit/537.36 (KHTML, like Gecko) Chrome/125.0.0.0 Safari/537.36"
35.231.193.205 - - [12/Nov/2024:16:19:58 -0500] "GET /programs/hospitality-management-diploma-program/ HTTP/1.0" 200 22096 "-" "Mozilla/5.0/(X11; Linux x86_64) AppleWebKit/537.36 (KHTML, like Gecko) Chrome/125.0.0.0 Safari/537.36"
35.231.193.205 - - [12/Nov/2024:16:20:00 -0500] "GET /programs/medical-office-administration-diploma/ HTTP/1.0" 200 22985 "-" "Mozilla/5.0/(X11; Linux x86_64) AppleWebKit/537.36 (KHTML, like Gecko) Chrome/125.0.0.0 Safari/537.36"
35.231.193.205 - - [12/Nov/2024:16:20:02 -0500] "GET /international/work-with-pipa/ HTTP/1.0" 200 23759 "-" "Mozilla/5.0/(X11; Linux x86_64) AppleWebKit/537.36 (KHTML, like Gecko) Chrome/125.0.0.0 Safari/537.36"
35.231.193.205 - - [12/Nov/2024:16:20:02 -0500] "GET /testimonial/mirgul-shamshieva/ HTTP/1.0" 200 19413 "-" "Mozilla/5.0/(X11; Linux x86_64) AppleWebKit/537.36 (KHTML, like Gecko) Chrome/125.0.0.0 Safari/537.36"
35.231.193.205 - - [12/Nov/2024:16:20:06 -0500] "GET /international/international-programs/administrative-professional-diploma-program/ HTTP/1.0" 200 20641 "-" "Mozilla/5.0/(X11; Linux x86_64) AppleWebKit/537.36 (KHTML, like Gecko) Chrome/125.0.0.0 Safari/537.36"
35.231.193.205 - - [12/Nov/2024:16:20:51 -0500] "GET /about/ HTTP/1.0" 200 19856 "-" "Mozilla/5.0/(X11; Linux x86_64) AppleWebKit/537.36 (KHTML, like Gecko) Chrome/125.0.0.0 Safari/537.36"
35.231.193.205 - - [12/Nov/2024:16:20:51 -0500] "GET /international/international-about/ HTTP/1.0" 200 19900 "-" "Mozilla/5.0/(X11; Linux x86_64) AppleWebKit/537.36 (KHTML, like Gecko) Chrome/125.0.0.0 Safari/537.36"
68.65.122.142 - - [12/Nov/2024:16:21:08 -0500] "POST /?wordfence_syncAttackData=1731446468.9197 HTTP/1.1" 200 0 "-" "WordPress/6.2.1; https://glenbowcollege.ca"
35.231.193.205 - - [12/Nov/2024:16:21:08 -0500] "GET /2024/08/22/2176/ HTTP/1.0" 200 19609 "-" "Mozilla/5.0/(X11; Linux x86_64) AppleWebKit/537.36 (KHTML, like Gecko) Chrome/125.0.0.0 Safari/537.36"
35.231.193.205 - - [12/Nov/2024:16:22:25 -0500] "GET /admissions/ HTTP/1.0" 200 20810 "-" "Mozilla/5.0/(X11; Linux x86_64) AppleWebKit/537.36 (KHTML, like Gecko) Chrome/125.0.0.0 Safari/537.36"
35.231.193.205 - - [12/Nov/2024:16:22:58 -0500] "GET /international/prospective-international-students/application-processing-time/ HTTP/1.0" 200 19283 "-" "Mozilla/5.0/(X11; Linux x86_64) AppleWebKit/537.36 (KHTML, like Gecko) Chrome/125.0.0.0 Safari/537.36"
68.65.122.142 - - [12/Nov/2024:16:23:49 -0500] "POST /wp-cron.php?doing_wp_cron=1731446629.8473019599914550781250 HTTP/1.1" 403 1242 "-" "WordPress/6.2.1; https://glenbowcollege.ca"
35.231.193.205 - - [12/Nov/2024:16:24:27 -0500] "GET /international/prospective-international-students/ HTTP/1.0" 200 19194 "-" "Mozilla/5.0/(X11; Linux x86_64) AppleWebKit/537.36 (KHTML, like Gecko) Chrome/125.0.0.0 Safari/537.36"
35.231.193.205 - - [12/Nov/2024:16:19:54 -0500] "GET /robots.txt HTTP/1.0" 200 242 "-" "Mozilla/5.0/(X11; Linux x86_64) AppleWebKit/537.36 (KHTML, like Gecko) Chrome/125.0.0.0 Safari/537.36"
68.65.122.142 - - [12/Nov/2024:16:19:55 -0500] "POST /wp-cron.php?doing_wp_cron=1731446395.8374800682067871093750 HTTP/1.1" 403 1242 "-" "WordPress/6.2.1; https://glenbowcollege.ca"
35.231.193.205 - - [12/Nov/2024:16:20:00 -0500] "GET /testimonial/daskalos/ HTTP/1.0" 200 19440 "-" "Mozilla/5.0/(X11; Linux x86_64) AppleWebKit/537.36 (KHTML, like Gecko) Chrome/125.0.0.0 Safari/537.36"
35.231.193.205 - - [12/Nov/2024:16:20:04 -0500] "GET /international/international-programs/computerized-accounting-payroll-diploma-program/ HTTP/1.0" 200 19980 "-" "Mozilla/5.0/(X11; Linux x86_64) AppleWebKit/537.36 (KHTML, like Gecko) Chrome/125.0.0.0 Safari/537.36"
35.231.193.205 - - [12/Nov/2024:16:20:04 -0500] "GET /international/current-international-students/ HTTP/1.0" 200 19398 "-" "Mozilla/5.0/(X11; Linux x86_64) AppleWebKit/537.36 (KHTML, like Gecko) Chrome/125.0.0.0 Safari/537.36"
35.231.193.205 - - [12/Nov/2024:16:20:06 -0500] "GET /international/international-about/world-class-education/ HTTP/1.0" 200 19682 "-" "Mozilla/5.0/(X11; Linux x86_64) AppleWebKit/537.36 (KHTML, like Gecko) Chrome/125.0.0.0 Safari/537.36"
