Server IP : 68.65.122.142 / Your IP : 18.226.52.80 Web Server : LiteSpeed System : Linux server167.web-hosting.com 4.18.0-513.18.1.lve.el8.x86_64 #1 SMP Thu Feb 22 12:55:50 UTC 2024 x86_64 User : glenirhm ( 1318) PHP Version : 7.4.33 Disable Function : NONE MySQL : OFF | cURL : ON | WGET : ON | Perl : ON | Python : ON Directory (0750) : /home/glenirhm/.ftp-scan/../access-logs/ |
[ Home ] | [ C0mmand ] | [ Upload File ] |
---|
68.65.122.142 - - [12/Nov/2024:07:25:04 -0500] "POST /wp-cron.php?doing_wp_cron=1731414304.4427409172058105468750 HTTP/1.1" 403 1242 "-" "WordPress/6.2.1; https://glenbowcollege.ca"
68.65.122.142 - - [12/Nov/2024:07:30:20 -0500] "POST /wp-cron.php?doing_wp_cron=1731414620.8936309814453125000000 HTTP/1.1" 403 1242 "-" "WordPress/6.2.1; https://glenbowcollege.ca"
83.99.151.64 - - [12/Nov/2024:07:30:19 -0500] "GET / HTTP/1.1" 301 0 "-" "Mozilla/5.0 AppleWebKit/537.36 (KHTML, like Gecko; compatible; GeedoProductSearch; +http://www.geedo.com/product-search.html) Chrome/79.0.3945.88 Safari/537.36"
83.99.151.69 - - [12/Nov/2024:07:32:58 -0500] "GET /reprehendingzxj.xml HTTP/1.1" 301 0 "-" "Mozilla/5.0 AppleWebKit/537.36 (KHTML, like Gecko; compatible; GeedoProductSearch; +http://www.geedo.com/product-search.html) Chrome/79.0.3945.88 Safari/537.36"
83.99.151.69 - - [12/Nov/2024:07:33:17 -0500] "GET /harpyeagleiki.xml HTTP/1.1" 301 0 "-" "Mozilla/5.0 AppleWebKit/537.36 (KHTML, like Gecko; compatible; GeedoProductSearch; +http://www.geedo.com/product-search.html) Chrome/79.0.3945.88 Safari/537.36"
83.99.151.69 - - [12/Nov/2024:07:33:23 -0500] "GET /laoighisolw.xml HTTP/1.1" 301 0 "-" "Mozilla/5.0 AppleWebKit/537.36 (KHTML, like Gecko; compatible; GeedoProductSearch; +http://www.geedo.com/product-search.html) Chrome/79.0.3945.88 Safari/537.36"
83.99.151.69 - - [12/Nov/2024:07:33:47 -0500] "GET /preimagerrv.xml HTTP/1.1" 301 0 "-" "Mozilla/5.0 AppleWebKit/537.36 (KHTML, like Gecko; compatible; GeedoProductSearch; +http://www.geedo.com/product-search.html) Chrome/79.0.3945.88 Safari/537.36"
83.99.151.69 - - [12/Nov/2024:07:34:05 -0500] "GET /nantzeti.xml HTTP/1.1" 301 0 "-" "Mozilla/5.0 AppleWebKit/537.36 (KHTML, like Gecko; compatible; GeedoProductSearch; +http://www.geedo.com/product-search.html) Chrome/79.0.3945.88 Safari/537.36"
83.99.151.69 - - [12/Nov/2024:07:34:11 -0500] "GET /dicalcicxkl.xml HTTP/1.1" 301 0 "-" "Mozilla/5.0 AppleWebKit/537.36 (KHTML, like Gecko; compatible; GeedoProductSearch; +http://www.geedo.com/product-search.html) Chrome/79.0.3945.88 Safari/537.36"
83.99.151.69 - - [12/Nov/2024:07:34:17 -0500] "GET /neoidiym.xml HTTP/1.1" 301 0 "-" "Mozilla/5.0 AppleWebKit/537.36 (KHTML, like Gecko; compatible; GeedoProductSearch; +http://www.geedo.com/product-search.html) Chrome/79.0.3945.88 Safari/537.36"
83.99.151.69 - - [12/Nov/2024:07:34:23 -0500] "GET /aestheticbfp.xml HTTP/1.1" 301 0 "-" "Mozilla/5.0 AppleWebKit/537.36 (KHTML, like Gecko; compatible; GeedoProductSearch; +http://www.geedo.com/product-search.html) Chrome/79.0.3945.88 Safari/537.36"
83.99.151.69 - - [12/Nov/2024:07:34:30 -0500] "GET /sitemap.xml HTTP/1.1" 301 0 "-" "Mozilla/5.0 AppleWebKit/537.36 (KHTML, like Gecko; compatible; GeedoProductSearch; +http://www.geedo.com/product-search.html) Chrome/79.0.3945.88 Safari/537.36"
20.27.24.39 - - [12/Nov/2024:07:40:54 -0500] "HEAD /wordpress HTTP/1.1" 301 0 "-" "Mozilla/5.0 (Windows NT 10.0; Win64; x64) AppleWebKit/537.36 (KHTML, like Gecko) Chrome/74.0.3729.169 Safari/537.36"
20.27.24.39 - - [12/Nov/2024:07:40:54 -0500] "HEAD /wordpress HTTP/1.1" 301 0 "http://glenbowcollege.com/wordpress" "Mozilla/5.0 (Windows NT 10.0; Win64; x64) AppleWebKit/537.36 (KHTML, like Gecko) Chrome/74.0.3729.169 Safari/537.36"
20.27.24.39 - - [12/Nov/2024:07:40:57 -0500] "HEAD / HTTP/1.1" 301 0 "-" "Mozilla/5.0 (Windows NT 10.0; Win64; x64) AppleWebKit/537.36 (KHTML, like Gecko) Chrome/74.0.3729.169 Safari/537.36"
20.27.24.39 - - [12/Nov/2024:07:41:00 -0500] "HEAD /wp HTTP/1.1" 301 0 "http://glenbowcollege.com/wp" "Mozilla/5.0 (Windows NT 10.0; Win64; x64) AppleWebKit/537.36 (KHTML, like Gecko) Chrome/74.0.3729.169 Safari/537.36"
20.27.24.39 - - [12/Nov/2024:07:41:02 -0500] "HEAD /bc HTTP/1.1" 301 0 "http://glenbowcollege.com/bc" "Mozilla/5.0 (Windows NT 10.0; Win64; x64) AppleWebKit/537.36 (KHTML, like Gecko) Chrome/74.0.3729.169 Safari/537.36"
106.227.49.113 - - [12/Nov/2024:07:25:02 -0500] "GET / HTTP/1.1" 301 0 "-" "Mozilla/5.0 (iPhone; CPU iPhone OS 13_2_3 like Mac OS X) AppleWebKit/605.1.15 (KHTML, like Gecko) Version/13.0.3 Mobile/15E148 Safari/604.1"
83.99.151.64 - - [12/Nov/2024:07:30:19 -0500] "GET /robots.txt HTTP/1.1" 200 233 "-" "Mozilla/5.0 AppleWebKit/537.36 (KHTML, like Gecko; compatible; GeedoProductSearch; +http://www.geedo.com/product-search.html) Chrome/79.0.3945.88 Safari/537.36"
68.65.122.142 - - [12/Nov/2024:07:32:59 -0500] "POST /wp-cron.php?doing_wp_cron=1731414779.9384291172027587890625 HTTP/1.1" 403 1242 "-" "WordPress/6.2.1; https://glenbowcollege.ca"
83.99.151.69 - - [12/Nov/2024:07:33:05 -0500] "GET /declinometerjsq.xml HTTP/1.1" 301 0 "-" "Mozilla/5.0 AppleWebKit/537.36 (KHTML, like Gecko; compatible; GeedoProductSearch; +http://www.geedo.com/product-search.html) Chrome/79.0.3945.88 Safari/537.36"
83.99.151.69 - - [12/Nov/2024:07:33:11 -0500] "GET /efficaciouslyknz.xml HTTP/1.1" 301 0 "-" "Mozilla/5.0 AppleWebKit/537.36 (KHTML, like Gecko; compatible; GeedoProductSearch; +http://www.geedo.com/product-search.html) Chrome/79.0.3945.88 Safari/537.36"
83.99.151.69 - - [12/Nov/2024:07:33:29 -0500] "GET /setsyxr.xml HTTP/1.1" 301 0 "-" "Mozilla/5.0 AppleWebKit/537.36 (KHTML, like Gecko; compatible; GeedoProductSearch; +http://www.geedo.com/product-search.html) Chrome/79.0.3945.88 Safari/537.36"
83.99.151.69 - - [12/Nov/2024:07:33:35 -0500] "GET /rusesezy.xml HTTP/1.1" 301 0 "-" "Mozilla/5.0 AppleWebKit/537.36 (KHTML, like Gecko; compatible; GeedoProductSearch; +http://www.geedo.com/product-search.html) Chrome/79.0.3945.88 Safari/537.36"
83.99.151.69 - - [12/Nov/2024:07:33:41 -0500] "GET /derotremadlo.xml HTTP/1.1" 301 0 "-" "Mozilla/5.0 AppleWebKit/537.36 (KHTML, like Gecko; compatible; GeedoProductSearch; +http://www.geedo.com/product-search.html) Chrome/79.0.3945.88 Safari/537.36"
83.99.151.69 - - [12/Nov/2024:07:33:53 -0500] "GET /selfrepressionnnb.xml HTTP/1.1" 301 0 "-" "Mozilla/5.0 AppleWebKit/537.36 (KHTML, like Gecko; compatible; GeedoProductSearch; +http://www.geedo.com/product-search.html) Chrome/79.0.3945.88 Safari/537.36"
68.65.122.142 - - [12/Nov/2024:07:34:00 -0500] "POST /wp-cron.php?doing_wp_cron=1731414840.7418758869171142578125 HTTP/1.1" 403 1242 "-" "WordPress/6.2.1; https://glenbowcollege.ca"
83.99.151.69 - - [12/Nov/2024:07:33:59 -0500] "GET /likinckn.xml HTTP/1.1" 301 0 "-" "Mozilla/5.0 AppleWebKit/537.36 (KHTML, like Gecko; compatible; GeedoProductSearch; +http://www.geedo.com/product-search.html) Chrome/79.0.3945.88 Safari/537.36"
20.27.24.39 - - [12/Nov/2024:07:40:57 -0500] "HEAD / HTTP/1.1" 301 0 "http://glenbowcollege.com/" "Mozilla/5.0 (Windows NT 10.0; Win64; x64) AppleWebKit/537.36 (KHTML, like Gecko) Chrome/74.0.3729.169 Safari/537.36"
20.27.24.39 - - [12/Nov/2024:07:40:59 -0500] "HEAD /wp HTTP/1.1" 301 0 "-" "Mozilla/5.0 (Windows NT 10.0; Win64; x64) AppleWebKit/537.36 (KHTML, like Gecko) Chrome/74.0.3729.169 Safari/537.36"
20.27.24.39 - - [12/Nov/2024:07:41:01 -0500] "HEAD /bc HTTP/1.1" 301 0 "-" "Mozilla/5.0 (Windows NT 10.0; Win64; x64) AppleWebKit/537.36 (KHTML, like Gecko) Chrome/74.0.3729.169 Safari/537.36"
20.27.24.39 - - [12/Nov/2024:07:41:04 -0500] "HEAD /bk HTTP/1.1" 301 0 "-" "Mozilla/5.0 (Windows NT 10.0; Win64; x64) AppleWebKit/537.36 (KHTML, like Gecko) Chrome/74.0.3729.169 Safari/537.36"
20.27.24.39 - - [12/Nov/2024:07:41:05 -0500] "HEAD /bk HTTP/1.1" 301 0 "http://glenbowcollege.com/bk" "Mozilla/5.0 (Windows NT 10.0; Win64; x64) AppleWebKit/537.36 (KHTML, like Gecko) Chrome/74.0.3729.169 Safari/537.36"
20.27.24.39 - - [12/Nov/2024:07:41:19 -0500] "HEAD /home HTTP/1.1" 301 0 "http://glenbowcollege.com/home" "Mozilla/5.0 (Windows NT 10.0; Win64; x64) AppleWebKit/537.36 (KHTML, like Gecko) Chrome/74.0.3729.169 Safari/537.36"
13.232.188.158 - - [12/Nov/2024:07:42:24 -0500] "HEAD /blog/ HTTP/1.1" 301 0 "-" "Mozilla/5.0 (Windows NT 10.0; Win64; x64) AppleWebKit/537.36 (KHTML, like Gecko) Chrome/84.0.4147.105 Safari/537.36"
20.27.24.39 - - [12/Nov/2024:07:41:06 -0500] "HEAD /backup HTTP/1.1" 301 0 "-" "Mozilla/5.0 (Windows NT 10.0; Win64; x64) AppleWebKit/537.36 (KHTML, like Gecko) Chrome/74.0.3729.169 Safari/537.36"
20.27.24.39 - - [12/Nov/2024:07:41:07 -0500] "HEAD /backup HTTP/1.1" 301 0 "http://glenbowcollege.com/backup" "Mozilla/5.0 (Windows NT 10.0; Win64; x64) AppleWebKit/537.36 (KHTML, like Gecko) Chrome/74.0.3729.169 Safari/537.36"
20.27.24.39 - - [12/Nov/2024:07:41:08 -0500] "HEAD /old HTTP/1.1" 301 0 "-" "Mozilla/5.0 (Windows NT 10.0; Win64; x64) AppleWebKit/537.36 (KHTML, like Gecko) Chrome/74.0.3729.169 Safari/537.36"
20.27.24.39 - - [12/Nov/2024:07:41:10 -0500] "HEAD /old HTTP/1.1" 301 0 "http://glenbowcollege.com/old" "Mozilla/5.0 (Windows NT 10.0; Win64; x64) AppleWebKit/537.36 (KHTML, like Gecko) Chrome/74.0.3729.169 Safari/537.36"
20.27.24.39 - - [12/Nov/2024:07:41:11 -0500] "HEAD /new HTTP/1.1" 301 0 "-" "Mozilla/5.0 (Windows NT 10.0; Win64; x64) AppleWebKit/537.36 (KHTML, like Gecko) Chrome/74.0.3729.169 Safari/537.36"
20.27.24.39 - - [12/Nov/2024:07:41:13 -0500] "HEAD /new HTTP/1.1" 301 0 "http://glenbowcollege.com/new" "Mozilla/5.0 (Windows NT 10.0; Win64; x64) AppleWebKit/537.36 (KHTML, like Gecko) Chrome/74.0.3729.169 Safari/537.36"
20.27.24.39 - - [12/Nov/2024:07:41:14 -0500] "HEAD /main HTTP/1.1" 301 0 "-" "Mozilla/5.0 (Windows NT 10.0; Win64; x64) AppleWebKit/537.36 (KHTML, like Gecko) Chrome/74.0.3729.169 Safari/537.36"
20.27.24.39 - - [12/Nov/2024:07:41:16 -0500] "HEAD /main HTTP/1.1" 301 0 "http://glenbowcollege.com/main" "Mozilla/5.0 (Windows NT 10.0; Win64; x64) AppleWebKit/537.36 (KHTML, like Gecko) Chrome/74.0.3729.169 Safari/537.36"
20.27.24.39 - - [12/Nov/2024:07:41:17 -0500] "HEAD /home HTTP/1.1" 301 0 "-" "Mozilla/5.0 (Windows NT 10.0; Win64; x64) AppleWebKit/537.36 (KHTML, like Gecko) Chrome/74.0.3729.169 Safari/537.36"
13.232.188.158 - - [12/Nov/2024:07:42:13 -0500] "HEAD / HTTP/1.1" 301 0 "-" "Mozilla/5.0 (Windows NT 6.1; Win64; x64) AppleWebKit/537.36 (KHTML, like Gecko) Chrome/79.0.3945.130 Safari/537.36"
13.232.188.158 - - [12/Nov/2024:07:42:17 -0500] "HEAD /wordpress/ HTTP/1.1" 301 0 "-" "Mozilla/5.0 (Windows NT 10.0; Win64; x64) AppleWebKit/537.36 (KHTML, like Gecko) Chrome/83.0.4103.61 Safari/537.36"
13.232.188.158 - - [12/Nov/2024:07:42:21 -0500] "HEAD /wp/ HTTP/1.1" 301 0 "-" "Mozilla/5.0 (Windows NT 10.0; Win64; x64) AppleWebKit/537.36 (KHTML, like Gecko) Chrome/79.0.3945.88 Safari/537.36"
68.65.122.142 - - [12/Nov/2024:07:42:29 -0500] "POST /wp-cron.php?doing_wp_cron=1731415349.0636930465698242187500 HTTP/1.1" 403 1242 "-" "WordPress/6.2.1; https://glenbowcollege.ca"
13.232.188.158 - - [12/Nov/2024:07:42:32 -0500] "HEAD /old/ HTTP/1.1" 301 0 "-" "Mozilla/5.0 (Windows NT 10.0) AppleWebKit/537.36 (KHTML, like Gecko) Chrome/84.0.4147.105 Safari/537.36"
68.65.122.142 - - [12/Nov/2024:07:55:19 -0500] "POST /wp-cron.php?doing_wp_cron=1731416119.7819449901580810546875 HTTP/1.1" 403 1242 "-" "WordPress/6.2.1; https://glenbowcollege.ca"
194.38.20.13 - - [12/Nov/2024:07:56:23 -0500] "GET /admin/assets/global/plugins/jquery-file-upload/server/php/index.php?file=tf2rghf.jpg HTTP/1.1" 403 17008 "-" "ALittle Client"
216.244.66.247 - - [12/Nov/2024:07:57:29 -0500] "GET /robots.txt HTTP/1.1" 200 841 "-" "Mozilla/5.0 (compatible; DotBot/1.2; +https://opensiteexplorer.org/dotbot; help@moz.com)"
13.232.188.158 - - [12/Nov/2024:07:42:27 -0500] "HEAD /backup/ HTTP/1.1" 301 0 "-" "Mozilla/5.0 (X11; Ubuntu; Linux x86_64; rv:79.0) Gecko/20100101 Firefox/79.0"
68.65.122.142 - - [12/Nov/2024:07:55:19 -0500] "POST /wp-cron.php?doing_wp_cron=1731416119.7809569835662841796875 HTTP/1.1" 403 1242 "-" "WordPress/6.2.1; https://glenbowcollege.ca"
68.65.122.142 - - [12/Nov/2024:07:55:19 -0500] "POST /wp-cron.php?doing_wp_cron=1731416119.7819209098815917968750 HTTP/1.1" 403 1242 "-" "WordPress/6.2.1; https://glenbowcollege.ca"
145.239.10.137 - - [12/Nov/2024:07:55:18 -0500] "GET /menu.php HTTP/1.1" 301 0 "http://glenbowcollege.ca/menu.php" "Mozilla/5.0 (iPhone; CPU iPhone OS 17_5_1 like Mac OS X) AppleWebKit/605.1.15 (KHTML, like Gecko) Version/17.5 Mobile/15E148 Safari/604.1"
145.239.10.137 - - [12/Nov/2024:07:55:18 -0500] "GET /js.php HTTP/1.1" 301 0 "http://glenbowcollege.ca/js.php" "Mozilla/5.0 (iPhone; CPU iPhone OS 17_5_1 like Mac OS X) AppleWebKit/605.1.15 (KHTML, like Gecko) Version/17.5 Mobile/15E148 Safari/604.1"
145.239.10.137 - - [12/Nov/2024:07:55:18 -0500] "GET /content.php HTTP/1.1" 301 0 "http://glenbowcollege.ca/content.php" "Mozilla/5.0 (iPhone; CPU iPhone OS 17_5_1 like Mac OS X) AppleWebKit/605.1.15 (KHTML, like Gecko) Version/17.5 Mobile/15E148 Safari/604.1"
216.244.66.247 - - [12/Nov/2024:08:07:36 -0500] "GET /category/news/ HTTP/1.1" 301 0 "-" "Mozilla/5.0 (compatible; DotBot/1.2; +https://opensiteexplorer.org/dotbot; help@moz.com)"
68.65.122.142 - - [12/Nov/2024:08:07:37 -0500] "POST /wp-cron.php?doing_wp_cron=1731416857.1854450702667236328125 HTTP/1.1" 403 1242 "-" "WordPress/6.2.1; https://glenbowcollege.ca"
45.132.194.17 - - [12/Nov/2024:08:17:13 -0500] "GET /about/contact-us/ HTTP/1.0" 301 0 "http://glenbowcollege.ca/about/contact-us/" "Mozilla/5.0 (Windows NT 15.0.0; Win64; x64; ) AppleWebKit/537.36 (KHTML, like Gecko) Chrome/124.0.6367.60 Chrome/124.0.6367.60 Not-A.Brand/99 Safari/537.36"
52.164.123.119 - - [12/Nov/2024:09:21:14 -0500] "GET /content.php HTTP/1.1" 301 0 "-" "-"
52.164.123.119 - - [12/Nov/2024:09:21:17 -0500] "GET /wp-content/plugins/simple/simple.php HTTP/1.1" 403 1242 "-" "-"
52.164.123.119 - - [12/Nov/2024:09:21:18 -0500] "GET /wp-content/themes/aahana/json.php HTTP/1.1" 403 1242 "-" "-"
52.164.123.119 - - [12/Nov/2024:09:21:18 -0500] "GET /admin.php HTTP/1.1" 301 0 "-" "-"
52.164.123.119 - - [12/Nov/2024:09:21:21 -0500] "GET /wp-content/plugins/awesome-coming-soon/come.php HTTP/1.1" 403 1242 "-" "-"
52.164.123.119 - - [12/Nov/2024:09:21:21 -0500] "GET /berlin.php HTTP/1.1" 301 0 "-" "-"
52.164.123.119 - - [12/Nov/2024:09:21:41 -0500] "GET /.well-known/about.php HTTP/1.1" 301 0 "-" "-"
52.164.123.119 - - [12/Nov/2024:09:21:44 -0500] "GET /wp-includes/Text/about.php HTTP/1.1" 301 0 "-" "-"
52.164.123.119 - - [12/Nov/2024:09:21:47 -0500] "GET /wp-includes/ID3/about.php HTTP/1.1" 301 0 "-" "-"
52.164.123.119 - - [12/Nov/2024:09:21:50 -0500] "GET /img/about.php HTTP/1.1" 301 0 "-" "-"
52.164.123.119 - - [12/Nov/2024:09:21:52 -0500] "GET /wp-content/languages/about.php HTTP/1.1" 301 0 "-" "-"
52.164.123.119 - - [12/Nov/2024:09:21:55 -0500] "GET /wp-includes/customize/about.php HTTP/1.1" 301 0 "-" "-"
52.164.123.119 - - [12/Nov/2024:09:21:58 -0500] "GET /wp-includes.bak/html-api/about.php HTTP/1.1" 301 0 "-" "-"
52.164.123.119 - - [12/Nov/2024:09:22:03 -0500] "GET /wp-includes/IXR/about.php HTTP/1.1" 301 0 "-" "-"
68.65.122.142 - - [12/Nov/2024:09:22:13 -0500] "POST /wp-cron.php?doing_wp_cron=1731421333.0313620567321777343750 HTTP/1.1" 403 1242 "-" "WordPress/6.2.1; https://glenbowcollege.ca"
52.164.123.119 - - [12/Nov/2024:09:22:14 -0500] "GET /wp-content/updraft/about.php HTTP/1.1" 301 0 "-" "-"
52.164.123.119 - - [12/Nov/2024:09:22:17 -0500] "GET /wp-content/upgrade-temp-backup/about.php HTTP/1.1" 301 0 "-" "-"
52.164.123.119 - - [12/Nov/2024:09:22:20 -0500] "GET /wp-content/themes/about.php HTTP/1.1" 403 1242 "-" "-"
52.164.123.119 - - [12/Nov/2024:09:22:20 -0500] "GET /wp-admin/includes/about.php HTTP/1.1" 403 1242 "-" "-"
52.164.123.119 - - [12/Nov/2024:09:22:20 -0500] "GET /images/about.php HTTP/1.1" 301 0 "-" "-"
52.164.123.119 - - [12/Nov/2024:09:22:28 -0500] "GET /wp-includes/about.php HTTP/1.1" 403 1242 "-" "-"
52.164.123.119 - - [12/Nov/2024:09:22:34 -0500] "GET /wp-includes/blocks/about.php HTTP/1.1" 301 0 "-" "-"
52.164.123.119 - - [12/Nov/2024:09:22:37 -0500] "GET /wp-admin/css/about.php HTTP/1.1" 301 0 "-" "-"
52.164.123.119 - - [12/Nov/2024:09:22:39 -0500] "GET /wp-admin/images/about.php HTTP/1.1" 301 0 "-" "-"
52.164.123.119 - - [12/Nov/2024:09:22:42 -0500] "GET /.well-known/pki-validation/cloud.php HTTP/1.1" 404 1251 "-" "-"
52.164.123.119 - - [12/Nov/2024:09:22:42 -0500] "GET /.well-known/acme-challenge/cloud.php HTTP/1.1" 301 0 "-" "-"
52.164.123.119 - - [12/Nov/2024:09:22:47 -0500] "GET /cloud.php HTTP/1.1" 301 0 "-" "-"
52.164.123.119 - - [12/Nov/2024:09:22:55 -0500] "GET /css/cloud.php HTTP/1.1" 301 0 "-" "-"
52.164.123.119 - - [12/Nov/2024:09:22:58 -0500] "GET /wp-admin/user/cloud.php HTTP/1.1" 301 0 "-" "-"
52.164.123.119 - - [12/Nov/2024:09:23:04 -0500] "GET /wp-admin/css/colors/coffee/cloud.php HTTP/1.1" 301 0 "-" "-"
52.164.123.119 - - [12/Nov/2024:09:23:06 -0500] "GET /wp-admin/images/cloud.php HTTP/1.1" 301 0 "-" "-"
68.65.122.142 - - [12/Nov/2024:09:23:13 -0500] "POST /wp-cron.php?doing_wp_cron=1731421393.1579461097717285156250 HTTP/1.1" 403 1242 "-" "WordPress/6.2.1; https://glenbowcollege.ca"
52.164.123.119 - - [12/Nov/2024:09:23:17 -0500] "GET /wp-includes/Requests/Text/admin.php HTTP/1.1" 301 0 "-" "-"
52.164.123.119 - - [12/Nov/2024:09:23:23 -0500] "GET /wp-admin/css/colors/blue/cloud.php HTTP/1.1" 301 0 "-" "-"
52.164.123.119 - - [12/Nov/2024:09:23:25 -0500] "GET /wp-admin/cloud.php HTTP/1.1" 301 0 "-" "-"
52.164.123.119 - - [12/Nov/2024:09:23:28 -0500] "GET /updates.php HTTP/1.1" 301 0 "-" "-"
52.164.123.119 - - [12/Nov/2024:09:23:37 -0500] "GET /libraries/vendor/updates.php HTTP/1.1" 301 0 "-" "-"
68.65.122.142 - - [12/Nov/2024:09:21:12 -0500] "POST /wp-cron.php?doing_wp_cron=1731421272.3162810802459716796875 HTTP/1.1" 403 1242 "-" "WordPress/6.2.1; https://glenbowcollege.ca"
52.164.123.119 - - [12/Nov/2024:09:21:11 -0500] "GET /403.php HTTP/1.1" 301 0 "-" "-"
52.164.123.119 - - [12/Nov/2024:09:21:17 -0500] "GET /wp-content/plugins/not/includes/about.php HTTP/1.1" 403 1242 "-" "-"
52.164.123.119 - - [12/Nov/2024:09:21:18 -0500] "GET /wp-content/plugins/wp-theme-editor/include.php HTTP/1.1" 403 1242 "-" "-"
52.164.123.119 - - [12/Nov/2024:09:21:21 -0500] "GET /wp-content/plugins/wp-conflg.php HTTP/1.1" 403 1242 "-" "-"
52.164.123.119 - - [12/Nov/2024:09:21:24 -0500] "GET /wp-includes/Requests/about.php HTTP/1.1" 301 0 "-" "-"
52.164.123.119 - - [12/Nov/2024:09:21:27 -0500] "GET /wp-includes/style-engine/about.php HTTP/1.1" 301 0 "-" "-"
52.164.123.119 - - [12/Nov/2024:09:21:30 -0500] "GET /wp-includes/rest-api/about.php HTTP/1.1" 301 0 "-" "-"
52.164.123.119 - - [12/Nov/2024:09:21:32 -0500] "GET /wp-includes/SimplePie/about.php HTTP/1.1" 301 0 "-" "-"
52.164.123.119 - - [12/Nov/2024:09:21:35 -0500] "GET /wp-content/banners/about.php HTTP/1.1" 301 0 "-" "-"
52.164.123.119 - - [12/Nov/2024:09:21:38 -0500] "GET /wp-content/about.php HTTP/1.1" 301 0 "-" "-"
52.164.123.119 - - [12/Nov/2024:09:22:01 -0500] "GET /wp-includes/widgets/about.php HTTP/1.1" 301 0 "-" "-"
52.164.123.119 - - [12/Nov/2024:09:22:06 -0500] "GET /wp-admin/js/about.php HTTP/1.1" 301 0 "-" "-"
52.164.123.119 - - [12/Nov/2024:09:22:09 -0500] "GET /.well-known/pki-validation/about.php HTTP/1.1" 404 1251 "-" "-"
52.164.123.119 - - [12/Nov/2024:09:22:09 -0500] "GET /wp-includes/pomo/about.php HTTP/1.1" 301 0 "-" "-"
52.164.123.119 - - [12/Nov/2024:09:22:12 -0500] "GET /wp-includes/block-patterns/about.php HTTP/1.1" 301 0 "-" "-"
52.164.123.119 - - [12/Nov/2024:09:22:23 -0500] "GET /wp-content/blogs.dir/about.php HTTP/1.1" 301 0 "-" "-"
52.164.123.119 - - [12/Nov/2024:09:22:25 -0500] "GET /wp-includes/images/about.php HTTP/1.1" 301 0 "-" "-"
52.164.123.119 - - [12/Nov/2024:09:22:28 -0500] "GET /cgi-bin/about.php HTTP/1.1" 301 0 "-" "-"
52.164.123.119 - - [12/Nov/2024:09:22:31 -0500] "GET /wp-content/gallery/about.php HTTP/1.1" 301 0 "-" "-"
52.164.123.119 - - [12/Nov/2024:09:22:45 -0500] "GET /wp-admin/network/cloud.php HTTP/1.1" 301 0 "-" "-"
52.164.123.119 - - [12/Nov/2024:09:22:50 -0500] "GET /cgi-bin/cloud.php HTTP/1.1" 301 0 "-" "-"
52.164.123.119 - - [12/Nov/2024:09:22:53 -0500] "GET /wp-content/updates.php HTTP/1.1" 301 0 "-" "-"
52.164.123.119 - - [12/Nov/2024:09:23:01 -0500] "GET /img/cloud.php HTTP/1.1" 301 0 "-" "-"
52.164.123.119 - - [12/Nov/2024:09:23:09 -0500] "GET /avaa.php HTTP/1.1" 301 0 "-" "-"
52.164.123.119 - - [12/Nov/2024:09:23:12 -0500] "GET /images/cloud.php HTTP/1.1" 301 0 "-" "-"
52.164.123.119 - - [12/Nov/2024:09:23:14 -0500] "GET /wp-admin/js/widgets/cloud.php HTTP/1.1" 301 0 "-" "-"
52.164.123.119 - - [12/Nov/2024:09:23:20 -0500] "GET /wp-admin/css/colors/cloud.php HTTP/1.1" 301 0 "-" "-"
52.164.123.119 - - [12/Nov/2024:09:23:23 -0500] "GET /wp-admin/includes/cloud.php HTTP/1.1" 403 1242 "-" "-"
52.164.123.119 - - [12/Nov/2024:09:23:31 -0500] "GET /libraries/legacy/updates.php HTTP/1.1" 301 0 "-" "-"
52.164.123.119 - - [12/Nov/2024:09:23:34 -0500] "GET /libraries/phpmailer/updates.php HTTP/1.1" 301 0 "-" "-"
52.164.123.119 - - [12/Nov/2024:09:23:40 -0500] "GET /alfa-rex.php7 HTTP/1.1" 301 0 "-" "-"
52.164.123.119 - - [12/Nov/2024:09:23:45 -0500] "GET /wp-content/plugins/Cache/Cache.php HTTP/1.1" 403 1242 "-" "-"
52.164.123.119 - - [12/Nov/2024:09:23:46 -0500] "GET /wp-admin/js/widgets/about.php7 HTTP/1.1" 301 0 "-" "-"
52.164.123.119 - - [12/Nov/2024:09:23:43 -0500] "GET /alfanew.php HTTP/1.1" 301 0 "-" "-"
52.164.123.119 - - [12/Nov/2024:09:23:51 -0500] "GET /wp-admin/repeater.php HTTP/1.1" 301 0 "-" "-"
52.164.123.119 - - [12/Nov/2024:09:23:54 -0500] "GET /wp-includes/repeater.php HTTP/1.1" 403 1242 "-" "-"
52.164.123.119 - - [12/Nov/2024:09:23:54 -0500] "GET /wp-content/repeater.php HTTP/1.1" 301 0 "-" "-"
52.164.123.119 - - [12/Nov/2024:09:24:00 -0500] "GET /yanz.php HTTP/1.1" 301 0 "-" "-"
52.164.123.119 - - [12/Nov/2024:09:24:02 -0500] "GET /wp-admin/js/about.php HTTP/1.1" 301 0 "-" "-"
52.164.123.119 - - [12/Nov/2024:09:24:05 -0500] "GET /cache-compat.php HTTP/1.1" 301 0 "-" "-"
52.164.123.119 - - [12/Nov/2024:09:24:08 -0500] "GET /ajax-actions.php HTTP/1.1" 301 0 "-" "-"
52.164.123.119 - - [12/Nov/2024:09:24:11 -0500] "GET /wp-admin/ajax-actions.php HTTP/1.1" 301 0 "-" "-"
52.164.123.119 - - [12/Nov/2024:09:24:14 -0500] "GET /wp-consar.php HTTP/1.1" 301 0 "-" "-"
52.164.123.119 - - [12/Nov/2024:09:24:19 -0500] "GET /admin-post.php HTTP/1.1" 301 0 "-" "-"
52.164.123.119 - - [12/Nov/2024:09:24:22 -0500] "GET /wp-admin/maint/maint/ajax-actions.php HTTP/1.1" 301 0 "-" "-"
52.164.123.119 - - [12/Nov/2024:09:24:25 -0500] "GET /wp-admin/dropdown.php HTTP/1.1" 301 0 "-" "-"
52.164.123.119 - - [12/Nov/2024:09:24:36 -0500] "GET /admin.php HTTP/1.1" 301 0 "-" "-"
52.164.123.119 - - [12/Nov/2024:09:24:41 -0500] "GET /alfanew.php7 HTTP/1.1" 301 0 "-" "-"
52.164.123.119 - - [12/Nov/2024:09:24:52 -0500] "GET /alfanew2.php7 HTTP/1.1" 301 0 "-" "-"
52.164.123.119 - - [12/Nov/2024:09:25:00 -0500] "GET /wp-admin/images/index.php HTTP/1.1" 301 0 "-" "-"
52.164.123.119 - - [12/Nov/2024:09:25:06 -0500] "GET /wp-content/themes/pridmag/db.php?u HTTP/1.1" 403 1242 "-" "-"
52.164.123.119 - - [12/Nov/2024:09:25:06 -0500] "GET /wp-content/themes/seotheme/db.php?u HTTP/1.1" 403 1242 "-" "-"
52.164.123.119 - - [12/Nov/2024:09:25:06 -0500] "GET /wp-content/plugins/seoplugins/db.php?u HTTP/1.1" 403 1242 "-" "-"
52.164.123.119 - - [12/Nov/2024:09:25:06 -0500] "GET /wp-content/plugins/seoplugins/mar.php HTTP/1.1" 403 1242 "-" "-"
52.164.123.119 - - [12/Nov/2024:09:25:07 -0500] "GET /.well-known/acme-challenge/xmrlpc.php?p= HTTP/1.1" 301 0 "-" "-"
52.164.123.119 - - [12/Nov/2024:09:25:11 -0500] "GET /wp-admin/network/xmrlpc.php?p= HTTP/1.1" 301 0 "-" "-"
52.164.123.119 - - [12/Nov/2024:09:25:15 -0500] "GET /xmrlpc.php?p= HTTP/1.1" 301 0 "-" "-"
52.164.123.119 - - [12/Nov/2024:09:25:19 -0500] "GET /cgi-bin/xmrlpc.php?p= HTTP/1.1" 301 0 "-" "-"
52.164.123.119 - - [12/Nov/2024:09:25:30 -0500] "GET /img/xmrlpc.php?p= HTTP/1.1" 301 0 "-" "-"
52.164.123.119 - - [12/Nov/2024:09:25:38 -0500] "GET /wp-admin/images/xmrlpc.php?p= HTTP/1.1" 301 0 "-" "-"
52.164.123.119 - - [12/Nov/2024:09:25:46 -0500] "GET /wp-admin/js/widgets/xmrlpc.php?p= HTTP/1.1" 301 0 "-" "-"
52.164.123.119 - - [12/Nov/2024:09:25:55 -0500] "GET /wp-admin/includes/xmrlpc.php?p= HTTP/1.1" 403 1242 "-" "-"
52.164.123.119 - - [12/Nov/2024:09:26:00 -0500] "GET /wp-admin/xmrlpc.php?p= HTTP/1.1" 301 0 "-" "-"
52.164.123.119 - - [12/Nov/2024:09:26:07 -0500] "GET /simple.php HTTP/1.1" 301 0 "-" "-"
52.164.123.119 - - [12/Nov/2024:09:26:09 -0500] "GET /log.php HTTP/1.1" 301 0 "-" "-"
52.164.123.119 - - [12/Nov/2024:09:26:17 -0500] "GET /mail.php HTTP/1.1" 301 0 "-" "-"
52.164.123.119 - - [12/Nov/2024:09:26:28 -0500] "GET /wp.php HTTP/1.1" 301 0 "-" "-"
52.164.123.119 - - [12/Nov/2024:09:26:31 -0500] "GET /wp-conflg.php HTTP/1.1" 301 0 "-" "-"
52.164.123.119 - - [12/Nov/2024:09:26:37 -0500] "GET /404.php HTTP/1.1" 301 0 "-" "-"
52.164.123.119 - - [12/Nov/2024:09:26:39 -0500] "GET /updates.php HTTP/1.1" 301 0 "-" "-"
52.164.123.119 - - [12/Nov/2024:09:26:48 -0500] "GET /ae.php HTTP/1.1" 301 0 "-" "-"
52.164.123.119 - - [12/Nov/2024:09:26:50 -0500] "GET /moon.php HTTP/1.1" 301 0 "-" "-"
52.164.123.119 - - [12/Nov/2024:09:27:01 -0500] "GET /as.php HTTP/1.1" 301 0 "-" "-"
52.164.123.119 - - [12/Nov/2024:09:27:06 -0500] "GET /ws.php HTTP/1.1" 301 0 "-" "-"
52.164.123.119 - - [12/Nov/2024:09:27:09 -0500] "GET /dropdown.php HTTP/1.1" 301 0 "-" "-"
52.164.123.119 - - [12/Nov/2024:09:23:49 -0500] "GET /wp-p.php7 HTTP/1.1" 301 0 "-" "-"
52.164.123.119 - - [12/Nov/2024:09:23:57 -0500] "GET /wsoyanz.php HTTP/1.1" 301 0 "-" "-"
52.164.123.119 - - [12/Nov/2024:09:24:05 -0500] "GET /wp-content/plugins/seoo/wsoyanz.php HTTP/1.1" 403 1242 "-" "-"
52.164.123.119 - - [12/Nov/2024:09:24:05 -0500] "GET /wp-content/plugins/seoo/wsoyanz1.php HTTP/1.1" 403 1242 "-" "-"
52.164.123.119 - - [12/Nov/2024:09:24:16 -0500] "GET /repeater.php HTTP/1.1" 301 0 "-" "-"
52.164.123.119 - - [12/Nov/2024:09:24:27 -0500] "GET /wp-admin/css/index.php HTTP/1.1" 301 0 "-" "-"
52.164.123.119 - - [12/Nov/2024:09:24:30 -0500] "GET /dropdown.php HTTP/1.1" 301 0 "-" "-"
52.164.123.119 - - [12/Nov/2024:09:24:33 -0500] "GET /about.php HTTP/1.1" 301 0 "-" "-"
52.164.123.119 - - [12/Nov/2024:09:24:38 -0500] "GET /about.php7 HTTP/1.1" 301 0 "-" "-"
52.164.123.119 - - [12/Nov/2024:09:24:44 -0500] "GET /adminfuns.php7 HTTP/1.1" 301 0 "-" "-"
52.164.123.119 - - [12/Nov/2024:09:24:46 -0500] "GET /ebs.php7 HTTP/1.1" 301 0 "-" "-"
52.164.123.119 - - [12/Nov/2024:09:24:49 -0500] "GET /ws.php7 HTTP/1.1" 301 0 "-" "-"
52.164.123.119 - - [12/Nov/2024:09:24:55 -0500] "GET /alfa-rex2.php7 HTTP/1.1" 301 0 "-" "-"
52.164.123.119 - - [12/Nov/2024:09:24:57 -0500] "GET /.well-known/acme-challenge/cloud.php HTTP/1.1" 301 0 "-" "-"
52.164.123.119 - - [12/Nov/2024:09:25:03 -0500] "GET /wp-admin/css/colors/index.php HTTP/1.1" 301 0 "-" "-"
52.164.123.119 - - [12/Nov/2024:09:25:06 -0500] "GET /wp-content/themes/seotheme/mar.php HTTP/1.1" 403 1242 "-" "-"
52.164.123.119 - - [12/Nov/2024:09:25:06 -0500] "GET /wp-content/plugins/linkpreview/db.php?u HTTP/1.1" 403 1242 "-" "-"
52.164.123.119 - - [12/Nov/2024:09:25:07 -0500] "GET /.well-known/pki-validation/xmrlpc.php?p= HTTP/1.1" 404 1251 "-" "-"
52.164.123.119 - - [12/Nov/2024:09:25:22 -0500] "GET /css/xmrlpc.php?p= HTTP/1.1" 301 0 "-" "-"
52.164.123.119 - - [12/Nov/2024:09:25:26 -0500] "GET /wp-admin/user/xmrlpc.php?p= HTTP/1.1" 301 0 "-" "-"
52.164.123.119 - - [12/Nov/2024:09:25:34 -0500] "GET /wp-admin/css/colors/coffee/xmrlpc.php?p= HTTP/1.1" 301 0 "-" "-"
52.164.123.119 - - [12/Nov/2024:09:25:42 -0500] "GET /images/xmrlpc.php?p= HTTP/1.1" 301 0 "-" "-"
52.164.123.119 - - [12/Nov/2024:09:25:51 -0500] "GET /wp-admin/css/colors/xmrlpc.php?p= HTTP/1.1" 301 0 "-" "-"
52.164.123.119 - - [12/Nov/2024:09:25:55 -0500] "GET /wp-admin/css/colors/blue/xmrlpc.php?p= HTTP/1.1" 301 0 "-" "-"
52.164.123.119 - - [12/Nov/2024:09:26:04 -0500] "GET /css.php HTTP/1.1" 301 0 "-" "-"
52.164.123.119 - - [12/Nov/2024:09:26:12 -0500] "GET /index.php HTTP/1.1" 301 0 "-" "-"
52.164.123.119 - - [12/Nov/2024:09:26:19 -0500] "GET /bak.php HTTP/1.1" 301 0 "-" "-"
52.164.123.119 - - [12/Nov/2024:09:26:22 -0500] "GET /content.php HTTP/1.1" 301 0 "-" "-"
52.164.123.119 - - [12/Nov/2024:09:26:25 -0500] "GET /upfile.php HTTP/1.1" 301 0 "-" "-"
52.164.123.119 - - [12/Nov/2024:09:26:34 -0500] "GET /bypass.php HTTP/1.1" 301 0 "-" "-"
52.164.123.119 - - [12/Nov/2024:09:26:42 -0500] "GET /radio.php HTTP/1.1" 301 0 "-" "-"
52.164.123.119 - - [12/Nov/2024:09:26:45 -0500] "GET /xmrlpc.php HTTP/1.1" 301 0 "-" "-"
52.164.123.119 - - [12/Nov/2024:09:26:53 -0500] "GET /blog.php HTTP/1.1" 301 0 "-" "-"
52.164.123.119 - - [12/Nov/2024:09:26:55 -0500] "GET /themes.php HTTP/1.1" 301 0 "-" "-"
52.164.123.119 - - [12/Nov/2024:09:26:58 -0500] "GET /ini.php HTTP/1.1" 301 0 "-" "-"
52.164.123.119 - - [12/Nov/2024:09:27:04 -0500] "GET /shell.php HTTP/1.1" 301 0 "-" "-"
52.164.123.119 - - [12/Nov/2024:09:27:12 -0500] "GET /makeasmtp.php HTTP/1.1" 301 0 "-" "-"
52.164.123.119 - - [12/Nov/2024:09:27:17 -0500] "GET /wso112233.php HTTP/1.1" 301 0 "-" "-"
52.164.123.119 - - [12/Nov/2024:09:27:19 -0500] "GET /alfanew.php HTTP/1.1" 301 0 "-" "-"
52.164.123.119 - - [12/Nov/2024:09:27:22 -0500] "GET /fw.php HTTP/1.1" 301 0 "-" "-"
52.164.123.119 - - [12/Nov/2024:09:27:25 -0500] "GET /install.php HTTP/1.1" 301 0 "-" "-"
68.65.122.142 - - [12/Nov/2024:09:27:15 -0500] "POST /wp-cron.php?doing_wp_cron=1731421635.6072709560394287109375 HTTP/1.1" 403 1242 "-" "WordPress/6.2.1; https://glenbowcollege.ca"
52.164.123.119 - - [12/Nov/2024:09:27:14 -0500] "GET /wp-sigunq.php HTTP/1.1" 301 0 "-" "-"
216.244.66.247 - - [12/Nov/2024:09:39:19 -0500] "GET /robots.txt HTTP/1.1" 200 841 "-" "Mozilla/5.0 (compatible; DotBot/1.2; +https://opensiteexplorer.org/dotbot; help@moz.com)"
216.244.66.247 - - [12/Nov/2024:09:39:19 -0500] "GET /robots.txt HTTP/1.1" 200 841 "-" "Mozilla/5.0 (compatible; DotBot/1.2; +https://opensiteexplorer.org/dotbot; help@moz.com)"
68.65.122.142 - - [12/Nov/2024:09:46:13 -0500] "POST /wp-cron.php?doing_wp_cron=1731422773.2048509120941162109375 HTTP/1.1" 403 1242 "-" "WordPress/6.2.1; https://glenbowcollege.ca"
216.244.66.247 - - [12/Nov/2024:09:46:12 -0500] "GET /tag/esl/ HTTP/1.1" 301 0 "-" "Mozilla/5.0 (compatible; DotBot/1.2; +https://opensiteexplorer.org/dotbot; help@moz.com)"
216.244.66.247 - - [12/Nov/2024:09:46:35 -0500] "GET /international/international-programs/hospitality-management-diploma-program/ HTTP/1.1" 301 0 "-" "Mozilla/5.0 (compatible; DotBot/1.2; +https://opensiteexplorer.org/dotbot; help@moz.com)"
68.65.122.142 - - [12/Nov/2024:10:24:58 -0500] "POST /wp-cron.php?doing_wp_cron=1731425098.7102589607238769531250 HTTP/1.1" 403 1242 "-" "WordPress/6.2.1; https://glenbowcollege.ca"
45.77.36.115 - - [12/Nov/2024:10:24:57 -0500] "GET / HTTP/1.1" 301 0 "https://www.quora.com/" "Mozilla/5.0 (Windows NT 10.0; Win64; x64) AppleWebKit/537.36 (KHTML, like Gecko) Chrome/119.0.0.0 Safari/537.36"
216.244.66.247 - - [12/Nov/2024:10:32:40 -0500] "GET /robots.txt HTTP/1.1" 200 841 "-" "Mozilla/5.0 (compatible; DotBot/1.2; +https://opensiteexplorer.org/dotbot; help@moz.com)"
216.244.66.247 - - [12/Nov/2024:10:32:40 -0500] "GET /robots.txt HTTP/1.1" 200 841 "-" "Mozilla/5.0 (compatible; DotBot/1.2; +https://opensiteexplorer.org/dotbot; help@moz.com)"
68.65.122.142 - - [12/Nov/2024:10:39:27 -0500] "POST /wp-cron.php?doing_wp_cron=1731425967.9393520355224609375000 HTTP/1.1" 403 1242 "-" "WordPress/6.2.1; https://glenbowcollege.ca"
68.65.122.142 - - [12/Nov/2024:10:41:06 -0500] "POST /wp-cron.php?doing_wp_cron=1731426066.5669980049133300781250 HTTP/1.1" 403 1242 "-" "WordPress/6.2.1; https://glenbowcollege.ca"
216.244.66.247 - - [12/Nov/2024:10:41:05 -0500] "GET /tag/management/feed/ HTTP/1.1" 301 0 "-" "Mozilla/5.0 (compatible; DotBot/1.2; +https://opensiteexplorer.org/dotbot; help@moz.com)"
163.172.20.109 - - [12/Nov/2024:10:39:26 -0500] "GET / HTTP/1.1" 301 0 "-" "python-requests/2.31.0"
216.244.66.247 - - [12/Nov/2024:10:41:11 -0500] "GET /programs/course/chaplaincy/ HTTP/1.1" 301 0 "-" "Mozilla/5.0 (compatible; DotBot/1.2; +https://opensiteexplorer.org/dotbot; help@moz.com)"
188.143.169.41 - - [12/Nov/2024:11:00:23 -0500] "GET /robots.txt HTTP/1.1" 200 841 "-" "Mozilla/5.0 X11; Ubuntu; Linux x86_64; rv:126.0 Gecko/20100101 Firefox/126.0"
68.65.122.142 - - [12/Nov/2024:11:00:03 -0500] "POST /wp-cron.php?doing_wp_cron=1731427203.3312549591064453125000 HTTP/1.1" 403 1242 "-" "WordPress/6.2.1; https://glenbowcollege.ca"
188.143.169.41 - - [12/Nov/2024:11:00:01 -0500] "GET / HTTP/1.1" 301 0 "-" "Mozilla/5.0 X11; Ubuntu; Linux x86_64; rv:126.0 Gecko/20100101 Firefox/126.0"
188.143.169.41 - - [12/Nov/2024:11:00:03 -0500] "GET / HTTP/1.1" 301 0 "-" "Mozilla/5.0 X11; Ubuntu; Linux x86_64; rv:126.0 Gecko/20100101 Firefox/126.0"
68.65.122.142 - - [12/Nov/2024:11:14:59 -0500] "POST /wp-cron.php?doing_wp_cron=1731428098.9935569763183593750000 HTTP/1.1" 403 1242 "-" "WordPress/6.2.1; https://glenbowcollege.ca"
43.157.22.57 - - [12/Nov/2024:11:14:57 -0500] "GET / HTTP/1.1" 301 0 "-" "Mozilla/5.0 (iPhone; CPU iPhone OS 13_2_3 like Mac OS X) AppleWebKit/605.1.15 (KHTML, like Gecko) Version/13.0.3 Mobile/15E148 Safari/604.1"
194.38.23.16 - - [12/Nov/2024:11:21:23 -0500] "GET /wp-admin/admin-ajax.php?action=revslider_ajax_action&client_action=update_plugin HTTP/1.1" 403 1242 "-" "ALittle Client"
5.181.188.149 - - [12/Nov/2024:12:18:20 -0500] "GET /hehehehe.php HTTP/1.1" 403 6990 "-" "Mozlila/5.0 (Linux; Android 7.0; SM-G892A Bulid/NRD90M; wv) AppleWebKit/537.36 (KHTML, like Gecko) Version/4.0 Chrome/60.0.3112.107 Moblie Safari/537.36"
66.249.68.35 - - [12/Nov/2024:12:24:58 -0500] "GET / HTTP/1.1" 301 0 "-" "Mozilla/5.0 (compatible; Googlebot/2.1; +http://www.google.com/bot.html)"
205.210.31.110 - - [12/Nov/2024:12:28:38 -0500] "GET / HTTP/1.1" 301 0 "-" "Expanse, a Palo Alto Networks company, searches across the global IPv4 space multiple times per day to identify customers' presences on the Internet. If you would like to be excluded from our scans, please send IP addresses/domains to: scaninfo@paloaltonetworks.com"
5.181.188.149 - - [12/Nov/2024:12:18:21 -0500] "GET /admin.php HTTP/1.1" 403 6990 "-" "Mozlila/5.0 (Linux; Android 7.0; SM-G892A Bulid/NRD90M; wv) AppleWebKit/537.36 (KHTML, like Gecko) Version/4.0 Chrome/60.0.3112.107 Moblie Safari/537.36"
5.181.188.149 - - [12/Nov/2024:12:18:27 -0500] "GET /wp-atom.php HTTP/1.1" 403 6990 "-" "Mozlila/5.0 (Linux; Android 7.0; SM-G892A Bulid/NRD90M; wv) AppleWebKit/537.36 (KHTML, like Gecko) Version/4.0 Chrome/60.0.3112.107 Moblie Safari/537.36"
75.159.24.191 - - [12/Nov/2024:12:20:46 -0500] "GET /?fbclid=PAZXh0bgNhZW0CMTEAAaY8FimOrpfHaegEbIevtSP5wajyvHLy7r6-ACAApbNgZ_E5CNXoZuPdat4_aem_HyknaJx33jjw88KUlPPNwQ HTTP/1.1" 301 0 "https://l.instagram.com/" "Mozilla/5.0 (iPhone; CPU iPhone OS 17_6_1 like Mac OS X) AppleWebKit/605.1.15 (KHTML, like Gecko) Mobile/21G93 Instagram 356.1.0.37.91 (iPhone12,1; iOS 17_6_1; en_CA; en; scale=2.00; 828x1792; 660155909; IABMV/1)"
68.65.122.142 - - [12/Nov/2024:12:28:39 -0500] "POST /wp-cron.php?doing_wp_cron=1731432519.8575720787048339843750 HTTP/1.1" 403 1242 "-" "WordPress/6.2.1; https://glenbowcollege.ca"
52.250.52.12 - - [12/Nov/2024:12:46:17 -0500] "GET / HTTP/1.1" 301 0 "-" "Mozilla/5.0 (Windows NT 10.0; Win64; x64) AppleWebKit/537.36 (KHTML, like Gecko) Chrome/125.0.6422.143 Safari/537.36"
68.65.122.142 - - [12/Nov/2024:12:57:17 -0500] "POST /wp-cron.php?doing_wp_cron=1731434237.6017301082611083984375 HTTP/1.1" 403 1242 "-" "WordPress/6.2.1; https://glenbowcollege.ca"
104.196.57.69 - - [12/Nov/2024:12:57:16 -0500] "GET / HTTP/1.0" 301 0 "-" "Mozilla/5.0/(X11; Linux x86_64) AppleWebKit/537.36 (KHTML, like Gecko) Chrome/125.0.0.0 Safari/537.36"
68.65.122.142 - - [12/Nov/2024:13:04:06 -0500] "POST /wp-cron.php?doing_wp_cron=1731434646.8912320137023925781250 HTTP/1.1" 403 1242 "-" "WordPress/6.2.1; https://glenbowcollege.ca"
37.28.156.244 - - [12/Nov/2024:13:04:05 -0500] "GET / HTTP/1.1" 301 0 "-" "Mozilla/5.0 (Windows NT 10.0) AppleWebKit/537.36 (KHTML, like Gecko) Chrome/84.0.4147.105 Safari/537.36"
104.196.57.69 - - [12/Nov/2024:12:55:00 -0500] "GET /robots.txt HTTP/1.0" 200 242 "-" "Mozilla/5.0/(X11; Linux x86_64) AppleWebKit/537.36 (KHTML, like Gecko) Chrome/125.0.0.0 Safari/537.36"
68.65.122.142 - - [12/Nov/2024:12:55:01 -0500] "POST /wp-cron.php?doing_wp_cron=1731434101.9783639907836914062500 HTTP/1.1" 403 1242 "-" "WordPress/6.2.1; https://glenbowcollege.ca"
104.196.57.69 - - [12/Nov/2024:12:55:00 -0500] "GET / HTTP/1.0" 301 0 "-" "Mozilla/5.0/(X11; Linux x86_64) AppleWebKit/537.36 (KHTML, like Gecko) Chrome/125.0.0.0 Safari/537.36"
104.196.57.69 - - [12/Nov/2024:12:57:16 -0500] "GET /robots.txt HTTP/1.0" 200 242 "-" "Mozilla/5.0/(X11; Linux x86_64) AppleWebKit/537.36 (KHTML, like Gecko) Chrome/125.0.0.0 Safari/537.36"
216.244.66.247 - - [12/Nov/2024:13:11:40 -0500] "GET /robots.txt HTTP/1.1" 200 841 "-" "Mozilla/5.0 (compatible; DotBot/1.2; +https://opensiteexplorer.org/dotbot; help@moz.com)"
216.244.66.247 - - [12/Nov/2024:13:18:27 -0500] "GET /tag/management/ HTTP/1.1" 301 0 "-" "Mozilla/5.0 (compatible; DotBot/1.2; +https://opensiteexplorer.org/dotbot; help@moz.com)"
216.244.66.247 - - [12/Nov/2024:13:19:09 -0500] "GET /contact-us/ HTTP/1.1" 301 0 "-" "Mozilla/5.0 (compatible; DotBot/1.2; +https://opensiteexplorer.org/dotbot; help@moz.com)"
20.171.206.251 - - [12/Nov/2024:13:08:59 -0500] "GET /robots.txt HTTP/1.1" 200 233 "-" "Mozilla/5.0 AppleWebKit/537.36 (KHTML, like Gecko; compatible; GPTBot/1.0; +https://openai.com/gptbot)"
216.244.66.247 - - [12/Nov/2024:13:11:40 -0500] "GET /robots.txt HTTP/1.1" 200 841 "-" "Mozilla/5.0 (compatible; DotBot/1.2; +https://opensiteexplorer.org/dotbot; help@moz.com)"
68.65.122.142 - - [12/Nov/2024:13:18:28 -0500] "POST /wp-cron.php?doing_wp_cron=1731435508.8452079296112060546875 HTTP/1.1" 403 1242 "-" "WordPress/6.2.1; https://glenbowcollege.ca"
216.244.66.247 - - [12/Nov/2024:13:18:33 -0500] "GET /feed/ HTTP/1.1" 301 0 "-" "Mozilla/5.0 (compatible; DotBot/1.2; +https://opensiteexplorer.org/dotbot; help@moz.com)"
216.244.66.247 - - [12/Nov/2024:13:19:14 -0500] "GET /international-programs/ HTTP/1.1" 301 0 "-" "Mozilla/5.0 (compatible; DotBot/1.2; +https://opensiteexplorer.org/dotbot; help@moz.com)"
66.249.68.34 - - [12/Nov/2024:13:40:09 -0500] "GET / HTTP/1.1" 301 0 "-" "Mozilla/5.0 (compatible; Googlebot/2.1; +http://www.google.com/bot.html)"
68.65.122.142 - - [12/Nov/2024:13:46:24 -0500] "POST /wp-cron.php?doing_wp_cron=1731437184.6542389392852783203125 HTTP/1.1" 403 1242 "-" "WordPress/6.2.1; https://glenbowcollege.ca"
20.171.206.89 - - [12/Nov/2024:13:46:16 -0500] "GET /robots.txt HTTP/1.1" 200 233 "-" "Mozilla/5.0 AppleWebKit/537.36 (KHTML, like Gecko; compatible; GPTBot/1.0; +https://openai.com/gptbot)"
20.171.206.246 - - [12/Nov/2024:13:46:23 -0500] "GET / HTTP/1.1" 301 0 "-" "Mozilla/5.0 AppleWebKit/537.36 (KHTML, like Gecko; compatible; GPTBot/1.0; +https://openai.com/gptbot)"
68.65.122.142 - - [12/Nov/2024:13:55:10 -0500] "POST /wp-cron.php?doing_wp_cron=1731437710.6300930976867675781250 HTTP/1.1" 403 1242 "-" "WordPress/6.2.1; https://glenbowcollege.ca"
38.107.87.187 - - [12/Nov/2024:13:55:09 -0500] "GET / HTTP/1.1" 301 0 "-" "Mozilla/5.0 (Macintosh; Intel Mac OS X 10_14_2) AppleWebKit/605.1.15 (KHTML, like Gecko) Version/12.0.2 Safari/605.1.15"
38.107.87.187 - - [12/Nov/2024:13:55:16 -0500] "GET / HTTP/1.1" 301 0 "https://glenbowcollege.ca/" "Mozilla/5.0 (Macintosh; Intel Mac OS X 10_14_2) AppleWebKit/605.1.15 (KHTML, like Gecko) Version/12.0.2 Safari/605.1.15"
38.107.85.188 - - [12/Nov/2024:14:08:05 -0500] "GET / HTTP/1.1" 301 0 "-" "Mozilla/5.0 (Macintosh; Intel Mac OS X 10_14_2) AppleWebKit/605.1.15 (KHTML, like Gecko) Version/12.0.2 Safari/605.1.15"
38.107.85.188 - - [12/Nov/2024:14:08:07 -0500] "GET / HTTP/1.1" 301 0 "https://glenbowcollege.ca/" "Mozilla/5.0 (Macintosh; Intel Mac OS X 10_14_2) AppleWebKit/605.1.15 (KHTML, like Gecko) Version/12.0.2 Safari/605.1.15"
216.244.66.247 - - [12/Nov/2024:14:11:01 -0500] "GET /international/international-current-students/tuition-collection-and-refund-policy/ HTTP/1.1" 301 0 "-" "Mozilla/5.0 (compatible; DotBot/1.2; +https://opensiteexplorer.org/dotbot; help@moz.com)"
216.244.66.247 - - [12/Nov/2024:14:04:00 -0500] "GET /robots.txt HTTP/1.1" 200 841 "-" "Mozilla/5.0 (compatible; DotBot/1.2; +https://opensiteexplorer.org/dotbot; help@moz.com)"
44.234.33.125 - - [12/Nov/2024:14:08:39 -0500] "GET /robots.txt HTTP/1.1" 200 242 "-" "Mozilla/5.0 (compatible; wpbot/1.1; +https://forms.gle/ajBaxygz9jSR8p8G9)"
44.234.33.125 - - [12/Nov/2024:14:08:39 -0500] "GET / HTTP/1.1" 301 0 "-" "Mozilla/5.0 (compatible; wpbot/1.1; +https://forms.gle/ajBaxygz9jSR8p8G9)"
89.208.105.220 - - [12/Nov/2024:14:10:26 -0500] "GET /index.php?rest_route=/wp/v2/plugins/litespeed-cache/litespeed-cache HTTP/1.1" 403 1242 "-" "Mozilla/5.0 (Windows NT 10.0; Win64; x64; rv:49.0) Gecko/20100101 Firefox/49.0"
68.65.122.142 - - [12/Nov/2024:14:10:55 -0500] "POST /wp-cron.php?doing_wp_cron=1731438655.1261379718780517578125 HTTP/1.1" 403 1242 "-" "WordPress/6.2.1; https://glenbowcollege.ca"
216.244.66.247 - - [12/Nov/2024:14:10:53 -0500] "GET /category/blog/feed/ HTTP/1.1" 301 0 "-" "Mozilla/5.0 (compatible; DotBot/1.2; +https://opensiteexplorer.org/dotbot; help@moz.com)"
216.244.66.247 - - [12/Nov/2024:14:11:48 -0500] "GET /international/current-international-students/ HTTP/1.1" 301 0 "-" "Mozilla/5.0 (compatible; DotBot/1.2; +https://opensiteexplorer.org/dotbot; help@moz.com)"
13.73.206.214 - - [12/Nov/2024:14:37:38 -0500] "HEAD /wordpress HTTP/1.1" 301 0 "-" "Mozilla/5.0 (Windows NT 10.0; Win64; x64) AppleWebKit/537.36 (KHTML, like Gecko) Chrome/74.0.3729.169 Safari/537.36"
13.73.206.214 - - [12/Nov/2024:14:37:39 -0500] "HEAD /wordpress HTTP/1.1" 301 0 "http://glenbowcollege.com/wordpress" "Mozilla/5.0 (Windows NT 10.0; Win64; x64) AppleWebKit/537.36 (KHTML, like Gecko) Chrome/74.0.3729.169 Safari/537.36"
13.73.206.214 - - [12/Nov/2024:14:37:42 -0500] "HEAD / HTTP/1.1" 301 0 "http://glenbowcollege.com/" "Mozilla/5.0 (Windows NT 10.0; Win64; x64) AppleWebKit/537.36 (KHTML, like Gecko) Chrome/74.0.3729.169 Safari/537.36"
13.73.206.214 - - [12/Nov/2024:14:37:44 -0500] "HEAD /wp HTTP/1.1" 301 0 "-" "Mozilla/5.0 (Windows NT 10.0; Win64; x64) AppleWebKit/537.36 (KHTML, like Gecko) Chrome/74.0.3729.169 Safari/537.36"
13.73.206.214 - - [12/Nov/2024:14:37:45 -0500] "HEAD /wp HTTP/1.1" 301 0 "http://glenbowcollege.com/wp" "Mozilla/5.0 (Windows NT 10.0; Win64; x64) AppleWebKit/537.36 (KHTML, like Gecko) Chrome/74.0.3729.169 Safari/537.36"
68.65.122.142 - - [12/Nov/2024:14:37:48 -0500] "POST /wp-cron.php?doing_wp_cron=1731440268.2736270427703857421875 HTTP/1.1" 403 1242 "-" "WordPress/6.2.1; https://glenbowcollege.ca"
13.73.206.214 - - [12/Nov/2024:14:37:47 -0500] "HEAD /bc HTTP/1.1" 301 0 "-" "Mozilla/5.0 (Windows NT 10.0; Win64; x64) AppleWebKit/537.36 (KHTML, like Gecko) Chrome/74.0.3729.169 Safari/537.36"
13.73.206.214 - - [12/Nov/2024:14:37:50 -0500] "HEAD /bk HTTP/1.1" 301 0 "-" "Mozilla/5.0 (Windows NT 10.0; Win64; x64) AppleWebKit/537.36 (KHTML, like Gecko) Chrome/74.0.3729.169 Safari/537.36"
13.73.206.214 - - [12/Nov/2024:14:37:53 -0500] "HEAD /backup HTTP/1.1" 301 0 "http://glenbowcollege.com/backup" "Mozilla/5.0 (Windows NT 10.0; Win64; x64) AppleWebKit/537.36 (KHTML, like Gecko) Chrome/74.0.3729.169 Safari/537.36"
13.73.206.214 - - [12/Nov/2024:14:37:56 -0500] "HEAD /old HTTP/1.1" 301 0 "http://glenbowcollege.com/old" "Mozilla/5.0 (Windows NT 10.0; Win64; x64) AppleWebKit/537.36 (KHTML, like Gecko) Chrome/74.0.3729.169 Safari/537.36"
13.73.206.214 - - [12/Nov/2024:14:38:03 -0500] "HEAD /home HTTP/1.1" 301 0 "-" "Mozilla/5.0 (Windows NT 10.0; Win64; x64) AppleWebKit/537.36 (KHTML, like Gecko) Chrome/74.0.3729.169 Safari/537.36"
13.73.206.214 - - [12/Nov/2024:14:38:05 -0500] "HEAD /home HTTP/1.1" 301 0 "http://glenbowcollege.com/home" "Mozilla/5.0 (Windows NT 10.0; Win64; x64) AppleWebKit/537.36 (KHTML, like Gecko) Chrome/74.0.3729.169 Safari/537.36"
13.73.206.214 - - [12/Nov/2024:14:37:42 -0500] "HEAD / HTTP/1.1" 301 0 "-" "Mozilla/5.0 (Windows NT 10.0; Win64; x64) AppleWebKit/537.36 (KHTML, like Gecko) Chrome/74.0.3729.169 Safari/537.36"
13.73.206.214 - - [12/Nov/2024:14:37:48 -0500] "HEAD /bc HTTP/1.1" 301 0 "http://glenbowcollege.com/bc" "Mozilla/5.0 (Windows NT 10.0; Win64; x64) AppleWebKit/537.36 (KHTML, like Gecko) Chrome/74.0.3729.169 Safari/537.36"
13.73.206.214 - - [12/Nov/2024:14:37:51 -0500] "HEAD /bk HTTP/1.1" 301 0 "http://glenbowcollege.com/bk" "Mozilla/5.0 (Windows NT 10.0; Win64; x64) AppleWebKit/537.36 (KHTML, like Gecko) Chrome/74.0.3729.169 Safari/537.36"
13.73.206.214 - - [12/Nov/2024:14:37:52 -0500] "HEAD /backup HTTP/1.1" 301 0 "-" "Mozilla/5.0 (Windows NT 10.0; Win64; x64) AppleWebKit/537.36 (KHTML, like Gecko) Chrome/74.0.3729.169 Safari/537.36"
13.73.206.214 - - [12/Nov/2024:14:37:55 -0500] "HEAD /old HTTP/1.1" 301 0 "-" "Mozilla/5.0 (Windows NT 10.0; Win64; x64) AppleWebKit/537.36 (KHTML, like Gecko) Chrome/74.0.3729.169 Safari/537.36"
13.73.206.214 - - [12/Nov/2024:14:37:57 -0500] "HEAD /new HTTP/1.1" 301 0 "-" "Mozilla/5.0 (Windows NT 10.0; Win64; x64) AppleWebKit/537.36 (KHTML, like Gecko) Chrome/74.0.3729.169 Safari/537.36"
13.73.206.214 - - [12/Nov/2024:14:37:59 -0500] "HEAD /new HTTP/1.1" 301 0 "http://glenbowcollege.com/new" "Mozilla/5.0 (Windows NT 10.0; Win64; x64) AppleWebKit/537.36 (KHTML, like Gecko) Chrome/74.0.3729.169 Safari/537.36"
13.73.206.214 - - [12/Nov/2024:14:38:00 -0500] "HEAD /main HTTP/1.1" 301 0 "-" "Mozilla/5.0 (Windows NT 10.0; Win64; x64) AppleWebKit/537.36 (KHTML, like Gecko) Chrome/74.0.3729.169 Safari/537.36"
13.73.206.214 - - [12/Nov/2024:14:38:02 -0500] "HEAD /main HTTP/1.1" 301 0 "http://glenbowcollege.com/main" "Mozilla/5.0 (Windows NT 10.0; Win64; x64) AppleWebKit/537.36 (KHTML, like Gecko) Chrome/74.0.3729.169 Safari/537.36"
13.234.17.129 - - [12/Nov/2024:14:46:12 -0500] "GET /chosen.php?p= HTTP/1.1" 403 6990 "-" "Mozlila/5.0 (Linux; Android 7.0; SM-G892A Bulid/NRD90M; wv) AppleWebKit/537.36 (KHTML, like Gecko) Version/4.0 Chrome/60.0.3112.107 Moblie Safari/537.36"
216.244.66.247 - - [12/Nov/2024:14:57:19 -0500] "GET /robots.txt HTTP/1.1" 200 841 "-" "Mozilla/5.0 (compatible; DotBot/1.2; +https://opensiteexplorer.org/dotbot; help@moz.com)"
68.65.122.142 - - [12/Nov/2024:15:12:35 -0500] "POST /wp-cron.php?doing_wp_cron=1731442355.4872939586639404296875 HTTP/1.1" 403 1242 "-" "WordPress/6.2.1; https://glenbowcollege.ca"
216.244.66.247 - - [12/Nov/2024:15:04:54 -0500] "GET /international/prospective-international-students/ HTTP/1.1" 301 0 "-" "Mozilla/5.0 (compatible; DotBot/1.2; +https://opensiteexplorer.org/dotbot; help@moz.com)"
54.39.104.60 - - [12/Nov/2024:15:12:34 -0500] "GET / HTTP/1.1" 301 0 "-" "Mozilla/5.0 (Windows NT 6.1; Win64; x64; +http://url-classification.io/wiki/index.php?title=URL_server_crawler) KStandBot/1.0"
104.196.115.254 - - [12/Nov/2024:15:53:42 -0500] "GET /robots.txt HTTP/1.0" 200 242 "-" "Mozilla/5.0/(X11; Linux x86_64) AppleWebKit/537.36 (KHTML, like Gecko) Chrome/125.0.0.0 Safari/537.36"
104.196.115.254 - - [12/Nov/2024:15:53:42 -0500] "GET / HTTP/1.0" 301 0 "-" "Mozilla/5.0/(X11; Linux x86_64) AppleWebKit/537.36 (KHTML, like Gecko) Chrome/125.0.0.0 Safari/537.36"
104.196.115.254 - - [12/Nov/2024:15:56:12 -0500] "GET /robots.txt HTTP/1.0" 200 242 "-" "Mozilla/5.0/(X11; Linux x86_64) AppleWebKit/537.36 (KHTML, like Gecko) Chrome/125.0.0.0 Safari/537.36"
104.196.115.254 - - [12/Nov/2024:15:56:12 -0500] "GET / HTTP/1.0" 301 0 "-" "Mozilla/5.0/(X11; Linux x86_64) AppleWebKit/537.36 (KHTML, like Gecko) Chrome/125.0.0.0 Safari/537.36"
68.65.122.142 - - [12/Nov/2024:15:53:43 -0500] "POST /wp-cron.php?doing_wp_cron=1731444823.5225000381469726562500 HTTP/1.1" 403 1242 "-" "WordPress/6.2.1; https://glenbowcollege.ca"
43.130.3.122 - - [12/Nov/2024:15:54:11 -0500] "GET / HTTP/1.1" 301 0 "http://glenbowcollege.com" "Mozilla/5.0 (iPhone; CPU iPhone OS 13_2_3 like Mac OS X) AppleWebKit/605.1.15 (KHTML, like Gecko) Version/13.0.3 Mobile/15E148 Safari/604.1"
147.182.231.193 - - [12/Nov/2024:16:23:32 -0500] "GET /chosen.php?p= HTTP/1.1" 403 6990 "-" "Mozlila/5.0 (Linux; Android 7.0; SM-G892A Bulid/NRD90M; wv) AppleWebKit/537.36 (KHTML, like Gecko) Version/4.0 Chrome/60.0.3112.107 Moblie Safari/537.36"
147.182.231.193 - - [12/Nov/2024:16:20:58 -0500] "GET /chosen.php?p= HTTP/1.1" 403 6990 "-" "Mozlila/5.0 (Linux; Android 7.0; SM-G892A Bulid/NRD90M; wv) AppleWebKit/537.36 (KHTML, like Gecko) Version/4.0 Chrome/60.0.3112.107 Moblie Safari/537.36"
114.119.148.163 - - [12/Nov/2024:16:42:36 -0500] "GET /robots.txt HTTP/1.1" 200 242 "-" "Mozilla/5.0 (compatible;PetalBot;+https://webmaster.petalsearch.com/site/petalbot)"
216.244.66.247 - - [12/Nov/2024:16:42:49 -0500] "GET /robots.txt HTTP/1.1" 200 841 "-" "Mozilla/5.0 (compatible; DotBot/1.2; +https://opensiteexplorer.org/dotbot; help@moz.com)"
216.244.66.247 - - [12/Nov/2024:16:42:49 -0500] "GET /robots.txt HTTP/1.1" 200 841 "-" "Mozilla/5.0 (compatible; DotBot/1.2; +https://opensiteexplorer.org/dotbot; help@moz.com)"
216.244.66.247 - - [12/Nov/2024:16:49:52 -0500] "GET /international/current-international-students/academic-policies/ HTTP/1.1" 301 0 "-" "Mozilla/5.0 (compatible; DotBot/1.2; +https://opensiteexplorer.org/dotbot; help@moz.com)"
216.244.66.247 - - [12/Nov/2024:16:50:31 -0500] "GET /blog/ HTTP/1.1" 301 0 "-" "Mozilla/5.0 (compatible; DotBot/1.2; +https://opensiteexplorer.org/dotbot; help@moz.com)"
167.235.1.20 - - [12/Nov/2024:16:52:13 -0500] "GET / HTTP/1.1" 301 0 "-" "Mozilla/5.0 (Macintosh; Intel Mac OS X 10_13_4) AppleWebKit/537.36 (KHTML, like Gecko) Chrome/107.0.0.0 Safari/537.36 618"
