Server IP : 68.65.122.142  /  Your IP : 13.59.97.103
Web Server : LiteSpeed
System : Linux server167.web-hosting.com 4.18.0-513.18.1.lve.el8.x86_64 #1 SMP Thu Feb 22 12:55:50 UTC 2024 x86_64
User : glenirhm ( 1318)
PHP Version : 7.4.33
Disable Function : NONE
MySQL : OFF  |  cURL : ON  |  WGET : ON  |  Perl : ON  |  Python : ON
Directory (0750) :  /home/glenirhm/.ssh/../.softaculous/../access-logs/

[  Home  ][  C0mmand  ][  Upload File  ]

Current File : /home/glenirhm/.ssh/../.softaculous/../access-logs/glenbowcollege.ca
43.134.173.99 - - [13/Nov/2024:07:05:17 -0500] "GET /.env HTTP/1.1" 403 1242 "-" "-"
146.70.133.16 - - [13/Nov/2024:07:15:04 -0500] "GET /.git/HEAD HTTP/1.1" 403 1242 "-" "Mozilla/5.0 (Windows NT 10.0; Win64; x64) AppleWebKit/537.36 (KHTML, like Gecko) Chrome/91.0.4472.114 Safari/537.36"
68.65.122.142 - - [13/Nov/2024:07:36:08 -0500] "POST /wp-cron.php?doing_wp_cron=1731501368.7545719146728515625000 HTTP/1.1" 403 1242 "-" "WordPress/6.2.1; https://glenbowcollege.ca"
66.249.68.34 - - [13/Nov/2024:07:36:07 -0500] "GET / HTTP/1.1" 301 0 "-" "Mozilla/5.0 (compatible; Googlebot/2.1; +http://www.google.com/bot.html)"
68.65.122.142 - - [13/Nov/2024:08:00:27 -0500] "POST /wp-cron.php?doing_wp_cron=1731502827.3123729228973388671875 HTTP/1.1" 403 1242 "-" "WordPress/6.2.1; https://glenbowcollege.ca"
104.167.28.120 - - [13/Nov/2024:08:00:26 -0500] "GET /wp-json/wp/v2/users HTTP/1.1" 301 0 "https://www.google.com" "Mozilla/5.0 (X11; Linux x86_64) AppleWebKit/537.36 (KHTML, like Gecko) Chrome/119.0.0.0 Safari/537.36"
117.62.235.53 - - [13/Nov/2024:08:23:36 -0500] "GET / HTTP/1.1" 301 0 "http://www.glenbowcollege.com" "Mozilla/5.0 (iPhone; CPU iPhone OS 13_2_3 like Mac OS X) AppleWebKit/605.1.15 (KHTML, like Gecko) Version/13.0.3 Mobile/15E148 Safari/604.1"
68.65.122.142 - - [13/Nov/2024:08:25:23 -0500] "POST /wp-cron.php?doing_wp_cron=1731504323.0445880889892578125000 HTTP/1.1" 403 1242 "-" "WordPress/6.2.1; https://glenbowcollege.ca"
89.248.172.183 - - [13/Nov/2024:08:25:21 -0500] "GET / HTTP/1.1" 301 0 "-" "Mozilla/5.0 (Windows NT 10.0; Win64; x64) AppleWebKit/537.36 (KHTML, like Gecko) Chrome/122.0.0.0 Safari/537.36"
68.65.122.142 - - [13/Nov/2024:08:25:23 -0500] "POST /wp-cron.php?doing_wp_cron=1731504323.2763450145721435546875 HTTP/1.1" 403 1242 "-" "WordPress/6.2.1; https://glenbowcollege.ca"
89.248.172.183 - - [13/Nov/2024:08:25:22 -0500] "GET / HTTP/1.1" 301 0 "-" "Mozilla/5.0 (iPhone; CPU iPhone OS 17_0_2 like Mac OS X) AppleWebKit/605.1.15 (KHTML, like Gecko) Version/17.0 Mobile/15E148 Safari/604.1"
68.65.122.142 - - [13/Nov/2024:08:44:39 -0500] "POST /wp-cron.php?doing_wp_cron=1731505479.1394739151000976562500 HTTP/1.1" 403 1242 "-" "WordPress/6.2.1; https://glenbowcollege.ca"
193.202.81.223 - - [13/Nov/2024:08:44:38 -0500] "GET / HTTP/1.1" 301 0 "-" "Mozilla/5.0 (Macintosh; Intel Mac OS X 10_15_7) AppleWebKit/537.36 (KHTML, like Gecko) Chrome/127.0.0.0 Safari/537.36"
216.244.66.247 - - [13/Nov/2024:09:22:03 -0500] "GET /robots.txt HTTP/1.1" 200 841 "-" "Mozilla/5.0 (compatible; DotBot/1.2; +https://opensiteexplorer.org/dotbot; help@moz.com)"
216.244.66.247 - - [13/Nov/2024:09:22:03 -0500] "GET /robots.txt HTTP/1.1" 200 841 "-" "Mozilla/5.0 (compatible; DotBot/1.2; +https://opensiteexplorer.org/dotbot; help@moz.com)"
216.244.66.247 - - [13/Nov/2024:09:30:18 -0500] "GET /international/international-about/apply/ HTTP/1.1" 301 0 "-" "Mozilla/5.0 (compatible; DotBot/1.2; +https://opensiteexplorer.org/dotbot; help@moz.com)"
68.65.122.142 - - [13/Nov/2024:09:30:19 -0500] "POST /wp-cron.php?doing_wp_cron=1731508219.3268759250640869140625 HTTP/1.1" 403 1242 "-" "WordPress/6.2.1; https://glenbowcollege.ca"
216.244.66.247 - - [13/Nov/2024:09:30:23 -0500] "GET /international-programs/ HTTP/1.1" 301 0 "-" "Mozilla/5.0 (compatible; DotBot/1.2; +https://opensiteexplorer.org/dotbot; help@moz.com)"
114.119.152.128 - - [13/Nov/2024:09:52:02 -0500] "GET /international/international-prospective-students/studying-in-canada/ HTTP/1.1" 301 0 "-" "Mozilla/5.0 (Linux; Android 7.0;) AppleWebKit/537.36 (KHTML, like Gecko) Mobile Safari/537.36 (compatible; PetalBot;+https://webmaster.petalsearch.com/site/petalbot)"
68.149.220.88 - - [13/Nov/2024:09:57:56 -0500] "GET / HTTP/1.1" 301 0 "-" "Mozilla/5.0 (iPhone; CPU iPhone OS 18_0_1 like Mac OS X) AppleWebKit/605.1.15 (KHTML, like Gecko) Version/18.0.1 Mobile/15E148 Safari/604.1"
68.65.122.142 - - [13/Nov/2024:09:52:03 -0500] "POST /wp-cron.php?doing_wp_cron=1731509523.7643570899963378906250 HTTP/1.1" 403 1242 "-" "WordPress/6.2.1; https://glenbowcollege.ca"
216.244.66.247 - - [13/Nov/2024:10:14:15 -0500] "GET /robots.txt HTTP/1.1" 200 841 "-" "Mozilla/5.0 (compatible; DotBot/1.2; +https://opensiteexplorer.org/dotbot; help@moz.com)"
216.244.66.247 - - [13/Nov/2024:10:14:15 -0500] "GET /robots.txt HTTP/1.1" 200 841 "-" "Mozilla/5.0 (compatible; DotBot/1.2; +https://opensiteexplorer.org/dotbot; help@moz.com)"
216.244.66.247 - - [13/Nov/2024:10:20:59 -0500] "GET /international/international-programs/administrative-professional-diploma-program/ HTTP/1.1" 301 0 "-" "Mozilla/5.0 (compatible; DotBot/1.2; +https://opensiteexplorer.org/dotbot; help@moz.com)"
68.65.122.142 - - [13/Nov/2024:10:21:59 -0500] "POST /wp-cron.php?doing_wp_cron=1731511319.2352170944213867187500 HTTP/1.1" 403 1242 "-" "WordPress/6.2.1; https://glenbowcollege.ca"
216.244.66.247 - - [13/Nov/2024:10:21:58 -0500] "GET /tag/management/ HTTP/1.1" 301 0 "-" "Mozilla/5.0 (compatible; DotBot/1.2; +https://opensiteexplorer.org/dotbot; help@moz.com)"
216.244.66.247 - - [13/Nov/2024:10:22:48 -0500] "GET /courses/teaching-english-to-speakers-of-other-languages/ HTTP/1.1" 301 0 "-" "Mozilla/5.0 (compatible; DotBot/1.2; +https://opensiteexplorer.org/dotbot; help@moz.com)"
68.65.122.142 - - [13/Nov/2024:10:42:57 -0500] "POST /wp-cron.php?doing_wp_cron=1731512577.5362401008605957031250 HTTP/1.1" 403 1242 "-" "WordPress/6.2.1; https://glenbowcollege.ca"
68.65.122.142 - - [13/Nov/2024:10:42:58 -0500] "POST /wp-cron.php?doing_wp_cron=1731512578.0346729755401611328125 HTTP/1.1" 403 1242 "-" "WordPress/6.2.1; https://glenbowcollege.ca"
13.73.206.214 - - [13/Nov/2024:10:43:00 -0500] "HEAD / HTTP/1.1" 301 0 "http://glenbowcollege.com/" "Mozilla/5.0 (Windows NT 10.0; Win64; x64) AppleWebKit/537.36 (KHTML, like Gecko) Chrome/74.0.3729.169 Safari/537.36"
13.73.206.214 - - [13/Nov/2024:10:43:02 -0500] "HEAD /wp HTTP/1.1" 301 0 "-" "Mozilla/5.0 (Windows NT 10.0; Win64; x64) AppleWebKit/537.36 (KHTML, like Gecko) Chrome/74.0.3729.169 Safari/537.36"
13.73.206.214 - - [13/Nov/2024:10:43:06 -0500] "HEAD /bk HTTP/1.1" 301 0 "-" "Mozilla/5.0 (Windows NT 10.0; Win64; x64) AppleWebKit/537.36 (KHTML, like Gecko) Chrome/74.0.3729.169 Safari/537.36"
13.73.206.214 - - [13/Nov/2024:10:43:08 -0500] "HEAD /bk HTTP/1.1" 301 0 "http://glenbowcollege.com/bk" "Mozilla/5.0 (Windows NT 10.0; Win64; x64) AppleWebKit/537.36 (KHTML, like Gecko) Chrome/74.0.3729.169 Safari/537.36"
13.73.206.214 - - [13/Nov/2024:10:43:13 -0500] "HEAD /old HTTP/1.1" 301 0 "http://glenbowcollege.com/old" "Mozilla/5.0 (Windows NT 10.0; Win64; x64) AppleWebKit/537.36 (KHTML, like Gecko) Chrome/74.0.3729.169 Safari/537.36"
13.73.206.214 - - [13/Nov/2024:10:43:13 -0500] "HEAD /new HTTP/1.1" 301 0 "-" "Mozilla/5.0 (Windows NT 10.0; Win64; x64) AppleWebKit/537.36 (KHTML, like Gecko) Chrome/74.0.3729.169 Safari/537.36"
13.73.206.214 - - [13/Nov/2024:10:43:17 -0500] "HEAD /main HTTP/1.1" 301 0 "-" "Mozilla/5.0 (Windows NT 10.0; Win64; x64) AppleWebKit/537.36 (KHTML, like Gecko) Chrome/74.0.3729.169 Safari/537.36"
13.73.206.214 - - [13/Nov/2024:10:43:19 -0500] "HEAD /main HTTP/1.1" 301 0 "http://glenbowcollege.com/main" "Mozilla/5.0 (Windows NT 10.0; Win64; x64) AppleWebKit/537.36 (KHTML, like Gecko) Chrome/74.0.3729.169 Safari/537.36"
13.73.206.214 - - [13/Nov/2024:10:43:19 -0500] "HEAD /home HTTP/1.1" 301 0 "-" "Mozilla/5.0 (Windows NT 10.0; Win64; x64) AppleWebKit/537.36 (KHTML, like Gecko) Chrome/74.0.3729.169 Safari/537.36"
13.73.206.214 - - [13/Nov/2024:10:43:21 -0500] "HEAD /home HTTP/1.1" 301 0 "http://glenbowcollege.com/home" "Mozilla/5.0 (Windows NT 10.0; Win64; x64) AppleWebKit/537.36 (KHTML, like Gecko) Chrome/74.0.3729.169 Safari/537.36"
13.73.206.214 - - [13/Nov/2024:10:42:56 -0500] "HEAD /wordpress HTTP/1.1" 301 0 "-" "Mozilla/5.0 (Windows NT 10.0; Win64; x64) AppleWebKit/537.36 (KHTML, like Gecko) Chrome/74.0.3729.169 Safari/537.36"
13.73.206.214 - - [13/Nov/2024:10:42:57 -0500] "HEAD /wordpress HTTP/1.1" 301 0 "http://glenbowcollege.com/wordpress" "Mozilla/5.0 (Windows NT 10.0; Win64; x64) AppleWebKit/537.36 (KHTML, like Gecko) Chrome/74.0.3729.169 Safari/537.36"
13.73.206.214 - - [13/Nov/2024:10:42:59 -0500] "HEAD / HTTP/1.1" 301 0 "-" "Mozilla/5.0 (Windows NT 10.0; Win64; x64) AppleWebKit/537.36 (KHTML, like Gecko) Chrome/74.0.3729.169 Safari/537.36"
13.73.206.214 - - [13/Nov/2024:10:43:03 -0500] "HEAD /wp HTTP/1.1" 301 0 "http://glenbowcollege.com/wp" "Mozilla/5.0 (Windows NT 10.0; Win64; x64) AppleWebKit/537.36 (KHTML, like Gecko) Chrome/74.0.3729.169 Safari/537.36"
13.73.206.214 - - [13/Nov/2024:10:43:04 -0500] "HEAD /bc HTTP/1.1" 301 0 "-" "Mozilla/5.0 (Windows NT 10.0; Win64; x64) AppleWebKit/537.36 (KHTML, like Gecko) Chrome/74.0.3729.169 Safari/537.36"
13.73.206.214 - - [13/Nov/2024:10:43:05 -0500] "HEAD /bc HTTP/1.1" 301 0 "http://glenbowcollege.com/bc" "Mozilla/5.0 (Windows NT 10.0; Win64; x64) AppleWebKit/537.36 (KHTML, like Gecko) Chrome/74.0.3729.169 Safari/537.36"
13.73.206.214 - - [13/Nov/2024:10:43:09 -0500] "HEAD /backup HTTP/1.1" 301 0 "-" "Mozilla/5.0 (Windows NT 10.0; Win64; x64) AppleWebKit/537.36 (KHTML, like Gecko) Chrome/74.0.3729.169 Safari/537.36"
13.73.206.214 - - [13/Nov/2024:10:43:10 -0500] "HEAD /backup HTTP/1.1" 301 0 "http://glenbowcollege.com/backup" "Mozilla/5.0 (Windows NT 10.0; Win64; x64) AppleWebKit/537.36 (KHTML, like Gecko) Chrome/74.0.3729.169 Safari/537.36"
13.73.206.214 - - [13/Nov/2024:10:43:11 -0500] "HEAD /old HTTP/1.1" 301 0 "-" "Mozilla/5.0 (Windows NT 10.0; Win64; x64) AppleWebKit/537.36 (KHTML, like Gecko) Chrome/74.0.3729.169 Safari/537.36"
13.73.206.214 - - [13/Nov/2024:10:43:15 -0500] "HEAD /new HTTP/1.1" 301 0 "http://glenbowcollege.com/new" "Mozilla/5.0 (Windows NT 10.0; Win64; x64) AppleWebKit/537.36 (KHTML, like Gecko) Chrome/74.0.3729.169 Safari/537.36"
216.244.66.247 - - [13/Nov/2024:11:07:04 -0500] "GET /robots.txt HTTP/1.1" 200 841 "-" "Mozilla/5.0 (compatible; DotBot/1.2; +https://opensiteexplorer.org/dotbot; help@moz.com)"
216.244.66.247 - - [13/Nov/2024:11:07:04 -0500] "GET /robots.txt HTTP/1.1" 200 841 "-" "Mozilla/5.0 (compatible; DotBot/1.2; +https://opensiteexplorer.org/dotbot; help@moz.com)"
13.38.118.175 - - [13/Nov/2024:11:12:44 -0500] "GET /wordpress/ HTTP/1.1" 301 0 "-" "Mozilla/5.0 (Windows NT 6.3; Win64; x64; rv:63.0) Gecko/20100101 Firefox/63.0"
13.38.118.175 - - [13/Nov/2024:11:12:54 -0500] "GET /blog/ HTTP/1.1" 301 0 "-" "Mozilla/5.0 (Windows NT 6.3; Win64; x64; rv:63.0) Gecko/20100101 Firefox/63.0"
13.38.118.175 - - [13/Nov/2024:11:13:13 -0500] "GET /backup/ HTTP/1.1" 301 0 "-" "Mozilla/5.0 (Windows NT 6.3; Win64; x64; rv:63.0) Gecko/20100101 Firefox/63.0"
13.38.118.175 - - [13/Nov/2024:11:13:18 -0500] "GET /temp/ HTTP/1.1" 301 0 "-" "Mozilla/5.0 (Windows NT 6.3; Win64; x64; rv:63.0) Gecko/20100101 Firefox/63.0"
13.38.118.175 - - [13/Nov/2024:11:12:49 -0500] "GET /wp/ HTTP/1.1" 301 0 "-" "Mozilla/5.0 (Windows NT 6.3; Win64; x64; rv:63.0) Gecko/20100101 Firefox/63.0"
13.38.118.175 - - [13/Nov/2024:11:12:59 -0500] "GET /old/ HTTP/1.1" 301 0 "-" "Mozilla/5.0 (Windows NT 6.3; Win64; x64; rv:63.0) Gecko/20100101 Firefox/63.0"
13.38.118.175 - - [13/Nov/2024:11:13:03 -0500] "GET /new/ HTTP/1.1" 301 0 "-" "Mozilla/5.0 (Windows NT 6.3; Win64; x64; rv:63.0) Gecko/20100101 Firefox/63.0"
68.65.122.142 - - [13/Nov/2024:11:13:10 -0500] "POST /wp-cron.php?doing_wp_cron=1731514390.8016760349273681640625 HTTP/1.1" 403 1242 "-" "WordPress/6.2.1; https://glenbowcollege.ca"
13.38.118.175 - - [13/Nov/2024:11:13:09 -0500] "GET /test/ HTTP/1.1" 301 0 "-" "Mozilla/5.0 (Windows NT 6.3; Win64; x64; rv:63.0) Gecko/20100101 Firefox/63.0"
13.38.118.175 - - [13/Nov/2024:11:13:25 -0500] "GET / HTTP/1.1" 301 0 "-" "Mozilla/5.0 (Windows NT 6.3; Win64; x64; rv:63.0) Gecko/20100101 Firefox/63.0"
216.244.66.247 - - [13/Nov/2024:11:13:36 -0500] "GET /international/current-international-students/ HTTP/1.1" 301 0 "-" "Mozilla/5.0 (compatible; DotBot/1.2; +https://opensiteexplorer.org/dotbot; help@moz.com)"
216.244.66.247 - - [13/Nov/2024:11:13:43 -0500] "GET /international/international-about/ HTTP/1.1" 301 0 "-" "Mozilla/5.0 (compatible; DotBot/1.2; +https://opensiteexplorer.org/dotbot; help@moz.com)"
216.244.66.247 - - [13/Nov/2024:11:14:01 -0500] "GET /cart/ HTTP/1.1" 301 0 "-" "Mozilla/5.0 (compatible; DotBot/1.2; +https://opensiteexplorer.org/dotbot; help@moz.com)"
68.65.122.142 - - [13/Nov/2024:11:14:38 -0500] "POST /wp-cron.php?doing_wp_cron=1731514478.6004068851470947265625 HTTP/1.1" 403 1242 "-" "WordPress/6.2.1; https://glenbowcollege.ca"
216.244.66.247 - - [13/Nov/2024:11:14:37 -0500] "GET /international/ HTTP/1.1" 301 0 "-" "Mozilla/5.0 (compatible; DotBot/1.2; +https://opensiteexplorer.org/dotbot; help@moz.com)"
194.38.20.13 - - [13/Nov/2024:12:05:26 -0500] "GET /admin/assets/jquery-file-upload/server/php/index.php?file=tf2rghf.jpg HTTP/1.1" 403 17008 "-" "ALittle Client"
68.65.122.142 - - [13/Nov/2024:12:31:22 -0500] "POST /wp-cron.php?doing_wp_cron=1731519082.7256278991699218750000 HTTP/1.1" 403 1242 "-" "WordPress/6.2.1; https://glenbowcollege.ca"
72.47.238.247 - - [13/Nov/2024:12:31:21 -0500] "GET /about/contact-us/ HTTP/1.0" 301 0 "http://glenbowcollege.ca/about/contact-us/" "Mozilla/5.0 (Windows NT 10.0; Win64; x64) AppleWebKit/537.36 (KHTML, like Gecko) Chrome/121.0.0.0 Safari/537.36"
216.244.66.247 - - [13/Nov/2024:12:50:18 -0500] "GET /robots.txt HTTP/1.1" 200 841 "-" "Mozilla/5.0 (compatible; DotBot/1.2; +https://opensiteexplorer.org/dotbot; help@moz.com)"
68.65.122.142 - - [13/Nov/2024:12:53:53 -0500] "POST /wp-cron.php?doing_wp_cron=1731520433.8710050582885742187500 HTTP/1.1" 403 1242 "-" "WordPress/6.2.1; https://glenbowcollege.ca"
66.249.68.35 - - [13/Nov/2024:12:53:52 -0500] "GET / HTTP/1.1" 301 0 "-" "Mozilla/5.0 (compatible; Googlebot/2.1; +http://www.google.com/bot.html)"
216.244.66.247 - - [13/Nov/2024:12:57:55 -0500] "GET /yonetici HTTP/1.1" 301 0 "-" "Mozilla/5.0 (compatible; DotBot/1.2; +https://opensiteexplorer.org/dotbot; help@moz.com)"
217.196.107.80 - - [13/Nov/2024:13:40:26 -0500] "GET /wp-content/plugins/litespeed-cache/assets/css/litespeed.css HTTP/1.1" 200 16388 "http://glenbowcollege.ca/wp-content/plugins/litespeed-cache/readme.txt" "Mozilla/5.0 (X11; Ubuntu; Linux i686 on x86_64) AppleWebKit/537.36 (KHTML, like Gecko) Chrome/55.0.2892.85 Safari/537.36"
217.196.107.80 - - [13/Nov/2024:13:40:27 -0500] "GET /wp-admin/admin-ajax.php?action=async_litespeed&litespeed_type=crawler HTTP/1.1" 403 1242 "http://glenbowcollege.ca/wp-content/plugins/litespeed-cache/assets/css/litespeed.css" "Mozilla/5.0 (X11; Ubuntu; Linux i686 on x86_64) AppleWebKit/537.36 (KHTML, like Gecko) Chrome/55.0.2892.85 Safari/537.36"
217.196.107.80 - - [13/Nov/2024:13:40:31 -0500] "GET /wp-admin/admin-ajax.php?action=async_litespeed&litespeed_type=crawler HTTP/1.1" 403 1242 "http://glenbowcollege.ca/wp-content/plugins/litespeed-cache/assets/css/litespeed.css" "Mozilla/5.0 (X11; Ubuntu; Linux i686 on x86_64) AppleWebKit/537.36 (KHTML, like Gecko) Chrome/55.0.2892.85 Safari/537.36"
216.244.66.247 - - [13/Nov/2024:13:40:39 -0500] "GET /robots.txt HTTP/1.1" 200 841 "-" "Mozilla/5.0 (compatible; DotBot/1.2; +https://opensiteexplorer.org/dotbot; help@moz.com)"
216.244.66.247 - - [13/Nov/2024:13:40:39 -0500] "GET /robots.txt HTTP/1.1" 200 841 "-" "Mozilla/5.0 (compatible; DotBot/1.2; +https://opensiteexplorer.org/dotbot; help@moz.com)"
89.169.34.140 - - [13/Nov/2024:13:40:58 -0500] "GET / HTTP/1.1" 301 0 "-" "Mozilla/5.0 (Windows NT 10.0; Win64; x64) AppleWebKit/537.36 (KHTML, like Gecko) Chrome/130.0.0.0 Safari/537.36"
217.196.107.80 - - [13/Nov/2024:13:40:25 -0500] "GET /wp-content/plugins/litespeed-cache/readme.txt HTTP/1.1" 403 1242 "-" "Mozilla/5.0 (X11; Ubuntu; Linux i686 on x86_64) AppleWebKit/537.36 (KHTML, like Gecko) Chrome/55.0.2892.85 Safari/537.36"
68.65.122.142 - - [13/Nov/2024:13:40:51 -0500] "POST /wp-cron.php?doing_wp_cron=1731523251.2653369903564453125000 HTTP/1.1" 403 1242 "-" "WordPress/6.2.1; https://glenbowcollege.ca"
89.169.34.140 - - [13/Nov/2024:13:40:50 -0500] "GET / HTTP/1.1" 301 0 "-" "Mozilla/5.0 (Macintosh; Intel Mac OS X 10_15_7) AppleWebKit/605.1.15 (KHTML, like Gecko) Version/18.0 Safari/605.1.15"
68.65.122.142 - - [13/Nov/2024:13:52:07 -0500] "POST /wp-cron.php?doing_wp_cron=1731523927.7609510421752929687500 HTTP/1.1" 403 1242 "-" "WordPress/6.2.1; https://glenbowcollege.ca"
66.249.68.35 - - [13/Nov/2024:13:52:06 -0500] "GET / HTTP/1.1" 301 0 "-" "Mozilla/5.0 (compatible; Googlebot/2.1; +http://www.google.com/bot.html)"
68.65.122.142 - - [13/Nov/2024:13:48:21 -0500] "POST /wp-cron.php?doing_wp_cron=1731523701.3031780719757080078125 HTTP/1.1" 403 1242 "-" "WordPress/6.2.1; https://glenbowcollege.ca"
216.244.66.247 - - [13/Nov/2024:13:48:20 -0500] "GET /current-student/ HTTP/1.1" 301 0 "-" "Mozilla/5.0 (compatible; DotBot/1.2; +https://opensiteexplorer.org/dotbot; help@moz.com)"
68.65.122.142 - - [13/Nov/2024:13:54:18 -0500] "POST /wp-cron.php?doing_wp_cron=1731524058.7007861137390136718750 HTTP/1.1" 403 1242 "-" "WordPress/6.2.1; https://glenbowcollege.ca"
216.244.66.247 - - [13/Nov/2024:13:54:17 -0500] "GET /product/manual-payment/?add-to-cart=715 HTTP/1.1" 301 0 "-" "Mozilla/5.0 (compatible; DotBot/1.2; +https://opensiteexplorer.org/dotbot; help@moz.com)"
216.244.66.247 - - [13/Nov/2024:14:29:20 -0500] "GET /robots.txt HTTP/1.1" 200 841 "-" "Mozilla/5.0 (compatible; DotBot/1.2; +https://opensiteexplorer.org/dotbot; help@moz.com)"
68.65.122.142 - - [13/Nov/2024:14:37:26 -0500] "POST /wp-cron.php?doing_wp_cron=1731526646.9184029102325439453125 HTTP/1.1" 403 1242 "-" "WordPress/6.2.1; https://glenbowcollege.ca"
34.230.83.64 - - [13/Nov/2024:14:40:33 -0500] "GET /feed HTTP/1.1" 301 0 "-" "Rome Client (http://tinyurl.com/64t5n) Ver: UNKNOWN"
216.244.66.247 - - [13/Nov/2024:14:37:25 -0500] "GET /tag/accounting/feed/ HTTP/1.1" 301 0 "-" "Mozilla/5.0 (compatible; DotBot/1.2; +https://opensiteexplorer.org/dotbot; help@moz.com)"
34.230.83.64 - - [13/Nov/2024:14:40:33 -0500] "GET /robots.txt HTTP/1.1" 200 242 "https://www.google.com/" "Mozilla/5.0 (Macintosh; Intel Mac OS X 10_15_7) AppleWebKit/605.1.15 (KHTML, like Gecko) Version/18.1 Safari/605.1.1    10.3"
216.244.66.247 - - [13/Nov/2024:15:19:38 -0500] "GET /robots.txt HTTP/1.1" 200 841 "-" "Mozilla/5.0 (compatible; DotBot/1.2; +https://opensiteexplorer.org/dotbot; help@moz.com)"
216.244.66.247 - - [13/Nov/2024:15:26:45 -0500] "GET /international/prospective-international-students/how-to-apply/ HTTP/1.1" 301 0 "-" "Mozilla/5.0 (compatible; DotBot/1.2; +https://opensiteexplorer.org/dotbot; help@moz.com)"
216.244.66.247 - - [13/Nov/2024:15:26:57 -0500] "GET /international/current-international-students/tuition-collection-and-refund-policy/ HTTP/1.1" 301 0 "-" "Mozilla/5.0 (compatible; DotBot/1.2; +https://opensiteexplorer.org/dotbot; help@moz.com)"
68.65.122.142 - - [13/Nov/2024:15:26:46 -0500] "POST /wp-cron.php?doing_wp_cron=1731529606.6889040470123291015625 HTTP/1.1" 403 1242 "-" "WordPress/6.2.1; https://glenbowcollege.ca"
68.65.122.142 - - [13/Nov/2024:15:45:51 -0500] "POST /wp-cron.php?doing_wp_cron=1731530751.6671431064605712890625 HTTP/1.1" 403 1242 "-" "WordPress/6.2.1; https://glenbowcollege.ca"
43.134.142.8 - - [13/Nov/2024:15:45:50 -0500] "GET / HTTP/1.1" 301 0 "http://glenbowcollege.com" "Mozilla/5.0 (iPhone; CPU iPhone OS 13_2_3 like Mac OS X) AppleWebKit/605.1.15 (KHTML, like Gecko) Version/13.0.3 Mobile/15E148 Safari/604.1"
216.244.66.247 - - [13/Nov/2024:16:08:23 -0500] "GET /robots.txt HTTP/1.1" 200 841 "-" "Mozilla/5.0 (compatible; DotBot/1.2; +https://opensiteexplorer.org/dotbot; help@moz.com)"
216.244.66.247 - - [13/Nov/2024:16:15:12 -0500] "GET /about/why-us/ HTTP/1.1" 301 0 "-" "Mozilla/5.0 (compatible; DotBot/1.2; +https://opensiteexplorer.org/dotbot; help@moz.com)"
216.244.66.247 - - [13/Nov/2024:16:15:17 -0500] "GET /tag/tesol/feed/ HTTP/1.1" 301 0 "-" "Mozilla/5.0 (compatible; DotBot/1.2; +https://opensiteexplorer.org/dotbot; help@moz.com)"
68.65.122.142 - - [13/Nov/2024:16:15:13 -0500] "POST /wp-cron.php?doing_wp_cron=1731532513.5973930358886718750000 HTTP/1.1" 403 1242 "-" "WordPress/6.2.1; https://glenbowcollege.ca"
37.139.53.124 - - [13/Nov/2024:16:23:34 -0500] "GET /about/contact-us/ HTTP/1.0" 301 0 "http://glenbowcollege.ca/about/contact-us/" "Mozilla/5.0 (Windows NT 10.0.0; Win64; x64; ) AppleWebKit/537.36 (KHTML, like Gecko) Chrome/124.0.6367.119 Chrome/124.0.6367.119 Not-A.Brand/99  Safari/537.36"
185.147.125.16 - - [13/Nov/2024:16:42:03 -0500] "GET / HTTP/1.0" 301 0 "http://glenbowcollege.ca/" "Mozilla/5.0 (Windows NT 10.0.0; Win64; x64; ) AppleWebKit/537.36 (KHTML, like Gecko) Chrome/124.0.6367.91 Chrome/124.0.6367.91 Not-A.Brand/99  Safari/537.36"
216.244.66.247 - - [13/Nov/2024:16:55:59 -0500] "GET /robots.txt HTTP/1.1" 200 841 "-" "Mozilla/5.0 (compatible; DotBot/1.2; +https://opensiteexplorer.org/dotbot; help@moz.com)"
68.65.122.142 - - [13/Nov/2024:17:02:29 -0500] "POST /wp-cron.php?doing_wp_cron=1731535349.4406270980834960937500 HTTP/1.1" 403 1242 "-" "WordPress/6.2.1; https://glenbowcollege.ca"
216.244.66.247 - - [13/Nov/2024:17:02:28 -0500] "GET /programs/hospitality-management-diploma-program/ HTTP/1.1" 301 0 "-" "Mozilla/5.0 (compatible; DotBot/1.2; +https://opensiteexplorer.org/dotbot; help@moz.com)"
216.244.66.247 - - [13/Nov/2024:17:02:32 -0500] "GET /tag/management/feed/ HTTP/1.1" 301 0 "-" "Mozilla/5.0 (compatible; DotBot/1.2; +https://opensiteexplorer.org/dotbot; help@moz.com)"
68.65.122.142 - - [13/Nov/2024:17:13:25 -0500] "POST /wp-cron.php?doing_wp_cron=1731536005.2223730087280273437500 HTTP/1.1" 403 1242 "-" "WordPress/6.2.1; https://glenbowcollege.ca"
43.163.6.124 - - [13/Nov/2024:17:13:24 -0500] "GET / HTTP/1.1" 301 0 "-" "Mozilla/5.0 (iPhone; CPU iPhone OS 13_2_3 like Mac OS X) AppleWebKit/605.1.15 (KHTML, like Gecko) Version/13.0.3 Mobile/15E148 Safari/604.1"
216.244.66.247 - - [13/Nov/2024:17:42:53 -0500] "GET /robots.txt HTTP/1.1" 200 841 "-" "Mozilla/5.0 (compatible; DotBot/1.2; +https://opensiteexplorer.org/dotbot; help@moz.com)"
216.244.66.247 - - [13/Nov/2024:17:49:49 -0500] "GET /programs/administrative-assistant-diploma/ HTTP/1.1" 301 0 "-" "Mozilla/5.0 (compatible; DotBot/1.2; +https://opensiteexplorer.org/dotbot; help@moz.com)"
216.244.66.247 - - [13/Nov/2024:17:42:53 -0500] "GET /robots.txt HTTP/1.1" 200 841 "-" "Mozilla/5.0 (compatible; DotBot/1.2; +https://opensiteexplorer.org/dotbot; help@moz.com)"
68.65.122.142 - - [13/Nov/2024:17:49:50 -0500] "POST /wp-cron.php?doing_wp_cron=1731538190.7878179550170898437500 HTTP/1.1" 403 1242 "-" "WordPress/6.2.1; https://glenbowcollege.ca"
216.244.66.247 - - [13/Nov/2024:17:49:58 -0500] "GET /about/ HTTP/1.1" 301 0 "-" "Mozilla/5.0 (compatible; DotBot/1.2; +https://opensiteexplorer.org/dotbot; help@moz.com)"
216.244.66.247 - - [13/Nov/2024:17:50:03 -0500] "GET /international/international-current-students/academic-policies/ HTTP/1.1" 301 0 "-" "Mozilla/5.0 (compatible; DotBot/1.2; +https://opensiteexplorer.org/dotbot; help@moz.com)"
216.244.66.247 - - [13/Nov/2024:17:50:17 -0500] "GET /international/international-programs/computerized-accounting-payroll-diploma-program/ HTTP/1.1" 301 0 "-" "Mozilla/5.0 (compatible; DotBot/1.2; +https://opensiteexplorer.org/dotbot; help@moz.com)"
74.176.45.129 - - [13/Nov/2024:18:10:01 -0500] "HEAD /wordpress HTTP/1.1" 301 0 "-" "Mozilla/5.0 (Windows NT 10.0; Win64; x64) AppleWebKit/537.36 (KHTML, like Gecko) Chrome/74.0.3729.169 Safari/537.36"
74.176.45.129 - - [13/Nov/2024:18:10:02 -0500] "HEAD /wordpress HTTP/1.1" 301 0 "http://glenbowcollege.com/wordpress" "Mozilla/5.0 (Windows NT 10.0; Win64; x64) AppleWebKit/537.36 (KHTML, like Gecko) Chrome/74.0.3729.169 Safari/537.36"
74.176.45.129 - - [13/Nov/2024:18:10:04 -0500] "HEAD / HTTP/1.1" 301 0 "-" "Mozilla/5.0 (Windows NT 10.0; Win64; x64) AppleWebKit/537.36 (KHTML, like Gecko) Chrome/74.0.3729.169 Safari/537.36"
74.176.45.129 - - [13/Nov/2024:18:10:05 -0500] "HEAD / HTTP/1.1" 301 0 "http://glenbowcollege.com/" "Mozilla/5.0 (Windows NT 10.0; Win64; x64) AppleWebKit/537.36 (KHTML, like Gecko) Chrome/74.0.3729.169 Safari/537.36"
74.176.45.129 - - [13/Nov/2024:18:10:07 -0500] "HEAD /wp HTTP/1.1" 301 0 "http://glenbowcollege.com/wp" "Mozilla/5.0 (Windows NT 10.0; Win64; x64) AppleWebKit/537.36 (KHTML, like Gecko) Chrome/74.0.3729.169 Safari/537.36"
74.176.45.129 - - [13/Nov/2024:18:10:09 -0500] "HEAD /bc HTTP/1.1" 301 0 "-" "Mozilla/5.0 (Windows NT 10.0; Win64; x64) AppleWebKit/537.36 (KHTML, like Gecko) Chrome/74.0.3729.169 Safari/537.36"
74.176.45.129 - - [13/Nov/2024:18:10:13 -0500] "HEAD /backup HTTP/1.1" 301 0 "-" "Mozilla/5.0 (Windows NT 10.0; Win64; x64) AppleWebKit/537.36 (KHTML, like Gecko) Chrome/74.0.3729.169 Safari/537.36"
74.176.45.129 - - [13/Nov/2024:18:10:14 -0500] "HEAD /backup HTTP/1.1" 301 0 "http://glenbowcollege.com/backup" "Mozilla/5.0 (Windows NT 10.0; Win64; x64) AppleWebKit/537.36 (KHTML, like Gecko) Chrome/74.0.3729.169 Safari/537.36"
74.176.45.129 - - [13/Nov/2024:18:10:15 -0500] "HEAD /old HTTP/1.1" 301 0 "-" "Mozilla/5.0 (Windows NT 10.0; Win64; x64) AppleWebKit/537.36 (KHTML, like Gecko) Chrome/74.0.3729.169 Safari/537.36"
74.176.45.129 - - [13/Nov/2024:18:10:17 -0500] "HEAD /old HTTP/1.1" 301 0 "http://glenbowcollege.com/old" "Mozilla/5.0 (Windows NT 10.0; Win64; x64) AppleWebKit/537.36 (KHTML, like Gecko) Chrome/74.0.3729.169 Safari/537.36"
74.176.45.129 - - [13/Nov/2024:18:10:20 -0500] "HEAD /main HTTP/1.1" 301 0 "-" "Mozilla/5.0 (Windows NT 10.0; Win64; x64) AppleWebKit/537.36 (KHTML, like Gecko) Chrome/74.0.3729.169 Safari/537.36"
74.176.45.129 - - [13/Nov/2024:18:10:23 -0500] "HEAD /home HTTP/1.1" 301 0 "-" "Mozilla/5.0 (Windows NT 10.0; Win64; x64) AppleWebKit/537.36 (KHTML, like Gecko) Chrome/74.0.3729.169 Safari/537.36"
74.176.45.129 - - [13/Nov/2024:18:10:24 -0500] "HEAD /home HTTP/1.1" 301 0 "http://glenbowcollege.com/home" "Mozilla/5.0 (Windows NT 10.0; Win64; x64) AppleWebKit/537.36 (KHTML, like Gecko) Chrome/74.0.3729.169 Safari/537.36"
68.65.122.142 - - [13/Nov/2024:18:10:02 -0500] "POST /wp-cron.php?doing_wp_cron=1731539402.9614419937133789062500 HTTP/1.1" 403 1242 "-" "WordPress/6.2.1; https://glenbowcollege.ca"
68.65.122.142 - - [13/Nov/2024:18:10:03 -0500] "POST /wp-cron.php?doing_wp_cron=1731539403.2923800945281982421875 HTTP/1.1" 403 1242 "-" "WordPress/6.2.1; https://glenbowcollege.ca"
74.176.45.129 - - [13/Nov/2024:18:10:07 -0500] "HEAD /wp HTTP/1.1" 301 0 "-" "Mozilla/5.0 (Windows NT 10.0; Win64; x64) AppleWebKit/537.36 (KHTML, like Gecko) Chrome/74.0.3729.169 Safari/537.36"
74.176.45.129 - - [13/Nov/2024:18:10:10 -0500] "HEAD /bc HTTP/1.1" 301 0 "http://glenbowcollege.com/bc" "Mozilla/5.0 (Windows NT 10.0; Win64; x64) AppleWebKit/537.36 (KHTML, like Gecko) Chrome/74.0.3729.169 Safari/537.36"
74.176.45.129 - - [13/Nov/2024:18:10:11 -0500] "HEAD /bk HTTP/1.1" 301 0 "-" "Mozilla/5.0 (Windows NT 10.0; Win64; x64) AppleWebKit/537.36 (KHTML, like Gecko) Chrome/74.0.3729.169 Safari/537.36"
74.176.45.129 - - [13/Nov/2024:18:10:12 -0500] "HEAD /bk HTTP/1.1" 301 0 "http://glenbowcollege.com/bk" "Mozilla/5.0 (Windows NT 10.0; Win64; x64) AppleWebKit/537.36 (KHTML, like Gecko) Chrome/74.0.3729.169 Safari/537.36"
74.176.45.129 - - [13/Nov/2024:18:10:17 -0500] "HEAD /new HTTP/1.1" 301 0 "-" "Mozilla/5.0 (Windows NT 10.0; Win64; x64) AppleWebKit/537.36 (KHTML, like Gecko) Chrome/74.0.3729.169 Safari/537.36"
74.176.45.129 - - [13/Nov/2024:18:10:19 -0500] "HEAD /new HTTP/1.1" 301 0 "http://glenbowcollege.com/new" "Mozilla/5.0 (Windows NT 10.0; Win64; x64) AppleWebKit/537.36 (KHTML, like Gecko) Chrome/74.0.3729.169 Safari/537.36"
74.176.45.129 - - [13/Nov/2024:18:10:22 -0500] "HEAD /main HTTP/1.1" 301 0 "http://glenbowcollege.com/main" "Mozilla/5.0 (Windows NT 10.0; Win64; x64) AppleWebKit/537.36 (KHTML, like Gecko) Chrome/74.0.3729.169 Safari/537.36"
68.65.122.142 - - [13/Nov/2024:18:37:24 -0500] "POST /wp-cron.php?doing_wp_cron=1731541044.3528280258178710937500 HTTP/1.1" 403 1242 "-" "WordPress/6.2.1; https://glenbowcollege.ca"
216.244.66.247 - - [13/Nov/2024:18:37:40 -0500] "GET /2020/02/22/career-day/ HTTP/1.1" 301 0 "-" "Mozilla/5.0 (compatible; DotBot/1.2; +https://opensiteexplorer.org/dotbot; help@moz.com)"
216.244.66.247 - - [13/Nov/2024:18:29:35 -0500] "GET /robots.txt HTTP/1.1" 200 841 "-" "Mozilla/5.0 (compatible; DotBot/1.2; +https://opensiteexplorer.org/dotbot; help@moz.com)"
216.244.66.247 - - [13/Nov/2024:18:37:23 -0500] "GET /2020/02/22/potluck/ HTTP/1.1" 301 0 "-" "Mozilla/5.0 (compatible; DotBot/1.2; +https://opensiteexplorer.org/dotbot; help@moz.com)"
216.244.66.247 - - [13/Nov/2024:18:37:45 -0500] "GET /my-account/ HTTP/1.1" 301 0 "-" "Mozilla/5.0 (compatible; DotBot/1.2; +https://opensiteexplorer.org/dotbot; help@moz.com)"
68.65.122.142 - - [13/Nov/2024:18:47:49 -0500] "POST /wp-cron.php?doing_wp_cron=1731541669.3441510200500488281250 HTTP/1.1" 403 1242 "-" "WordPress/6.2.1; https://glenbowcollege.ca"
68.65.122.142 - - [13/Nov/2024:18:53:29 -0500] "POST /wp-cron.php?doing_wp_cron=1731542009.0370450019836425781250 HTTP/1.1" 403 1242 "-" "WordPress/6.2.1; https://glenbowcollege.ca"
87.120.127.64 - - [13/Nov/2024:18:54:24 -0500] "GET /wp-includes/html-api/index.php HTTP/1.1" 403 6990 "-" "Mozlila/5.0 (Linux; Android 7.0; SM-G892A Bulid/NRD90M; wv) AppleWebKit/537.36 (KHTML, like Gecko) Version/4.0 Chrome/60.0.3112.107 Moblie Safari/537.36"
87.120.127.64 - - [13/Nov/2024:18:54:27 -0500] "GET /wp-includes/IXR/index.php HTTP/1.1" 403 6990 "-" "Mozlila/5.0 (Linux; Android 7.0; SM-G892A Bulid/NRD90M; wv) AppleWebKit/537.36 (KHTML, like Gecko) Version/4.0 Chrome/60.0.3112.107 Moblie Safari/537.36"
87.120.127.64 - - [13/Nov/2024:18:54:36 -0500] "GET /wp-includes/Requests/index.php HTTP/1.1" 403 6990 "-" "Mozlila/5.0 (Linux; Android 7.0; SM-G892A Bulid/NRD90M; wv) AppleWebKit/537.36 (KHTML, like Gecko) Version/4.0 Chrome/60.0.3112.107 Moblie Safari/537.36"
87.120.127.64 - - [13/Nov/2024:18:54:40 -0500] "GET /wp-includes/Requests/Cookie/index.php HTTP/1.1" 403 6990 "-" "Mozlila/5.0 (Linux; Android 7.0; SM-G892A Bulid/NRD90M; wv) AppleWebKit/537.36 (KHTML, like Gecko) Version/4.0 Chrome/60.0.3112.107 Moblie Safari/537.36"
87.120.127.64 - - [13/Nov/2024:18:54:55 -0500] "GET /wp-includes/Requests/Exception/Transport/index.php HTTP/1.1" 403 6990 "-" "Mozlila/5.0 (Linux; Android 7.0; SM-G892A Bulid/NRD90M; wv) AppleWebKit/537.36 (KHTML, like Gecko) Version/4.0 Chrome/60.0.3112.107 Moblie Safari/537.36"
87.120.127.64 - - [13/Nov/2024:18:55:08 -0500] "GET /wp-includes/SimplePie/index.php HTTP/1.1" 403 6990 "-" "Mozlila/5.0 (Linux; Android 7.0; SM-G892A Bulid/NRD90M; wv) AppleWebKit/537.36 (KHTML, like Gecko) Version/4.0 Chrome/60.0.3112.107 Moblie Safari/537.36"
87.120.127.64 - - [13/Nov/2024:18:55:08 -0500] "GET /wp-includes/SimplePie/Cache/index.php HTTP/1.1" 403 6990 "-" "Mozlila/5.0 (Linux; Android 7.0; SM-G892A Bulid/NRD90M; wv) AppleWebKit/537.36 (KHTML, like Gecko) Version/4.0 Chrome/60.0.3112.107 Moblie Safari/537.36"
87.120.127.64 - - [13/Nov/2024:18:55:10 -0500] "GET /wp-includes/SimplePie/Content/Type/index.php HTTP/1.1" 403 6990 "-" "Mozlila/5.0 (Linux; Android 7.0; SM-G892A Bulid/NRD90M; wv) AppleWebKit/537.36 (KHTML, like Gecko) Version/4.0 Chrome/60.0.3112.107 Moblie Safari/537.36"
87.120.127.64 - - [13/Nov/2024:18:55:18 -0500] "GET /wp-includes/SimplePie/HTTP/index.php HTTP/1.1" 403 6990 "-" "Mozlila/5.0 (Linux; Android 7.0; SM-G892A Bulid/NRD90M; wv) AppleWebKit/537.36 (KHTML, like Gecko) Version/4.0 Chrome/60.0.3112.107 Moblie Safari/537.36"
87.120.127.64 - - [13/Nov/2024:18:55:22 -0500] "GET /wp-includes/SimplePie/Parse/index.php HTTP/1.1" 403 6990 "-" "Mozlila/5.0 (Linux; Android 7.0; SM-G892A Bulid/NRD90M; wv) AppleWebKit/537.36 (KHTML, like Gecko) Version/4.0 Chrome/60.0.3112.107 Moblie Safari/537.36"
87.120.127.64 - - [13/Nov/2024:18:55:27 -0500] "GET /wp-includes/SimplePie/XML/Declaration/index.php HTTP/1.1" 403 6990 "-" "Mozlila/5.0 (Linux; Android 7.0; SM-G892A Bulid/NRD90M; wv) AppleWebKit/537.36 (KHTML, like Gecko) Version/4.0 Chrome/60.0.3112.107 Moblie Safari/537.36"
87.120.127.64 - - [13/Nov/2024:18:55:29 -0500] "GET /wp-includes/Text/index.php HTTP/1.1" 403 6990 "-" "Mozlila/5.0 (Linux; Android 7.0; SM-G892A Bulid/NRD90M; wv) AppleWebKit/537.36 (KHTML, like Gecko) Version/4.0 Chrome/60.0.3112.107 Moblie Safari/537.36"
87.120.127.64 - - [13/Nov/2024:18:55:43 -0500] "GET /wp-includes/Text/Diff/index.php HTTP/1.1" 403 6990 "-" "Mozlila/5.0 (Linux; Android 7.0; SM-G892A Bulid/NRD90M; wv) AppleWebKit/537.36 (KHTML, like Gecko) Version/4.0 Chrome/60.0.3112.107 Moblie Safari/537.36"
52.167.144.147 - - [13/Nov/2024:18:47:48 -0500] "GET /transplante7a0/abbdf1671885.htm HTTP/1.1" 301 0 "-" "Mozilla/5.0 AppleWebKit/537.36 (KHTML, like Gecko; compatible; bingbot/2.0; +http://www.bing.com/bingbot.htm) Chrome/116.0.1938.76 Safari/537.36"
212.7.203.12 - - [13/Nov/2024:18:53:28 -0500] "GET / HTTP/1.1" 301 0 "-" "Mozilla/5.0 (Windows NT 10.0; Win64; x64) AppleWebKit/537.36 (KHTML, like Gecko) Chrome/60.0.3112.113 Safari/537.36"
87.120.127.64 - - [13/Nov/2024:18:54:23 -0500] "GET /wp-includes/index.php HTTP/1.1" 403 1242 "-" "Mozlila/5.0 (Linux; Android 7.0; SM-G892A Bulid/NRD90M; wv) AppleWebKit/537.36 (KHTML, like Gecko) Version/4.0 Chrome/60.0.3112.107 Moblie Safari/537.36"
87.120.127.64 - - [13/Nov/2024:18:54:25 -0500] "GET /wp-includes/ID3/index.php HTTP/1.1" 403 6990 "-" "Mozlila/5.0 (Linux; Android 7.0; SM-G892A Bulid/NRD90M; wv) AppleWebKit/537.36 (KHTML, like Gecko) Version/4.0 Chrome/60.0.3112.107 Moblie Safari/537.36"
87.120.127.64 - - [13/Nov/2024:18:54:30 -0500] "GET /wp-includes/PHPMailer/index.php HTTP/1.1" 403 6990 "-" "Mozlila/5.0 (Linux; Android 7.0; SM-G892A Bulid/NRD90M; wv) AppleWebKit/537.36 (KHTML, like Gecko) Version/4.0 Chrome/60.0.3112.107 Moblie Safari/537.36"
87.120.127.64 - - [13/Nov/2024:18:54:32 -0500] "GET /wp-content/plugins/index.php HTTP/1.1" 403 1242 "-" "Mozlila/5.0 (Linux; Android 7.0; SM-G892A Bulid/NRD90M; wv) AppleWebKit/537.36 (KHTML, like Gecko) Version/4.0 Chrome/60.0.3112.107 Moblie Safari/537.36"
87.120.127.64 - - [13/Nov/2024:18:54:38 -0500] "GET /wp-includes/Requests/Auth/index.php HTTP/1.1" 403 6990 "-" "Mozlila/5.0 (Linux; Android 7.0; SM-G892A Bulid/NRD90M; wv) AppleWebKit/537.36 (KHTML, like Gecko) Version/4.0 Chrome/60.0.3112.107 Moblie Safari/537.36"
87.120.127.64 - - [13/Nov/2024:18:54:42 -0500] "GET /wp-includes/Requests/Exception/index.php HTTP/1.1" 403 6990 "-" "Mozlila/5.0 (Linux; Android 7.0; SM-G892A Bulid/NRD90M; wv) AppleWebKit/537.36 (KHTML, like Gecko) Version/4.0 Chrome/60.0.3112.107 Moblie Safari/537.36"
87.120.127.64 - - [13/Nov/2024:18:54:53 -0500] "GET /wp-includes/Requests/Exception/HTTP/index.php HTTP/1.1" 403 6990 "-" "Mozlila/5.0 (Linux; Android 7.0; SM-G892A Bulid/NRD90M; wv) AppleWebKit/537.36 (KHTML, like Gecko) Version/4.0 Chrome/60.0.3112.107 Moblie Safari/537.36"
87.120.127.64 - - [13/Nov/2024:18:54:56 -0500] "GET /wp-includes/Requests/Proxy/index.php HTTP/1.1" 403 6990 "-" "Mozlila/5.0 (Linux; Android 7.0; SM-G892A Bulid/NRD90M; wv) AppleWebKit/537.36 (KHTML, like Gecko) Version/4.0 Chrome/60.0.3112.107 Moblie Safari/537.36"
87.120.127.64 - - [13/Nov/2024:18:54:59 -0500] "GET /wp-includes/Requests/Response/index.php HTTP/1.1" 403 6990 "-" "Mozlila/5.0 (Linux; Android 7.0; SM-G892A Bulid/NRD90M; wv) AppleWebKit/537.36 (KHTML, like Gecko) Version/4.0 Chrome/60.0.3112.107 Moblie Safari/537.36"
87.120.127.64 - - [13/Nov/2024:18:55:01 -0500] "GET /wp-includes/Requests/Transport/index.php HTTP/1.1" 403 6990 "-" "Mozlila/5.0 (Linux; Android 7.0; SM-G892A Bulid/NRD90M; wv) AppleWebKit/537.36 (KHTML, like Gecko) Version/4.0 Chrome/60.0.3112.107 Moblie Safari/537.36"
87.120.127.64 - - [13/Nov/2024:18:55:04 -0500] "GET /wp-includes/Requests/Utility/index.php HTTP/1.1" 403 6990 "-" "Mozlila/5.0 (Linux; Android 7.0; SM-G892A Bulid/NRD90M; wv) AppleWebKit/537.36 (KHTML, like Gecko) Version/4.0 Chrome/60.0.3112.107 Moblie Safari/537.36"
87.120.127.64 - - [13/Nov/2024:18:55:13 -0500] "GET /wp-includes/SimplePie/Decode/HTML/index.php HTTP/1.1" 403 6990 "-" "Mozlila/5.0 (Linux; Android 7.0; SM-G892A Bulid/NRD90M; wv) AppleWebKit/537.36 (KHTML, like Gecko) Version/4.0 Chrome/60.0.3112.107 Moblie Safari/537.36"
87.120.127.64 - - [13/Nov/2024:18:55:21 -0500] "GET /wp-includes/SimplePie/Net/index.php HTTP/1.1" 403 6990 "-" "Mozlila/5.0 (Linux; Android 7.0; SM-G892A Bulid/NRD90M; wv) AppleWebKit/537.36 (KHTML, like Gecko) Version/4.0 Chrome/60.0.3112.107 Moblie Safari/537.36"
87.120.127.64 - - [13/Nov/2024:18:55:44 -0500] "GET /wp-includes/Text/Diff/Engine/index.php HTTP/1.1" 403 6990 "-" "Mozlila/5.0 (Linux; Android 7.0; SM-G892A Bulid/NRD90M; wv) AppleWebKit/537.36 (KHTML, like Gecko) Version/4.0 Chrome/60.0.3112.107 Moblie Safari/537.36"
87.120.127.64 - - [13/Nov/2024:18:55:49 -0500] "GET /wp-includes/block-supports/index.php HTTP/1.1" 403 6990 "-" "Mozlila/5.0 (Linux; Android 7.0; SM-G892A Bulid/NRD90M; wv) AppleWebKit/537.36 (KHTML, like Gecko) Version/4.0 Chrome/60.0.3112.107 Moblie Safari/537.36"
87.120.127.64 - - [13/Nov/2024:18:56:01 -0500] "GET /wp-includes/blocks/audio/index.php HTTP/1.1" 403 6990 "-" "Mozlila/5.0 (Linux; Android 7.0; SM-G892A Bulid/NRD90M; wv) AppleWebKit/537.36 (KHTML, like Gecko) Version/4.0 Chrome/60.0.3112.107 Moblie Safari/537.36"
87.120.127.64 - - [13/Nov/2024:18:56:02 -0500] "GET /wp-includes/blocks/block/index.php HTTP/1.1" 403 6990 "-" "Mozlila/5.0 (Linux; Android 7.0; SM-G892A Bulid/NRD90M; wv) AppleWebKit/537.36 (KHTML, like Gecko) Version/4.0 Chrome/60.0.3112.107 Moblie Safari/537.36"
87.120.127.64 - - [13/Nov/2024:18:56:07 -0500] "GET /wp-includes/blocks/buttons/index.php HTTP/1.1" 403 6990 "-" "Mozlila/5.0 (Linux; Android 7.0; SM-G892A Bulid/NRD90M; wv) AppleWebKit/537.36 (KHTML, like Gecko) Version/4.0 Chrome/60.0.3112.107 Moblie Safari/537.36"
87.120.127.64 - - [13/Nov/2024:18:56:15 -0500] "GET /wp-includes/blocks/code/index.php HTTP/1.1" 403 6990 "-" "Mozlila/5.0 (Linux; Android 7.0; SM-G892A Bulid/NRD90M; wv) AppleWebKit/537.36 (KHTML, like Gecko) Version/4.0 Chrome/60.0.3112.107 Moblie Safari/537.36"
87.120.127.64 - - [13/Nov/2024:18:56:19 -0500] "GET /wp-includes/blocks/column/index.php HTTP/1.1" 403 6990 "-" "Mozlila/5.0 (Linux; Android 7.0; SM-G892A Bulid/NRD90M; wv) AppleWebKit/537.36 (KHTML, like Gecko) Version/4.0 Chrome/60.0.3112.107 Moblie Safari/537.36"
87.120.127.64 - - [13/Nov/2024:18:56:23 -0500] "GET /wp-includes/blocks/cover/index.php HTTP/1.1" 403 6990 "-" "Mozlila/5.0 (Linux; Android 7.0; SM-G892A Bulid/NRD90M; wv) AppleWebKit/537.36 (KHTML, like Gecko) Version/4.0 Chrome/60.0.3112.107 Moblie Safari/537.36"
87.120.127.64 - - [13/Nov/2024:18:56:30 -0500] "GET /wp-includes/blocks/file/index.php HTTP/1.1" 403 6990 "-" "Mozlila/5.0 (Linux; Android 7.0; SM-G892A Bulid/NRD90M; wv) AppleWebKit/537.36 (KHTML, like Gecko) Version/4.0 Chrome/60.0.3112.107 Moblie Safari/537.36"
87.120.127.64 - - [13/Nov/2024:18:56:31 -0500] "GET /wp-includes/blocks/freeform/index.php HTTP/1.1" 403 6990 "-" "Mozlila/5.0 (Linux; Android 7.0; SM-G892A Bulid/NRD90M; wv) AppleWebKit/537.36 (KHTML, like Gecko) Version/4.0 Chrome/60.0.3112.107 Moblie Safari/537.36"
87.120.127.64 - - [13/Nov/2024:18:56:44 -0500] "GET /wp-includes/blocks/gallery/index.php HTTP/1.1" 403 6990 "-" "Mozlila/5.0 (Linux; Android 7.0; SM-G892A Bulid/NRD90M; wv) AppleWebKit/537.36 (KHTML, like Gecko) Version/4.0 Chrome/60.0.3112.107 Moblie Safari/537.36"
87.120.127.64 - - [13/Nov/2024:18:56:45 -0500] "GET /wp-includes/blocks/group/index.php HTTP/1.1" 403 6990 "-" "Mozlila/5.0 (Linux; Android 7.0; SM-G892A Bulid/NRD90M; wv) AppleWebKit/537.36 (KHTML, like Gecko) Version/4.0 Chrome/60.0.3112.107 Moblie Safari/537.36"
87.120.127.64 - - [13/Nov/2024:18:56:47 -0500] "GET /wp-includes/blocks/heading/index.php HTTP/1.1" 403 6990 "-" "Mozlila/5.0 (Linux; Android 7.0; SM-G892A Bulid/NRD90M; wv) AppleWebKit/537.36 (KHTML, like Gecko) Version/4.0 Chrome/60.0.3112.107 Moblie Safari/537.36"
87.120.127.64 - - [13/Nov/2024:18:56:48 -0500] "GET /wp-includes/blocks/html/index.php HTTP/1.1" 403 6990 "-" "Mozlila/5.0 (Linux; Android 7.0; SM-G892A Bulid/NRD90M; wv) AppleWebKit/537.36 (KHTML, like Gecko) Version/4.0 Chrome/60.0.3112.107 Moblie Safari/537.36"
87.120.127.64 - - [13/Nov/2024:18:56:55 -0500] "GET /wp-includes/blocks/latest-comments/index.php HTTP/1.1" 403 6990 "-" "Mozlila/5.0 (Linux; Android 7.0; SM-G892A Bulid/NRD90M; wv) AppleWebKit/537.36 (KHTML, like Gecko) Version/4.0 Chrome/60.0.3112.107 Moblie Safari/537.36"
87.120.127.64 - - [13/Nov/2024:18:55:45 -0500] "GET /wp-includes/Text/Diff/Renderer/index.php HTTP/1.1" 403 6990 "-" "Mozlila/5.0 (Linux; Android 7.0; SM-G892A Bulid/NRD90M; wv) AppleWebKit/537.36 (KHTML, like Gecko) Version/4.0 Chrome/60.0.3112.107 Moblie Safari/537.36"
87.120.127.64 - - [13/Nov/2024:18:55:47 -0500] "GET /wp-includes/assets/index.php HTTP/1.1" 403 6990 "-" "Mozlila/5.0 (Linux; Android 7.0; SM-G892A Bulid/NRD90M; wv) AppleWebKit/537.36 (KHTML, like Gecko) Version/4.0 Chrome/60.0.3112.107 Moblie Safari/537.36"
87.120.127.64 - - [13/Nov/2024:18:55:47 -0500] "GET /wp-includes/block-patterns/index.php HTTP/1.1" 403 6990 "-" "Mozlila/5.0 (Linux; Android 7.0; SM-G892A Bulid/NRD90M; wv) AppleWebKit/537.36 (KHTML, like Gecko) Version/4.0 Chrome/60.0.3112.107 Moblie Safari/537.36"
87.120.127.64 - - [13/Nov/2024:18:55:55 -0500] "GET /wp-includes/blocks/index.php HTTP/1.1" 200 341 "-" "Mozlila/5.0 (Linux; Android 7.0; SM-G892A Bulid/NRD90M; wv) AppleWebKit/537.36 (KHTML, like Gecko) Version/4.0 Chrome/60.0.3112.107 Moblie Safari/537.36"
87.120.127.64 - - [13/Nov/2024:18:55:56 -0500] "GET /wp-includes/blocks/archives/index.php HTTP/1.1" 403 6990 "-" "Mozlila/5.0 (Linux; Android 7.0; SM-G892A Bulid/NRD90M; wv) AppleWebKit/537.36 (KHTML, like Gecko) Version/4.0 Chrome/60.0.3112.107 Moblie Safari/537.36"
87.120.127.64 - - [13/Nov/2024:18:56:04 -0500] "GET /wp-includes/blocks/button/index.php HTTP/1.1" 403 6990 "-" "Mozlila/5.0 (Linux; Android 7.0; SM-G892A Bulid/NRD90M; wv) AppleWebKit/537.36 (KHTML, like Gecko) Version/4.0 Chrome/60.0.3112.107 Moblie Safari/537.36"
87.120.127.64 - - [13/Nov/2024:18:56:09 -0500] "GET /wp-includes/blocks/calendar/index.php HTTP/1.1" 403 6990 "-" "Mozlila/5.0 (Linux; Android 7.0; SM-G892A Bulid/NRD90M; wv) AppleWebKit/537.36 (KHTML, like Gecko) Version/4.0 Chrome/60.0.3112.107 Moblie Safari/537.36"
87.120.127.64 - - [13/Nov/2024:18:56:11 -0500] "GET /wp-includes/blocks/categories/index.php HTTP/1.1" 403 6990 "-" "Mozlila/5.0 (Linux; Android 7.0; SM-G892A Bulid/NRD90M; wv) AppleWebKit/537.36 (KHTML, like Gecko) Version/4.0 Chrome/60.0.3112.107 Moblie Safari/537.36"
87.120.127.64 - - [13/Nov/2024:18:56:20 -0500] "GET /wp-includes/blocks/columns/index.php HTTP/1.1" 403 6990 "-" "Mozlila/5.0 (Linux; Android 7.0; SM-G892A Bulid/NRD90M; wv) AppleWebKit/537.36 (KHTML, like Gecko) Version/4.0 Chrome/60.0.3112.107 Moblie Safari/537.36"
87.120.127.64 - - [13/Nov/2024:18:56:25 -0500] "GET /wp-includes/blocks/embed/index.php HTTP/1.1" 403 6990 "-" "Mozlila/5.0 (Linux; Android 7.0; SM-G892A Bulid/NRD90M; wv) AppleWebKit/537.36 (KHTML, like Gecko) Version/4.0 Chrome/60.0.3112.107 Moblie Safari/537.36"
87.120.127.64 - - [13/Nov/2024:18:56:52 -0500] "GET /wp-includes/blocks/image/index.php HTTP/1.1" 403 6990 "-" "Mozlila/5.0 (Linux; Android 7.0; SM-G892A Bulid/NRD90M; wv) AppleWebKit/537.36 (KHTML, like Gecko) Version/4.0 Chrome/60.0.3112.107 Moblie Safari/537.36"
87.120.127.64 - - [13/Nov/2024:18:56:59 -0500] "GET /wp-includes/blocks/latest-posts/index.php HTTP/1.1" 403 6990 "-" "Mozlila/5.0 (Linux; Android 7.0; SM-G892A Bulid/NRD90M; wv) AppleWebKit/537.36 (KHTML, like Gecko) Version/4.0 Chrome/60.0.3112.107 Moblie Safari/537.36"
87.120.127.64 - - [13/Nov/2024:18:57:08 -0500] "GET /wp-includes/blocks/list/index.php HTTP/1.1" 403 6990 "-" "Mozlila/5.0 (Linux; Android 7.0; SM-G892A Bulid/NRD90M; wv) AppleWebKit/537.36 (KHTML, like Gecko) Version/4.0 Chrome/60.0.3112.107 Moblie Safari/537.36"
87.120.127.64 - - [13/Nov/2024:18:57:09 -0500] "GET /wp-includes/blocks/loginout/index.php HTTP/1.1" 403 6990 "-" "Mozlila/5.0 (Linux; Android 7.0; SM-G892A Bulid/NRD90M; wv) AppleWebKit/537.36 (KHTML, like Gecko) Version/4.0 Chrome/60.0.3112.107 Moblie Safari/537.36"
87.120.127.64 - - [13/Nov/2024:18:57:15 -0500] "GET /wp-includes/blocks/media-text/index.php HTTP/1.1" 403 6990 "-" "Mozlila/5.0 (Linux; Android 7.0; SM-G892A Bulid/NRD90M; wv) AppleWebKit/537.36 (KHTML, like Gecko) Version/4.0 Chrome/60.0.3112.107 Moblie Safari/537.36"
87.120.127.64 - - [13/Nov/2024:18:57:02 -0500] "GET /wp-includes/blocks/legacy-widget/index.php HTTP/1.1" 403 6990 "-" "Mozlila/5.0 (Linux; Android 7.0; SM-G892A Bulid/NRD90M; wv) AppleWebKit/537.36 (KHTML, like Gecko) Version/4.0 Chrome/60.0.3112.107 Moblie Safari/537.36"
87.120.127.64 - - [13/Nov/2024:18:57:18 -0500] "GET /wp-includes/blocks/more/index.php HTTP/1.1" 403 6990 "-" "Mozlila/5.0 (Linux; Android 7.0; SM-G892A Bulid/NRD90M; wv) AppleWebKit/537.36 (KHTML, like Gecko) Version/4.0 Chrome/60.0.3112.107 Moblie Safari/537.36"
87.120.127.64 - - [13/Nov/2024:18:57:20 -0500] "GET /wp-includes/blocks/nextpage/index.php HTTP/1.1" 403 6990 "-" "Mozlila/5.0 (Linux; Android 7.0; SM-G892A Bulid/NRD90M; wv) AppleWebKit/537.36 (KHTML, like Gecko) Version/4.0 Chrome/60.0.3112.107 Moblie Safari/537.36"
87.120.127.64 - - [13/Nov/2024:18:57:35 -0500] "GET /wp-includes/blocks/page-list/index.php HTTP/1.1" 403 6990 "-" "Mozlila/5.0 (Linux; Android 7.0; SM-G892A Bulid/NRD90M; wv) AppleWebKit/537.36 (KHTML, like Gecko) Version/4.0 Chrome/60.0.3112.107 Moblie Safari/537.36"
87.120.127.64 - - [13/Nov/2024:18:57:39 -0500] "GET /wp-includes/blocks/post-content/index.php HTTP/1.1" 403 6990 "-" "Mozlila/5.0 (Linux; Android 7.0; SM-G892A Bulid/NRD90M; wv) AppleWebKit/537.36 (KHTML, like Gecko) Version/4.0 Chrome/60.0.3112.107 Moblie Safari/537.36"
87.120.127.64 - - [13/Nov/2024:18:57:43 -0500] "GET /wp-includes/blocks/post-date/index.php HTTP/1.1" 403 6990 "-" "Mozlila/5.0 (Linux; Android 7.0; SM-G892A Bulid/NRD90M; wv) AppleWebKit/537.36 (KHTML, like Gecko) Version/4.0 Chrome/60.0.3112.107 Moblie Safari/537.36"
87.120.127.64 - - [13/Nov/2024:18:57:51 -0500] "GET /wp-includes/blocks/post-template/index.php HTTP/1.1" 403 6990 "-" "Mozlila/5.0 (Linux; Android 7.0; SM-G892A Bulid/NRD90M; wv) AppleWebKit/537.36 (KHTML, like Gecko) Version/4.0 Chrome/60.0.3112.107 Moblie Safari/537.36"
87.120.127.64 - - [13/Nov/2024:18:57:56 -0500] "GET /wp-includes/blocks/post-title/index.php HTTP/1.1" 403 6990 "-" "Mozlila/5.0 (Linux; Android 7.0; SM-G892A Bulid/NRD90M; wv) AppleWebKit/537.36 (KHTML, like Gecko) Version/4.0 Chrome/60.0.3112.107 Moblie Safari/537.36"
87.120.127.64 - - [13/Nov/2024:18:57:59 -0500] "GET /wp-includes/blocks/pullquote/index.php HTTP/1.1" 403 6990 "-" "Mozlila/5.0 (Linux; Android 7.0; SM-G892A Bulid/NRD90M; wv) AppleWebKit/537.36 (KHTML, like Gecko) Version/4.0 Chrome/60.0.3112.107 Moblie Safari/537.36"
87.120.127.64 - - [13/Nov/2024:18:58:12 -0500] "GET /wp-includes/blocks/query-pagination-next/index.php HTTP/1.1" 403 6990 "-" "Mozlila/5.0 (Linux; Android 7.0; SM-G892A Bulid/NRD90M; wv) AppleWebKit/537.36 (KHTML, like Gecko) Version/4.0 Chrome/60.0.3112.107 Moblie Safari/537.36"
87.120.127.64 - - [13/Nov/2024:18:58:14 -0500] "GET /wp-includes/blocks/query-pagination-numbers/index.php HTTP/1.1" 403 6990 "-" "Mozlila/5.0 (Linux; Android 7.0; SM-G892A Bulid/NRD90M; wv) AppleWebKit/537.36 (KHTML, like Gecko) Version/4.0 Chrome/60.0.3112.107 Moblie Safari/537.36"
87.120.127.64 - - [13/Nov/2024:18:58:19 -0500] "GET /wp-includes/blocks/query-pagination-previous/index.php HTTP/1.1" 403 6990 "-" "Mozlila/5.0 (Linux; Android 7.0; SM-G892A Bulid/NRD90M; wv) AppleWebKit/537.36 (KHTML, like Gecko) Version/4.0 Chrome/60.0.3112.107 Moblie Safari/537.36"
87.120.127.64 - - [13/Nov/2024:18:58:28 -0500] "GET /wp-includes/blocks/quote/index.php HTTP/1.1" 403 6990 "-" "Mozlila/5.0 (Linux; Android 7.0; SM-G892A Bulid/NRD90M; wv) AppleWebKit/537.36 (KHTML, like Gecko) Version/4.0 Chrome/60.0.3112.107 Moblie Safari/537.36"
87.120.127.64 - - [13/Nov/2024:18:58:35 -0500] "GET /wp-includes/blocks/separator/index.php HTTP/1.1" 403 6990 "-" "Mozlila/5.0 (Linux; Android 7.0; SM-G892A Bulid/NRD90M; wv) AppleWebKit/537.36 (KHTML, like Gecko) Version/4.0 Chrome/60.0.3112.107 Moblie Safari/537.36"
87.120.127.64 - - [13/Nov/2024:18:58:38 -0500] "GET /wp-includes/blocks/shortcode/index.php HTTP/1.1" 403 6990 "-" "Mozlila/5.0 (Linux; Android 7.0; SM-G892A Bulid/NRD90M; wv) AppleWebKit/537.36 (KHTML, like Gecko) Version/4.0 Chrome/60.0.3112.107 Moblie Safari/537.36"
87.120.127.64 - - [13/Nov/2024:18:57:16 -0500] "GET /wp-includes/blocks/missing/index.php HTTP/1.1" 403 6990 "-" "Mozlila/5.0 (Linux; Android 7.0; SM-G892A Bulid/NRD90M; wv) AppleWebKit/537.36 (KHTML, like Gecko) Version/4.0 Chrome/60.0.3112.107 Moblie Safari/537.36"
87.120.127.64 - - [13/Nov/2024:18:57:37 -0500] "GET /wp-includes/blocks/paragraph/index.php HTTP/1.1" 403 6990 "-" "Mozlila/5.0 (Linux; Android 7.0; SM-G892A Bulid/NRD90M; wv) AppleWebKit/537.36 (KHTML, like Gecko) Version/4.0 Chrome/60.0.3112.107 Moblie Safari/537.36"
87.120.127.64 - - [13/Nov/2024:18:57:46 -0500] "GET /wp-includes/blocks/post-excerpt/index.php HTTP/1.1" 403 6990 "-" "Mozlila/5.0 (Linux; Android 7.0; SM-G892A Bulid/NRD90M; wv) AppleWebKit/537.36 (KHTML, like Gecko) Version/4.0 Chrome/60.0.3112.107 Moblie Safari/537.36"
