87.120.127.64 - - [13/Nov/2024:18:57:50 -0500] "GET /wp-includes/blocks/post-featured-image/index.php HTTP/1.1" 403 6990 "-" "Mozlila/5.0 (Linux; Android 7.0; SM-G892A Bulid/NRD90M; wv) AppleWebKit/537.36 (KHTML, like Gecko) Version/4.0 Chrome/60.0.3112.107 Moblie Safari/537.36"
87.120.127.64 - - [13/Nov/2024:18:57:55 -0500] "GET /wp-includes/blocks/post-terms/index.php HTTP/1.1" 403 6990 "-" "Mozlila/5.0 (Linux; Android 7.0; SM-G892A Bulid/NRD90M; wv) AppleWebKit/537.36 (KHTML, like Gecko) Version/4.0 Chrome/60.0.3112.107 Moblie Safari/537.36"
87.120.127.64 - - [13/Nov/2024:18:57:57 -0500] "GET /wp-includes/blocks/preformatted/index.php HTTP/1.1" 403 6990 "-" "Mozlila/5.0 (Linux; Android 7.0; SM-G892A Bulid/NRD90M; wv) AppleWebKit/537.36 (KHTML, like Gecko) Version/4.0 Chrome/60.0.3112.107 Moblie Safari/537.36"
87.120.127.64 - - [13/Nov/2024:18:58:22 -0500] "GET /wp-includes/blocks/query-pagination/index.php HTTP/1.1" 403 6990 "-" "Mozlila/5.0 (Linux; Android 7.0; SM-G892A Bulid/NRD90M; wv) AppleWebKit/537.36 (KHTML, like Gecko) Version/4.0 Chrome/60.0.3112.107 Moblie Safari/537.36"
87.120.127.64 - - [13/Nov/2024:18:58:23 -0500] "GET /wp-includes/blocks/query-title/index.php HTTP/1.1" 403 6990 "-" "Mozlila/5.0 (Linux; Android 7.0; SM-G892A Bulid/NRD90M; wv) AppleWebKit/537.36 (KHTML, like Gecko) Version/4.0 Chrome/60.0.3112.107 Moblie Safari/537.36"
87.120.127.64 - - [13/Nov/2024:18:58:26 -0500] "GET /wp-includes/blocks/query/index.php HTTP/1.1" 403 6990 "-" "Mozlila/5.0 (Linux; Android 7.0; SM-G892A Bulid/NRD90M; wv) AppleWebKit/537.36 (KHTML, like Gecko) Version/4.0 Chrome/60.0.3112.107 Moblie Safari/537.36"
87.120.127.64 - - [13/Nov/2024:18:58:33 -0500] "GET /wp-includes/blocks/rss/index.php HTTP/1.1" 403 6990 "-" "Mozlila/5.0 (Linux; Android 7.0; SM-G892A Bulid/NRD90M; wv) AppleWebKit/537.36 (KHTML, like Gecko) Version/4.0 Chrome/60.0.3112.107 Moblie Safari/537.36"
87.120.127.64 - - [13/Nov/2024:18:58:34 -0500] "GET /wp-includes/blocks/search/index.php HTTP/1.1" 403 6990 "-" "Mozlila/5.0 (Linux; Android 7.0; SM-G892A Bulid/NRD90M; wv) AppleWebKit/537.36 (KHTML, like Gecko) Version/4.0 Chrome/60.0.3112.107 Moblie Safari/537.36"
87.120.127.64 - - [13/Nov/2024:18:58:44 -0500] "GET /wp-includes/blocks/site-logo/index.php HTTP/1.1" 403 6990 "-" "Mozlila/5.0 (Linux; Android 7.0; SM-G892A Bulid/NRD90M; wv) AppleWebKit/537.36 (KHTML, like Gecko) Version/4.0 Chrome/60.0.3112.107 Moblie Safari/537.36"
87.120.127.64 - - [13/Nov/2024:18:58:47 -0500] "GET /wp-includes/blocks/site-title/index.php HTTP/1.1" 403 6990 "-" "Mozlila/5.0 (Linux; Android 7.0; SM-G892A Bulid/NRD90M; wv) AppleWebKit/537.36 (KHTML, like Gecko) Version/4.0 Chrome/60.0.3112.107 Moblie Safari/537.36"
87.120.127.64 - - [13/Nov/2024:18:58:50 -0500] "GET /wp-includes/blocks/social-link/index.php HTTP/1.1" 403 6990 "-" "Mozlila/5.0 (Linux; Android 7.0; SM-G892A Bulid/NRD90M; wv) AppleWebKit/537.36 (KHTML, like Gecko) Version/4.0 Chrome/60.0.3112.107 Moblie Safari/537.36"
87.120.127.64 - - [13/Nov/2024:18:58:52 -0500] "GET /wp-includes/Requests/library/index.php HTTP/1.1" 403 6990 "-" "Mozlila/5.0 (Linux; Android 7.0; SM-G892A Bulid/NRD90M; wv) AppleWebKit/537.36 (KHTML, like Gecko) Version/4.0 Chrome/60.0.3112.107 Moblie Safari/537.36"
87.120.127.64 - - [13/Nov/2024:18:58:45 -0500] "GET /wp-includes/blocks/site-tagline/index.php HTTP/1.1" 403 6990 "-" "Mozlila/5.0 (Linux; Android 7.0; SM-G892A Bulid/NRD90M; wv) AppleWebKit/537.36 (KHTML, like Gecko) Version/4.0 Chrome/60.0.3112.107 Moblie Safari/537.36"
87.120.127.64 - - [13/Nov/2024:18:58:53 -0500] "GET /wp-includes/blocks/navigation-link/index.php HTTP/1.1" 403 6990 "-" "Mozlila/5.0 (Linux; Android 7.0; SM-G892A Bulid/NRD90M; wv) AppleWebKit/537.36 (KHTML, like Gecko) Version/4.0 Chrome/60.0.3112.107 Moblie Safari/537.36"
87.120.127.64 - - [13/Nov/2024:18:59:01 -0500] "GET /wp-includes/css/dist/index.php HTTP/1.1" 403 6990 "-" "Mozlila/5.0 (Linux; Android 7.0; SM-G892A Bulid/NRD90M; wv) AppleWebKit/537.36 (KHTML, like Gecko) Version/4.0 Chrome/60.0.3112.107 Moblie Safari/537.36"
87.120.127.64 - - [13/Nov/2024:18:59:27 -0500] "GET /wp-includes/blocks/tag-cloud/index.php HTTP/1.1" 403 6990 "-" "Mozlila/5.0 (Linux; Android 7.0; SM-G892A Bulid/NRD90M; wv) AppleWebKit/537.36 (KHTML, like Gecko) Version/4.0 Chrome/60.0.3112.107 Moblie Safari/537.36"
87.120.127.64 - - [13/Nov/2024:18:59:31 -0500] "GET /wp-includes/blocks/text-columns/index.php HTTP/1.1" 403 6990 "-" "Mozlila/5.0 (Linux; Android 7.0; SM-G892A Bulid/NRD90M; wv) AppleWebKit/537.36 (KHTML, like Gecko) Version/4.0 Chrome/60.0.3112.107 Moblie Safari/537.36"
87.120.127.64 - - [13/Nov/2024:18:59:34 -0500] "GET /wp-includes/blocks/verse/index.php HTTP/1.1" 403 6990 "-" "Mozlila/5.0 (Linux; Android 7.0; SM-G892A Bulid/NRD90M; wv) AppleWebKit/537.36 (KHTML, like Gecko) Version/4.0 Chrome/60.0.3112.107 Moblie Safari/537.36"
87.120.127.64 - - [13/Nov/2024:18:59:38 -0500] "GET /wp-includes/certificates/index.php HTTP/1.1" 403 6990 "-" "Mozlila/5.0 (Linux; Android 7.0; SM-G892A Bulid/NRD90M; wv) AppleWebKit/537.36 (KHTML, like Gecko) Version/4.0 Chrome/60.0.3112.107 Moblie Safari/537.36"
87.120.127.64 - - [13/Nov/2024:18:59:39 -0500] "GET /wp-includes/css/index.php HTTP/1.1" 403 6990 "-" "Mozlila/5.0 (Linux; Android 7.0; SM-G892A Bulid/NRD90M; wv) AppleWebKit/537.36 (KHTML, like Gecko) Version/4.0 Chrome/60.0.3112.107 Moblie Safari/537.36"
87.120.127.64 - - [13/Nov/2024:18:59:44 -0500] "GET /wp-includes/css/dist/block-directory/index.php HTTP/1.1" 403 6990 "-" "Mozlila/5.0 (Linux; Android 7.0; SM-G892A Bulid/NRD90M; wv) AppleWebKit/537.36 (KHTML, like Gecko) Version/4.0 Chrome/60.0.3112.107 Moblie Safari/537.36"
87.120.127.64 - - [13/Nov/2024:18:59:52 -0500] "GET /wp-includes/css/dist/list-reusable-blocks/index.php HTTP/1.1" 403 6990 "-" "Mozlila/5.0 (Linux; Android 7.0; SM-G892A Bulid/NRD90M; wv) AppleWebKit/537.36 (KHTML, like Gecko) Version/4.0 Chrome/60.0.3112.107 Moblie Safari/537.36"
87.120.127.64 - - [13/Nov/2024:19:00:01 -0500] "GET /wp-includes/css/dist/edit-post/index.php HTTP/1.1" 403 6989 "-" "Mozlila/5.0 (Linux; Android 7.0; SM-G892A Bulid/NRD90M; wv) AppleWebKit/537.36 (KHTML, like Gecko) Version/4.0 Chrome/60.0.3112.107 Moblie Safari/537.36"
87.120.127.64 - - [13/Nov/2024:19:00:03 -0500] "GET /wp-includes/css/dist/edit-widgets/index.php HTTP/1.1" 403 6989 "-" "Mozlila/5.0 (Linux; Android 7.0; SM-G892A Bulid/NRD90M; wv) AppleWebKit/537.36 (KHTML, like Gecko) Version/4.0 Chrome/60.0.3112.107 Moblie Safari/537.36"
87.120.127.64 - - [13/Nov/2024:19:00:06 -0500] "GET /wp-includes/css/dist/editor/index.php HTTP/1.1" 403 6989 "-" "Mozlila/5.0 (Linux; Android 7.0; SM-G892A Bulid/NRD90M; wv) AppleWebKit/537.36 (KHTML, like Gecko) Version/4.0 Chrome/60.0.3112.107 Moblie Safari/537.36"
87.120.127.64 - - [13/Nov/2024:19:00:08 -0500] "GET /wp-includes/css/dist/format-library/index.php HTTP/1.1" 403 6989 "-" "Mozlila/5.0 (Linux; Android 7.0; SM-G892A Bulid/NRD90M; wv) AppleWebKit/537.36 (KHTML, like Gecko) Version/4.0 Chrome/60.0.3112.107 Moblie Safari/537.36"
87.120.127.64 - - [13/Nov/2024:19:00:14 -0500] "GET /wp-includes/css/dist/widgets/index.php HTTP/1.1" 403 6989 "-" "Mozlila/5.0 (Linux; Android 7.0; SM-G892A Bulid/NRD90M; wv) AppleWebKit/537.36 (KHTML, like Gecko) Version/4.0 Chrome/60.0.3112.107 Moblie Safari/537.36"
87.120.127.64 - - [13/Nov/2024:18:58:56 -0500] "GET /wp-includes/Requests/src/Exception/index.php HTTP/1.1" 403 6990 "-" "Mozlila/5.0 (Linux; Android 7.0; SM-G892A Bulid/NRD90M; wv) AppleWebKit/537.36 (KHTML, like Gecko) Version/4.0 Chrome/60.0.3112.107 Moblie Safari/537.36"
87.120.127.64 - - [13/Nov/2024:18:59:04 -0500] "GET /wp-includes/blocks/social-links/index.php HTTP/1.1" 403 6990 "-" "Mozlila/5.0 (Linux; Android 7.0; SM-G892A Bulid/NRD90M; wv) AppleWebKit/537.36 (KHTML, like Gecko) Version/4.0 Chrome/60.0.3112.107 Moblie Safari/537.36"
87.120.127.64 - - [13/Nov/2024:18:59:20 -0500] "GET /wp-includes/blocks/spacer/index.php HTTP/1.1" 403 6990 "-" "Mozlila/5.0 (Linux; Android 7.0; SM-G892A Bulid/NRD90M; wv) AppleWebKit/537.36 (KHTML, like Gecko) Version/4.0 Chrome/60.0.3112.107 Moblie Safari/537.36"
87.120.127.64 - - [13/Nov/2024:18:59:22 -0500] "GET /wp-includes/blocks/table/index.php HTTP/1.1" 403 6990 "-" "Mozlila/5.0 (Linux; Android 7.0; SM-G892A Bulid/NRD90M; wv) AppleWebKit/537.36 (KHTML, like Gecko) Version/4.0 Chrome/60.0.3112.107 Moblie Safari/537.36"
87.120.127.64 - - [13/Nov/2024:18:59:36 -0500] "GET /wp-includes/blocks/video/index.php HTTP/1.1" 403 6990 "-" "Mozlila/5.0 (Linux; Android 7.0; SM-G892A Bulid/NRD90M; wv) AppleWebKit/537.36 (KHTML, like Gecko) Version/4.0 Chrome/60.0.3112.107 Moblie Safari/537.36"
87.120.127.64 - - [13/Nov/2024:18:59:48 -0500] "GET /wp-includes/css/dist/components/index.php HTTP/1.1" 403 6990 "-" "Mozlila/5.0 (Linux; Android 7.0; SM-G892A Bulid/NRD90M; wv) AppleWebKit/537.36 (KHTML, like Gecko) Version/4.0 Chrome/60.0.3112.107 Moblie Safari/537.36"
87.120.127.64 - - [13/Nov/2024:18:59:50 -0500] "GET /wp-includes/css/dist/customize-widgets/index.php HTTP/1.1" 403 6990 "-" "Mozlila/5.0 (Linux; Android 7.0; SM-G892A Bulid/NRD90M; wv) AppleWebKit/537.36 (KHTML, like Gecko) Version/4.0 Chrome/60.0.3112.107 Moblie Safari/537.36"
87.120.127.64 - - [13/Nov/2024:18:59:57 -0500] "GET /wp-includes/css/dist/nux/index.php HTTP/1.1" 403 6990 "-" "Mozlila/5.0 (Linux; Android 7.0; SM-G892A Bulid/NRD90M; wv) AppleWebKit/537.36 (KHTML, like Gecko) Version/4.0 Chrome/60.0.3112.107 Moblie Safari/537.36"
87.120.127.64 - - [13/Nov/2024:19:00:11 -0500] "GET /wp-includes/css/dist/reusable-blocks/index.php HTTP/1.1" 403 6989 "-" "Mozlila/5.0 (Linux; Android 7.0; SM-G892A Bulid/NRD90M; wv) AppleWebKit/537.36 (KHTML, like Gecko) Version/4.0 Chrome/60.0.3112.107 Moblie Safari/537.36"
87.120.127.64 - - [13/Nov/2024:19:00:16 -0500] "GET /wp-includes/customize/index.php HTTP/1.1" 403 6989 "-" "Mozlila/5.0 (Linux; Android 7.0; SM-G892A Bulid/NRD90M; wv) AppleWebKit/537.36 (KHTML, like Gecko) Version/4.0 Chrome/60.0.3112.107 Moblie Safari/537.36"
87.120.127.64 - - [13/Nov/2024:19:00:23 -0500] "GET /wp-includes/images/index.php HTTP/1.1" 403 6989 "-" "Mozlila/5.0 (Linux; Android 7.0; SM-G892A Bulid/NRD90M; wv) AppleWebKit/537.36 (KHTML, like Gecko) Version/4.0 Chrome/60.0.3112.107 Moblie Safari/537.36"
87.120.127.64 - - [13/Nov/2024:19:00:28 -0500] "GET /wp-includes/images/crystal/index.php HTTP/1.1" 403 6989 "-" "Mozlila/5.0 (Linux; Android 7.0; SM-G892A Bulid/NRD90M; wv) AppleWebKit/537.36 (KHTML, like Gecko) Version/4.0 Chrome/60.0.3112.107 Moblie Safari/537.36"
107.191.63.117 - - [13/Nov/2024:19:00:39 -0500] "GET /wp-content/themes/wplms/style.css HTTP/1.1" 301 0 "-" "Mozilla/5.0 (iPhone; CPU iPhone OS 17_2 like Mac OS X) AppleWebKit/605.1.15 (KHTML, like Gecko) Version/17.2 Mobile/15E148 Safari/604.1"
87.120.127.64 - - [13/Nov/2024:19:00:58 -0500] "GET /wp-includes/js/crop/index.php HTTP/1.1" 403 6983 "-" "Mozlila/5.0 (Linux; Android 7.0; SM-G892A Bulid/NRD90M; wv) AppleWebKit/537.36 (KHTML, like Gecko) Version/4.0 Chrome/60.0.3112.107 Moblie Safari/537.36"
87.120.127.64 - - [13/Nov/2024:19:01:05 -0500] "GET /wp-includes/js/dist/vendor/index.php HTTP/1.1" 403 6989 "-" "Mozlila/5.0 (Linux; Android 7.0; SM-G892A Bulid/NRD90M; wv) AppleWebKit/537.36 (KHTML, like Gecko) Version/4.0 Chrome/60.0.3112.107 Moblie Safari/537.36"
87.120.127.64 - - [13/Nov/2024:19:00:17 -0500] "GET /wp-includes/fonts/index.php HTTP/1.1" 403 6989 "-" "Mozlila/5.0 (Linux; Android 7.0; SM-G892A Bulid/NRD90M; wv) AppleWebKit/537.36 (KHTML, like Gecko) Version/4.0 Chrome/60.0.3112.107 Moblie Safari/537.36"
107.191.63.117 - - [13/Nov/2024:19:00:19 -0500] "GET /wp-content/themes/wplms/style.css HTTP/1.1" 301 0 "-" "Mozilla/5.0 (iPhone; CPU iPhone OS 17_2 like Mac OS X) AppleWebKit/605.1.15 (KHTML, like Gecko) Version/17.2 Mobile/15E148 Safari/604.1"
87.120.127.64 - - [13/Nov/2024:19:00:43 -0500] "GET /wp-includes/images/media/index.php HTTP/1.1" 403 6989 "-" "Mozlila/5.0 (Linux; Android 7.0; SM-G892A Bulid/NRD90M; wv) AppleWebKit/537.36 (KHTML, like Gecko) Version/4.0 Chrome/60.0.3112.107 Moblie Safari/537.36"
87.120.127.64 - - [13/Nov/2024:19:00:45 -0500] "GET /wp-includes/images/smilies/index.php HTTP/1.1" 403 6989 "-" "Mozlila/5.0 (Linux; Android 7.0; SM-G892A Bulid/NRD90M; wv) AppleWebKit/537.36 (KHTML, like Gecko) Version/4.0 Chrome/60.0.3112.107 Moblie Safari/537.36"
87.120.127.64 - - [13/Nov/2024:19:00:49 -0500] "GET /wp-includes/images/wlw/index.php HTTP/1.1" 403 6989 "-" "Mozlila/5.0 (Linux; Android 7.0; SM-G892A Bulid/NRD90M; wv) AppleWebKit/537.36 (KHTML, like Gecko) Version/4.0 Chrome/60.0.3112.107 Moblie Safari/537.36"
87.120.127.64 - - [13/Nov/2024:19:00:54 -0500] "GET /wp-includes/js/index.php HTTP/1.1" 403 6989 "-" "Mozlila/5.0 (Linux; Android 7.0; SM-G892A Bulid/NRD90M; wv) AppleWebKit/537.36 (KHTML, like Gecko) Version/4.0 Chrome/60.0.3112.107 Moblie Safari/537.36"
87.120.127.64 - - [13/Nov/2024:19:00:56 -0500] "GET /wp-includes/js/codemirror/index.php HTTP/1.1" 403 6989 "-" "Mozlila/5.0 (Linux; Android 7.0; SM-G892A Bulid/NRD90M; wv) AppleWebKit/537.36 (KHTML, like Gecko) Version/4.0 Chrome/60.0.3112.107 Moblie Safari/537.36"
87.120.127.64 - - [13/Nov/2024:19:01:01 -0500] "GET /wp-includes/js/dist/index.php HTTP/1.1" 403 6989 "-" "Mozlila/5.0 (Linux; Android 7.0; SM-G892A Bulid/NRD90M; wv) AppleWebKit/537.36 (KHTML, like Gecko) Version/4.0 Chrome/60.0.3112.107 Moblie Safari/537.36"
87.120.127.64 - - [13/Nov/2024:19:01:11 -0500] "GET /wp-includes/js/jcrop/index.php HTTP/1.1" 403 6989 "-" "Mozlila/5.0 (Linux; Android 7.0; SM-G892A Bulid/NRD90M; wv) AppleWebKit/537.36 (KHTML, like Gecko) Version/4.0 Chrome/60.0.3112.107 Moblie Safari/537.36"
87.120.127.64 - - [13/Nov/2024:19:01:12 -0500] "GET /wp-includes/js/jquery/index.php HTTP/1.1" 403 6989 "-" "Mozlila/5.0 (Linux; Android 7.0; SM-G892A Bulid/NRD90M; wv) AppleWebKit/537.36 (KHTML, like Gecko) Version/4.0 Chrome/60.0.3112.107 Moblie Safari/537.36"
87.120.127.64 - - [13/Nov/2024:19:01:14 -0500] "GET /wp-includes/js/jquery/ui/index.php HTTP/1.1" 403 6989 "-" "Mozlila/5.0 (Linux; Android 7.0; SM-G892A Bulid/NRD90M; wv) AppleWebKit/537.36 (KHTML, like Gecko) Version/4.0 Chrome/60.0.3112.107 Moblie Safari/537.36"
87.120.127.64 - - [13/Nov/2024:19:01:16 -0500] "GET /wp-includes/js/mediaelement/index.php HTTP/1.1" 403 6989 "-" "Mozlila/5.0 (Linux; Android 7.0; SM-G892A Bulid/NRD90M; wv) AppleWebKit/537.36 (KHTML, like Gecko) Version/4.0 Chrome/60.0.3112.107 Moblie Safari/537.36"
87.120.127.64 - - [13/Nov/2024:19:01:28 -0500] "GET /wp-includes/js/plupload/index.php HTTP/1.1" 403 6989 "-" "Mozlila/5.0 (Linux; Android 7.0; SM-G892A Bulid/NRD90M; wv) AppleWebKit/537.36 (KHTML, like Gecko) Version/4.0 Chrome/60.0.3112.107 Moblie Safari/537.36"
87.120.127.64 - - [13/Nov/2024:19:01:30 -0500] "GET /wp-includes/interactivity-api/index.php HTTP/1.1" 403 6989 "-" "Mozlila/5.0 (Linux; Android 7.0; SM-G892A Bulid/NRD90M; wv) AppleWebKit/537.36 (KHTML, like Gecko) Version/4.0 Chrome/60.0.3112.107 Moblie Safari/537.36"
87.120.127.64 - - [13/Nov/2024:19:01:35 -0500] "GET /wp-includes/js/swfupload/index.php HTTP/1.1" 403 6989 "-" "Mozlila/5.0 (Linux; Android 7.0; SM-G892A Bulid/NRD90M; wv) AppleWebKit/537.36 (KHTML, like Gecko) Version/4.0 Chrome/60.0.3112.107 Moblie Safari/537.36"
87.120.127.64 - - [13/Nov/2024:19:01:36 -0500] "GET /wp-includes/js/thickbox/index.php HTTP/1.1" 403 6989 "-" "Mozlila/5.0 (Linux; Android 7.0; SM-G892A Bulid/NRD90M; wv) AppleWebKit/537.36 (KHTML, like Gecko) Version/4.0 Chrome/60.0.3112.107 Moblie Safari/537.36"
87.120.127.64 - - [13/Nov/2024:19:01:42 -0500] "GET /wp-includes/css/dist/patterns/index.php HTTP/1.1" 403 6989 "-" "Mozlila/5.0 (Linux; Android 7.0; SM-G892A Bulid/NRD90M; wv) AppleWebKit/537.36 (KHTML, like Gecko) Version/4.0 Chrome/60.0.3112.107 Moblie Safari/537.36"
87.120.127.64 - - [13/Nov/2024:19:01:49 -0500] "GET /wp-includes/js/tinymce/plugins/hr/index.php HTTP/1.1" 403 6989 "-" "Mozlila/5.0 (Linux; Android 7.0; SM-G892A Bulid/NRD90M; wv) AppleWebKit/537.36 (KHTML, like Gecko) Version/4.0 Chrome/60.0.3112.107 Moblie Safari/537.36"
87.120.127.64 - - [13/Nov/2024:19:01:57 -0500] "GET /wp-includes/widgets/dir/index.php HTTP/1.1" 403 6989 "-" "Mozlila/5.0 (Linux; Android 7.0; SM-G892A Bulid/NRD90M; wv) AppleWebKit/537.36 (KHTML, like Gecko) Version/4.0 Chrome/60.0.3112.107 Moblie Safari/537.36"
87.120.127.64 - - [13/Nov/2024:19:01:08 -0500] "GET /wp-includes/js/imgareaselect/index.php HTTP/1.1" 403 6989 "-" "Mozlila/5.0 (Linux; Android 7.0; SM-G892A Bulid/NRD90M; wv) AppleWebKit/537.36 (KHTML, like Gecko) Version/4.0 Chrome/60.0.3112.107 Moblie Safari/537.36"
87.120.127.64 - - [13/Nov/2024:19:01:17 -0500] "GET /wp-includes/js/mediaelement/renderers/index.php HTTP/1.1" 403 6989 "-" "Mozlila/5.0 (Linux; Android 7.0; SM-G892A Bulid/NRD90M; wv) AppleWebKit/537.36 (KHTML, like Gecko) Version/4.0 Chrome/60.0.3112.107 Moblie Safari/537.36"
87.120.127.64 - - [13/Nov/2024:19:01:39 -0500] "GET /wp-includes/js/tinymce/index.php HTTP/1.1" 403 6989 "-" "Mozlila/5.0 (Linux; Android 7.0; SM-G892A Bulid/NRD90M; wv) AppleWebKit/537.36 (KHTML, like Gecko) Version/4.0 Chrome/60.0.3112.107 Moblie Safari/537.36"
87.120.127.64 - - [13/Nov/2024:19:01:40 -0500] "GET /wp-includes/js/tinymce/langs/index.php HTTP/1.1" 403 1242 "-" "Mozlila/5.0 (Linux; Android 7.0; SM-G892A Bulid/NRD90M; wv) AppleWebKit/537.36 (KHTML, like Gecko) Version/4.0 Chrome/60.0.3112.107 Moblie Safari/537.36"
87.120.127.64 - - [13/Nov/2024:19:01:42 -0500] "GET /wp-includes/sodium_compat/src/Core32/SecretStream/index.php/wp-includes/js/tinymce/plugins/charmap/index.php HTTP/1.1" 403 6989 "-" "Mozlila/5.0 (Linux; Android 7.0; SM-G892A Bulid/NRD90M; wv) AppleWebKit/537.36 (KHTML, like Gecko) Version/4.0 Chrome/60.0.3112.107 Moblie Safari/537.36"
87.120.127.64 - - [13/Nov/2024:19:01:46 -0500] "GET /wp-includes/rest-api/search/index.php HTTP/1.1" 403 6989 "-" "Mozlila/5.0 (Linux; Android 7.0; SM-G892A Bulid/NRD90M; wv) AppleWebKit/537.36 (KHTML, like Gecko) Version/4.0 Chrome/60.0.3112.107 Moblie Safari/537.36"
87.120.127.64 - - [13/Nov/2024:19:01:47 -0500] "GET /wp-includes/js/tinymce/plugins/image/index.php HTTP/1.1" 403 6989 "-" "Mozlila/5.0 (Linux; Android 7.0; SM-G892A Bulid/NRD90M; wv) AppleWebKit/537.36 (KHTML, like Gecko) Version/4.0 Chrome/60.0.3112.107 Moblie Safari/537.36"
87.120.127.64 - - [13/Nov/2024:19:01:54 -0500] "GET /wp-includes/js/tinymce/plugins/fullscreen/index.php HTTP/1.1" 403 6989 "-" "Mozlila/5.0 (Linux; Android 7.0; SM-G892A Bulid/NRD90M; wv) AppleWebKit/537.36 (KHTML, like Gecko) Version/4.0 Chrome/60.0.3112.107 Moblie Safari/537.36"
87.120.127.64 - - [13/Nov/2024:19:02:01 -0500] "GET /wp-includes/Requests/src/Exception/Http/index.php HTTP/1.1" 403 6989 "-" "Mozlila/5.0 (Linux; Android 7.0; SM-G892A Bulid/NRD90M; wv) AppleWebKit/537.36 (KHTML, like Gecko) Version/4.0 Chrome/60.0.3112.107 Moblie Safari/537.36"
68.65.122.142 - - [13/Nov/2024:19:07:12 -0500] "POST /wp-cron.php?doing_wp_cron=1731542832.0853819847106933593750 HTTP/1.1" 403 1242 "-" "WordPress/6.2.1; https://glenbowcollege.ca"
66.249.68.33 - - [13/Nov/2024:19:07:11 -0500] "GET / HTTP/1.1" 301 0 "-" "Mozilla/5.0 (compatible; Googlebot/2.1; +http://www.google.com/bot.html)"
66.249.68.33 - - [13/Nov/2024:19:07:32 -0500] "GET / HTTP/1.1" 301 0 "-" "Mozilla/5.0 (compatible; Googlebot/2.1; +http://www.google.com/bot.html)"
216.244.66.247 - - [13/Nov/2024:19:16:57 -0500] "GET /robots.txt HTTP/1.1" 200 841 "-" "Mozilla/5.0 (compatible; DotBot/1.2; +https://opensiteexplorer.org/dotbot; help@moz.com)"
68.65.122.142 - - [13/Nov/2024:19:28:36 -0500] "POST /wp-cron.php?doing_wp_cron=1731544116.7596108913421630859375 HTTP/1.1" 403 1242 "-" "WordPress/6.2.1; https://glenbowcollege.ca"
216.244.66.247 - - [13/Nov/2024:19:28:35 -0500] "GET /about/glenbow-college-covid-19-questionnaire/ HTTP/1.1" 301 0 "-" "Mozilla/5.0 (compatible; DotBot/1.2; +https://opensiteexplorer.org/dotbot; help@moz.com)"
220.181.51.118 - - [13/Nov/2024:19:53:43 -0500] "GET /robots.txt HTTP/1.1" 200 242 "-" "Mozilla/5.0 (Windows NT 10.0; WOW64) AppleWebKit/537.36 (KHTML, like Gecko) Chrome/48.0.2564.116 Safari/537.36"
116.179.33.71 - - [13/Nov/2024:19:53:40 -0500] "GET /robots.txt HTTP/1.1" 200 242 "-" "Mozilla/5.0 (Windows NT 10.0; WOW64) AppleWebKit/537.36 (KHTML, like Gecko) Chrome/48.0.2564.116 Safari/537.36"
116.179.33.199 - - [13/Nov/2024:19:53:40 -0500] "GET /robots.txt HTTP/1.1" 200 242 "-" "Mozilla/5.0 (Windows NT 10.0; WOW64) AppleWebKit/537.36 (KHTML, like Gecko) Chrome/48.0.2564.116 Safari/537.36"
216.244.66.247 - - [13/Nov/2024:20:04:59 -0500] "GET /robots.txt HTTP/1.1" 200 841 "-" "Mozilla/5.0 (compatible; DotBot/1.2; +https://opensiteexplorer.org/dotbot; help@moz.com)"
216.244.66.247 - - [13/Nov/2024:20:04:59 -0500] "GET /robots.txt HTTP/1.1" 200 841 "-" "Mozilla/5.0 (compatible; DotBot/1.2; +https://opensiteexplorer.org/dotbot; help@moz.com)"
216.244.66.247 - - [13/Nov/2024:20:12:34 -0500] "GET /2024/08/22/dyslexia-awareness-conference-2/ HTTP/1.1" 301 0 "-" "Mozilla/5.0 (compatible; DotBot/1.2; +https://opensiteexplorer.org/dotbot; help@moz.com)"
216.244.66.247 - - [13/Nov/2024:20:17:41 -0500] "GET /courses/english-as-a-second-language-esl/ HTTP/1.1" 301 0 "-" "Mozilla/5.0 (compatible; DotBot/1.2; +https://opensiteexplorer.org/dotbot; help@moz.com)"
68.65.122.142 - - [13/Nov/2024:20:12:25 -0500] "POST /wp-cron.php?doing_wp_cron=1731546745.4231529235839843750000 HTTP/1.1" 403 1242 "-" "WordPress/6.2.1; https://glenbowcollege.ca"
216.244.66.247 - - [13/Nov/2024:20:12:24 -0500] "GET /special-request/ HTTP/1.1" 301 0 "-" "Mozilla/5.0 (compatible; DotBot/1.2; +https://opensiteexplorer.org/dotbot; help@moz.com)"
68.65.122.142 - - [13/Nov/2024:20:17:42 -0500] "POST /wp-cron.php?doing_wp_cron=1731547062.0590090751647949218750 HTTP/1.1" 403 1242 "-" "WordPress/6.2.1; https://glenbowcollege.ca"
216.244.66.247 - - [13/Nov/2024:20:51:58 -0500] "GET /robots.txt HTTP/1.1" 200 841 "-" "Mozilla/5.0 (compatible; DotBot/1.2; +https://opensiteexplorer.org/dotbot; help@moz.com)"
216.244.66.247 - - [13/Nov/2024:21:02:38 -0500] "GET /author/admin/ HTTP/1.1" 301 0 "-" "Mozilla/5.0 (compatible; DotBot/1.2; +https://opensiteexplorer.org/dotbot; help@moz.com)"
161.35.158.146 - - [13/Nov/2024:21:04:32 -0500] "GET / HTTP/1.1" 301 0 "-" "Mozilla/5.0 (X11; Linux x86_64) AppleWebKit/537.36 (KHTML, like Gecko) Chrome/129.0.0.0 Safari/537.36"
68.65.122.142 - - [13/Nov/2024:21:02:16 -0500] "POST /wp-cron.php?doing_wp_cron=1731549736.5096058845520019531250 HTTP/1.1" 403 1242 "-" "WordPress/6.2.1; https://glenbowcollege.ca"
216.244.66.247 - - [13/Nov/2024:21:02:15 -0500] "GET /why-us HTTP/1.1" 301 0 "-" "Mozilla/5.0 (compatible; DotBot/1.2; +https://opensiteexplorer.org/dotbot; help@moz.com)"
68.65.122.142 - - [13/Nov/2024:21:04:33 -0500] "POST /wp-cron.php?doing_wp_cron=1731549873.2609169483184814453125 HTTP/1.1" 403 1242 "-" "WordPress/6.2.1; https://glenbowcollege.ca"
83.99.151.65 - - [13/Nov/2024:21:33:51 -0500] "GET /robots.txt HTTP/1.1" 200 233 "-" "Mozilla/5.0 AppleWebKit/537.36 (KHTML, like Gecko; compatible; GeedoProductSearch; +http://www.geedo.com/product-search.html) Chrome/79.0.3945.88 Safari/537.36"
83.99.151.65 - - [13/Nov/2024:21:33:52 -0500] "GET / HTTP/1.1" 301 0 "-" "Mozilla/5.0 AppleWebKit/537.36 (KHTML, like Gecko; compatible; GeedoProductSearch; +http://www.geedo.com/product-search.html) Chrome/79.0.3945.88 Safari/537.36"
68.65.122.142 - - [13/Nov/2024:21:33:53 -0500] "POST /wp-cron.php?doing_wp_cron=1731551633.3142259120941162109375 HTTP/1.1" 403 1242 "-" "WordPress/6.2.1; https://glenbowcollege.ca"
20.107.243.244 - - [13/Nov/2024:21:43:48 -0500] "GET /.env HTTP/1.1" 403 1242 "-" "Mozilla/5.0 (Macintosh; Intel Mac OS X 10.15; rv:77.0) Gecko/20100101 Firefox/77.0"
216.244.66.247 - - [13/Nov/2024:21:41:43 -0500] "GET /robots.txt HTTP/1.1" 200 841 "-" "Mozilla/5.0 (compatible; DotBot/1.2; +https://opensiteexplorer.org/dotbot; help@moz.com)"
20.107.243.244 - - [13/Nov/2024:21:43:49 -0500] "GET /wp-content HTTP/1.1" 301 795 "-" "Mozilla/5.0 (Macintosh; Intel Mac OS X 10.15; rv:77.0) Gecko/20100101 Firefox/77.0"
20.107.243.244 - - [13/Nov/2024:21:43:49 -0500] "GET /wp-content/ HTTP/1.1" 200 0 "-" "Mozilla/5.0 (Macintosh; Intel Mac OS X 10.15; rv:77.0) Gecko/20100101 Firefox/77.0"
194.38.23.16 - - [13/Nov/2024:21:50:16 -0500] "GET /wp-content/plugins/uploadify/readme.txt HTTP/1.1" 403 17006 "-" "ALittle Client"
216.244.66.247 - - [13/Nov/2024:21:55:22 -0500] "GET /make-payment/feed/ HTTP/1.1" 301 0 "-" "Mozilla/5.0 (compatible; DotBot/1.2; +https://opensiteexplorer.org/dotbot; help@moz.com)"
68.65.122.142 - - [13/Nov/2024:21:55:23 -0500] "POST /wp-cron.php?doing_wp_cron=1731552923.3678729534149169921875 HTTP/1.1" 403 1242 "-" "WordPress/6.2.1; https://glenbowcollege.ca"
87.120.116.15 - - [13/Nov/2024:22:29:21 -0500] "GET //wp-content/plugins/fix/up.php HTTP/1.1" 403 1242 "-" "Mozilla/5.0 (Windows NT 10.0; Win64; x64) AppleWebKit/537.36 (KHTML, like Gecko) Chrome/85.0.4183.102 Safari/537.36"
216.244.66.247 - - [13/Nov/2024:22:31:05 -0500] "GET /robots.txt HTTP/1.1" 200 841 "-" "Mozilla/5.0 (compatible; DotBot/1.2; +https://opensiteexplorer.org/dotbot; help@moz.com)"
216.244.66.247 - - [13/Nov/2024:22:38:39 -0500] "GET /about/ HTTP/1.1" 301 0 "-" "Mozilla/5.0 (compatible; DotBot/1.2; +https://opensiteexplorer.org/dotbot; help@moz.com)"
51.255.80.151 - - [13/Nov/2024:22:31:08 -0500] "GET /about/contact-us/ HTTP/1.0" 301 0 "http://glenbowcollege.ca/about/contact-us/" "Mozilla/5.0 (Windows NT 10.0; Win64; x64) AppleWebKit/537.36 (KHTML, like Gecko) Chrome/114.0.0.0 Safari/537.36"
68.65.122.142 - - [13/Nov/2024:22:38:40 -0500] "POST /wp-cron.php?doing_wp_cron=1731555520.2026369571685791015625 HTTP/1.1" 403 1242 "-" "WordPress/6.2.1; https://glenbowcollege.ca"
106.38.226.5 - - [13/Nov/2024:22:44:57 -0500] "GET /wp-content/uploads/2020/02/cropped-logo6.png HTTP/1.1" 200 11781 "-" "python-requests/2.31.0"
104.28.197.254 - - [13/Nov/2024:22:45:14 -0500] "GET /wp-json/wp/v2/users HTTP/1.1" 301 0 "https://www.google.com" "Mozilla/5.0 (X11; Linux x86_64) AppleWebKit/537.36 (KHTML, like Gecko) Chrome/119.0.0.0 Safari/537.36"
83.99.151.70 - - [13/Nov/2024:22:49:44 -0500] "GET /reprehendingzxj.xml HTTP/1.1" 301 0 "-" "Mozilla/5.0 AppleWebKit/537.36 (KHTML, like Gecko; compatible; GeedoProductSearch; +http://www.geedo.com/product-search.html) Chrome/79.0.3945.88 Safari/537.36"
83.99.151.70 - - [13/Nov/2024:22:49:50 -0500] "GET /declinometerjsq.xml HTTP/1.1" 301 0 "-" "Mozilla/5.0 AppleWebKit/537.36 (KHTML, like Gecko; compatible; GeedoProductSearch; +http://www.geedo.com/product-search.html) Chrome/79.0.3945.88 Safari/537.36"
83.99.151.70 - - [13/Nov/2024:22:49:56 -0500] "GET /efficaciouslyknz.xml HTTP/1.1" 301 0 "-" "Mozilla/5.0 AppleWebKit/537.36 (KHTML, like Gecko; compatible; GeedoProductSearch; +http://www.geedo.com/product-search.html) Chrome/79.0.3945.88 Safari/537.36"
83.99.151.64 - - [13/Nov/2024:22:50:02 -0500] "GET /harpyeagleiki.xml HTTP/1.1" 301 0 "-" "Mozilla/5.0 AppleWebKit/537.36 (KHTML, like Gecko; compatible; GeedoProductSearch; +http://www.geedo.com/product-search.html) Chrome/79.0.3945.88 Safari/537.36"
83.99.151.70 - - [13/Nov/2024:22:50:20 -0500] "GET /rusesezy.xml HTTP/1.1" 301 0 "-" "Mozilla/5.0 AppleWebKit/537.36 (KHTML, like Gecko; compatible; GeedoProductSearch; +http://www.geedo.com/product-search.html) Chrome/79.0.3945.88 Safari/537.36"
83.99.151.70 - - [13/Nov/2024:22:50:26 -0500] "GET /derotremadlo.xml HTTP/1.1" 301 0 "-" "Mozilla/5.0 AppleWebKit/537.36 (KHTML, like Gecko; compatible; GeedoProductSearch; +http://www.geedo.com/product-search.html) Chrome/79.0.3945.88 Safari/537.36"
83.99.151.70 - - [13/Nov/2024:22:50:32 -0500] "GET /preimagerrv.xml HTTP/1.1" 301 0 "-" "Mozilla/5.0 AppleWebKit/537.36 (KHTML, like Gecko; compatible; GeedoProductSearch; +http://www.geedo.com/product-search.html) Chrome/79.0.3945.88 Safari/537.36"
83.99.151.70 - - [13/Nov/2024:22:50:50 -0500] "GET /nantzeti.xml HTTP/1.1" 301 0 "-" "Mozilla/5.0 AppleWebKit/537.36 (KHTML, like Gecko; compatible; GeedoProductSearch; +http://www.geedo.com/product-search.html) Chrome/79.0.3945.88 Safari/537.36"
68.65.122.142 - - [13/Nov/2024:22:51:03 -0500] "POST /wp-cron.php?doing_wp_cron=1731556263.6506769657135009765625 HTTP/1.1" 403 1242 "-" "WordPress/6.2.1; https://glenbowcollege.ca"
83.99.151.68 - - [13/Nov/2024:22:51:02 -0500] "GET /neoidiym.xml HTTP/1.1" 301 0 "-" "Mozilla/5.0 AppleWebKit/537.36 (KHTML, like Gecko; compatible; GeedoProductSearch; +http://www.geedo.com/product-search.html) Chrome/79.0.3945.88 Safari/537.36"
83.99.151.67 - - [13/Nov/2024:22:51:08 -0500] "GET /aestheticbfp.xml HTTP/1.1" 301 0 "-" "Mozilla/5.0 AppleWebKit/537.36 (KHTML, like Gecko; compatible; GeedoProductSearch; +http://www.geedo.com/product-search.html) Chrome/79.0.3945.88 Safari/537.36"
68.65.122.142 - - [13/Nov/2024:22:45:00 -0500] "POST /wp-cron.php?doing_wp_cron=1731555900.0496799945831298828125 HTTP/1.1" 403 1242 "-" "WordPress/6.2.1; https://glenbowcollege.ca"
107.191.63.117 - - [13/Nov/2024:22:44:59 -0500] "GET /wp-content/plugins/wp-jobsearch/admin/css/admin.css HTTP/1.1" 301 0 "-" "Mozilla/5.0 (iPhone; CPU iPhone OS 17_2 like Mac OS X) AppleWebKit/605.1.15 (KHTML, like Gecko) Version/17.2 Mobile/15E148 Safari/604.1"
107.191.63.117 - - [13/Nov/2024:22:45:06 -0500] "GET /wp-content/plugins/wp-jobsearch/admin/css/admin.css HTTP/1.1" 301 0 "-" "Mozilla/5.0 (iPhone; CPU iPhone OS 17_2 like Mac OS X) AppleWebKit/605.1.15 (KHTML, like Gecko) Version/17.2 Mobile/15E148 Safari/604.1"
68.65.122.142 - - [13/Nov/2024:22:50:03 -0500] "POST /wp-cron.php?doing_wp_cron=1731556203.4101359844207763671875 HTTP/1.1" 403 1242 "-" "WordPress/6.2.1; https://glenbowcollege.ca"
83.99.151.70 - - [13/Nov/2024:22:50:08 -0500] "GET /laoighisolw.xml HTTP/1.1" 301 0 "-" "Mozilla/5.0 AppleWebKit/537.36 (KHTML, like Gecko; compatible; GeedoProductSearch; +http://www.geedo.com/product-search.html) Chrome/79.0.3945.88 Safari/537.36"
83.99.151.70 - - [13/Nov/2024:22:50:14 -0500] "GET /setsyxr.xml HTTP/1.1" 301 0 "-" "Mozilla/5.0 AppleWebKit/537.36 (KHTML, like Gecko; compatible; GeedoProductSearch; +http://www.geedo.com/product-search.html) Chrome/79.0.3945.88 Safari/537.36"
83.99.151.70 - - [13/Nov/2024:22:50:38 -0500] "GET /selfrepressionnnb.xml HTTP/1.1" 301 0 "-" "Mozilla/5.0 AppleWebKit/537.36 (KHTML, like Gecko; compatible; GeedoProductSearch; +http://www.geedo.com/product-search.html) Chrome/79.0.3945.88 Safari/537.36"
83.99.151.70 - - [13/Nov/2024:22:50:44 -0500] "GET /likinckn.xml HTTP/1.1" 301 0 "-" "Mozilla/5.0 AppleWebKit/537.36 (KHTML, like Gecko; compatible; GeedoProductSearch; +http://www.geedo.com/product-search.html) Chrome/79.0.3945.88 Safari/537.36"
83.99.151.70 - - [13/Nov/2024:22:50:56 -0500] "GET /dicalcicxkl.xml HTTP/1.1" 301 0 "-" "Mozilla/5.0 AppleWebKit/537.36 (KHTML, like Gecko; compatible; GeedoProductSearch; +http://www.geedo.com/product-search.html) Chrome/79.0.3945.88 Safari/537.36"
83.99.151.65 - - [13/Nov/2024:22:51:14 -0500] "GET /sitemap.xml HTTP/1.1" 301 0 "-" "Mozilla/5.0 AppleWebKit/537.36 (KHTML, like Gecko; compatible; GeedoProductSearch; +http://www.geedo.com/product-search.html) Chrome/79.0.3945.88 Safari/537.36"
68.65.122.142 - - [13/Nov/2024:23:07:30 -0500] "POST /wp-cron.php?doing_wp_cron=1731557250.2961959838867187500000 HTTP/1.1" 403 1242 "-" "WordPress/6.2.1; https://glenbowcollege.ca"
74.176.45.129 - - [13/Nov/2024:23:10:08 -0500] "HEAD /wordpress HTTP/1.1" 301 0 "-" "Mozilla/5.0 (Windows NT 10.0; Win64; x64) AppleWebKit/537.36 (KHTML, like Gecko) Chrome/74.0.3729.169 Safari/537.36"
74.176.45.129 - - [13/Nov/2024:23:10:08 -0500] "HEAD /wordpress HTTP/1.1" 301 0 "http://glenbowcollege.com/wordpress" "Mozilla/5.0 (Windows NT 10.0; Win64; x64) AppleWebKit/537.36 (KHTML, like Gecko) Chrome/74.0.3729.169 Safari/537.36"
74.176.45.129 - - [13/Nov/2024:23:10:11 -0500] "HEAD / HTTP/1.1" 301 0 "-" "Mozilla/5.0 (Windows NT 10.0; Win64; x64) AppleWebKit/537.36 (KHTML, like Gecko) Chrome/74.0.3729.169 Safari/537.36"
74.176.45.129 - - [13/Nov/2024:23:10:11 -0500] "HEAD / HTTP/1.1" 301 0 "http://glenbowcollege.com/" "Mozilla/5.0 (Windows NT 10.0; Win64; x64) AppleWebKit/537.36 (KHTML, like Gecko) Chrome/74.0.3729.169 Safari/537.36"
74.176.45.129 - - [13/Nov/2024:23:10:18 -0500] "HEAD /bk HTTP/1.1" 301 0 "-" "Mozilla/5.0 (Windows NT 10.0; Win64; x64) AppleWebKit/537.36 (KHTML, like Gecko) Chrome/74.0.3729.169 Safari/537.36"
74.176.45.129 - - [13/Nov/2024:23:10:19 -0500] "HEAD /bk HTTP/1.1" 301 0 "http://glenbowcollege.com/bk" "Mozilla/5.0 (Windows NT 10.0; Win64; x64) AppleWebKit/537.36 (KHTML, like Gecko) Chrome/74.0.3729.169 Safari/537.36"
74.176.45.129 - - [13/Nov/2024:23:10:25 -0500] "HEAD /new HTTP/1.1" 301 0 "-" "Mozilla/5.0 (Windows NT 10.0; Win64; x64) AppleWebKit/537.36 (KHTML, like Gecko) Chrome/74.0.3729.169 Safari/537.36"
74.176.45.129 - - [13/Nov/2024:23:10:28 -0500] "HEAD /main HTTP/1.1" 301 0 "-" "Mozilla/5.0 (Windows NT 10.0; Win64; x64) AppleWebKit/537.36 (KHTML, like Gecko) Chrome/74.0.3729.169 Safari/537.36"
74.176.45.129 - - [13/Nov/2024:23:10:30 -0500] "HEAD /main HTTP/1.1" 301 0 "http://glenbowcollege.com/main" "Mozilla/5.0 (Windows NT 10.0; Win64; x64) AppleWebKit/537.36 (KHTML, like Gecko) Chrome/74.0.3729.169 Safari/537.36"
74.176.45.129 - - [13/Nov/2024:23:10:30 -0500] "HEAD /home HTTP/1.1" 301 0 "-" "Mozilla/5.0 (Windows NT 10.0; Win64; x64) AppleWebKit/537.36 (KHTML, like Gecko) Chrome/74.0.3729.169 Safari/537.36"
74.176.45.129 - - [13/Nov/2024:23:10:32 -0500] "HEAD /home HTTP/1.1" 301 0 "http://glenbowcollege.com/home" "Mozilla/5.0 (Windows NT 10.0; Win64; x64) AppleWebKit/537.36 (KHTML, like Gecko) Chrome/74.0.3729.169 Safari/537.36"
182.44.67.97 - - [13/Nov/2024:23:07:29 -0500] "GET / HTTP/1.1" 301 0 "-" "Mozilla/5.0 (iPhone; CPU iPhone OS 13_2_3 like Mac OS X) AppleWebKit/605.1.15 (KHTML, like Gecko) Version/13.0.3 Mobile/15E148 Safari/604.1"
74.176.45.129 - - [13/Nov/2024:23:10:13 -0500] "HEAD /wp HTTP/1.1" 301 0 "-" "Mozilla/5.0 (Windows NT 10.0; Win64; x64) AppleWebKit/537.36 (KHTML, like Gecko) Chrome/74.0.3729.169 Safari/537.36"
74.176.45.129 - - [13/Nov/2024:23:10:14 -0500] "HEAD /wp HTTP/1.1" 301 0 "http://glenbowcollege.com/wp" "Mozilla/5.0 (Windows NT 10.0; Win64; x64) AppleWebKit/537.36 (KHTML, like Gecko) Chrome/74.0.3729.169 Safari/537.36"
74.176.45.129 - - [13/Nov/2024:23:10:15 -0500] "HEAD /bc HTTP/1.1" 301 0 "-" "Mozilla/5.0 (Windows NT 10.0; Win64; x64) AppleWebKit/537.36 (KHTML, like Gecko) Chrome/74.0.3729.169 Safari/537.36"
74.176.45.129 - - [13/Nov/2024:23:10:17 -0500] "HEAD /bc HTTP/1.1" 301 0 "http://glenbowcollege.com/bc" "Mozilla/5.0 (Windows NT 10.0; Win64; x64) AppleWebKit/537.36 (KHTML, like Gecko) Chrome/74.0.3729.169 Safari/537.36"
74.176.45.129 - - [13/Nov/2024:23:10:20 -0500] "HEAD /backup HTTP/1.1" 301 0 "-" "Mozilla/5.0 (Windows NT 10.0; Win64; x64) AppleWebKit/537.36 (KHTML, like Gecko) Chrome/74.0.3729.169 Safari/537.36"
74.176.45.129 - - [13/Nov/2024:23:10:21 -0500] "HEAD /backup HTTP/1.1" 301 0 "http://glenbowcollege.com/backup" "Mozilla/5.0 (Windows NT 10.0; Win64; x64) AppleWebKit/537.36 (KHTML, like Gecko) Chrome/74.0.3729.169 Safari/537.36"
74.176.45.129 - - [13/Nov/2024:23:10:22 -0500] "HEAD /old HTTP/1.1" 301 0 "-" "Mozilla/5.0 (Windows NT 10.0; Win64; x64) AppleWebKit/537.36 (KHTML, like Gecko) Chrome/74.0.3729.169 Safari/537.36"
74.176.45.129 - - [13/Nov/2024:23:10:24 -0500] "HEAD /old HTTP/1.1" 301 0 "http://glenbowcollege.com/old" "Mozilla/5.0 (Windows NT 10.0; Win64; x64) AppleWebKit/537.36 (KHTML, like Gecko) Chrome/74.0.3729.169 Safari/537.36"
74.176.45.129 - - [13/Nov/2024:23:10:26 -0500] "HEAD /new HTTP/1.1" 301 0 "http://glenbowcollege.com/new" "Mozilla/5.0 (Windows NT 10.0; Win64; x64) AppleWebKit/537.36 (KHTML, like Gecko) Chrome/74.0.3729.169 Safari/537.36"