Server IP : 68.65.122.142  /  Your IP : 3.149.28.5
Web Server : LiteSpeed
System : Linux server167.web-hosting.com 4.18.0-513.18.1.lve.el8.x86_64 #1 SMP Thu Feb 22 12:55:50 UTC 2024 x86_64
User : glenirhm ( 1318)
PHP Version : 7.4.33
Disable Function : NONE
MySQL : OFF  |  cURL : ON  |  WGET : ON  |  Perl : ON  |  Python : ON
Directory (0750) :  /home/glenirhm/access-logs/

[  Home  ][  C0mmand  ][  Upload File  ]

Current File : /home/glenirhm/access-logs/glenbowcollege.ca
68.65.122.142 - - [18/Sep/2024:08:36:39 -0400] "POST /wp-cron.php?doing_wp_cron=1726662999.2004919052124023437500 HTTP/1.1" 403 1242 "-" "WordPress/6.2.1; https://glenbowcollege.ca"
35.93.40.9 - - [18/Sep/2024:08:36:38 -0400] "GET /r-v8d-x1s-x2hwartz-r2greensb-v8r-v8-n-x2-x1g-v8v HTTP/1.1" 301 0 "-" "Mozilla/5.0 (Windows NT 6.1; WOW64; rv:54.0) Gecko/20100101 Firefox/54.0"
35.90.243.228 - - [18/Sep/2024:08:48:09 -0400] "GET /fran-x2a-x1r-v8sen-r2jeff-x2-v8library-x1-v8rg HTTP/1.1" 301 0 "-" "Mozilla/5.0 (X11; Linux i686; rv:54.0) Gecko/20100101 Firefox/54.0"
54.201.115.193 - - [18/Sep/2024:08:54:23 -0400] "GET /mike-x1pratt-r2-v8rda-x1-v8rg HTTP/1.1" 301 0 "-" "Mozilla/5.0 (X11; Linux i686; rv:50.0) Gecko/20100101 Firefox/50.0"
68.65.122.142 - - [18/Sep/2024:08:48:10 -0400] "POST /wp-cron.php?doing_wp_cron=1726663690.7625360488891601562500 HTTP/1.1" 403 1242 "-" "WordPress/6.2.1; https://glenbowcollege.ca"
35.85.38.158 - - [18/Sep/2024:08:48:48 -0400] "GET /p-v8stmaster-r2netw-v8rkinv-x1-x2-v8m HTTP/1.1" 301 0 "-" "Mozilla/5.0 (X11; Linux x86_64; rv:54.0) Gecko/20100101 Firefox/54.0"
68.65.122.142 - - [18/Sep/2024:08:59:49 -0400] "POST /wp-cron.php?doing_wp_cron=1726664389.7365269660949707031250 HTTP/1.1" 403 1242 "-" "WordPress/6.2.1; https://glenbowcollege.ca"
216.244.66.247 - - [18/Sep/2024:09:04:24 -0400] "GET /robots.txt HTTP/1.1" 200 841 "-" "Mozilla/5.0 (compatible; DotBot/1.2; +https://opensiteexplorer.org/dotbot; help@moz.com)"
51.141.83.21 - - [18/Sep/2024:08:59:48 -0400] "GET / HTTP/1.1" 301 0 "-" "Mozilla/5.0 (Windows NT 10.0; Win64; x64) AppleWebKit/537.36 (KHTML, like Gecko) Chrome/122.0.0.0 Safari/537.36 Edg/122.0.0.0"
68.65.122.142 - - [18/Sep/2024:08:59:49 -0400] "POST /wp-cron.php?doing_wp_cron=1726664389.8385601043701171875000 HTTP/1.1" 403 1242 "-" "WordPress/6.2.1; https://glenbowcollege.ca"
51.141.83.21 - - [18/Sep/2024:08:59:48 -0400] "GET / HTTP/1.1" 301 0 "-" "Mozilla/5.0 (Windows NT 10.0; Win64; x64) AppleWebKit/537.36 (KHTML, like Gecko) Chrome/122.0.0.0 Safari/537.36 Edg/122.0.0.0"
194.38.23.16 - - [18/Sep/2024:09:03:20 -0400] "GET /wp-admin/admin-ajax.php?action=load_ajax_function&file=tf2rghf.jpg HTTP/1.1" 403 1242 "-" "ALittle Client"
68.65.122.142 - - [18/Sep/2024:09:04:51 -0400] "POST /wp-cron.php?doing_wp_cron=1726664691.3175148963928222656250 HTTP/1.1" 403 1242 "-" "WordPress/6.2.1; https://glenbowcollege.ca"
35.93.155.142 - - [18/Sep/2024:09:04:50 -0400] "GET /vpia-x2entini-r2-v8rda-x1-v8rg HTTP/1.1" 301 0 "-" "Mozilla/5.0 (Macintosh; PPC Mac OS X 10.11; rv:53.0) Gecko/20100101 Firefox/53.0"
83.99.151.65 - - [18/Sep/2024:09:10:49 -0400] "GET /robots.txt HTTP/1.1" 200 233 "-" "Mozilla/5.0 AppleWebKit/537.36 (KHTML, like Gecko; compatible; GeedoProductSearch; +http://www.geedo.com/product-search.html) Chrome/79.0.3945.88 Safari/537.36"
83.99.151.66 - - [18/Sep/2024:09:11:34 -0400] "GET /laoighisolw.xml HTTP/1.1" 301 0 "-" "Mozilla/5.0 AppleWebKit/537.36 (KHTML, like Gecko; compatible; GeedoProductSearch; +http://www.geedo.com/product-search.html) Chrome/79.0.3945.88 Safari/537.36"
68.65.122.142 - - [18/Sep/2024:09:11:42 -0400] "POST /wp-cron.php?doing_wp_cron=1726665102.1018779277801513671875 HTTP/1.1" 403 1242 "-" "WordPress/6.2.1; https://glenbowcollege.ca"
83.99.151.66 - - [18/Sep/2024:09:11:41 -0400] "GET /setsyxr.xml HTTP/1.1" 301 0 "-" "Mozilla/5.0 AppleWebKit/537.36 (KHTML, like Gecko; compatible; GeedoProductSearch; +http://www.geedo.com/product-search.html) Chrome/79.0.3945.88 Safari/537.36"
83.99.151.66 - - [18/Sep/2024:09:11:53 -0400] "GET /derotremadlo.xml HTTP/1.1" 301 0 "-" "Mozilla/5.0 AppleWebKit/537.36 (KHTML, like Gecko; compatible; GeedoProductSearch; +http://www.geedo.com/product-search.html) Chrome/79.0.3945.88 Safari/537.36"
216.244.66.247 - - [18/Sep/2024:09:12:16 -0400] "GET /yonetici HTTP/1.1" 301 0 "-" "Mozilla/5.0 (compatible; DotBot/1.2; +https://opensiteexplorer.org/dotbot; help@moz.com)"
83.99.151.66 - - [18/Sep/2024:09:12:29 -0400] "GET /neoidiym.xml HTTP/1.1" 301 0 "-" "Mozilla/5.0 AppleWebKit/537.36 (KHTML, like Gecko; compatible; GeedoProductSearch; +http://www.geedo.com/product-search.html) Chrome/79.0.3945.88 Safari/537.36"
83.99.151.66 - - [18/Sep/2024:09:12:43 -0400] "GET /sitemap.xml HTTP/1.1" 301 0 "-" "Mozilla/5.0 AppleWebKit/537.36 (KHTML, like Gecko; compatible; GeedoProductSearch; +http://www.geedo.com/product-search.html) Chrome/79.0.3945.88 Safari/537.36"
54.149.231.132 - - [18/Sep/2024:09:05:46 -0400] "GET /em-x2mah-v8n-r2beebehealth-x2are-x1-v8rg HTTP/1.1" 301 0 "-" "Mozilla/5.0 (X11; Linux i686 on x86_64; rv:50.0) Gecko/20100101 Firefox/50.0"
83.99.151.65 - - [18/Sep/2024:09:10:49 -0400] "GET / HTTP/1.1" 301 0 "-" "Mozilla/5.0 AppleWebKit/537.36 (KHTML, like Gecko; compatible; GeedoProductSearch; +http://www.geedo.com/product-search.html) Chrome/79.0.3945.88 Safari/537.36"
83.99.151.71 - - [18/Sep/2024:09:11:09 -0400] "GET /reprehendingzxj.xml HTTP/1.1" 301 0 "-" "Mozilla/5.0 AppleWebKit/537.36 (KHTML, like Gecko; compatible; GeedoProductSearch; +http://www.geedo.com/product-search.html) Chrome/79.0.3945.88 Safari/537.36"
83.99.151.66 - - [18/Sep/2024:09:11:16 -0400] "GET /declinometerjsq.xml HTTP/1.1" 301 0 "-" "Mozilla/5.0 AppleWebKit/537.36 (KHTML, like Gecko; compatible; GeedoProductSearch; +http://www.geedo.com/product-search.html) Chrome/79.0.3945.88 Safari/537.36"
83.99.151.66 - - [18/Sep/2024:09:11:22 -0400] "GET /efficaciouslyknz.xml HTTP/1.1" 301 0 "-" "Mozilla/5.0 AppleWebKit/537.36 (KHTML, like Gecko; compatible; GeedoProductSearch; +http://www.geedo.com/product-search.html) Chrome/79.0.3945.88 Safari/537.36"
83.99.151.66 - - [18/Sep/2024:09:11:28 -0400] "GET /harpyeagleiki.xml HTTP/1.1" 301 0 "-" "Mozilla/5.0 AppleWebKit/537.36 (KHTML, like Gecko; compatible; GeedoProductSearch; +http://www.geedo.com/product-search.html) Chrome/79.0.3945.88 Safari/537.36"
83.99.151.66 - - [18/Sep/2024:09:11:47 -0400] "GET /rusesezy.xml HTTP/1.1" 301 0 "-" "Mozilla/5.0 AppleWebKit/537.36 (KHTML, like Gecko; compatible; GeedoProductSearch; +http://www.geedo.com/product-search.html) Chrome/79.0.3945.88 Safari/537.36"
83.99.151.66 - - [18/Sep/2024:09:11:59 -0400] "GET /preimagerrv.xml HTTP/1.1" 301 0 "-" "Mozilla/5.0 AppleWebKit/537.36 (KHTML, like Gecko; compatible; GeedoProductSearch; +http://www.geedo.com/product-search.html) Chrome/79.0.3945.88 Safari/537.36"
83.99.151.66 - - [18/Sep/2024:09:12:05 -0400] "GET /selfrepressionnnb.xml HTTP/1.1" 301 0 "-" "Mozilla/5.0 AppleWebKit/537.36 (KHTML, like Gecko; compatible; GeedoProductSearch; +http://www.geedo.com/product-search.html) Chrome/79.0.3945.88 Safari/537.36"
83.99.151.66 - - [18/Sep/2024:09:12:11 -0400] "GET /likinckn.xml HTTP/1.1" 301 0 "-" "Mozilla/5.0 AppleWebKit/537.36 (KHTML, like Gecko; compatible; GeedoProductSearch; +http://www.geedo.com/product-search.html) Chrome/79.0.3945.88 Safari/537.36"
83.99.151.70 - - [18/Sep/2024:09:12:17 -0400] "GET /nantzeti.xml HTTP/1.1" 301 0 "-" "Mozilla/5.0 AppleWebKit/537.36 (KHTML, like Gecko; compatible; GeedoProductSearch; +http://www.geedo.com/product-search.html) Chrome/79.0.3945.88 Safari/537.36"
83.99.151.71 - - [18/Sep/2024:09:12:23 -0400] "GET /dicalcicxkl.xml HTTP/1.1" 301 0 "-" "Mozilla/5.0 AppleWebKit/537.36 (KHTML, like Gecko; compatible; GeedoProductSearch; +http://www.geedo.com/product-search.html) Chrome/79.0.3945.88 Safari/537.36"
83.99.151.66 - - [18/Sep/2024:09:12:37 -0400] "GET /aestheticbfp.xml HTTP/1.1" 301 0 "-" "Mozilla/5.0 AppleWebKit/537.36 (KHTML, like Gecko; compatible; GeedoProductSearch; +http://www.geedo.com/product-search.html) Chrome/79.0.3945.88 Safari/537.36"
68.65.122.142 - - [18/Sep/2024:09:12:44 -0400] "POST /wp-cron.php?doing_wp_cron=1726665164.8514618873596191406250 HTTP/1.1" 403 1242 "-" "WordPress/6.2.1; https://glenbowcollege.ca"
66.249.68.34 - - [18/Sep/2024:09:17:54 -0400] "GET /robots.txt HTTP/1.1" 200 233 "-" "Mozilla/5.0 (compatible; Googlebot/2.1; +http://www.google.com/bot.html)"
66.249.68.35 - - [18/Sep/2024:09:17:54 -0400] "GET / HTTP/1.1" 301 0 "-" "Mozilla/5.0 (compatible; Googlebot/2.1; +http://www.google.com/bot.html)"
17.241.227.5 - - [18/Sep/2024:09:43:15 -0400] "GET /author/admin/ HTTP/1.1" 301 0 "-" "Mozilla/5.0 (Macintosh; Intel Mac OS X 10_15_7) AppleWebKit/605.1.15 (KHTML, like Gecko) Version/17.4 Safari/605.1.15 (Applebot/0.1; +http://www.apple.com/go/applebot)"
17.241.227.5 - - [18/Sep/2024:09:43:15 -0400] "GET /robots.txt HTTP/1.1" 200 242 "-" "Mozilla/5.0 (Macintosh; Intel Mac OS X 10_15_7) AppleWebKit/605.1.15 (KHTML, like Gecko) Version/17.4 Safari/605.1.15 (Applebot/0.1; +http://www.apple.com/go/applebot)"
69.167.29.11 - - [18/Sep/2024:09:55:21 -0400] "GET /2020/02/23/blog/ HTTP/1.0" 301 0 "http://glenbowcollege.ca/2020/02/23/blog/" "Mozilla/5.0 (Windows NT 6.1; Win64; x64) AppleWebKit/537.36 (KHTML, like Gecko) Chrome/103.0.5060.114 Safari/537.36"
216.244.66.247 - - [18/Sep/2024:09:55:31 -0400] "GET /robots.txt HTTP/1.1" 200 841 "-" "Mozilla/5.0 (compatible; DotBot/1.2; +https://opensiteexplorer.org/dotbot; help@moz.com)"
68.65.122.142 - - [18/Sep/2024:09:55:22 -0400] "POST /wp-cron.php?doing_wp_cron=1726667722.8963549137115478515625 HTTP/1.1" 403 1242 "-" "WordPress/6.2.1; https://glenbowcollege.ca"
216.244.66.247 - - [18/Sep/2024:09:55:31 -0400] "GET /robots.txt HTTP/1.1" 200 841 "-" "Mozilla/5.0 (compatible; DotBot/1.2; +https://opensiteexplorer.org/dotbot; help@moz.com)"
83.97.73.239 - - [18/Sep/2024:09:55:42 -0400] "GET / HTTP/1.0" 301 0 "http://glenbowcollege.ca/" "Mozilla/5.0 (Windows NT 10.0; Win64; x64) AppleWebKit/537.36 (KHTML, like Gecko) Chrome/120.0.6099.71 Safari/537.36"
68.65.122.142 - - [18/Sep/2024:10:08:45 -0400] "POST /wp-cron.php?doing_wp_cron=1726668525.8421170711517333984375 HTTP/1.1" 403 1242 "-" "WordPress/6.2.1; https://glenbowcollege.ca"
43.159.143.187 - - [18/Sep/2024:10:08:44 -0400] "GET / HTTP/1.1" 301 0 "http://www.glenbowcollege.com" "Mozilla/5.0 (iPhone; CPU iPhone OS 13_2_3 like Mac OS X) AppleWebKit/605.1.15 (KHTML, like Gecko) Version/13.0.3 Mobile/15E148 Safari/604.1"
216.244.66.247 - - [18/Sep/2024:10:12:31 -0400] "GET /product/manual-payment/?add-to-cart=715 HTTP/1.1" 301 0 "-" "Mozilla/5.0 (compatible; DotBot/1.2; +https://opensiteexplorer.org/dotbot; help@moz.com)"
68.65.122.142 - - [18/Sep/2024:10:05:48 -0400] "POST /wp-cron.php?doing_wp_cron=1726668348.9165689945220947265625 HTTP/1.1" 403 1242 "-" "WordPress/6.2.1; https://glenbowcollege.ca"
216.244.66.247 - - [18/Sep/2024:10:05:47 -0400] "GET /current-student/ HTTP/1.1" 301 0 "-" "Mozilla/5.0 (compatible; DotBot/1.2; +https://opensiteexplorer.org/dotbot; help@moz.com)"
68.65.122.142 - - [18/Sep/2024:10:12:32 -0400] "POST /wp-cron.php?doing_wp_cron=1726668752.7375009059906005859375 HTTP/1.1" 403 1242 "-" "WordPress/6.2.1; https://glenbowcollege.ca"
68.65.122.142 - - [18/Sep/2024:10:17:31 -0400] "POST /wp-cron.php?doing_wp_cron=1726669051.6344139575958251953125 HTTP/1.1" 403 1242 "-" "WordPress/6.2.1; https://glenbowcollege.ca"
66.249.68.33 - - [18/Sep/2024:10:17:30 -0400] "GET / HTTP/1.1" 301 0 "-" "Mozilla/5.0 (compatible; Googlebot/2.1; +http://www.google.com/bot.html)"
68.65.122.142 - - [18/Sep/2024:10:23:50 -0400] "POST /wp-cron.php?doing_wp_cron=1726669430.4466619491577148437500 HTTP/1.1" 403 1242 "-" "WordPress/6.2.1; https://glenbowcollege.ca"
43.135.176.212 - - [18/Sep/2024:10:23:49 -0400] "GET / HTTP/1.1" 301 0 "-" "Mozilla/5.0 (Windows NT 6.1; Win64; x64) AppleWebKit/537.36 (KHTML, like Gecko) Chrome/79.0.3945.88 Safari/537.36"
216.244.66.247 - - [18/Sep/2024:10:45:29 -0400] "GET /robots.txt HTTP/1.1" 200 841 "-" "Mozilla/5.0 (compatible; DotBot/1.2; +https://opensiteexplorer.org/dotbot; help@moz.com)"
178.170.197.187 - - [18/Sep/2024:10:57:01 -0400] "GET /wp-content/uploads/2020/05/PROGRAMS-2.png HTTP/1.1" 200 821026 "-" "Mozilla/5.0 (Windows NT 10.0; Win64; x64) AppleWebKit/537.36 (KHTML, like Gecko) Chrome/120.0.0.0 Safari/537.36"
216.244.66.247 - - [18/Sep/2024:10:57:04 -0400] "GET /tag/accounting/feed/ HTTP/1.1" 301 0 "-" "Mozilla/5.0 (compatible; DotBot/1.2; +https://opensiteexplorer.org/dotbot; help@moz.com)"
180.75.241.25 - - [18/Sep/2024:11:08:37 -0400] "GET /favicon.ico HTTP/1.1" 404 1251 "-" "Mozilla/5.0 (Windows NT 10.0; Win64; x64) AppleWebKit/537.36 (KHTML, like Gecko) Chrome/55.0.2883.87 Safari/537.36 eM Client/9.2.2280.0"
68.65.122.142 - - [18/Sep/2024:11:08:38 -0400] "POST /wp-cron.php?doing_wp_cron=1726672118.8097000122070312500000 HTTP/1.1" 403 1242 "-" "WordPress/6.2.1; https://glenbowcollege.ca"
180.75.241.25 - - [18/Sep/2024:11:08:36 -0400] "GET / HTTP/1.1" 301 0 "-" "Mozilla/5.0 (Windows NT 10.0; Win64; x64) AppleWebKit/537.36 (KHTML, like Gecko) Chrome/55.0.2883.87 Safari/537.36 eM Client/9.2.2280.0"
180.75.241.25 - - [18/Sep/2024:11:08:36 -0400] "GET / HTTP/1.1" 301 0 "-" "Mozilla/5.0 (Windows NT 10.0; Win64; x64) AppleWebKit/537.36 (KHTML, like Gecko) Chrome/55.0.2883.87 Safari/537.36 eM Client/9.2.2280.0"
180.75.241.25 - - [18/Sep/2024:11:08:36 -0400] "GET /apple-touch-icon.png HTTP/1.1" 301 0 "-" "Mozilla/5.0 (Windows NT 10.0; Win64; x64) AppleWebKit/537.36 (KHTML, like Gecko) Chrome/55.0.2883.87 Safari/537.36 eM Client/9.2.2280.0"
68.65.122.142 - - [18/Sep/2024:11:08:39 -0400] "POST /wp-cron.php?doing_wp_cron=1726672119.3285129070281982421875 HTTP/1.1" 403 1242 "-" "WordPress/6.2.1; https://glenbowcollege.ca"
180.75.241.25 - - [18/Sep/2024:11:08:36 -0400] "GET /favicon.ico HTTP/1.1" 404 1251 "-" "Mozilla/5.0 (Windows NT 10.0; Win64; x64) AppleWebKit/537.36 (KHTML, like Gecko) Chrome/55.0.2883.87 Safari/537.36 eM Client/9.2.2280.0"
68.65.122.142 - - [18/Sep/2024:11:08:38 -0400] "POST /wp-cron.php?doing_wp_cron=1726672118.8049321174621582031250 HTTP/1.1" 403 1242 "-" "WordPress/6.2.1; https://glenbowcollege.ca"
68.65.122.142 - - [18/Sep/2024:11:08:38 -0400] "POST /wp-cron.php?doing_wp_cron=1726672118.8089790344238281250000 HTTP/1.1" 403 1242 "-" "WordPress/6.2.1; https://glenbowcollege.ca"
180.75.241.25 - - [18/Sep/2024:11:08:37 -0400] "GET /apple-touch-icon-precomposed.png HTTP/1.1" 301 0 "-" "Mozilla/5.0 (Windows NT 10.0; Win64; x64) AppleWebKit/537.36 (KHTML, like Gecko) Chrome/55.0.2883.87 Safari/537.36 eM Client/9.2.2280.0"
68.65.122.142 - - [18/Sep/2024:11:08:39 -0400] "POST /wp-cron.php?doing_wp_cron=1726672119.5306279659271240234375 HTTP/1.1" 403 1242 "-" "WordPress/6.2.1; https://glenbowcollege.ca"
180.75.241.25 - - [18/Sep/2024:11:08:37 -0400] "GET /apple-touch-icon.png HTTP/1.1" 301 0 "-" "Mozilla/5.0 (Windows NT 10.0; Win64; x64) AppleWebKit/537.36 (KHTML, like Gecko) Chrome/55.0.2883.87 Safari/537.36 eM Client/9.2.2280.0"
68.65.122.142 - - [18/Sep/2024:11:08:39 -0400] "POST /wp-cron.php?doing_wp_cron=1726672119.6303730010986328125000 HTTP/1.1" 403 1242 "-" "WordPress/6.2.1; https://glenbowcollege.ca"
180.75.241.25 - - [18/Sep/2024:11:08:37 -0400] "GET /apple-touch-icon-precomposed.png HTTP/1.1" 301 0 "-" "Mozilla/5.0 (Windows NT 10.0; Win64; x64) AppleWebKit/537.36 (KHTML, like Gecko) Chrome/55.0.2883.87 Safari/537.36 eM Client/9.2.2280.0"
68.65.122.142 - - [18/Sep/2024:11:26:36 -0400] "POST /wp-cron.php?doing_wp_cron=1726673196.3697259426116943359375 HTTP/1.1" 403 1242 "-" "WordPress/6.2.1; https://glenbowcollege.ca"
59.25.185.52 - - [18/Sep/2024:11:26:35 -0400] "GET /index.php HTTP/1.1" 301 0 "glenbowcollege.ca" "Mozilla/5.1 (Windows NT 6.0; WOW64) AppleWebKit/537.37 (KHTML, like Gecko) Chrome/58.0.1145.75 Safari/537.37"
34.135.231.86 - - [18/Sep/2024:11:34:45 -0400] "GET / HTTP/1.1" 301 0 "-" "Go-http-client/1.1"
34.135.231.86 - - [18/Sep/2024:11:34:48 -0400] "GET /wp-includes/css/buttons.css HTTP/1.1" 200 2752 "-" "Go-http-client/1.1"
216.244.66.247 - - [18/Sep/2024:11:38:06 -0400] "GET /robots.txt HTTP/1.1" 200 841 "-" "Mozilla/5.0 (compatible; DotBot/1.2; +https://opensiteexplorer.org/dotbot; help@moz.com)"
216.244.66.247 - - [18/Sep/2024:11:47:45 -0400] "GET /international/current-international-students/tuition-collection-and-refund-policy/ HTTP/1.1" 301 0 "-" "Mozilla/5.0 (compatible; DotBot/1.2; +https://opensiteexplorer.org/dotbot; help@moz.com)"
216.244.66.247 - - [18/Sep/2024:11:47:54 -0400] "GET /international/prospective-international-students/how-to-apply/ HTTP/1.1" 301 0 "-" "Mozilla/5.0 (compatible; DotBot/1.2; +https://opensiteexplorer.org/dotbot; help@moz.com)"
68.65.122.142 - - [18/Sep/2024:12:19:02 -0400] "POST /wp-cron.php?doing_wp_cron=1726676342.9884181022644042968750 HTTP/1.1" 403 1242 "-" "WordPress/6.2.1; https://glenbowcollege.ca"
66.249.68.33 - - [18/Sep/2024:12:19:01 -0400] "GET /laoighisolw.xml HTTP/1.1" 301 0 "-" "Mozilla/5.0 (compatible; Googlebot/2.1; +http://www.google.com/bot.html)"
68.65.122.142 - - [18/Sep/2024:12:35:00 -0400] "POST /wp-cron.php?doing_wp_cron=1726677300.3774631023406982421875 HTTP/1.1" 403 1242 "-" "WordPress/6.2.1; https://glenbowcollege.ca"
216.244.66.247 - - [18/Sep/2024:12:30:43 -0400] "GET /robots.txt HTTP/1.1" 200 841 "-" "Mozilla/5.0 (compatible; DotBot/1.2; +https://opensiteexplorer.org/dotbot; help@moz.com)"
85.215.200.208 - - [18/Sep/2024:12:34:59 -0400] "GET /.env HTTP/1.1" 403 1242 "-" "-"
85.215.200.208 - - [18/Sep/2024:12:34:59 -0400] "GET / HTTP/1.1" 301 0 "-" "-"
68.65.122.142 - - [18/Sep/2024:12:42:03 -0400] "POST /wp-cron.php?doing_wp_cron=1726677723.7270729541778564453125 HTTP/1.1" 403 1242 "-" "WordPress/6.2.1; https://glenbowcollege.ca"
216.244.66.247 - - [18/Sep/2024:12:42:02 -0400] "GET /about/why-us/ HTTP/1.1" 301 0 "-" "Mozilla/5.0 (compatible; DotBot/1.2; +https://opensiteexplorer.org/dotbot; help@moz.com)"
216.244.66.247 - - [18/Sep/2024:12:42:15 -0400] "GET /tag/tesol/feed/ HTTP/1.1" 301 0 "-" "Mozilla/5.0 (compatible; DotBot/1.2; +https://opensiteexplorer.org/dotbot; help@moz.com)"
43.130.37.62 - - [18/Sep/2024:13:00:35 -0400] "GET / HTTP/1.1" 301 0 "-" "Mozilla/5.0 (iPhone; CPU iPhone OS 13_2_3 like Mac OS X) AppleWebKit/605.1.15 (KHTML, like Gecko) Version/13.0.3 Mobile/15E148 Safari/604.1"
68.65.122.142 - - [18/Sep/2024:13:00:36 -0400] "POST /wp-cron.php?doing_wp_cron=1726678836.4435679912567138671875 HTTP/1.1" 403 1242 "-" "WordPress/6.2.1; https://glenbowcollege.ca"
216.244.66.247 - - [18/Sep/2024:13:23:33 -0400] "GET /robots.txt HTTP/1.1" 200 841 "-" "Mozilla/5.0 (compatible; DotBot/1.2; +https://opensiteexplorer.org/dotbot; help@moz.com)"
216.244.66.247 - - [18/Sep/2024:13:35:18 -0400] "GET /programs/hospitality-management-diploma-program/ HTTP/1.1" 301 0 "-" "Mozilla/5.0 (compatible; DotBot/1.2; +https://opensiteexplorer.org/dotbot; help@moz.com)"
216.244.66.247 - - [18/Sep/2024:13:35:35 -0400] "GET /tag/management/feed/ HTTP/1.1" 301 0 "-" "Mozilla/5.0 (compatible; DotBot/1.2; +https://opensiteexplorer.org/dotbot; help@moz.com)"
216.244.66.247 - - [18/Sep/2024:14:14:46 -0400] "GET /robots.txt HTTP/1.1" 200 841 "-" "Mozilla/5.0 (compatible; DotBot/1.2; +https://opensiteexplorer.org/dotbot; help@moz.com)"
216.244.66.247 - - [18/Sep/2024:14:14:46 -0400] "GET /robots.txt HTTP/1.1" 200 841 "-" "Mozilla/5.0 (compatible; DotBot/1.2; +https://opensiteexplorer.org/dotbot; help@moz.com)"
68.65.122.142 - - [18/Sep/2024:14:23:59 -0400] "POST /wp-cron.php?doing_wp_cron=1726683839.4904499053955078125000 HTTP/1.1" 403 1242 "-" "WordPress/6.2.1; https://glenbowcollege.ca"
216.244.66.247 - - [18/Sep/2024:14:23:58 -0400] "GET /programs/administrative-assistant-diploma/ HTTP/1.1" 301 0 "-" "Mozilla/5.0 (compatible; DotBot/1.2; +https://opensiteexplorer.org/dotbot; help@moz.com)"
68.65.122.142 - - [18/Sep/2024:14:25:38 -0400] "POST /wp-cron.php?doing_wp_cron=1726683938.4748809337615966796875 HTTP/1.1" 403 1242 "-" "WordPress/6.2.1; https://glenbowcollege.ca"
68.65.122.142 - - [18/Sep/2024:14:27:33 -0400] "POST /wp-cron.php?doing_wp_cron=1726684053.2650430202484130859375 HTTP/1.1" 403 1242 "-" "WordPress/6.2.1; https://glenbowcollege.ca"
216.244.66.247 - - [18/Sep/2024:14:27:32 -0400] "GET /international/international-programs/computerized-accounting-payroll-diploma-program/ HTTP/1.1" 301 0 "-" "Mozilla/5.0 (compatible; DotBot/1.2; +https://opensiteexplorer.org/dotbot; help@moz.com)"
216.244.66.247 - - [18/Sep/2024:14:25:37 -0400] "GET /about/ HTTP/1.1" 301 0 "-" "Mozilla/5.0 (compatible; DotBot/1.2; +https://opensiteexplorer.org/dotbot; help@moz.com)"
216.244.66.247 - - [18/Sep/2024:14:25:55 -0400] "GET /international/international-current-students/academic-policies/ HTTP/1.1" 301 0 "-" "Mozilla/5.0 (compatible; DotBot/1.2; +https://opensiteexplorer.org/dotbot; help@moz.com)"
4.213.96.10 - - [18/Sep/2024:14:58:19 -0400] "GET /wp-admin/css/ HTTP/1.1" 403 1242 "binance.com" "Mozilla/5.0 (Windows NT 10.0; Win64; x64) AppleWebKit/537.36 (KHTML, like Gecko) Chrome/90.0.4430.85 Safari/537.36"
216.244.66.247 - - [18/Sep/2024:15:05:54 -0400] "GET /robots.txt HTTP/1.1" 200 841 "-" "Mozilla/5.0 (compatible; DotBot/1.2; +https://opensiteexplorer.org/dotbot; help@moz.com)"
216.244.66.247 - - [18/Sep/2024:15:15:09 -0400] "GET /2020/02/22/potluck/ HTTP/1.1" 301 0 "-" "Mozilla/5.0 (compatible; DotBot/1.2; +https://opensiteexplorer.org/dotbot; help@moz.com)"
216.244.66.247 - - [18/Sep/2024:15:15:45 -0400] "GET /my-account/ HTTP/1.1" 301 0 "-" "Mozilla/5.0 (compatible; DotBot/1.2; +https://opensiteexplorer.org/dotbot; help@moz.com)"
68.65.122.142 - - [18/Sep/2024:15:15:04 -0400] "POST /wp-cron.php?doing_wp_cron=1726686904.2495388984680175781250 HTTP/1.1" 403 1242 "-" "WordPress/6.2.1; https://glenbowcollege.ca"
216.244.66.247 - - [18/Sep/2024:15:15:02 -0400] "GET /2020/02/22/career-day/ HTTP/1.1" 301 0 "-" "Mozilla/5.0 (compatible; DotBot/1.2; +https://opensiteexplorer.org/dotbot; help@moz.com)"
194.38.20.13 - - [18/Sep/2024:15:34:40 -0400] "GET /chart/php-ofc-library/ofc_upload_image.php HTTP/1.1" 403 17008 "-" "ALittle Client"
216.244.66.247 - - [18/Sep/2024:15:57:41 -0400] "GET /robots.txt HTTP/1.1" 200 841 "-" "Mozilla/5.0 (compatible; DotBot/1.2; +https://opensiteexplorer.org/dotbot; help@moz.com)"
68.65.122.142 - - [18/Sep/2024:16:08:33 -0400] "POST /wp-cron.php?doing_wp_cron=1726690113.8869760036468505859375 HTTP/1.1" 403 1242 "-" "WordPress/6.2.1; https://glenbowcollege.ca"
216.244.66.247 - - [18/Sep/2024:16:08:32 -0400] "GET /about/glenbow-college-covid-19-questionnaire/ HTTP/1.1" 301 0 "-" "Mozilla/5.0 (compatible; DotBot/1.2; +https://opensiteexplorer.org/dotbot; help@moz.com)"
68.65.122.142 - - [18/Sep/2024:16:20:34 -0400] "POST /wp-cron.php?doing_wp_cron=1726690834.3874890804290771484375 HTTP/1.1" 403 1242 "-" "WordPress/6.2.1; https://glenbowcollege.ca"
58.49.233.126 - - [18/Sep/2024:16:20:33 -0400] "GET / HTTP/1.1" 301 0 "-" "Mozilla/5.0 (iPhone; CPU iPhone OS 13_2_3 like Mac OS X) AppleWebKit/605.1.15 (KHTML, like Gecko) Version/13.0.3 Mobile/15E148 Safari/604.1"
103.230.15.181 - - [18/Sep/2024:16:22:57 -0400] "GET /index.php?c=api&m=data2&auth=d41d8cd98f00b204e9800998ecf8427e&param=upload HTTP/1.1" 301 0 "-" "Mozilla/5.0 (Windows NT 10.0; WOW64; rv:48.0) Gecko/20100101 Firefox/48.0"
216.244.66.247 - - [18/Sep/2024:16:49:45 -0400] "GET /robots.txt HTTP/1.1" 200 841 "-" "Mozilla/5.0 (compatible; DotBot/1.2; +https://opensiteexplorer.org/dotbot; help@moz.com)"
216.244.66.247 - - [18/Sep/2024:16:49:45 -0400] "GET /robots.txt HTTP/1.1" 200 841 "-" "Mozilla/5.0 (compatible; DotBot/1.2; +https://opensiteexplorer.org/dotbot; help@moz.com)"
35.85.38.158 - - [18/Sep/2024:16:45:40 -0400] "GET /martin-x1bish-v8ff-r2mid-x1ms-x1g-v8v HTTP/1.1" 301 0 "-" "Mozilla/5.0 (Windows NT 6.1; WOW64; rv:50.0) Gecko/20100101 Firefox/50.0"
216.244.66.247 - - [18/Sep/2024:16:58:08 -0400] "GET /2024/08/22/dyslexia-awareness-conference-2/ HTTP/1.1" 301 0 "-" "Mozilla/5.0 (compatible; DotBot/1.2; +https://opensiteexplorer.org/dotbot; help@moz.com)"
66.249.68.33 - - [18/Sep/2024:17:01:22 -0400] "GET /rusesezy.xml HTTP/1.1" 301 0 "-" "Mozilla/5.0 (compatible; Googlebot/2.1; +http://www.google.com/bot.html)"
66.249.79.203 - - [18/Sep/2024:17:06:33 -0400] "GET /courses/chaplaincy/ HTTP/1.1" 301 0 "-" "Mozilla/5.0 (Linux; Android 6.0.1; Nexus 5X Build/MMB29P) AppleWebKit/537.36 (KHTML, like Gecko) Chrome/128.0.6613.137 Mobile Safari/537.36 (compatible; Googlebot/2.1; +http://www.google.com/bot.html)"
68.65.122.142 - - [18/Sep/2024:16:57:58 -0400] "POST /wp-cron.php?doing_wp_cron=1726693078.8478829860687255859375 HTTP/1.1" 403 1242 "-" "WordPress/6.2.1; https://glenbowcollege.ca"
216.244.66.247 - - [18/Sep/2024:16:57:57 -0400] "GET /special-request/ HTTP/1.1" 301 0 "-" "Mozilla/5.0 (compatible; DotBot/1.2; +https://opensiteexplorer.org/dotbot; help@moz.com)"
68.65.122.142 - - [18/Sep/2024:17:00:54 -0400] "POST /wp-cron.php?doing_wp_cron=1726693254.0451970100402832031250 HTTP/1.1" 403 1242 "-" "WordPress/6.2.1; https://glenbowcollege.ca"
216.244.66.247 - - [18/Sep/2024:17:00:53 -0400] "GET /courses/english-as-a-second-language-esl/ HTTP/1.1" 301 0 "-" "Mozilla/5.0 (compatible; DotBot/1.2; +https://opensiteexplorer.org/dotbot; help@moz.com)"
203.22.30.3 - - [18/Sep/2024:17:20:03 -0400] "HEAD / HTTP/1.1" 301 0 "-" "-"
203.22.30.3 - - [18/Sep/2024:17:20:07 -0400] "GET / HTTP/1.1" 301 0 "-" "-"
68.65.122.142 - - [18/Sep/2024:17:20:04 -0400] "POST /wp-cron.php?doing_wp_cron=1726694404.3764309883117675781250 HTTP/1.1" 403 1242 "-" "WordPress/6.2.1; https://glenbowcollege.ca"
35.87.27.21 - - [18/Sep/2024:17:42:38 -0400] "GET /kyla-x1marshall-r2mid-x1ms-x1g-v8v HTTP/1.1" 301 0 "-" "Mozilla/5.0 (X11; Linux i686 on x86_64; rv:49.0) Gecko/20100101 Firefox/49.0"
68.65.122.142 - - [18/Sep/2024:17:28:16 -0400] "POST /wp-cron.php?doing_wp_cron=1726694896.4012000560760498046875 HTTP/1.1" 403 1242 "-" "WordPress/6.2.1; https://glenbowcollege.ca"
35.85.147.107 - - [18/Sep/2024:17:28:15 -0400] "GET /abalasus-r2beebehealth-x2are-x1-v8rg HTTP/1.1" 301 0 "-" "Mozilla/5.0 (Macintosh; PPC Mac OS X 10.11; rv:50.0) Gecko/20100101 Firefox/50.0"
216.244.66.247 - - [18/Sep/2024:17:39:35 -0400] "GET /robots.txt HTTP/1.1" 200 841 "-" "Mozilla/5.0 (compatible; DotBot/1.2; +https://opensiteexplorer.org/dotbot; help@moz.com)"
68.65.122.142 - - [18/Sep/2024:17:49:12 -0400] "POST /wp-cron.php?doing_wp_cron=1726696152.0914559364318847656250 HTTP/1.1" 403 1242 "-" "WordPress/6.2.1; https://glenbowcollege.ca"
216.244.66.247 - - [18/Sep/2024:17:49:11 -0400] "GET /why-us HTTP/1.1" 301 0 "-" "Mozilla/5.0 (compatible; DotBot/1.2; +https://opensiteexplorer.org/dotbot; help@moz.com)"
216.244.66.247 - - [18/Sep/2024:17:49:23 -0400] "GET /author/admin/ HTTP/1.1" 301 0 "-" "Mozilla/5.0 (compatible; DotBot/1.2; +https://opensiteexplorer.org/dotbot; help@moz.com)"
68.65.122.142 - - [18/Sep/2024:18:15:57 -0400] "POST /wp-cron.php?doing_wp_cron=1726697757.6013240814208984375000 HTTP/1.1" 403 1242 "-" "WordPress/6.2.1; https://glenbowcollege.ca"
35.93.155.142 - - [18/Sep/2024:18:15:55 -0400] "GET /mevile-r2team-x2enturi-v8n-x1-x2-v8m HTTP/1.1" 301 0 "-" "Mozilla/5.0 (X11; Linux x86_64; rv:52.0) Gecko/20100101 Firefox/52.0"
216.244.66.247 - - [18/Sep/2024:18:31:14 -0400] "GET /robots.txt HTTP/1.1" 200 841 "-" "Mozilla/5.0 (compatible; DotBot/1.2; +https://opensiteexplorer.org/dotbot; help@moz.com)"
216.244.66.247 - - [18/Sep/2024:18:40:33 -0400] "GET /make-payment/feed/ HTTP/1.1" 301 0 "-" "Mozilla/5.0 (compatible; DotBot/1.2; +https://opensiteexplorer.org/dotbot; help@moz.com)"
68.65.122.142 - - [18/Sep/2024:18:40:34 -0400] "POST /wp-cron.php?doing_wp_cron=1726699234.3414649963378906250000 HTTP/1.1" 403 1242 "-" "WordPress/6.2.1; https://glenbowcollege.ca"
89.149.200.25 - - [18/Sep/2024:19:06:22 -0400] "GET / HTTP/1.1" 301 0 "-" "Mozilla/5.0 (Windows NT 10.0; Win64; x64) AppleWebKit/537.36 (KHTML, like Gecko) Chrome/60.0.3112.113 Safari/537.36"
66.249.79.199 - - [18/Sep/2024:19:14:43 -0400] "GET /programs/english-as-a-second-language/ HTTP/1.1" 301 0 "-" "Mozilla/5.0 (Linux; Android 6.0.1; Nexus 5X Build/MMB29P) AppleWebKit/537.36 (KHTML, like Gecko) Chrome/128.0.6613.137 Mobile Safari/537.36 (compatible; Googlebot/2.1; +http://www.google.com/bot.html)"
68.65.122.142 - - [18/Sep/2024:19:14:44 -0400] "POST /wp-cron.php?doing_wp_cron=1726701284.3979370594024658203125 HTTP/1.1" 403 1242 "-" "WordPress/6.2.1; https://glenbowcollege.ca"
68.65.122.142 - - [18/Sep/2024:19:21:25 -0400] "POST /wp-cron.php?doing_wp_cron=1726701685.9352641105651855468750 HTTP/1.1" 403 1242 "-" "WordPress/6.2.1; https://glenbowcollege.ca"
216.244.66.247 - - [18/Sep/2024:19:23:40 -0400] "GET /robots.txt HTTP/1.1" 200 841 "-" "Mozilla/5.0 (compatible; DotBot/1.2; +https://opensiteexplorer.org/dotbot; help@moz.com)"
68.65.122.142 - - [18/Sep/2024:19:18:37 -0400] "POST /wp-cron.php?doing_wp_cron=1726701517.6296110153198242187500 HTTP/1.1" 403 1242 "-" "WordPress/6.2.1; https://glenbowcollege.ca"
66.249.79.199 - - [18/Sep/2024:19:18:36 -0400] "GET /programs/course/english-as-a-second-language/ HTTP/1.1" 301 0 "-" "Mozilla/5.0 (Linux; Android 6.0.1; Nexus 5X Build/MMB29P) AppleWebKit/537.36 (KHTML, like Gecko) Chrome/128.0.6613.137 Mobile Safari/537.36 (compatible; Googlebot/2.1; +http://www.google.com/bot.html)"
35.85.38.158 - - [18/Sep/2024:19:21:24 -0400] "GET /asang-r2mg-x2-x1ms-x1g-v8v HTTP/1.1" 301 0 "-" "Mozilla/5.0 (Macintosh; PPC Mac OS X 10.11; rv:51.0) Gecko/20100101 Firefox/51.0"
216.244.66.247 - - [18/Sep/2024:19:31:12 -0400] "GET /about/ HTTP/1.1" 301 0 "-" "Mozilla/5.0 (compatible; DotBot/1.2; +https://opensiteexplorer.org/dotbot; help@moz.com)"
68.65.122.142 - - [18/Sep/2024:19:31:13 -0400] "POST /wp-cron.php?doing_wp_cron=1726702273.6805629730224609375000 HTTP/1.1" 403 1242 "-" "WordPress/6.2.1; https://glenbowcollege.ca"
66.249.68.35 - - [18/Sep/2024:19:44:44 -0400] "GET / HTTP/1.1" 301 0 "-" "Mozilla/5.0 (compatible; Googlebot/2.1; +http://www.google.com/bot.html)"
68.65.122.142 - - [18/Sep/2024:19:44:45 -0400] "POST /wp-cron.php?doing_wp_cron=1726703085.8576519489288330078125 HTTP/1.1" 403 1242 "-" "WordPress/6.2.1; https://glenbowcollege.ca"
68.65.122.142 - - [18/Sep/2024:19:59:50 -0400] "POST /wp-cron.php?doing_wp_cron=1726703990.1634690761566162109375 HTTP/1.1" 403 1242 "-" "WordPress/6.2.1; https://glenbowcollege.ca"
194.78.184.220 - - [18/Sep/2024:19:59:49 -0400] "GET /.aws/credentials HTTP/1.1" 301 0 "http://glenbowcollege.com/.aws/credentials" "Mozilla/5.0 (Windows NT 10.0; Win64; x64) AppleWebKit/537.36 (KHTML, like Gecko) Chrome/87.0.4280.141 Safari/537.36"
209.38.108.75 - - [18/Sep/2024:20:28:39 -0400] "GET / HTTP/1.1" 301 0 "-" "Mozilla/5.0 (Windows NT 10.0; Win64; x64) AppleWebKit/537.36 (KHTML, like Gecko) Chrome/126.0.0.0 Safari/537.36"
68.65.122.142 - - [18/Sep/2024:20:43:59 -0400] "POST /wp-cron.php?doing_wp_cron=1726706639.7385549545288085937500 HTTP/1.1" 403 1242 "-" "WordPress/6.2.1; https://glenbowcollege.ca"
66.249.68.34 - - [18/Sep/2024:20:43:58 -0400] "GET / HTTP/1.1" 301 0 "-" "Mozilla/5.0 (compatible; Googlebot/2.1; +http://www.google.com/bot.html)"
216.244.66.247 - - [18/Sep/2024:21:05:58 -0400] "GET /robots.txt HTTP/1.1" 200 841 "-" "Mozilla/5.0 (compatible; DotBot/1.2; +https://opensiteexplorer.org/dotbot; help@moz.com)"
68.65.122.142 - - [18/Sep/2024:21:14:07 -0400] "POST /wp-cron.php?doing_wp_cron=1726708447.4190580844879150390625 HTTP/1.1" 403 1242 "-" "WordPress/6.2.1; https://glenbowcollege.ca"
216.244.66.247 - - [18/Sep/2024:21:14:06 -0400] "GET /international/current-international-students/dispute-resolution-policy/ HTTP/1.1" 301 0 "-" "Mozilla/5.0 (compatible; DotBot/1.2; +https://opensiteexplorer.org/dotbot; help@moz.com)"
31.13.127.19 - - [18/Sep/2024:21:39:01 -0400] "GET / HTTP/1.1" 301 0 "-" "facebookexternalhit/1.1 (+http://www.facebook.com/externalhit_uatext.php)"
31.13.127.19 - - [18/Sep/2024:21:39:06 -0400] "GET / HTTP/1.1" 301 0 "-" "facebookexternalhit/1.1 (+http://www.facebook.com/externalhit_uatext.php)"
31.13.127.18 - - [18/Sep/2024:21:39:20 -0400] "GET / HTTP/1.1" 301 0 "-" "facebookexternalhit/1.1 (+http://www.facebook.com/externalhit_uatext.php)"
31.13.127.29 - - [18/Sep/2024:21:39:28 -0400] "GET / HTTP/1.1" 301 0 "-" "facebookexternalhit/1.1 (+http://www.facebook.com/externalhit_uatext.php)"
31.13.127.5 - - [18/Sep/2024:21:38:58 -0400] "GET /robots.txt HTTP/1.1" 200 242 "-" "facebookexternalhit/1.1 (+http://www.facebook.com/externalhit_uatext.php)"
68.65.122.142 - - [18/Sep/2024:21:39:00 -0400] "POST /wp-cron.php?doing_wp_cron=1726709940.6957690715789794921875 HTTP/1.1" 403 1242 "-" "WordPress/6.2.1; https://glenbowcollege.ca"
31.13.127.22 - - [18/Sep/2024:21:38:59 -0400] "GET / HTTP/1.1" 301 0 "-" "facebookexternalhit/1.1 (+http://www.facebook.com/externalhit_uatext.php)"
31.13.127.9 - - [18/Sep/2024:21:39:10 -0400] "GET / HTTP/1.1" 301 0 "-" "facebookexternalhit/1.1 (+http://www.facebook.com/externalhit_uatext.php)"
31.13.127.18 - - [18/Sep/2024:21:39:20 -0400] "GET / HTTP/1.1" 301 0 "-" "facebookexternalhit/1.1 (+http://www.facebook.com/externalhit_uatext.php)"
31.13.127.16 - - [18/Sep/2024:21:39:28 -0400] "GET / HTTP/1.1" 301 0 "-" "facebookexternalhit/1.1 (+http://www.facebook.com/externalhit_uatext.php)"
66.249.68.35 - - [18/Sep/2024:21:42:52 -0400] "GET / HTTP/1.1" 301 0 "-" "Mozilla/5.0 (compatible; Googlebot/2.1; +http://www.google.com/bot.html)"
216.244.66.247 - - [18/Sep/2024:21:57:06 -0400] "GET /robots.txt HTTP/1.1" 200 841 "-" "Mozilla/5.0 (compatible; DotBot/1.2; +https://opensiteexplorer.org/dotbot; help@moz.com)"