75.159.158.100 - - [18/Sep/2024:16:37:58 -0400] "GET /wp-content/uploads/2020/03/slider-2.jpg HTTP/1.1" 200 544765 "https://glenbowcollege.ca/" "Mozilla/5.0 (Windows NT 10.0; Win64; x64) AppleWebKit/537.36 (KHTML, like Gecko) Chrome/128.0.0.0 Safari/537.36"
75.159.158.100 - - [18/Sep/2024:16:37:58 -0400] "GET /wp-includes/js/jquery/jquery-migrate.min.js?ver=3.4.0 HTTP/1.1" 200 6236 "https://glenbowcollege.ca/" "Mozilla/5.0 (Windows NT 10.0; Win64; x64) AppleWebKit/537.36 (KHTML, like Gecko) Chrome/128.0.0.0 Safari/537.36"
75.159.158.100 - - [18/Sep/2024:16:37:58 -0400] "GET /wp-content/plugins/woocommerce-menu-bar-cart/assets/js/wpmenucart-ajax-assist.min.js?ver=2.14.2 HTTP/1.1" 200 1862 "https://glenbowcollege.ca/" "Mozilla/5.0 (Windows NT 10.0; Win64; x64) AppleWebKit/537.36 (KHTML, like Gecko) Chrome/128.0.0.0 Safari/537.36"
75.159.158.100 - - [18/Sep/2024:16:37:58 -0400] "GET /wp-content/uploads/2020/02/student_register_1-360x156.jpg HTTP/1.1" 200 13009 "https://glenbowcollege.ca/" "Mozilla/5.0 (Windows NT 10.0; Win64; x64) AppleWebKit/537.36 (KHTML, like Gecko) Chrome/128.0.0.0 Safari/537.36"
75.159.158.100 - - [18/Sep/2024:16:37:58 -0400] "GET /wp-content/uploads/2020/03/apple-education-slider.jpg HTTP/1.1" 200 584207 "https://glenbowcollege.ca/" "Mozilla/5.0 (Windows NT 10.0; Win64; x64) AppleWebKit/537.36 (KHTML, like Gecko) Chrome/128.0.0.0 Safari/537.36"
75.159.158.100 - - [18/Sep/2024:16:37:58 -0400] "GET /wp-content/plugins/strong-testimonials/public/css/slider-controls-simple-buttons.css?ver=3.1.7 HTTP/1.1" 200 788 "https://glenbowcollege.ca/" "Mozilla/5.0 (Windows NT 10.0; Win64; x64) AppleWebKit/537.36 (KHTML, like Gecko) Chrome/128.0.0.0 Safari/537.36"
75.159.158.100 - - [18/Sep/2024:16:37:58 -0400] "GET /wp-content/plugins/strong-testimonials/public/css/rating-display.css?ver=3.1.7 HTTP/1.1" 200 910 "https://glenbowcollege.ca/" "Mozilla/5.0 (Windows NT 10.0; Win64; x64) AppleWebKit/537.36 (KHTML, like Gecko) Chrome/128.0.0.0 Safari/537.36"
75.159.158.100 - - [18/Sep/2024:16:37:58 -0400] "GET /wp-includes/js/dist/vendor/wp-polyfill-inert.min.js?ver=3.1.2 HTTP/1.1" 200 3977 "https://glenbowcollege.ca/" "Mozilla/5.0 (Windows NT 10.0; Win64; x64) AppleWebKit/537.36 (KHTML, like Gecko) Chrome/128.0.0.0 Safari/537.36"
75.159.158.100 - - [18/Sep/2024:16:37:58 -0400] "GET /wp-content/plugins/add-to-cart-direct-checkout-for-woocommerce/public/js/pi-dcw-public.js?ver=2.1.64 HTTP/1.1" 200 2632 "https://glenbowcollege.ca/" "Mozilla/5.0 (Windows NT 10.0; Win64; x64) AppleWebKit/537.36 (KHTML, like Gecko) Chrome/128.0.0.0 Safari/537.36"
75.159.158.100 - - [18/Sep/2024:16:37:58 -0400] "GET /wp-content/uploads/2020/02/students1_1-360x158.jpg HTTP/1.1" 200 13848 "https://glenbowcollege.ca/" "Mozilla/5.0 (Windows NT 10.0; Win64; x64) AppleWebKit/537.36 (KHTML, like Gecko) Chrome/128.0.0.0 Safari/537.36"
75.159.158.100 - - [18/Sep/2024:16:37:58 -0400] "GET /wp-content/plugins/coblocks/dist/js/coblocks-animation.js?ver=3.1.5 HTTP/1.1" 200 1805 "https://glenbowcollege.ca/" "Mozilla/5.0 (Windows NT 10.0; Win64; x64) AppleWebKit/537.36 (KHTML, like Gecko) Chrome/128.0.0.0 Safari/537.36"
75.159.158.100 - - [18/Sep/2024:16:37:58 -0400] "GET /wp-content/plugins/coblocks/dist/js/coblocks-tinyswiper-initializer.js?ver=3.1.5 HTTP/1.1" 200 6831 "https://glenbowcollege.ca/" "Mozilla/5.0 (Windows NT 10.0; Win64; x64) AppleWebKit/537.36 (KHTML, like Gecko) Chrome/128.0.0.0 Safari/537.36"
75.159.158.100 - - [18/Sep/2024:16:37:58 -0400] "GET /wp-content/plugins/contact-form-7/includes/swv/js/index.js?ver=5.8.6 HTTP/1.1" 200 4708 "https://glenbowcollege.ca/" "Mozilla/5.0 (Windows NT 10.0; Win64; x64) AppleWebKit/537.36 (KHTML, like Gecko) Chrome/128.0.0.0 Safari/537.36"
75.159.158.100 - - [18/Sep/2024:16:37:58 -0400] "GET /wp-includes/js/imagesloaded.min.js?ver=4.1.4 HTTP/1.1" 200 3379 "https://glenbowcollege.ca/" "Mozilla/5.0 (Windows NT 10.0; Win64; x64) AppleWebKit/537.36 (KHTML, like Gecko) Chrome/128.0.0.0 Safari/537.36"
75.159.158.100 - - [18/Sep/2024:16:37:58 -0400] "GET /wp-includes/js/dist/i18n.min.js?ver=9e794f35a71bb98672ae HTTP/1.1" 200 5326 "https://glenbowcollege.ca/" "Mozilla/5.0 (Windows NT 10.0; Win64; x64) AppleWebKit/537.36 (KHTML, like Gecko) Chrome/128.0.0.0 Safari/537.36"
75.159.158.100 - - [18/Sep/2024:16:37:58 -0400] "GET /wp-content/plugins/strong-testimonials/public/js/controller.min.js?ver=3.1.7 HTTP/1.1" 200 3091 "https://glenbowcollege.ca/" "Mozilla/5.0 (Windows NT 10.0; Win64; x64) AppleWebKit/537.36 (KHTML, like Gecko) Chrome/128.0.0.0 Safari/537.36"
75.159.158.100 - - [18/Sep/2024:16:37:58 -0400] "GET /wp-content/themes/education-hub-pro/js/skip-link-focus-fix.min.js?ver=20130115 HTTP/1.1" 200 1834 "https://glenbowcollege.ca/" "Mozilla/5.0 (Windows NT 10.0; Win64; x64) AppleWebKit/537.36 (KHTML, like Gecko) Chrome/128.0.0.0 Safari/537.36"
75.159.158.100 - - [18/Sep/2024:16:37:58 -0400] "GET /wp-content/themes/education-hub-pro/js/custom.min.js?ver=1.0 HTTP/1.1" 200 2047 "https://glenbowcollege.ca/" "Mozilla/5.0 (Windows NT 10.0; Win64; x64) AppleWebKit/537.36 (KHTML, like Gecko) Chrome/128.0.0.0 Safari/537.36"
75.159.158.100 - - [18/Sep/2024:16:37:58 -0400] "GET /wp-content/plugins/coblocks/dist/js/vendors/tiny-swiper.js?ver=3.1.5 HTTP/1.1" 200 5729 "https://glenbowcollege.ca/" "Mozilla/5.0 (Windows NT 10.0; Win64; x64) AppleWebKit/537.36 (KHTML, like Gecko) Chrome/128.0.0.0 Safari/537.36"
75.159.158.100 - - [18/Sep/2024:16:37:58 -0400] "GET /wp-includes/js/dist/vendor/wp-polyfill.min.js?ver=3.15.0 HTTP/1.1" 200 7981 "https://glenbowcollege.ca/" "Mozilla/5.0 (Windows NT 10.0; Win64; x64) AppleWebKit/537.36 (KHTML, like Gecko) Chrome/128.0.0.0 Safari/537.36"
75.159.158.100 - - [18/Sep/2024:16:37:58 -0400] "GET /wp-includes/js/dist/vendor/regenerator-runtime.min.js?ver=0.13.11 HTTP/1.1" 200 4042 "https://glenbowcollege.ca/" "Mozilla/5.0 (Windows NT 10.0; Win64; x64) AppleWebKit/537.36 (KHTML, like Gecko) Chrome/128.0.0.0 Safari/537.36"
75.159.158.100 - - [18/Sep/2024:16:37:58 -0400] "GET /wp-includes/js/dist/hooks.min.js?ver=4169d3cf8e8d95a3d6d5 HTTP/1.1" 200 3212 "https://glenbowcollege.ca/" "Mozilla/5.0 (Windows NT 10.0; Win64; x64) AppleWebKit/537.36 (KHTML, like Gecko) Chrome/128.0.0.0 Safari/537.36"
75.159.158.100 - - [18/Sep/2024:16:37:58 -0400] "GET /wp-content/uploads/2020/02/616x321-ziraat-fakultesi-ogrencisine-burs-1543613768524-2-360x162.jpeg HTTP/1.1" 200 15500 "https://glenbowcollege.ca/" "Mozilla/5.0 (Windows NT 10.0; Win64; x64) AppleWebKit/537.36 (KHTML, like Gecko) Chrome/128.0.0.0 Safari/537.36"
75.159.158.100 - - [18/Sep/2024:16:37:58 -0400] "GET /wp-content/plugins/contact-form-7/includes/js/index.js?ver=5.8.6 HTTP/1.1" 200 5589 "https://glenbowcollege.ca/" "Mozilla/5.0 (Windows NT 10.0; Win64; x64) AppleWebKit/537.36 (KHTML, like Gecko) Chrome/128.0.0.0 Safari/537.36"
75.159.158.100 - - [18/Sep/2024:16:37:58 -0400] "GET /wp-content/plugins/woocommerce/assets/js/frontend/add-to-cart.min.js?ver=7.8.0 HTTP/1.1" 200 2603 "https://glenbowcollege.ca/" "Mozilla/5.0 (Windows NT 10.0; Win64; x64) AppleWebKit/537.36 (KHTML, like Gecko) Chrome/128.0.0.0 Safari/537.36"
75.159.158.100 - - [18/Sep/2024:16:37:58 -0400] "GET /wp-content/plugins/woocommerce/assets/js/js-cookie/js.cookie.min.js?ver=2.1.4-wc.7.8.0 HTTP/1.1" 200 2491 "https://glenbowcollege.ca/" "Mozilla/5.0 (Windows NT 10.0; Win64; x64) AppleWebKit/537.36 (KHTML, like Gecko) Chrome/128.0.0.0 Safari/537.36"
75.159.158.100 - - [18/Sep/2024:16:37:58 -0400] "GET /wp-content/plugins/woocommerce/assets/js/frontend/woocommerce.min.js?ver=7.8.0 HTTP/1.1" 200 2310 "https://glenbowcollege.ca/" "Mozilla/5.0 (Windows NT 10.0; Win64; x64) AppleWebKit/537.36 (KHTML, like Gecko) Chrome/128.0.0.0 Safari/537.36"
75.159.158.100 - - [18/Sep/2024:16:37:58 -0400] "GET /wp-content/themes/education-hub-pro/third-party/cycle2/js/jquery.cycle2.min.js?ver=2.1.6 HTTP/1.1" 200 8485 "https://glenbowcollege.ca/" "Mozilla/5.0 (Windows NT 10.0; Win64; x64) AppleWebKit/537.36 (KHTML, like Gecko) Chrome/128.0.0.0 Safari/537.36"
75.159.158.100 - - [18/Sep/2024:16:37:58 -0400] "GET /wp-content/themes/education-hub-pro/third-party/ticker/jquery.easy-ticker.min.js?ver=2.0 HTTP/1.1" 200 2683 "https://glenbowcollege.ca/" "Mozilla/5.0 (Windows NT 10.0; Win64; x64) AppleWebKit/537.36 (KHTML, like Gecko) Chrome/128.0.0.0 Safari/537.36"
75.159.158.100 - - [18/Sep/2024:16:37:58 -0400] "GET /wp-content/themes/education-hub-pro/js/navigation.min.js?ver=20160421 HTTP/1.1" 200 2592 "https://glenbowcollege.ca/" "Mozilla/5.0 (Windows NT 10.0; Win64; x64) AppleWebKit/537.36 (KHTML, like Gecko) Chrome/128.0.0.0 Safari/537.36"
75.159.158.100 - - [18/Sep/2024:16:37:58 -0400] "GET /wp-content/plugins/strong-testimonials/public/js/lib/actual/jquery-actual.min.js?ver=1.0.16 HTTP/1.1" 200 2187 "https://glenbowcollege.ca/" "Mozilla/5.0 (Windows NT 10.0; Win64; x64) AppleWebKit/537.36 (KHTML, like Gecko) Chrome/128.0.0.0 Safari/537.36"
75.159.158.100 - - [18/Sep/2024:16:37:58 -0400] "GET /wp-includes/js/underscore.min.js?ver=1.13.4 HTTP/1.1" 200 8804 "https://glenbowcollege.ca/" "Mozilla/5.0 (Windows NT 10.0; Win64; x64) AppleWebKit/537.36 (KHTML, like Gecko) Chrome/128.0.0.0 Safari/537.36"
75.159.158.100 - - [18/Sep/2024:16:37:58 -0400] "GET /wp-content/plugins/strong-testimonials/public/js/lib/verge/verge.min.js?ver=1.10.2 HTTP/1.1" 200 2152 "https://glenbowcollege.ca/" "Mozilla/5.0 (Windows NT 10.0; Win64; x64) AppleWebKit/537.36 (KHTML, like Gecko) Chrome/128.0.0.0 Safari/537.36"
75.159.158.100 - - [18/Sep/2024:16:37:58 -0400] "GET /wp-content/plugins/woocommerce/assets/css/woocommerce-smallscreen.css?ver=7.8.0 HTTP/1.1" 200 1058 "https://glenbowcollege.ca/" "Mozilla/5.0 (Windows NT 10.0; Win64; x64) AppleWebKit/537.36 (KHTML, like Gecko) Chrome/128.0.0.0 Safari/537.36"
75.159.158.100 - - [18/Sep/2024:16:37:58 -0400] "GET /wp-content/themes/education-hub-pro/third-party/font-awesome/fonts/fontawesome-webfont.woff2?v=4.7.0 HTTP/1.1" 200 77160 "https://glenbowcollege.ca/wp-content/themes/education-hub-pro/third-party/font-awesome/css/font-awesome.min.css?ver=4.7.0" "Mozilla/5.0 (Windows NT 10.0; Win64; x64) AppleWebKit/537.36 (KHTML, like Gecko) Chrome/128.0.0.0 Safari/537.36"
75.159.158.100 - - [18/Sep/2024:16:37:58 -0400] "GET /wp-content/uploads/2020/04/ANA-SAYFA.png HTTP/1.1" 200 1322485 "https://glenbowcollege.ca/" "Mozilla/5.0 (Windows NT 10.0; Win64; x64) AppleWebKit/537.36 (KHTML, like Gecko) Chrome/128.0.0.0 Safari/537.36"
75.159.158.100 - - [18/Sep/2024:16:37:59 -0400] "GET /wp-includes/js/wp-emoji-release.min.js?ver=6.2.1 HTTP/1.1" 200 6283 "https://glenbowcollege.ca/" "Mozilla/5.0 (Windows NT 10.0; Win64; x64) AppleWebKit/537.36 (KHTML, like Gecko) Chrome/128.0.0.0 Safari/537.36"
75.159.158.100 - - [18/Sep/2024:16:37:59 -0400] "GET /wp-content/uploads/2023/05/Daskalos.png HTTP/1.1" 200 8710 "https://glenbowcollege.ca/" "Mozilla/5.0 (Windows NT 10.0; Win64; x64) AppleWebKit/537.36 (KHTML, like Gecko) Chrome/128.0.0.0 Safari/537.36"
75.159.158.100 - - [18/Sep/2024:16:37:59 -0400] "GET /wp-content/uploads/2023/05/comment.png HTTP/1.1" 200 495619 "https://glenbowcollege.ca/" "Mozilla/5.0 (Windows NT 10.0; Win64; x64) AppleWebKit/537.36 (KHTML, like Gecko) Chrome/128.0.0.0 Safari/537.36"
75.159.158.100 - - [18/Sep/2024:16:37:59 -0400] "GET /wp-content/plugins/strong-testimonials/public/svg/chevron-left-solid.svg HTTP/1.1" 200 267 "https://glenbowcollege.ca/wp-content/plugins/strong-testimonials/public/css/slider-controls-simple-buttons.css?ver=3.1.7" "Mozilla/5.0 (Windows NT 10.0; Win64; x64) AppleWebKit/537.36 (KHTML, like Gecko) Chrome/128.0.0.0 Safari/537.36"
75.159.158.100 - - [18/Sep/2024:16:37:59 -0400] "GET /wp-content/plugins/strong-testimonials/public/svg/chevron-right-solid.svg HTTP/1.1" 200 285 "https://glenbowcollege.ca/wp-content/plugins/strong-testimonials/public/css/slider-controls-simple-buttons.css?ver=3.1.7" "Mozilla/5.0 (Windows NT 10.0; Win64; x64) AppleWebKit/537.36 (KHTML, like Gecko) Chrome/128.0.0.0 Safari/537.36"
75.159.158.100 - - [18/Sep/2024:16:37:59 -0400] "GET /wp-content/uploads/2020/02/cropped-logo11-32x32.png HTTP/1.1" 200 1202 "https://glenbowcollege.ca/" "Mozilla/5.0 (Windows NT 10.0; Win64; x64) AppleWebKit/537.36 (KHTML, like Gecko) Chrome/128.0.0.0 Safari/537.36"
75.159.158.100 - - [18/Sep/2024:16:38:14 -0400] "GET /programs/education-assistant-diploma/ HTTP/1.1" 200 18959 "https://glenbowcollege.ca/" "Mozilla/5.0 (Windows NT 10.0; Win64; x64) AppleWebKit/537.36 (KHTML, like Gecko) Chrome/128.0.0.0 Safari/537.36"
217.113.194.153 - - [18/Sep/2024:16:38:27 -0400] "GET /privacy-policy/ HTTP/1.1" 200 20276 "-" "Mozilla/5.0 (compatible; Barkrowler/0.9; +https://babbar.tech/crawler)"
75.159.158.100 - - [18/Sep/2024:16:38:33 -0400] "GET /wp-content/uploads/2020/04/english_as_a_second_language.jpg HTTP/1.1" 200 36750 "https://glenbowcollege.ca/certifications-esl/" "Mozilla/5.0 (Windows NT 10.0; Win64; x64) AppleWebKit/537.36 (KHTML, like Gecko) Chrome/128.0.0.0 Safari/537.36"
75.159.158.100 - - [18/Sep/2024:16:37:58 -0400] "GET /wp-content/plugins/strong-testimonials/public/js/lib/strongslider/jquery-strongslider.min.js?ver=3.1.7 HTTP/1.1" 200 7840 "https://glenbowcollege.ca/" "Mozilla/5.0 (Windows NT 10.0; Win64; x64) AppleWebKit/537.36 (KHTML, like Gecko) Chrome/128.0.0.0 Safari/537.36"
75.159.158.100 - - [18/Sep/2024:16:37:58 -0400] "GET /wp-content/plugins/product-open-pricing-name-your-price-for-woocommerce/includes/js/alg-wc-pop-frontend.js?ver=1.7.1 HTTP/1.1" 200 2030 "https://glenbowcollege.ca/" "Mozilla/5.0 (Windows NT 10.0; Win64; x64) AppleWebKit/537.36 (KHTML, like Gecko) Chrome/128.0.0.0 Safari/537.36"
75.159.158.100 - - [18/Sep/2024:16:37:58 -0400] "GET /wp-content/plugins/woocommerce/assets/js/jquery-blockui/jquery.blockUI.min.js?ver=2.7.0-wc.7.8.0 HTTP/1.1" 200 4871 "https://glenbowcollege.ca/" "Mozilla/5.0 (Windows NT 10.0; Win64; x64) AppleWebKit/537.36 (KHTML, like Gecko) Chrome/128.0.0.0 Safari/537.36"
193.186.4.194 - - [18/Sep/2024:16:37:57 -0400] "GET / HTTP/1.1" 200 20455 "https://www.google.com/" "Mozilla/5.0 (Windows NT 10.0; Win64; x64) AppleWebKit/537.36 (KHTML, like Gecko) Chrome/128.0.0.0 Safari/537.36"
75.159.158.100 - - [18/Sep/2024:16:37:59 -0400] "GET /wp-content/plugins/strong-testimonials/templates/default/img/quotes.png HTTP/1.1" 200 335 "https://glenbowcollege.ca/wp-content/plugins/strong-testimonials/templates/default/content.css?ver=3.1.7" "Mozilla/5.0 (Windows NT 10.0; Win64; x64) AppleWebKit/537.36 (KHTML, like Gecko) Chrome/128.0.0.0 Safari/537.36"
75.159.158.100 - - [18/Sep/2024:16:37:59 -0400] "GET /wp-content/uploads/2023/05/mirgul.png HTTP/1.1" 200 8740 "https://glenbowcollege.ca/" "Mozilla/5.0 (Windows NT 10.0; Win64; x64) AppleWebKit/537.36 (KHTML, like Gecko) Chrome/128.0.0.0 Safari/537.36"
75.159.158.100 - - [18/Sep/2024:16:37:59 -0400] "GET /wp-content/uploads/2021/06/academic-conferences-2-1-150x150.png HTTP/1.1" 200 29415 "https://glenbowcollege.ca/" "Mozilla/5.0 (Windows NT 10.0; Win64; x64) AppleWebKit/537.36 (KHTML, like Gecko) Chrome/128.0.0.0 Safari/537.36"
217.113.194.153 - - [18/Sep/2024:16:38:07 -0400] "GET /about/ HTTP/1.1" 200 19836 "-" "Mozilla/5.0 (compatible; Barkrowler/0.9; +https://babbar.tech/crawler)"
75.159.158.100 - - [18/Sep/2024:16:38:15 -0400] "GET /wp-content/uploads/2020/02/education_asistan.jpg HTTP/1.1" 200 123610 "https://glenbowcollege.ca/programs/education-assistant-diploma/" "Mozilla/5.0 (Windows NT 10.0; Win64; x64) AppleWebKit/537.36 (KHTML, like Gecko) Chrome/128.0.0.0 Safari/537.36"
217.113.194.157 - - [18/Sep/2024:16:38:17 -0400] "GET /comment/ HTTP/1.1" 200 23139 "-" "Mozilla/5.0 (compatible; Barkrowler/0.9; +https://babbar.tech/crawler)"
75.159.158.100 - - [18/Sep/2024:16:38:31 -0400] "GET /certifications-esl/ HTTP/1.1" 200 20519 "https://glenbowcollege.ca/programs/education-assistant-diploma/" "Mozilla/5.0 (Windows NT 10.0; Win64; x64) AppleWebKit/537.36 (KHTML, like Gecko) Chrome/128.0.0.0 Safari/537.36"
75.159.158.100 - - [18/Sep/2024:16:38:33 -0400] "GET /wp-content/plugins/pdf-embedder/assets/js/pdfjs/pdf.min.js?ver=4.6.4 HTTP/1.1" 200 85478 "https://glenbowcollege.ca/certifications-esl/" "Mozilla/5.0 (Windows NT 10.0; Win64; x64) AppleWebKit/537.36 (KHTML, like Gecko) Chrome/128.0.0.0 Safari/537.36"
75.159.158.100 - - [18/Sep/2024:16:38:33 -0400] "GET /wp-content/uploads/2020/02/logo_white-2048x881.png HTTP/1.1" 200 267785 "https://glenbowcollege.ca/certifications-esl/" "Mozilla/5.0 (Windows NT 10.0; Win64; x64) AppleWebKit/537.36 (KHTML, like Gecko) Chrome/128.0.0.0 Safari/537.36"
75.159.158.100 - - [18/Sep/2024:16:38:33 -0400] "GET /wp-content/uploads/2024/03/HEALTH-INSURANCE-POLICY.pdf HTTP/1.1" 200 634966 "https://glenbowcollege.ca/certifications-esl/" "Mozilla/5.0 (Windows NT 10.0; Win64; x64) AppleWebKit/537.36 (KHTML, like Gecko) Chrome/128.0.0.0 Safari/537.36"
75.159.158.100 - - [18/Sep/2024:16:38:33 -0400] "GET /wp-content/uploads/2024/03/FEES-AND-REFUND-POLICY.pdf HTTP/1.1" 200 631895 "https://glenbowcollege.ca/certifications-esl/" "Mozilla/5.0 (Windows NT 10.0; Win64; x64) AppleWebKit/537.36 (KHTML, like Gecko) Chrome/128.0.0.0 Safari/537.36"
75.159.158.100 - - [18/Sep/2024:16:38:33 -0400] "GET /wp-content/uploads/2024/03/student_handbook.pdf HTTP/1.1" 200 1599211 "https://glenbowcollege.ca/certifications-esl/" "Mozilla/5.0 (Windows NT 10.0; Win64; x64) AppleWebKit/537.36 (KHTML, like Gecko) Chrome/128.0.0.0 Safari/537.36"
75.159.158.100 - - [18/Sep/2024:16:38:33 -0400] "GET /wp-content/uploads/2024/03/PROBLEM-RESOLUTION-POLICY-PROCEDURE-FOR-COMPLAINTS.pdf HTTP/1.1" 200 656890 "https://glenbowcollege.ca/certifications-esl/" "Mozilla/5.0 (Windows NT 10.0; Win64; x64) AppleWebKit/537.36 (KHTML, like Gecko) Chrome/128.0.0.0 Safari/537.36"
75.159.158.100 - - [18/Sep/2024:16:38:37 -0400] "GET /wp-content/uploads/2024/03/programs1.jpg HTTP/1.1" 200 94671 "https://glenbowcollege.ca/certifications-esl/" "Mozilla/5.0 (Windows NT 10.0; Win64; x64) AppleWebKit/537.36 (KHTML, like Gecko) Chrome/128.0.0.0 Safari/537.36"
75.159.158.100 - - [18/Sep/2024:16:38:37 -0400] "GET /wp-content/uploads/2024/03/general_english.jpg HTTP/1.1" 200 14600 "https://glenbowcollege.ca/certifications-esl/" "Mozilla/5.0 (Windows NT 10.0; Win64; x64) AppleWebKit/537.36 (KHTML, like Gecko) Chrome/128.0.0.0 Safari/537.36"
217.113.194.152 - - [18/Sep/2024:16:38:48 -0400] "GET /category/blog/ HTTP/1.1" 200 18551 "-" "Mozilla/5.0 (compatible; Barkrowler/0.9; +https://babbar.tech/crawler)"
75.159.158.100 - - [18/Sep/2024:16:39:08 -0400] "GET /wp-content/uploads/2024/05/LC-Logo_Colour-2.jpg HTTP/1.1" 200 164935 "https://glenbowcollege.ca/certifications-esl/" "Mozilla/5.0 (Windows NT 10.0; Win64; x64) AppleWebKit/537.36 (KHTML, like Gecko) Chrome/128.0.0.0 Safari/537.36"
154.54.249.208 - - [18/Sep/2024:16:39:46 -0400] "GET /category/events/ HTTP/1.1" 200 19225 "-" "Mozilla/5.0 (compatible; Barkrowler/0.9; +https://babbar.tech/crawler)"
217.113.194.158 - - [18/Sep/2024:16:39:55 -0400] "GET /about/academic/ HTTP/1.1" 200 20266 "-" "Mozilla/5.0 (compatible; Barkrowler/0.9; +https://babbar.tech/crawler)"
68.65.122.142 - - [18/Sep/2024:16:40:15 -0400] "POST /wp-cron.php?doing_wp_cron=1726692015.8810091018676757812500 HTTP/1.1" 403 1242 "-" "WordPress/6.2.1; https://glenbowcollege.ca"
75.159.158.100 - - [18/Sep/2024:16:40:25 -0400] "GET /certifications/english-as-a-second-language-esl/ HTTP/1.1" 200 19689 "https://glenbowcollege.ca/certifications-esl/" "Mozilla/5.0 (Windows NT 10.0; Win64; x64) AppleWebKit/537.36 (KHTML, like Gecko) Chrome/128.0.0.0 Safari/537.36"
75.159.158.100 - - [18/Sep/2024:16:40:26 -0400] "GET /wp-content/uploads/2020/02/english_as_a_second_language.jpg HTTP/1.1" 200 36750 "https://glenbowcollege.ca/certifications/english-as-a-second-language-esl/" "Mozilla/5.0 (Windows NT 10.0; Win64; x64) AppleWebKit/537.36 (KHTML, like Gecko) Chrome/128.0.0.0 Safari/537.36"
217.113.194.156 - - [18/Sep/2024:16:40:43 -0400] "GET /international/ HTTP/1.1" 200 19754 "-" "Mozilla/5.0 (compatible; Barkrowler/0.9; +https://babbar.tech/crawler)"
217.113.194.158 - - [18/Sep/2024:16:40:53 -0400] "GET /category/events/page/2/ HTTP/1.1" 200 18956 "-" "Mozilla/5.0 (compatible; Barkrowler/0.9; +https://babbar.tech/crawler)"
217.113.194.161 - - [18/Sep/2024:16:41:12 -0400] "GET /special-request/ HTTP/1.1" 200 20306 "-" "Mozilla/5.0 (compatible; Barkrowler/0.9; +https://babbar.tech/crawler)"
68.65.122.142 - - [18/Sep/2024:16:41:21 -0400] "POST /wp-cron.php?doing_wp_cron=1726692081.5237410068511962890625 HTTP/1.1" 403 1242 "-" "WordPress/6.2.1; https://glenbowcollege.ca"
52.167.144.212 - - [18/Sep/2024:16:41:20 -0400] "GET /cellar9e858/abba2073818.htm HTTP/1.1" 404 14970 "-" "Mozilla/5.0 AppleWebKit/537.36 (KHTML, like Gecko; compatible; bingbot/2.0; +http://www.bing.com/bingbot.htm) Chrome/116.0.1938.76 Safari/537.36"
75.159.158.100 - - [18/Sep/2024:16:38:33 -0400] "GET /wp-content/plugins/pdf-embedder/assets/css/pdfemb-embed-pdf.css?ver=4.6.4 HTTP/1.1" 200 1770 "https://glenbowcollege.ca/certifications-esl/" "Mozilla/5.0 (Windows NT 10.0; Win64; x64) AppleWebKit/537.36 (KHTML, like Gecko) Chrome/128.0.0.0 Safari/537.36"
75.159.158.100 - - [18/Sep/2024:16:38:33 -0400] "GET /wp-content/plugins/pdf-embedder/assets/js/min/all-pdfemb-min.js?ver=6.2.1 HTTP/1.1" 200 7596 "https://glenbowcollege.ca/certifications-esl/" "Mozilla/5.0 (Windows NT 10.0; Win64; x64) AppleWebKit/537.36 (KHTML, like Gecko) Chrome/128.0.0.0 Safari/537.36"
75.159.158.100 - - [18/Sep/2024:16:38:33 -0400] "GET /wp-content/uploads/2024/05/LC-Logo_Colour.png HTTP/1.1" 200 33091 "https://glenbowcollege.ca/certifications-esl/" "Mozilla/5.0 (Windows NT 10.0; Win64; x64) AppleWebKit/537.36 (KHTML, like Gecko) Chrome/128.0.0.0 Safari/537.36"
75.159.158.100 - - [18/Sep/2024:16:38:33 -0400] "GET /wp-content/plugins/pdf-embedder/assets/js/pdfjs/pdf.worker.min.js?ver=4.6.4 HTTP/1.1" 200 211677 "https://glenbowcollege.ca/certifications-esl/" "Mozilla/5.0 (Windows NT 10.0; Win64; x64) AppleWebKit/537.36 (KHTML, like Gecko) Chrome/128.0.0.0 Safari/537.36"
75.159.158.100 - - [18/Sep/2024:16:38:37 -0400] "GET /wp-content/uploads/2024/03/programs2.jpg HTTP/1.1" 200 75999 "https://glenbowcollege.ca/certifications-esl/" "Mozilla/5.0 (Windows NT 10.0; Win64; x64) AppleWebKit/537.36 (KHTML, like Gecko) Chrome/128.0.0.0 Safari/537.36"
217.113.194.159 - - [18/Sep/2024:16:38:38 -0400] "GET /programs/ HTTP/1.1" 200 19671 "-" "Mozilla/5.0 (compatible; Barkrowler/0.9; +https://babbar.tech/crawler)"
217.113.194.161 - - [18/Sep/2024:16:38:57 -0400] "GET /category/news/ HTTP/1.1" 200 18592 "-" "Mozilla/5.0 (compatible; Barkrowler/0.9; +https://babbar.tech/crawler)"
68.65.122.142 - - [18/Sep/2024:16:39:08 -0400] "POST /wp-cron.php?doing_wp_cron=1726691948.5367240905761718750000 HTTP/1.1" 403 1242 "-" "WordPress/6.2.1; https://glenbowcollege.ca"
217.113.194.152 - - [18/Sep/2024:16:39:07 -0400] "GET /page/3/ HTTP/1.1" 200 23140 "-" "Mozilla/5.0 (compatible; Barkrowler/0.9; +https://babbar.tech/crawler)"
217.113.194.160 - - [18/Sep/2024:16:39:17 -0400] "GET /admissions/ HTTP/1.1" 200 20788 "-" "Mozilla/5.0 (compatible; Barkrowler/0.9; +https://babbar.tech/crawler)"
217.113.194.153 - - [18/Sep/2024:16:39:26 -0400] "GET /my-account/ HTTP/1.1" 200 17785 "-" "Mozilla/5.0 (compatible; Barkrowler/0.9; +https://babbar.tech/crawler)"
217.113.194.157 - - [18/Sep/2024:16:39:36 -0400] "GET /certifications/ HTTP/1.1" 200 18978 "-" "Mozilla/5.0 (compatible; Barkrowler/0.9; +https://babbar.tech/crawler)"
217.113.194.158 - - [18/Sep/2024:16:40:05 -0400] "GET /current-student/ HTTP/1.1" 200 23010 "-" "Mozilla/5.0 (compatible; Barkrowler/0.9; +https://babbar.tech/crawler)"
217.113.194.160 - - [18/Sep/2024:16:40:15 -0400] "GET /tag/accounting/ HTTP/1.1" 200 18883 "-" "Mozilla/5.0 (compatible; Barkrowler/0.9; +https://babbar.tech/crawler)"
217.113.194.153 - - [18/Sep/2024:16:40:24 -0400] "GET /tag/management/ HTTP/1.1" 200 18865 "-" "Mozilla/5.0 (compatible; Barkrowler/0.9; +https://babbar.tech/crawler)"
217.113.194.155 - - [18/Sep/2024:16:40:34 -0400] "GET /tag/esl/ HTTP/1.1" 200 18884 "-" "Mozilla/5.0 (compatible; Barkrowler/0.9; +https://babbar.tech/crawler)"
217.113.194.158 - - [18/Sep/2024:16:41:03 -0400] "GET /make-payment/ HTTP/1.1" 200 22089 "-" "Mozilla/5.0 (compatible; Barkrowler/0.9; +https://babbar.tech/crawler)"
217.113.194.157 - - [18/Sep/2024:16:41:32 -0400] "GET /about/contact-us/ HTTP/1.1" 200 20270 "-" "Mozilla/5.0 (compatible; Barkrowler/0.9; +https://babbar.tech/crawler)"
217.113.194.152 - - [18/Sep/2024:16:41:41 -0400] "GET /tag/tesol/ HTTP/1.1" 200 18876 "-" "Mozilla/5.0 (compatible; Barkrowler/0.9; +https://babbar.tech/crawler)"
217.113.194.155 - - [18/Sep/2024:16:41:51 -0400] "GET /about/get-in-touch/ HTTP/1.1" 200 20390 "-" "Mozilla/5.0 (compatible; Barkrowler/0.9; +https://babbar.tech/crawler)"
217.113.194.159 - - [18/Sep/2024:16:42:11 -0400] "GET /certifications-esl/ HTTP/1.1" 200 23329 "-" "Mozilla/5.0 (compatible; Barkrowler/0.9; +https://babbar.tech/crawler)"
68.65.122.142 - - [18/Sep/2024:16:42:21 -0400] "POST /wp-cron.php?doing_wp_cron=1726692141.6952269077301025390625 HTTP/1.1" 403 1242 "-" "WordPress/6.2.1; https://glenbowcollege.ca"
217.113.194.153 - - [18/Sep/2024:16:42:30 -0400] "GET /tag/education-assistant/ HTTP/1.1" 200 18899 "-" "Mozilla/5.0 (compatible; Barkrowler/0.9; +https://babbar.tech/crawler)"
217.113.194.154 - - [18/Sep/2024:16:42:40 -0400] "GET /2020/02/23/blog/ HTTP/1.1" 200 21969 "-" "Mozilla/5.0 (compatible; Barkrowler/0.9; +https://babbar.tech/crawler)"
217.113.194.155 - - [18/Sep/2024:16:42:49 -0400] "GET /certifications/chaplaincy/ HTTP/1.1" 200 20154 "-" "Mozilla/5.0 (compatible; Barkrowler/0.9; +https://babbar.tech/crawler)"
154.54.249.208 - - [18/Sep/2024:16:42:59 -0400] "GET /my-account/lost-password/ HTTP/1.1" 200 17240 "-" "Mozilla/5.0 (compatible; Barkrowler/0.9; +https://babbar.tech/crawler)"
217.113.194.153 - - [18/Sep/2024:16:43:08 -0400] "GET /international/international-programs/ HTTP/1.1" 200 19192 "-" "Mozilla/5.0 (compatible; Barkrowler/0.9; +https://babbar.tech/crawler)"
75.159.158.100 - - [18/Sep/2024:16:43:09 -0400] "GET /certifications/ HTTP/1.1" 200 16703 "https://glenbowcollege.ca/certifications/english-as-a-second-language-esl/" "Mozilla/5.0 (Windows NT 10.0; Win64; x64) AppleWebKit/537.36 (KHTML, like Gecko) Chrome/128.0.0.0 Safari/537.36"
75.159.158.100 - - [18/Sep/2024:16:43:16 -0400] "GET /international/current-international-students/tuition-collection-and-refund-policy/ HTTP/1.1" 200 18513 "https://glenbowcollege.ca/certifications/" "Mozilla/5.0 (Windows NT 10.0; Win64; x64) AppleWebKit/537.36 (KHTML, like Gecko) Chrome/128.0.0.0 Safari/537.36"
68.65.122.142 - - [18/Sep/2024:16:43:25 -0400] "POST /wp-cron.php?doing_wp_cron=1726692205.5905430316925048828125 HTTP/1.1" 403 1242 "-" "WordPress/6.2.1; https://glenbowcollege.ca"
217.113.194.152 - - [18/Sep/2024:16:43:28 -0400] "GET /2020/02/22/career-day/ HTTP/1.1" 200 19393 "-" "Mozilla/5.0 (compatible; Barkrowler/0.9; +https://babbar.tech/crawler)"
217.113.194.161 - - [18/Sep/2024:16:43:37 -0400] "GET /testimonial/daskalos/ HTTP/1.1" 200 19421 "-" "Mozilla/5.0 (compatible; Barkrowler/0.9; +https://babbar.tech/crawler)"
217.113.194.152 - - [18/Sep/2024:16:43:47 -0400] "GET /2020/02/22/potluck/ HTTP/1.1" 200 19370 "-" "Mozilla/5.0 (compatible; Barkrowler/0.9; +https://babbar.tech/crawler)"
217.113.194.154 - - [18/Sep/2024:16:43:57 -0400] "GET /2020/02/21/career-hub/ HTTP/1.1" 200 20066 "-" "Mozilla/5.0 (compatible; Barkrowler/0.9; +https://babbar.tech/crawler)"
217.113.194.161 - - [18/Sep/2024:16:44:06 -0400] "GET /international/current-international-students/ HTTP/1.1" 200 19397 "-" "Mozilla/5.0 (compatible; Barkrowler/0.9; +https://babbar.tech/crawler)"
217.113.194.158 - - [18/Sep/2024:16:44:16 -0400] "GET /international/work-with-pipa/ HTTP/1.1" 200 23739 "-" "Mozilla/5.0 (compatible; Barkrowler/0.9; +https://babbar.tech/crawler)"
68.65.122.142 - - [18/Sep/2024:16:44:27 -0400] "POST /wp-cron.php?doing_wp_cron=1726692267.0126209259033203125000 HTTP/1.1" 403 1242 "-" "WordPress/6.2.1; https://glenbowcollege.ca"
217.113.194.153 - - [18/Sep/2024:16:44:55 -0400] "GET /author/infoglenbowcollege-ca/ HTTP/1.1" 200 19127 "-" "Mozilla/5.0 (compatible; Barkrowler/0.9; +https://babbar.tech/crawler)"
217.113.194.153 - - [18/Sep/2024:16:45:34 -0400] "GET /programs/hospitality-management-diploma-program/ HTTP/1.1" 200 22088 "-" "Mozilla/5.0 (compatible; Barkrowler/0.9; +https://babbar.tech/crawler)"
35.85.38.158 - - [18/Sep/2024:16:45:41 -0400] "GET /martin-x1bish-v8ff-r2mid-x1ms-x1g-v8v HTTP/1.1" 404 16542 "-" "Mozilla/5.0 (Windows NT 6.1; WOW64; rv:50.0) Gecko/20100101 Firefox/50.0"
217.113.194.160 - - [18/Sep/2024:16:46:12 -0400] "GET /certifications/data-analysis-biomedical-health/ HTTP/1.1" 200 21391 "-" "Mozilla/5.0 (compatible; Barkrowler/0.9; +https://babbar.tech/crawler)"
217.113.194.153 - - [18/Sep/2024:16:41:22 -0400] "GET /about/why-us/ HTTP/1.1" 200 20835 "-" "Mozilla/5.0 (compatible; Barkrowler/0.9; +https://babbar.tech/crawler)"
217.113.194.157 - - [18/Sep/2024:16:42:01 -0400] "GET /product/manual-payment/ HTTP/1.1" 200 21653 "-" "Mozilla/5.0 (compatible; Barkrowler/0.9; +https://babbar.tech/crawler)"
217.113.194.158 - - [18/Sep/2024:16:42:20 -0400] "GET /product-category/payment/ HTTP/1.1" 200 19280 "-" "Mozilla/5.0 (compatible; Barkrowler/0.9; +https://babbar.tech/crawler)"
75.159.158.100 - - [18/Sep/2024:16:43:17 -0400] "GET /wp-content/uploads/2020/03/university-students-lecture-e1505749189107-1695x700-1-1536x634.jpg HTTP/1.1" 200 101840 "https://glenbowcollege.ca/international/current-international-students/tuition-collection-and-refund-policy/" "Mozilla/5.0 (Windows NT 10.0; Win64; x64) AppleWebKit/537.36 (KHTML, like Gecko) Chrome/128.0.0.0 Safari/537.36"
217.113.194.153 - - [18/Sep/2024:16:43:18 -0400] "GET /international/international-about/ HTTP/1.1" 200 19874 "-" "Mozilla/5.0 (compatible; Barkrowler/0.9; +https://babbar.tech/crawler)"
75.159.158.100 - - [18/Sep/2024:16:43:24 -0400] "GET /certifications-esl/ HTTP/1.1" 200 20504 "https://glenbowcollege.ca/international/current-international-students/tuition-collection-and-refund-policy/" "Mozilla/5.0 (Windows NT 10.0; Win64; x64) AppleWebKit/537.36 (KHTML, like Gecko) Chrome/128.0.0.0 Safari/537.36"
217.113.194.159 - - [18/Sep/2024:16:44:26 -0400] "GET /international/international-about/apply/ HTTP/1.1" 200 20383 "-" "Mozilla/5.0 (compatible; Barkrowler/0.9; +https://babbar.tech/crawler)"
217.113.194.156 - - [18/Sep/2024:16:44:35 -0400] "GET /programs/education-assistant-diploma/ HTTP/1.1" 200 21500 "-" "Mozilla/5.0 (compatible; Barkrowler/0.9; +https://babbar.tech/crawler)"
154.54.249.208 - - [18/Sep/2024:16:44:45 -0400] "GET /product/manual-payment/?add-to-cart=715 HTTP/1.1" 200 19241 "-" "Mozilla/5.0 (compatible; Barkrowler/0.9; +https://babbar.tech/crawler)"
217.113.194.161 - - [18/Sep/2024:16:45:05 -0400] "GET /2020/02/22/enroll-our-programs/ HTTP/1.1" 200 20406 "-" "Mozilla/5.0 (compatible; Barkrowler/0.9; +https://babbar.tech/crawler)"
217.113.194.153 - - [18/Sep/2024:16:45:14 -0400] "GET /testimonial/strazimiri-yang/ HTTP/1.1" 200 19216 "-" "Mozilla/5.0 (compatible; Barkrowler/0.9; +https://babbar.tech/crawler)"
217.113.194.153 - - [18/Sep/2024:16:45:24 -0400] "GET /programs/medical-office-administration-diploma/ HTTP/1.1" 200 22985 "-" "Mozilla/5.0 (compatible; Barkrowler/0.9; +https://babbar.tech/crawler)"
68.65.122.142 - - [18/Sep/2024:16:45:33 -0400] "POST /wp-cron.php?doing_wp_cron=1726692333.5158629417419433593750 HTTP/1.1" 403 1242 "-" "WordPress/6.2.1; https://glenbowcollege.ca"
52.167.144.212 - - [18/Sep/2024:16:45:32 -0400] "GET /leagues1ab4/aaaefa2811346.htm HTTP/1.1" 404 14961 "-" "Mozilla/5.0 AppleWebKit/537.36 (KHTML, like Gecko; compatible; bingbot/2.0; +http://www.bing.com/bingbot.htm) Chrome/116.0.1938.76 Safari/537.36"
154.54.249.208 - - [18/Sep/2024:16:45:43 -0400] "GET /programs/administrative-assistant-diploma/ HTTP/1.1" 200 23392 "-" "Mozilla/5.0 (compatible; Barkrowler/0.9; +https://babbar.tech/crawler)"
217.113.194.160 - - [18/Sep/2024:16:45:53 -0400] "GET /international/prospective-international-students/ HTTP/1.1" 200 19171 "-" "Mozilla/5.0 (compatible; Barkrowler/0.9; +https://babbar.tech/crawler)"
217.113.194.154 - - [18/Sep/2024:16:46:03 -0400] "GET /testimonial/mirgul-shamshieva/ HTTP/1.1" 200 19380 "-" "Mozilla/5.0 (compatible; Barkrowler/0.9; +https://babbar.tech/crawler)"
217.113.194.161 - - [18/Sep/2024:16:46:22 -0400] "GET /international/current-international-students/student-resources/ HTTP/1.1" 200 21956 "-" "Mozilla/5.0 (compatible; Barkrowler/0.9; +https://babbar.tech/crawler)"
217.113.194.154 - - [18/Sep/2024:16:46:51 -0400] "GET /international/international-about/world-class-education/ HTTP/1.1" 200 19655 "-" "Mozilla/5.0 (compatible; Barkrowler/0.9; +https://babbar.tech/crawler)"
217.113.194.154 - - [18/Sep/2024:16:46:32 -0400] "GET /international/international-about/why-choose-gc/ HTTP/1.1" 200 19676 "-" "Mozilla/5.0 (compatible; Barkrowler/0.9; +https://babbar.tech/crawler)"
68.65.122.142 - - [18/Sep/2024:16:46:42 -0400] "POST /wp-cron.php?doing_wp_cron=1726692402.8040430545806884765625 HTTP/1.1" 403 1242 "-" "WordPress/6.2.1; https://glenbowcollege.ca"
217.113.194.153 - - [18/Sep/2024:16:46:41 -0400] "GET /international/current-international-students/academic-policies/ HTTP/1.1" 200 25154 "-" "Mozilla/5.0 (compatible; Barkrowler/0.9; +https://babbar.tech/crawler)"
217.113.194.161 - - [18/Sep/2024:16:47:10 -0400] "GET /2021/06/24/dyslexia-awareness-conference/ HTTP/1.1" 404 16550 "-" "Mozilla/5.0 (compatible; Barkrowler/0.9; +https://babbar.tech/crawler)"
217.113.194.157 - - [18/Sep/2024:16:47:20 -0400] "GET /programs/computerized-accounting-and-payroll-diploma/ HTTP/1.1" 200 21509 "-" "Mozilla/5.0 (compatible; Barkrowler/0.9; +https://babbar.tech/crawler)"
154.54.249.208 - - [18/Sep/2024:16:47:30 -0400] "GET /about/glenbow-college-covid-19-questionnaire/ HTTP/1.1" 200 23687 "-" "Mozilla/5.0 (compatible; Barkrowler/0.9; +https://babbar.tech/crawler)"
217.113.194.153 - - [18/Sep/2024:16:47:39 -0400] "GET /international/prospective-international-students/how-to-apply/ HTTP/1.1" 200 20730 "-" "Mozilla/5.0 (compatible; Barkrowler/0.9; +https://babbar.tech/crawler)"
68.65.122.142 - - [18/Sep/2024:16:47:50 -0400] "POST /wp-cron.php?doing_wp_cron=1726692470.2825059890747070312500 HTTP/1.1" 403 1242 "-" "WordPress/6.2.1; https://glenbowcollege.ca"
217.113.194.158 - - [18/Sep/2024:16:48:08 -0400] "GET /international/prospective-international-students/admission-requirements/ HTTP/1.1" 200 19800 "-" "Mozilla/5.0 (compatible; Barkrowler/0.9; +https://babbar.tech/crawler)"
217.113.194.153 - - [18/Sep/2024:16:48:18 -0400] "GET /international/international-programs/hospitality-management-diploma-program/ HTTP/1.1" 200 22119 "-" "Mozilla/5.0 (compatible; Barkrowler/0.9; +https://babbar.tech/crawler)"
217.113.194.157 - - [18/Sep/2024:16:48:28 -0400] "GET /international/international-programs/education-assistant-diploma-program/ HTTP/1.1" 200 20003 "-" "Mozilla/5.0 (compatible; Barkrowler/0.9; +https://babbar.tech/crawler)"
217.113.194.161 - - [18/Sep/2024:16:48:37 -0400] "GET /international/current-international-students/tuition-collection-and-refund-policy/ HTTP/1.1" 200 21146 "-" "Mozilla/5.0 (compatible; Barkrowler/0.9; +https://babbar.tech/crawler)"
68.65.122.142 - - [18/Sep/2024:16:48:58 -0400] "POST /wp-cron.php?doing_wp_cron=1726692538.2649049758911132812500 HTTP/1.1" 403 1242 "-" "WordPress/6.2.1; https://glenbowcollege.ca"
217.113.194.160 - - [18/Sep/2024:16:48:57 -0400] "GET /international/international-programs/medical-office-administration-diploma-program/ HTTP/1.1" 200 20432 "-" "Mozilla/5.0 (compatible; Barkrowler/0.9; +https://babbar.tech/crawler)"
217.113.194.154 - - [18/Sep/2024:16:49:16 -0400] "GET /international/prospective-international-students/tuition-fees-and-financials/ HTTP/1.1" 200 20114 "-" "Mozilla/5.0 (compatible; Barkrowler/0.9; +https://babbar.tech/crawler)"
217.113.194.158 - - [18/Sep/2024:16:49:26 -0400] "GET /international/prospective-international-students/studying-in-canada/ HTTP/1.1" 200 22730 "-" "Mozilla/5.0 (compatible; Barkrowler/0.9; +https://babbar.tech/crawler)"
217.113.194.161 - - [18/Sep/2024:16:49:35 -0400] "GET /international/international-programs/computerized-accounting-payroll-diploma-program/ HTTP/1.1" 200 19965 "-" "Mozilla/5.0 (compatible; Barkrowler/0.9; +https://babbar.tech/crawler)"
217.113.194.161 - - [18/Sep/2024:16:47:01 -0400] "GET /certifications/english-as-a-second-language-esl/ HTTP/1.1" 200 22206 "-" "Mozilla/5.0 (compatible; Barkrowler/0.9; +https://babbar.tech/crawler)"
217.113.194.155 - - [18/Sep/2024:16:47:49 -0400] "GET /international/current-international-students/dispute-resolution-policy/ HTTP/1.1" 200 21693 "-" "Mozilla/5.0 (compatible; Barkrowler/0.9; +https://babbar.tech/crawler)"
217.113.194.161 - - [18/Sep/2024:16:47:59 -0400] "GET /certifications/teaching-english-to-speakers-of-other-languages/ HTTP/1.1" 200 20934 "-" "Mozilla/5.0 (compatible; Barkrowler/0.9; +https://babbar.tech/crawler)"
217.113.194.156 - - [18/Sep/2024:16:48:47 -0400] "GET /international/international-programs/administrative-professional-diploma-program/ HTTP/1.1" 200 20614 "-" "Mozilla/5.0 (compatible; Barkrowler/0.9; +https://babbar.tech/crawler)"
217.113.194.152 - - [18/Sep/2024:16:49:07 -0400] "GET /international/prospective-international-students/application-processing-time/ HTTP/1.1" 200 19267 "-" "Mozilla/5.0 (compatible; Barkrowler/0.9; +https://babbar.tech/crawler)"
66.249.79.200 - - [18/Sep/2024:17:01:17 -0400] "GET /programs/course/chaplaincy/ HTTP/1.1" 301 0 "-" "Mozilla/5.0 (Linux; Android 6.0.1; Nexus 5X Build/MMB29P) AppleWebKit/537.36 (KHTML, like Gecko) Chrome/128.0.6613.137 Mobile Safari/537.36 (compatible; Googlebot/2.1; +http://www.google.com/bot.html)"
66.249.68.38 - - [18/Sep/2024:17:01:24 -0400] "GET /rusesezy.xml HTTP/1.1" 404 14971 "-" "Mozilla/5.0 (compatible; Googlebot/2.1; +http://www.google.com/bot.html)"
68.65.122.142 - - [18/Sep/2024:17:04:59 -0400] "POST /wp-cron.php?doing_wp_cron=1726693499.4943959712982177734375 HTTP/1.1" 403 1242 "-" "WordPress/6.2.1; https://glenbowcollege.ca"
68.65.122.142 - - [18/Sep/2024:17:06:03 -0400] "POST /wp-cron.php?doing_wp_cron=1726693563.0718090534210205078125 HTTP/1.1" 403 1242 "-" "WordPress/6.2.1; https://glenbowcollege.ca"
52.167.144.166 - - [18/Sep/2024:17:06:02 -0400] "GET /documenting42/ HTTP/1.1" 404 14964 "-" "Mozilla/5.0 AppleWebKit/537.36 (KHTML, like Gecko; compatible; bingbot/2.0; +http://www.bing.com/bingbot.htm) Chrome/116.0.1938.76 Safari/537.36"
66.249.68.38 - - [18/Sep/2024:17:06:46 -0400] "GET /wp-content/plugins/coblocks/dist/js/coblocks-tinyswiper-initializer.js?ver=3.1.5 HTTP/1.1" 200 6831 "https://glenbowcollege.ca/certifications/chaplaincy/" "Mozilla/5.0 (Linux; Android 6.0.1; Nexus 5X Build/MMB29P) AppleWebKit/537.36 (KHTML, like Gecko) Chrome/128.0.6613.113 Mobile Safari/537.36 (compatible; Googlebot/2.1; +http://www.google.com/bot.html)"
66.249.68.38 - - [18/Sep/2024:17:06:46 -0400] "GET /wp-content/plugins/coblocks/dist/style-coblocks-extensions.css?ver=3.1.5 HTTP/1.1" 200 304 "https://glenbowcollege.ca/certifications/chaplaincy/" "Mozilla/5.0 (Linux; Android 6.0.1; Nexus 5X Build/MMB29P) AppleWebKit/537.36 (KHTML, like Gecko) Chrome/128.0.6613.113 Mobile Safari/537.36 (compatible; Googlebot/2.1; +http://www.google.com/bot.html)"
40.77.167.79 - - [18/Sep/2024:17:04:58 -0400] "GET /certifications/teaching-english-to-speakers-of-other-languages/ HTTP/1.1" 200 18436 "-" "Mozilla/5.0 AppleWebKit/537.36 (KHTML, like Gecko; compatible; bingbot/2.0; +http://www.bing.com/bingbot.htm) Chrome/116.0.1938.76 Safari/537.36"
68.65.122.142 - - [18/Sep/2024:17:08:19 -0400] "POST /wp-cron.php?doing_wp_cron=1726693699.3193259239196777343750 HTTP/1.1" 403 1242 "-" "WordPress/6.2.1; https://glenbowcollege.ca"
47.128.47.39 - - [18/Sep/2024:17:08:18 -0400] "GET /programs/computerized-accounting-and-payroll-diploma/ HTTP/1.1" 200 18941 "-" "Mozilla/5.0 (compatible; Bytespider; spider-feedback@bytedance.com) AppleWebKit/537.36 (KHTML, like Gecko) Chrome/70.0.0.0 Safari/537.36"
47.128.47.39 - - [18/Sep/2024:17:08:20 -0400] "GET /wp-content/plugins/coblocks/includes/Dependencies/GoDaddy/Styles/build/latest.css?ver=2.0.2 HTTP/1.1" 200 1313 "https://glenbowcollege.ca/programs/computerized-accounting-and-payroll-diploma/" "Mozilla/5.0 (compatible; Bytespider; spider-feedback@bytedance.com) AppleWebKit/537.36 (KHTML, like Gecko) Chrome/70.0.0.0 Safari/537.36"
5.161.75.173 - - [18/Sep/2024:17:08:47 -0400] "POST /wp-load.php?210dfe=52232 HTTP/1.1" 403 1242 "-" "Mozilla/5.0 (Windows NT 10.0; Win64; x64) AppleWebKit/537.36 (KHTML, like Gecko) Chrome/104.0.5112.97 Safari/537.36"
66.249.68.32 - - [18/Sep/2024:17:13:53 -0400] "GET /checkout/ HTTP/1.1" 302 0 "-" "Mozilla/5.0 (Linux; Android 6.0.1; Nexus 5X Build/MMB29P) AppleWebKit/537.36 (KHTML, like Gecko) Chrome/128.0.6613.137 Mobile Safari/537.36 (compatible; Googlebot/2.1; +http://www.google.com/bot.html)"
40.77.167.33 - - [18/Sep/2024:17:15:44 -0400] "GET /politicianrnxqslqf570967.html HTTP/1.1" 404 14967 "-" "Mozilla/5.0 AppleWebKit/537.36 (KHTML, like Gecko; compatible; bingbot/2.0; +http://www.bing.com/bingbot.htm) Chrome/116.0.1938.76 Safari/537.36"
47.128.47.39 - - [18/Sep/2024:17:08:20 -0400] "GET /wp-content/uploads/2020/02/accounting-600x350.jpg HTTP/1.1" 206 500 "https://glenbowcollege.ca/programs/computerized-accounting-and-payroll-diploma/" "Mozilla/5.0 (compatible; Bytespider; spider-feedback@bytedance.com) AppleWebKit/537.36 (KHTML, like Gecko) Chrome/70.0.0.0 Safari/537.36"
114.119.138.59 - - [18/Sep/2024:17:08:57 -0400] "GET /wp-includes/js/tinymce/plugins/lists/plugin.min.js HTTP/1.1" 200 11779 "https://glenbowcollege.ca/wp-includes/js/tinymce/plugins/lists/" "Mozilla/5.0 (Linux; Android 7.0;) AppleWebKit/537.36 (KHTML, like Gecko) Mobile Safari/537.36 (compatible; PetalBot;+https://webmaster.petalsearch.com/site/petalbot)"
68.65.122.142 - - [18/Sep/2024:17:13:54 -0400] "POST /wp-cron.php?doing_wp_cron=1726694034.9165310859680175781250 HTTP/1.1" 403 1242 "-" "WordPress/6.2.1; https://glenbowcollege.ca"
68.65.122.142 - - [18/Sep/2024:17:15:45 -0400] "POST /wp-cron.php?doing_wp_cron=1726694145.4369399547576904296875 HTTP/1.1" 403 1242 "-" "WordPress/6.2.1; https://glenbowcollege.ca"
35.85.147.107 - - [18/Sep/2024:17:28:16 -0400] "GET /abalasus-r2beebehealth-x2are-x1-v8rg HTTP/1.1" 404 16552 "-" "Mozilla/5.0 (Macintosh; PPC Mac OS X 10.11; rv:50.0) Gecko/20100101 Firefox/50.0"
52.167.144.174 - - [18/Sep/2024:17:42:11 -0400] "GET /hydraulic12/ HTTP/1.1" 404 14983 "-" "Mozilla/5.0 AppleWebKit/537.36 (KHTML, like Gecko; compatible; bingbot/2.0; +http://www.bing.com/bingbot.htm) Chrome/116.0.1938.76 Safari/537.36"
68.65.122.142 - - [18/Sep/2024:17:42:12 -0400] "POST /wp-cron.php?doing_wp_cron=1726695732.5956640243530273437500 HTTP/1.1" 403 1242 "-" "WordPress/6.2.1; https://glenbowcollege.ca"
35.87.27.21 - - [18/Sep/2024:17:42:39 -0400] "GET /kyla-x1marshall-r2mid-x1ms-x1g-v8v HTTP/1.1" 404 16549 "-" "Mozilla/5.0 (X11; Linux i686 on x86_64; rv:49.0) Gecko/20100101 Firefox/49.0"
68.65.122.142 - - [18/Sep/2024:17:43:34 -0400] "POST /wp-cron.php?doing_wp_cron=1726695814.0032761096954345703125 HTTP/1.1" 403 1242 "-" "WordPress/6.2.1; https://glenbowcollege.ca"
68.65.122.142 - - [18/Sep/2024:17:45:49 -0400] "POST /wp-cron.php?doing_wp_cron=1726695949.6268010139465332031250 HTTP/1.1" 403 1242 "-" "WordPress/6.2.1; https://glenbowcollege.ca"
51.222.253.8 - - [18/Sep/2024:17:45:48 -0400] "GET /2024/08/21/newcomers-career-journey/ HTTP/1.1" 200 17321 "-" "Mozilla/5.0 (compatible; AhrefsBot/7.0; +http://ahrefs.com/robot/)"
209.38.110.1 - - [18/Sep/2024:17:46:12 -0400] "GET /international/prospective-international-students/ HTTP/1.1" 200 19173 "-" "Mozilla/5.0 (Macintosh; Intel Mac OS X 10_15_7) AppleWebKit/537.36 (KHTML, like Gecko) Chrome/124.0.0.0 Safari/537.36"
128.199.12.145 - - [18/Sep/2024:17:49:50 -0400] "GET /international/ HTTP/1.1" 200 19769 "-" "Mozilla/5.0 (Windows NT 10.0; Win64; x64) AppleWebKit/537.36 (KHTML, like Gecko) Chrome/124.0.0.0 Safari/537.36"
52.167.144.191 - - [18/Sep/2024:17:57:50 -0400] "GET /about/contact-us/ HTTP/1.1" 200 18169 "-" "Mozilla/5.0 AppleWebKit/537.36 (KHTML, like Gecko; compatible; bingbot/2.0; +http://www.bing.com/bingbot.htm) Chrome/116.0.1938.76 Safari/537.36"
114.119.145.134 - - [18/Sep/2024:17:58:08 -0400] "GET /robots.txt HTTP/1.1" 200 242 "-" "Mozilla/5.0 (compatible;PetalBot;+https://webmaster.petalsearch.com/site/petalbot)"
68.65.122.142 - - [18/Sep/2024:17:58:43 -0400] "POST /wp-cron.php?doing_wp_cron=1726696723.0854530334472656250000 HTTP/1.1" 403 1242 "-" "WordPress/6.2.1; https://glenbowcollege.ca"
52.167.144.168 - - [18/Sep/2024:17:43:33 -0400] "GET /bolton0a8a/aadbac2310366.htm HTTP/1.1" 404 14992 "-" "Mozilla/5.0 AppleWebKit/537.36 (KHTML, like Gecko; compatible; bingbot/2.0; +http://www.bing.com/bingbot.htm) Chrome/116.0.1938.76 Safari/537.36"
68.65.122.142 - - [18/Sep/2024:17:47:17 -0400] "POST /wp-cron.php?doing_wp_cron=1726696037.6035149097442626953125 HTTP/1.1" 403 1242 "-" "WordPress/6.2.1; https://glenbowcollege.ca"
40.77.167.76 - - [18/Sep/2024:17:47:16 -0400] "GET /privacy-policy/ HTTP/1.1" 200 17930 "-" "Mozilla/5.0 AppleWebKit/537.36 (KHTML, like Gecko; compatible; bingbot/2.0; +http://www.bing.com/bingbot.htm) Chrome/116.0.1938.76 Safari/537.36"
68.65.122.142 - - [18/Sep/2024:17:56:52 -0400] "POST /wp-cron.php?doing_wp_cron=1726696612.4110999107360839843750 HTTP/1.1" 403 1242 "-" "WordPress/6.2.1; https://glenbowcollege.ca"
40.77.167.76 - - [18/Sep/2024:17:56:51 -0400] "GET /international/international-programs/administrative-professional-diploma-program/ HTTP/1.1" 200 18082 "-" "Mozilla/5.0 AppleWebKit/537.36 (KHTML, like Gecko; compatible; bingbot/2.0; +http://www.bing.com/bingbot.htm) Chrome/116.0.1938.76 Safari/537.36"
52.167.144.18 - - [18/Sep/2024:17:58:42 -0400] "GET /assembled2/ HTTP/1.1" 301 0 "-" "Mozilla/5.0 AppleWebKit/537.36 (KHTML, like Gecko; compatible; bingbot/2.0; +http://www.bing.com/bingbot.htm) Chrome/116.0.1938.76 Safari/537.36"
68.65.122.142 - - [18/Sep/2024:18:06:54 -0400] "POST /wp-cron.php?doing_wp_cron=1726697214.6703460216522216796875 HTTP/1.1" 403 1242 "-" "WordPress/6.2.1; https://glenbowcollege.ca"
52.167.144.191 - - [18/Sep/2024:18:06:53 -0400] "GET / HTTP/1.1" 200 20457 "-" "Mozilla/5.0 AppleWebKit/537.36 (KHTML, like Gecko; compatible; bingbot/2.0; +http://www.bing.com/bingbot.htm) Chrome/116.0.1938.76 Safari/537.36"
68.65.122.142 - - [18/Sep/2024:18:15:56 -0400] "POST /?wordfence_syncAttackData=1726697756.3981 HTTP/1.1" 200 0 "-" "WordPress/6.2.1; https://glenbowcollege.ca"
178.128.145.226 - - [18/Sep/2024:18:08:57 -0400] "POST /wp-load.php?d2c3c2=19475 HTTP/1.1" 403 1242 "-" "Mozilla/5.0 (Windows NT 10.0; Win64; x64) AppleWebKit/537.36 (KHTML, like Gecko) Chrome/104.0.5112.97 Safari/537.36"
172.245.168.36 - - [18/Sep/2024:18:09:04 -0400] "POST /index.php/wp-json/litespeed/v1/cdn_status HTTP/1.1" 403 6990 "https://glenbowcollege.ca/wp-admin/update.php?action=upload-plugin" "Mozilla/5.0 (Windows NT 10.0; Win64; x64; rv:128.0) Gecko/20100101 Firefox/128.0"
35.93.155.142 - - [18/Sep/2024:18:15:57 -0400] "GET /mevile-r2team-x2enturi-v8n-x1-x2-v8m HTTP/1.1" 404 16551 "-" "Mozilla/5.0 (X11; Linux x86_64; rv:52.0) Gecko/20100101 Firefox/52.0"
52.167.144.174 - - [18/Sep/2024:18:20:57 -0400] "GET /stokec0f44/cbf475177.htm HTTP/1.1" 404 14972 "-" "Mozilla/5.0 AppleWebKit/537.36 (KHTML, like Gecko; compatible; bingbot/2.0; +http://www.bing.com/bingbot.htm) Chrome/116.0.1938.76 Safari/537.36"
37.139.53.25 - - [18/Sep/2024:18:29:15 -0400] "GET /comment/?success&formid=1 HTTP/1.0" 200 84988 "https://glenbowcollege.ca/comment/?success&formid=1" "Mozilla/5.0 (Windows NT 10.0; Win64; x64) AppleWebKit/537.36 (KHTML, like Gecko) Chrome/121.0.0.0 Safari/537.36"
37.139.53.25 - - [18/Sep/2024:18:29:20 -0400] "POST /comment/ HTTP/1.0" 302 0 "https://glenbowcollege.ca/comment/" "Mozilla/5.0 (Windows NT 10.0; Win64; x64) AppleWebKit/537.36 (KHTML, like Gecko) Chrome/121.0.0.0 Safari/537.36"
68.65.122.142 - - [18/Sep/2024:18:20:58 -0400] "POST /wp-cron.php?doing_wp_cron=1726698058.7919759750366210937500 HTTP/1.1" 403 1242 "-" "WordPress/6.2.1; https://glenbowcollege.ca"
68.65.122.142 - - [18/Sep/2024:18:28:54 -0400] "POST /wp-cron.php?doing_wp_cron=1726698534.1098630428314208984375 HTTP/1.1" 403 1242 "-" "WordPress/6.2.1; https://glenbowcollege.ca"
40.77.167.243 - - [18/Sep/2024:18:28:53 -0400] "GET /blogosphere86/cec2759821.htm HTTP/1.1" 404 14973 "-" "Mozilla/5.0 AppleWebKit/537.36 (KHTML, like Gecko; compatible; bingbot/2.0; +http://www.bing.com/bingbot.htm) Chrome/116.0.1938.76 Safari/537.36"
37.139.53.25 - - [18/Sep/2024:18:29:18 -0400] "GET /comment/ HTTP/1.0" 200 95477 "https://glenbowcollege.ca/comment/" "Mozilla/5.0 (Windows NT 10.0; Win64; x64) AppleWebKit/537.36 (KHTML, like Gecko) Chrome/121.0.0.0 Safari/537.36"
37.139.53.25 - - [18/Sep/2024:18:29:22 -0400] "GET /comment/?success&formid=1 HTTP/1.0" 200 84963 "https://glenbowcollege.ca/?success&formid=1" "Mozilla/5.0 (Windows NT 10.0; Win64; x64) AppleWebKit/537.36 (KHTML, like Gecko) Chrome/121.0.0.0 Safari/537.36"
114.119.138.59 - - [18/Sep/2024:18:37:57 -0400] "GET /wp-includes/css/dist/components/style.css HTTP/1.1" 200 16484 "https://glenbowcollege.ca/wp-includes/css/dist/components/" "Mozilla/5.0 (Linux; Android 7.0;) AppleWebKit/537.36 (KHTML, like Gecko) Mobile Safari/537.36 (compatible; PetalBot;+https://webmaster.petalsearch.com/site/petalbot)"
68.65.122.142 - - [18/Sep/2024:18:42:33 -0400] "POST /wp-cron.php?doing_wp_cron=1726699353.2141370773315429687500 HTTP/1.1" 403 1242 "-" "WordPress/6.2.1; https://glenbowcollege.ca"
