47.128.119.169 - - [18/Sep/2024:18:44:31 -0400] "GET /robots.txt HTTP/1.1" 200 242 "-" "Mozilla/5.0 (Linux; Android 5.0) AppleWebKit/537.36 (KHTML, like Gecko) Mobile Safari/537.36 (compatible; Bytespider; spider-feedback@bytedance.com)"
66.249.79.198 - - [18/Sep/2024:18:47:39 -0400] "GET /courses/chaplaincy/ HTTP/1.1" 301 0 "-" "Mozilla/5.0 (Linux; Android 6.0.1; Nexus 5X Build/MMB29P) AppleWebKit/537.36 (KHTML, like Gecko) Chrome/128.0.6613.137 Mobile Safari/537.36 (compatible; Googlebot/2.1; +http://www.google.com/bot.html)"
68.65.122.142 - - [18/Sep/2024:18:49:15 -0400] "POST /wp-cron.php?doing_wp_cron=1726699755.6470649242401123046875 HTTP/1.1" 403 1242 "-" "WordPress/6.2.1; https://glenbowcollege.ca"
66.249.79.196 - - [18/Sep/2024:18:49:14 -0400] "GET /programs/course/chaplaincy/ HTTP/1.1" 301 0 "-" "Mozilla/5.0 (Linux; Android 6.0.1; Nexus 5X Build/MMB29P) AppleWebKit/537.36 (KHTML, like Gecko) Chrome/128.0.6613.137 Mobile Safari/537.36 (compatible; Googlebot/2.1; +http://www.google.com/bot.html)"
40.77.167.144 - - [18/Sep/2024:18:42:32 -0400] "GET /programs/education-assistant-diploma HTTP/1.1" 301 0 "-" "Mozilla/5.0 AppleWebKit/537.36 (KHTML, like Gecko; compatible; bingbot/2.0; +http://www.bing.com/bingbot.htm) Chrome/116.0.1938.76 Safari/537.36"
40.77.167.144 - - [18/Sep/2024:18:42:34 -0400] "GET /programs/education-assistant-diploma/ HTTP/1.1" 200 18933 "-" "Mozilla/5.0 AppleWebKit/537.36 (KHTML, like Gecko; compatible; bingbot/2.0; +http://www.bing.com/bingbot.htm) Chrome/116.0.1938.76 Safari/537.36"
68.65.122.142 - - [18/Sep/2024:18:47:40 -0400] "POST /wp-cron.php?doing_wp_cron=1726699660.9002690315246582031250 HTTP/1.1" 403 1242 "-" "WordPress/6.2.1; https://glenbowcollege.ca"
47.128.120.235 - - [18/Sep/2024:18:48:30 -0400] "GET /programs/education-assistant-diploma/ HTTP/1.1" 200 18932 "-" "Mozilla/5.0 (compatible; Bytespider; spider-feedback@bytedance.com) AppleWebKit/537.36 (KHTML, like Gecko) Chrome/70.0.0.0 Safari/537.36"
47.128.120.235 - - [18/Sep/2024:18:48:32 -0400] "GET /wp-content/uploads/2020/02/education_asistan.jpg HTTP/1.1" 206 500 "https://glenbowcollege.ca/programs/education-assistant-diploma/" "Mozilla/5.0 (compatible; Bytespider; spider-feedback@bytedance.com) AppleWebKit/537.36 (KHTML, like Gecko) Chrome/70.0.0.0 Safari/537.36"
135.181.213.220 - - [18/Sep/2024:18:55:15 -0400] "GET /robots.txt HTTP/1.1" 200 841 "-" "Mozilla/5.0 (compatible; MJ12bot/v1.4.8; http://mj12bot.com/)"
68.65.122.142 - - [18/Sep/2024:18:57:49 -0400] "POST /wp-cron.php?doing_wp_cron=1726700269.3657419681549072265625 HTTP/1.1" 403 1242 "-" "WordPress/6.2.1; https://glenbowcollege.ca"
195.2.76.183 - - [18/Sep/2024:18:58:03 -0400] "GET /2020/02/23/blog/ HTTP/1.0" 200 83396 "https://glenbowcollege.ca/2020/02/23/blog/" "Mozilla/5.0 (Windows NT 10.0; Win64; x64) AppleWebKit/537.36 (KHTML, like Gecko) Chrome/120.0.6099.71 Safari/537.36"
195.2.76.183 - - [18/Sep/2024:18:58:24 -0400] "POST /comment/ HTTP/1.0" 302 0 "https://glenbowcollege.ca/comment/" "Mozilla/5.0 (Windows NT 10.0; Win64; x64) AppleWebKit/537.36 (KHTML, like Gecko) Chrome/120.0.6099.71 Safari/537.36"
66.249.79.197 - - [18/Sep/2024:19:02:54 -0400] "GET /programs/english-as-a-second-language/ HTTP/1.1" 301 0 "-" "Mozilla/5.0 (Linux; Android 6.0.1; Nexus 5X Build/MMB29P) AppleWebKit/537.36 (KHTML, like Gecko) Chrome/128.0.6613.137 Mobile Safari/537.36 (compatible; Googlebot/2.1; +http://www.google.com/bot.html)"
68.65.122.142 - - [18/Sep/2024:19:05:38 -0400] "POST /wp-cron.php?doing_wp_cron=1726700738.9229578971862792968750 HTTP/1.1" 403 1242 "-" "WordPress/6.2.1; https://glenbowcollege.ca"
52.53.248.104 - - [18/Sep/2024:19:05:37 -0400] "GET /jip HTTP/1.1" 404 60068 "-" "Mozilla/5.0 (Macintosh; Intel Mac OS X 10_10_5) AppleWebKit/537.36 (KHTML, like Gecko) Chrome/52.0.2743.116 Safari/537.36"
135.181.213.220 - - [18/Sep/2024:18:57:15 -0400] "GET /wp-content/uploads/2020/06/Application-citizenship-51-%E2%80%93-CIT-0002.ca_.pdf HTTP/1.1" 200 1906994 "-" "Mozilla/5.0 (compatible; MJ12bot/v1.4.8; http://mj12bot.com/)"
195.2.76.183 - - [18/Sep/2024:18:57:48 -0400] "GET /comment/?success&formid=1 HTTP/1.0" 200 84988 "https://glenbowcollege.ca/comment/?success&formid=1" "Mozilla/5.0 (Windows NT 10.0; Win64; x64) AppleWebKit/537.36 (KHTML, like Gecko) Chrome/120.0.6099.71 Safari/537.36"
195.2.76.183 - - [18/Sep/2024:18:58:19 -0400] "GET /category/blog/ HTTP/1.0" 200 70461 "https://glenbowcollege.ca/category/blog/" "Mozilla/5.0 (Windows NT 10.0; Win64; x64) AppleWebKit/537.36 (KHTML, like Gecko) Chrome/120.0.6099.71 Safari/537.36"
195.2.76.183 - - [18/Sep/2024:18:58:22 -0400] "GET /comment/ HTTP/1.0" 200 95482 "https://glenbowcollege.ca/comment/" "Mozilla/5.0 (Windows NT 10.0; Win64; x64) AppleWebKit/537.36 (KHTML, like Gecko) Chrome/120.0.6099.71 Safari/537.36"
195.2.76.183 - - [18/Sep/2024:18:58:26 -0400] "GET /comment/?success&formid=1 HTTP/1.0" 200 84963 "https://glenbowcollege.ca/?success&formid=1" "Mozilla/5.0 (Windows NT 10.0; Win64; x64) AppleWebKit/537.36 (KHTML, like Gecko) Chrome/120.0.6099.71 Safari/537.36"
68.65.122.142 - - [18/Sep/2024:19:02:55 -0400] "POST /wp-cron.php?doing_wp_cron=1726700575.9197349548339843750000 HTTP/1.1" 403 1242 "-" "WordPress/6.2.1; https://glenbowcollege.ca"
66.249.68.38 - - [18/Sep/2024:19:02:56 -0400] "GET /certifications/english-as-a-second-language-esl/ HTTP/1.1" 200 19687 "-" "Mozilla/5.0 (Linux; Android 6.0.1; Nexus 5X Build/MMB29P) AppleWebKit/537.36 (KHTML, like Gecko) Chrome/128.0.6613.137 Mobile Safari/537.36 (compatible; Googlebot/2.1; +http://www.google.com/bot.html)"
68.65.122.142 - - [18/Sep/2024:19:05:38 -0400] "POST /wp-cron.php?doing_wp_cron=1726700738.9283959865570068359375 HTTP/1.1" 403 1242 "-" "WordPress/6.2.1; https://glenbowcollege.ca"
52.53.248.104 - - [18/Sep/2024:19:05:37 -0400] "GET /martin-x1bish-v8ff-r2mid-x1ms-x1g-v8v HTTP/1.1" 404 60073 "-" "Mozilla/5.0 (Macintosh; Intel Mac OS X 10_10_5) AppleWebKit/537.36 (KHTML, like Gecko) Chrome/52.0.2743.116 Safari/537.36"
68.65.122.142 - - [18/Sep/2024:19:09:22 -0400] "POST /wp-cron.php?doing_wp_cron=1726700962.4160270690917968750000 HTTP/1.1" 403 1242 "-" "WordPress/6.2.1; https://glenbowcollege.ca"
52.167.144.166 - - [18/Sep/2024:19:09:21 -0400] "GET /international/current-international-students/dispute-resolution-policy/ HTTP/1.1" 200 19034 "-" "Mozilla/5.0 AppleWebKit/537.36 (KHTML, like Gecko; compatible; bingbot/2.0; +http://www.bing.com/bingbot.htm) Chrome/116.0.1938.76 Safari/537.36"
68.65.122.142 - - [18/Sep/2024:19:12:53 -0400] "POST /wp-cron.php?doing_wp_cron=1726701173.2205998897552490234375 HTTP/1.1" 403 1242 "-" "WordPress/6.2.1; https://glenbowcollege.ca"
66.249.79.196 - - [18/Sep/2024:19:13:14 -0400] "GET /courses/english-as-a-second-language-esl/ HTTP/1.1" 301 0 "-" "Mozilla/5.0 (Linux; Android 6.0.1; Nexus 5X Build/MMB29P) AppleWebKit/537.36 (KHTML, like Gecko) Chrome/128.0.6613.137 Mobile Safari/537.36 (compatible; Googlebot/2.1; +http://www.google.com/bot.html)"
5.161.226.151 - - [18/Sep/2024:19:09:07 -0400] "POST /wp-load.php?673028=25871 HTTP/1.1" 403 1242 "-" "Mozilla/5.0 (Windows NT 10.0; Win64; x64) AppleWebKit/537.36 (KHTML, like Gecko) Chrome/104.0.5112.97 Safari/537.36"
66.249.68.39 - - [18/Sep/2024:19:12:52 -0400] "GET /programs/english-as-a-second-language/ HTTP/1.1" 301 0 "-" "Mozilla/5.0 (Linux; Android 6.0.1; Nexus 5X Build/MMB29P) AppleWebKit/537.36 (KHTML, like Gecko) Chrome/128.0.6613.137 Mobile Safari/537.36 (compatible; Googlebot/2.1; +http://www.google.com/bot.html)"
35.85.38.158 - - [18/Sep/2024:19:21:26 -0400] "GET /asang-r2mg-x2-x1ms-x1g-v8v HTTP/1.1" 404 16551 "-" "Mozilla/5.0 (Macintosh; PPC Mac OS X 10.11; rv:51.0) Gecko/20100101 Firefox/51.0"
193.84.50.150 - - [18/Sep/2024:19:22:23 -0400] "GET /comment/?success&formid=1 HTTP/1.0" 200 84983 "https://glenbowcollege.ca/comment/?success&formid=1" "Mozilla/5.0 (Windows NT 10.0.0; Win64; x64; ) AppleWebKit/537.36 (KHTML, like Gecko) Chrome/124.0.6367.91 Chrome/124.0.6367.91 Not-A.Brand/99  Safari/537.36"
193.84.50.150 - - [18/Sep/2024:19:22:28 -0400] "GET /category/blog/ HTTP/1.0" 200 70461 "https://glenbowcollege.ca/category/blog/" "Mozilla/5.0 (Windows NT 10.0.0; Win64; x64; ) AppleWebKit/537.36 (KHTML, like Gecko) Chrome/124.0.6367.91 Chrome/124.0.6367.91 Not-A.Brand/99  Safari/537.36"
193.84.50.150 - - [18/Sep/2024:19:22:33 -0400] "POST /comment/ HTTP/1.0" 302 0 "https://glenbowcollege.ca/comment/" "Mozilla/5.0 (Windows NT 10.0.0; Win64; x64; ) AppleWebKit/537.36 (KHTML, like Gecko) Chrome/124.0.6367.91 Chrome/124.0.6367.91 Not-A.Brand/99  Safari/537.36"
68.65.122.142 - - [18/Sep/2024:19:18:36 -0400] "POST /wp-cron.php?doing_wp_cron=1726701516.9617280960083007812500 HTTP/1.1" 403 1242 "-" "WordPress/6.2.1; https://glenbowcollege.ca"
52.167.144.225 - - [18/Sep/2024:19:18:35 -0400] "GET /offenders60d/bebccb1590104.htm HTTP/1.1" 404 14966 "-" "Mozilla/5.0 AppleWebKit/537.36 (KHTML, like Gecko; compatible; bingbot/2.0; +http://www.bing.com/bingbot.htm) Chrome/116.0.1938.76 Safari/537.36"
66.249.79.197 - - [18/Sep/2024:19:18:37 -0400] "GET /programs/course/english-as-a-second-language/ HTTP/1.1" 301 0 "-" "Mozilla/5.0 (Linux; Android 6.0.1; Nexus 5X Build/MMB29P) AppleWebKit/537.36 (KHTML, like Gecko) Chrome/128.0.6613.137 Mobile Safari/537.36 (compatible; Googlebot/2.1; +http://www.google.com/bot.html)"
68.65.122.142 - - [18/Sep/2024:19:20:16 -0400] "POST /wp-cron.php?doing_wp_cron=1726701616.3255429267883300781250 HTTP/1.1" 403 1242 "-" "WordPress/6.2.1; https://glenbowcollege.ca"
52.167.144.184 - - [18/Sep/2024:19:20:15 -0400] "GET /topologycfa/fcafd92943.htm HTTP/1.1" 301 0 "-" "Mozilla/5.0 AppleWebKit/537.36 (KHTML, like Gecko; compatible; bingbot/2.0; +http://www.bing.com/bingbot.htm) Chrome/116.0.1938.76 Safari/537.36"
68.65.122.142 - - [18/Sep/2024:19:22:26 -0400] "POST /wp-cron.php?doing_wp_cron=1726701746.9416630268096923828125 HTTP/1.1" 403 1242 "-" "WordPress/6.2.1; https://glenbowcollege.ca"
193.84.50.150 - - [18/Sep/2024:19:22:25 -0400] "GET /2020/02/23/blog/ HTTP/1.0" 200 83391 "https://glenbowcollege.ca/2020/02/23/blog/" "Mozilla/5.0 (Windows NT 10.0.0; Win64; x64; ) AppleWebKit/537.36 (KHTML, like Gecko) Chrome/124.0.6367.91 Chrome/124.0.6367.91 Not-A.Brand/99  Safari/537.36"
193.84.50.150 - - [18/Sep/2024:19:22:30 -0400] "GET /comment/ HTTP/1.0" 200 95460 "https://glenbowcollege.ca/comment/" "Mozilla/5.0 (Windows NT 10.0.0; Win64; x64; ) AppleWebKit/537.36 (KHTML, like Gecko) Chrome/124.0.6367.91 Chrome/124.0.6367.91 Not-A.Brand/99  Safari/537.36"
193.84.50.150 - - [18/Sep/2024:19:22:35 -0400] "GET /comment/?success&formid=1 HTTP/1.0" 200 84968 "https://glenbowcollege.ca/?success&formid=1" "Mozilla/5.0 (Windows NT 10.0.0; Win64; x64; ) AppleWebKit/537.36 (KHTML, like Gecko) Chrome/124.0.6367.91 Chrome/124.0.6367.91 Not-A.Brand/99  Safari/537.36"
51.222.253.17 - - [18/Sep/2024:19:32:43 -0400] "GET /2024/08/22/2176/ HTTP/1.1" 200 17294 "-" "Mozilla/5.0 (compatible; AhrefsBot/7.0; +http://ahrefs.com/robot/)"
68.65.122.142 - - [18/Sep/2024:19:41:34 -0400] "POST /wp-cron.php?doing_wp_cron=1726702894.7096390724182128906250 HTTP/1.1" 403 1242 "-" "WordPress/6.2.1; https://glenbowcollege.ca"
66.249.68.38 - - [18/Sep/2024:19:41:33 -0400] "GET / HTTP/1.1" 200 20453 "-" "Mozilla/5.0 (compatible; Googlebot/2.1; +http://www.google.com/bot.html)"
66.249.68.39 - - [18/Sep/2024:19:41:37 -0400] "GET /wp-content/plugins/add-to-cart-direct-checkout-for-woocommerce/public/css/pi-dcw-public.css?ver=2.1.64 HTTP/1.1" 200 294 "https://glenbowcollege.ca/" "Mozilla/5.0 AppleWebKit/537.36 (KHTML, like Gecko; compatible; Googlebot/2.1; +http://www.google.com/bot.html) Chrome/128.0.6613.113 Safari/537.36"
66.249.68.39 - - [18/Sep/2024:19:41:37 -0400] "GET /wp-content/plugins/coblocks/dist/style-coblocks-animation.css?ver=d9b2b27566e6a2a85d1b HTTP/1.1" 200 871 "https://glenbowcollege.ca/" "Mozilla/5.0 AppleWebKit/537.36 (KHTML, like Gecko; compatible; Googlebot/2.1; +http://www.google.com/bot.html) Chrome/128.0.6613.113 Safari/537.36"
66.249.68.38 - - [18/Sep/2024:19:41:37 -0400] "GET /wp-content/plugins/coblocks/dist/style-coblocks-extensions.css?ver=3.1.5 HTTP/1.1" 200 304 "https://glenbowcollege.ca/" "Mozilla/5.0 AppleWebKit/537.36 (KHTML, like Gecko; compatible; Googlebot/2.1; +http://www.google.com/bot.html) Chrome/128.0.6613.113 Safari/537.36"
66.249.68.39 - - [18/Sep/2024:19:41:38 -0400] "GET /wp-content/plugins/woocommerce/assets/css/woocommerce-layout.css?ver=7.8.0 HTTP/1.1" 200 2313 "https://glenbowcollege.ca/" "Mozilla/5.0 AppleWebKit/537.36 (KHTML, like Gecko; compatible; Googlebot/2.1; +http://www.google.com/bot.html) Chrome/128.0.6613.113 Safari/537.36"
66.249.68.38 - - [18/Sep/2024:19:41:38 -0400] "GET /wp-content/plugins/coblocks/dist/style-coblocks-1.css?ver=3.1.5 HTTP/1.1" 200 34606 "https://glenbowcollege.ca/" "Mozilla/5.0 AppleWebKit/537.36 (KHTML, like Gecko; compatible; Googlebot/2.1; +http://www.google.com/bot.html) Chrome/128.0.6613.113 Safari/537.36"
66.249.68.38 - - [18/Sep/2024:19:41:38 -0400] "GET /wp-includes/css/dist/block-library/style.min.css?ver=6.2.1 HTTP/1.1" 200 11775 "https://glenbowcollege.ca/" "Mozilla/5.0 AppleWebKit/537.36 (KHTML, like Gecko; compatible; Googlebot/2.1; +http://www.google.com/bot.html) Chrome/128.0.6613.113 Safari/537.36"
66.249.68.39 - - [18/Sep/2024:19:41:38 -0400] "GET /wp-content/plugins/strong-testimonials/templates/default/content.css?ver=3.1.7 HTTP/1.1" 200 1833 "https://glenbowcollege.ca/" "Mozilla/5.0 AppleWebKit/537.36 (KHTML, like Gecko; compatible; Googlebot/2.1; +http://www.google.com/bot.html) Chrome/128.0.6613.113 Safari/537.36"
66.249.68.38 - - [18/Sep/2024:19:41:39 -0400] "GET /wp-content/plugins/coblocks/includes/Dependencies/GoDaddy/Styles/build/latest.css?ver=2.0.2 HTTP/1.1" 200 1313 "https://glenbowcollege.ca/" "Mozilla/5.0 AppleWebKit/537.36 (KHTML, like Gecko; compatible; Googlebot/2.1; +http://www.google.com/bot.html) Chrome/128.0.6613.113 Safari/537.36"
66.249.68.39 - - [18/Sep/2024:19:41:39 -0400] "GET /wp-content/plugins/woocommerce/packages/woocommerce-blocks/build/wc-blocks-vendors-style.css?ver=10.2.3 HTTP/1.1" 200 1760 "https://glenbowcollege.ca/" "Mozilla/5.0 AppleWebKit/537.36 (KHTML, like Gecko; compatible; Googlebot/2.1; +http://www.google.com/bot.html) Chrome/128.0.6613.113 Safari/537.36"
66.249.68.38 - - [18/Sep/2024:19:41:39 -0400] "GET /wp-content/plugins/woocommerce-menu-bar-cart/assets/css/wpmenucart-icons.min.css?ver=2.14.2 HTTP/1.1" 200 192 "https://glenbowcollege.ca/" "Mozilla/5.0 AppleWebKit/537.36 (KHTML, like Gecko; compatible; Googlebot/2.1; +http://www.google.com/bot.html) Chrome/128.0.6613.113 Safari/537.36"
68.65.122.142 - - [18/Sep/2024:19:32:44 -0400] "POST /wp-cron.php?doing_wp_cron=1726702364.1008429527282714843750 HTTP/1.1" 403 1242 "-" "WordPress/6.2.1; https://glenbowcollege.ca"
68.65.122.142 - - [18/Sep/2024:19:39:26 -0400] "POST /wp-cron.php?doing_wp_cron=1726702766.1490600109100341796875 HTTP/1.1" 403 1242 "-" "WordPress/6.2.1; https://glenbowcollege.ca"
52.167.144.16 - - [18/Sep/2024:19:39:25 -0400] "GET /sramvjqkxmr441412.html HTTP/1.1" 404 14958 "-" "Mozilla/5.0 AppleWebKit/537.36 (KHTML, like Gecko; compatible; bingbot/2.0; +http://www.bing.com/bingbot.htm) Chrome/116.0.1938.76 Safari/537.36"
66.249.68.32 - - [18/Sep/2024:19:41:37 -0400] "GET /wp-content/plugins/if-menu/assets/if-menu-site.css?ver=6.2.1 HTTP/1.1" 200 426 "https://glenbowcollege.ca/" "Mozilla/5.0 AppleWebKit/537.36 (KHTML, like Gecko; compatible; Googlebot/2.1; +http://www.google.com/bot.html) Chrome/128.0.6613.113 Safari/537.36"
66.249.68.39 - - [18/Sep/2024:19:41:37 -0400] "GET /wp-content/plugins/woocommerce/packages/woocommerce-blocks/build/wc-blocks-style.css?ver=10.2.3 HTTP/1.1" 200 26445 "https://glenbowcollege.ca/" "Mozilla/5.0 AppleWebKit/537.36 (KHTML, like Gecko; compatible; Googlebot/2.1; +http://www.google.com/bot.html) Chrome/128.0.6613.113 Safari/537.36"
66.249.68.32 - - [18/Sep/2024:19:41:37 -0400] "GET /wp-includes/css/classic-themes.min.css?ver=6.2.1 HTTP/1.1" 200 291 "https://glenbowcollege.ca/" "Mozilla/5.0 AppleWebKit/537.36 (KHTML, like Gecko; compatible; Googlebot/2.1; +http://www.google.com/bot.html) Chrome/128.0.6613.113 Safari/537.36"
66.249.68.38 - - [18/Sep/2024:19:41:37 -0400] "GET /wp-content/plugins/contact-form-7/includes/css/styles.css?ver=5.8.6 HTTP/1.1" 200 890 "https://glenbowcollege.ca/" "Mozilla/5.0 AppleWebKit/537.36 (KHTML, like Gecko; compatible; Googlebot/2.1; +http://www.google.com/bot.html) Chrome/128.0.6613.113 Safari/537.36"
66.249.68.38 - - [18/Sep/2024:19:41:38 -0400] "GET /wp-includes/css/dist/components/style.min.css?ver=6.2.1 HTTP/1.1" 200 11247 "https://glenbowcollege.ca/" "Mozilla/5.0 AppleWebKit/537.36 (KHTML, like Gecko; compatible; Googlebot/2.1; +http://www.google.com/bot.html) Chrome/128.0.6613.113 Safari/537.36"
66.249.68.38 - - [18/Sep/2024:19:41:39 -0400] "GET /wp-content/themes/education-hub-pro/third-party/font-awesome/css/font-awesome.min.css?ver=4.7.0 HTTP/1.1" 200 6658 "https://glenbowcollege.ca/" "Mozilla/5.0 AppleWebKit/537.36 (KHTML, like Gecko; compatible; Googlebot/2.1; +http://www.google.com/bot.html) Chrome/128.0.6613.113 Safari/537.36"
66.249.68.38 - - [18/Sep/2024:19:41:39 -0400] "GET /wp-content/plugins/strong-testimonials/public/css/slider-controls-simple-buttons.css?ver=3.1.7 HTTP/1.1" 200 788 "https://glenbowcollege.ca/" "Mozilla/5.0 AppleWebKit/537.36 (KHTML, like Gecko; compatible; Googlebot/2.1; +http://www.google.com/bot.html) Chrome/128.0.6613.113 Safari/537.36"
66.249.68.38 - - [18/Sep/2024:19:41:40 -0400] "GET /wp-content/plugins/woocommerce/assets/css/woocommerce.css?ver=7.8.0 HTTP/1.1" 200 8786 "https://glenbowcollege.ca/" "Mozilla/5.0 AppleWebKit/537.36 (KHTML, like Gecko; compatible; Googlebot/2.1; +http://www.google.com/bot.html) Chrome/128.0.6613.113 Safari/537.36"
66.249.68.38 - - [18/Sep/2024:19:41:40 -0400] "GET /wp-content/plugins/strong-testimonials/public/css/rating-display.css?ver=3.1.7 HTTP/1.1" 200 910 "https://glenbowcollege.ca/" "Mozilla/5.0 AppleWebKit/537.36 (KHTML, like Gecko; compatible; Googlebot/2.1; +http://www.google.com/bot.html) Chrome/128.0.6613.113 Safari/537.36"
66.249.68.39 - - [18/Sep/2024:19:41:40 -0400] "GET /wp-content/plugins/woocommerce/assets/css/woocommerce-smallscreen.css?ver=7.8.0 HTTP/1.1" 200 1058 "https://glenbowcollege.ca/" "Mozilla/5.0 AppleWebKit/537.36 (KHTML, like Gecko; compatible; Googlebot/2.1; +http://www.google.com/bot.html) Chrome/128.0.6613.113 Safari/537.36"
66.249.68.39 - - [18/Sep/2024:19:41:40 -0400] "GET /wp-content/plugins/woocommerce-menu-bar-cart/assets/css/wpmenucart-main.min.css?ver=2.14.2 HTTP/1.1" 200 329 "https://glenbowcollege.ca/" "Mozilla/5.0 AppleWebKit/537.36 (KHTML, like Gecko; compatible; Googlebot/2.1; +http://www.google.com/bot.html) Chrome/128.0.6613.113 Safari/537.36"
66.249.68.39 - - [18/Sep/2024:19:41:40 -0400] "GET /wp-content/themes/education-hub-pro/third-party/font-awesome/fonts/fontawesome-webfont.woff2?v=4.7.0 HTTP/1.1" 200 77160 "https://glenbowcollege.ca/wp-content/themes/education-hub-pro/third-party/font-awesome/css/font-awesome.min.css?ver=4.7.0" "Mozilla/5.0 AppleWebKit/537.36 (KHTML, like Gecko; compatible; Googlebot/2.1; +http://www.google.com/bot.html) Chrome/128.0.6613.113 Safari/537.36"
66.249.68.39 - - [18/Sep/2024:19:41:41 -0400] "GET /wp-content/plugins/strong-testimonials/public/svg/chevron-left-solid.svg HTTP/1.1" 200 267 "https://glenbowcollege.ca/wp-content/plugins/strong-testimonials/public/css/slider-controls-simple-buttons.css?ver=3.1.7" "Mozilla/5.0 AppleWebKit/537.36 (KHTML, like Gecko; compatible; Googlebot/2.1; +http://www.google.com/bot.html) Chrome/128.0.6613.113 Safari/537.36"
66.249.68.38 - - [18/Sep/2024:19:41:41 -0400] "GET /wp-content/plugins/strong-testimonials/public/svg/chevron-right-solid.svg HTTP/1.1" 200 285 "https://glenbowcollege.ca/wp-content/plugins/strong-testimonials/public/css/slider-controls-simple-buttons.css?ver=3.1.7" "Mozilla/5.0 AppleWebKit/537.36 (KHTML, like Gecko; compatible; Googlebot/2.1; +http://www.google.com/bot.html) Chrome/128.0.6613.113 Safari/537.36"
68.65.122.142 - - [18/Sep/2024:19:42:55 -0400] "POST /wp-cron.php?doing_wp_cron=1726702975.6298739910125732421875 HTTP/1.1" 403 1242 "-" "WordPress/6.2.1; https://glenbowcollege.ca"
114.119.141.42 - - [18/Sep/2024:19:42:54 -0400] "GET /product/manual-payment HTTP/1.1" 301 0 "https://glenbowcollege.ca/product/manual-payment/" "Mozilla/5.0 (Linux; Android 7.0;) AppleWebKit/537.36 (KHTML, like Gecko) Mobile Safari/537.36 (compatible; PetalBot;+https://webmaster.petalsearch.com/site/petalbot)"
114.119.141.42 - - [18/Sep/2024:19:42:57 -0400] "GET /product/manual-payment/ HTTP/1.1" 200 21661 "https://glenbowcollege.ca/product/manual-payment/" "Mozilla/5.0 (Linux; Android 7.0;) AppleWebKit/537.36 (KHTML, like Gecko) Mobile Safari/537.36 (compatible; PetalBot;+https://webmaster.petalsearch.com/site/petalbot)"
66.249.68.32 - - [18/Sep/2024:19:44:46 -0400] "GET / HTTP/1.1" 200 20442 "-" "Mozilla/5.0 (compatible; Googlebot/2.1; +http://www.google.com/bot.html)"
66.249.68.39 - - [18/Sep/2024:19:44:49 -0400] "GET /wp-content/plugins/strong-testimonials/public/css/rating-display.css?ver=3.1.7 HTTP/1.1" 200 910 "https://glenbowcollege.ca/" "Mozilla/5.0 AppleWebKit/537.36 (KHTML, like Gecko; compatible; Googlebot/2.1; +http://www.google.com/bot.html) Chrome/128.0.6613.113 Safari/537.36"
47.128.118.248 - - [18/Sep/2024:19:47:33 -0400] "GET /about/academic/ HTTP/1.1" 200 18158 "-" "Mozilla/5.0 (compatible; Bytespider; spider-feedback@bytedance.com) AppleWebKit/537.36 (KHTML, like Gecko) Chrome/70.0.0.0 Safari/537.36"
47.128.118.248 - - [18/Sep/2024:19:47:35 -0400] "GET /wp-content/uploads/2024/05/academic.jpg HTTP/1.1" 206 500 "https://glenbowcollege.ca/about/academic/" "Mozilla/5.0 (compatible; Bytespider; spider-feedback@bytedance.com) AppleWebKit/537.36 (KHTML, like Gecko) Chrome/70.0.0.0 Safari/537.36"
68.65.122.142 - - [18/Sep/2024:19:53:48 -0400] "POST /wp-cron.php?doing_wp_cron=1726703628.3799450397491455078125 HTTP/1.1" 403 1242 "-" "WordPress/6.2.1; https://glenbowcollege.ca"
66.249.68.39 - - [18/Sep/2024:19:58:07 -0400] "GET /feed/ HTTP/1.1" 200 5041 "-" "Mozilla/5.0 (compatible; Googlebot/2.1; +http://www.google.com/bot.html)"
114.119.153.172 - - [18/Sep/2024:19:58:25 -0400] "GET /wp-includes/js/mediaelement/?SA HTTP/1.1" 403 1242 "https://glenbowcollege.ca/wp-includes/js/mediaelement/" "Mozilla/5.0 (Linux; Android 7.0;) AppleWebKit/537.36 (KHTML, like Gecko) Mobile Safari/537.36 (compatible; PetalBot;+https://webmaster.petalsearch.com/site/petalbot)"
66.249.68.39 - - [18/Sep/2024:19:44:49 -0400] "GET /wp-content/plugins/woocommerce/assets/css/woocommerce-smallscreen.css?ver=7.8.0 HTTP/1.1" 200 1058 "https://glenbowcollege.ca/" "Mozilla/5.0 AppleWebKit/537.36 (KHTML, like Gecko; compatible; Googlebot/2.1; +http://www.google.com/bot.html) Chrome/128.0.6613.113 Safari/537.36"
66.249.68.39 - - [18/Sep/2024:19:44:49 -0400] "GET /wp-content/plugins/strong-testimonials/public/svg/chevron-left-solid.svg HTTP/1.1" 200 267 "https://glenbowcollege.ca/wp-content/plugins/strong-testimonials/public/css/slider-controls-simple-buttons.css?ver=3.1.7" "Mozilla/5.0 AppleWebKit/537.36 (KHTML, like Gecko; compatible; Googlebot/2.1; +http://www.google.com/bot.html) Chrome/128.0.6613.113 Safari/537.36"
77.75.78.162 - - [18/Sep/2024:19:46:13 -0400] "GET /wp-content/uploads/2020/03/portrait-of-high-school-students-with-teacher-on-campus-picture-id499113171_0.jpg HTTP/1.1" 304 0 "-" "Mozilla/5.0 (compatible; SeznamBot/4.0; +http://napoveda.seznam.cz/seznambot-intro/)"
68.65.122.142 - - [18/Sep/2024:19:47:34 -0400] "POST /wp-cron.php?doing_wp_cron=1726703254.5929241180419921875000 HTTP/1.1" 403 1242 "-" "WordPress/6.2.1; https://glenbowcollege.ca"
47.128.118.248 - - [18/Sep/2024:19:47:35 -0400] "GET /wp-content/uploads/2024/05/Shirley-Photo-227x300.jpeg HTTP/1.1" 206 500 "https://glenbowcollege.ca/about/academic/" "Mozilla/5.0 (compatible; Bytespider; spider-feedback@bytedance.com) AppleWebKit/537.36 (KHTML, like Gecko) Chrome/70.0.0.0 Safari/537.36"
51.222.253.16 - - [18/Sep/2024:19:53:47 -0400] "GET /2024/08/22/dyslexia-awareness-conference-2/ HTTP/1.1" 200 17478 "-" "Mozilla/5.0 (compatible; AhrefsBot/7.0; +http://ahrefs.com/robot/)"
68.65.122.142 - - [18/Sep/2024:19:58:08 -0400] "POST /wp-cron.php?doing_wp_cron=1726703888.6134080886840820312500 HTTP/1.1" 403 1242 "-" "WordPress/6.2.1; https://glenbowcollege.ca"
194.78.184.220 - - [18/Sep/2024:20:07:34 -0400] "GET /Telerik.Web.UI.WebResource.axd%3Ftype=rau HTTP/1.1" 404 14993 "-" "Mozilla/5.0 (Windows NT 10.0; Win64; x64) AppleWebKit/537.36 (KHTML, like Gecko) Chrome/87.0.4280.141 Safari/537.36"
5.161.250.15 - - [18/Sep/2024:20:09:19 -0400] "POST /wp-load.php?87d752=73740 HTTP/1.1" 403 1242 "-" "Mozilla/5.0 (Windows NT 10.0; Win64; x64) AppleWebKit/537.36 (KHTML, like Gecko) Chrome/104.0.5112.97 Safari/537.36"
194.78.184.220 - - [18/Sep/2024:19:59:50 -0400] "GET /.aws/credentials HTTP/1.1" 404 14985 "http://glenbowcollege.ca/.aws/credentials" "Mozilla/5.0 (Windows NT 10.0; Win64; x64) AppleWebKit/537.36 (KHTML, like Gecko) Chrome/87.0.4280.141 Safari/537.36"
68.65.122.142 - - [18/Sep/2024:20:04:49 -0400] "POST /wp-cron.php?doing_wp_cron=1726704289.8127400875091552734375 HTTP/1.1" 403 1242 "-" "WordPress/6.2.1; https://glenbowcollege.ca"
194.78.184.220 - - [18/Sep/2024:20:04:48 -0400] "GET /sendgrid.env HTTP/1.1" 404 14968 "-" "Mozilla/5.0 (Windows NT 10.0; Win64; x64) AppleWebKit/537.36 (KHTML, like Gecko) Chrome/87.0.4280.141 Safari/537.36"
68.65.122.142 - - [18/Sep/2024:20:07:35 -0400] "POST /wp-cron.php?doing_wp_cron=1726704455.0837759971618652343750 HTTP/1.1" 403 1242 "-" "WordPress/6.2.1; https://glenbowcollege.ca"
68.65.122.142 - - [18/Sep/2024:20:14:34 -0400] "POST /wp-cron.php?doing_wp_cron=1726704874.2955551147460937500000 HTTP/1.1" 403 1242 "-" "WordPress/6.2.1; https://glenbowcollege.ca"
194.78.184.220 - - [18/Sep/2024:20:14:33 -0400] "GET /.vscode/sftp.json HTTP/1.1" 404 14961 "-" "Mozilla/5.0 (Windows NT 10.0; Win64; x64) AppleWebKit/537.36 (KHTML, like Gecko) Chrome/87.0.4280.141 Safari/537.36"
68.65.122.142 - - [18/Sep/2024:20:15:49 -0400] "POST /wp-cron.php?doing_wp_cron=1726704949.6653530597686767578125 HTTP/1.1" 403 1242 "-" "WordPress/6.2.1; https://glenbowcollege.ca"
114.119.146.195 - - [18/Sep/2024:20:17:08 -0400] "GET /wp-includes/sodium_compat/src/Core/SecretStream/?SA HTTP/1.1" 403 1242 "https://glenbowcollege.ca/wp-includes/sodium_compat/src/Core/SecretStream/?MD" "Mozilla/5.0 (Linux; Android 7.0;) AppleWebKit/537.36 (KHTML, like Gecko) Mobile Safari/537.36 (compatible; PetalBot;+https://webmaster.petalsearch.com/site/petalbot)"
52.167.144.231 - - [18/Sep/2024:20:23:38 -0400] "GET /dsm2234/dedcc717585.htm HTTP/1.1" 404 14986 "-" "Mozilla/5.0 AppleWebKit/537.36 (KHTML, like Gecko; compatible; bingbot/2.0; +http://www.bing.com/bingbot.htm) Chrome/116.0.1938.76 Safari/537.36"
68.65.122.142 - - [18/Sep/2024:20:28:17 -0400] "POST /wp-cron.php?doing_wp_cron=1726705697.3856620788574218750000 HTTP/1.1" 403 1242 "-" "WordPress/6.2.1; https://glenbowcollege.ca"
40.77.167.79 - - [18/Sep/2024:20:28:16 -0400] "GET /current-student/ HTTP/1.1" 200 20099 "-" "Mozilla/5.0 AppleWebKit/537.36 (KHTML, like Gecko; compatible; bingbot/2.0; +http://www.bing.com/bingbot.htm) Chrome/116.0.1938.76 Safari/537.36"
52.167.144.225 - - [18/Sep/2024:20:29:09 -0400] "GET /wp-content/themes/education-hub-pro/third-party/cycle2/js/jquery.cycle2.min.js?ver=2.1.6 HTTP/1.1" 200 8485 "-" "Mozilla/5.0 AppleWebKit/537.36 (KHTML, like Gecko; compatible; bingbot/2.0; +http://www.bing.com/bingbot.htm) Chrome/116.0.1938.76 Safari/537.36"
65.21.113.241 - - [18/Sep/2024:20:31:51 -0400] "GET /about/glenbow-college-covid-19-questionnaire/ HTTP/1.1" 200 23696 "-" "Mozilla/5.0 (compatible; AwarioBot/1.0; +https://awario.com/bots.html)"
65.21.113.241 - - [18/Sep/2024:20:31:57 -0400] "GET /cart/ HTTP/1.1" 302 0 "-" "Mozilla/5.0 (compatible; AwarioBot/1.0; +https://awario.com/bots.html)"
65.21.113.241 - - [18/Sep/2024:20:32:18 -0400] "GET /my-account/ HTTP/1.1" 200 17772 "-" "Mozilla/5.0 (compatible; AwarioBot/1.0; +https://awario.com/bots.html)"
3.136.17.12 - - [18/Sep/2024:20:15:48 -0400] "GET /robots.txt HTTP/1.1" 200 233 "-" "Mozilla/5.0 AppleWebKit/537.36 (KHTML, like Gecko; compatible; ClaudeBot/1.0; +claudebot@anthropic.com)"
3.136.17.12 - - [18/Sep/2024:20:15:48 -0400] "GET /wp-json/wp/v2/posts/2190 HTTP/1.1" 200 13045 "-" "Mozilla/5.0 AppleWebKit/537.36 (KHTML, like Gecko; compatible; ClaudeBot/1.0; +claudebot@anthropic.com)"
68.65.122.142 - - [18/Sep/2024:20:17:43 -0400] "POST /wp-cron.php?doing_wp_cron=1726705063.3243160247802734375000 HTTP/1.1" 403 1242 "-" "WordPress/6.2.1; https://glenbowcollege.ca"
207.154.203.31 - - [18/Sep/2024:20:17:42 -0400] "GET /international/international-programs/education-assistant-diploma-program/ HTTP/1.1" 200 20016 "-" "Mozilla/5.0 (Windows NT 10.0; Win64; x64) AppleWebKit/537.36 (KHTML, like Gecko) Chrome/124.0.0.0 Safari/537.36"
68.65.122.142 - - [18/Sep/2024:20:23:39 -0400] "POST /wp-cron.php?doing_wp_cron=1726705419.1019389629364013671875 HTTP/1.1" 403 1242 "-" "WordPress/6.2.1; https://glenbowcollege.ca"
209.38.108.75 - - [18/Sep/2024:20:28:41 -0400] "GET / HTTP/1.1" 200 23145 "-" "Mozilla/5.0 (Windows NT 10.0; Win64; x64) AppleWebKit/537.36 (KHTML, like Gecko) Chrome/126.0.0.0 Safari/537.36"
209.38.108.75 - - [18/Sep/2024:20:28:46 -0400] "GET /wp-content/uploads/2020/02/cropped-logo11-32x32.png HTTP/1.1" 200 1202 "https://glenbowcollege.ca/" "Mozilla/5.0 (Windows NT 10.0; Win64; x64) AppleWebKit/537.36 (KHTML, like Gecko) Chrome/126.0.0.0 Safari/537.36"
65.21.113.241 - - [18/Sep/2024:20:31:50 -0400] "GET /robots.txt HTTP/1.1" 200 242 "-" "Mozilla/5.0 (compatible; AwarioBot/1.0; +https://awario.com/bots.html)"
68.65.122.142 - - [18/Sep/2024:20:31:52 -0400] "POST /wp-cron.php?doing_wp_cron=1726705912.4513700008392333984375 HTTP/1.1" 403 1242 "-" "WordPress/6.2.1; https://glenbowcollege.ca"
65.21.113.241 - - [18/Sep/2024:20:31:58 -0400] "GET /make-payment/ HTTP/1.1" 200 22103 "-" "Mozilla/5.0 (compatible; AwarioBot/1.0; +https://awario.com/bots.html)"
65.21.113.241 - - [18/Sep/2024:20:32:05 -0400] "GET /checkout/ HTTP/1.1" 302 0 "-" "Mozilla/5.0 (compatible; AwarioBot/1.0; +https://awario.com/bots.html)"
65.21.113.241 - - [18/Sep/2024:20:32:06 -0400] "GET /cart/ HTTP/1.1" 302 0 "-" "Mozilla/5.0 (compatible; AwarioBot/1.0; +https://awario.com/bots.html)"
65.21.113.241 - - [18/Sep/2024:20:32:07 -0400] "GET /make-payment/ HTTP/1.1" 200 22101 "-" "Mozilla/5.0 (compatible; AwarioBot/1.0; +https://awario.com/bots.html)"
65.21.113.241 - - [18/Sep/2024:20:32:13 -0400] "GET /covid-19-information/ HTTP/1.1" 200 21452 "-" "Mozilla/5.0 (compatible; AwarioBot/1.0; +https://awario.com/bots.html)"
65.21.113.241 - - [18/Sep/2024:20:32:30 -0400] "GET /robots.txt HTTP/1.1" 200 242 "-" "Mozilla/5.0 (compatible; AwarioBot/1.0; +https://awario.com/bots.html)"
68.65.122.142 - - [18/Sep/2024:20:32:59 -0400] "POST /wp-cron.php?doing_wp_cron=1726705979.9744648933410644531250 HTTP/1.1" 403 1242 "-" "WordPress/6.2.1; https://glenbowcollege.ca"
65.21.113.241 - - [18/Sep/2024:20:32:59 -0400] "GET /category/blog/feed/ HTTP/1.1" 200 3276 "-" "Mozilla/5.0 (compatible; AwarioBot/1.0; +https://awario.com/bots.html)"
65.21.113.241 - - [18/Sep/2024:20:33:21 -0400] "GET /category/news/feed/ HTTP/1.1" 200 2952 "-" "Mozilla/5.0 (compatible; AwarioBot/1.0; +https://awario.com/bots.html)"
65.21.113.241 - - [18/Sep/2024:20:33:27 -0400] "GET /category/news/page/2/ HTTP/1.1" 200 19344 "-" "Mozilla/5.0 (compatible; AwarioBot/1.0; +https://awario.com/bots.html)"
65.21.113.241 - - [18/Sep/2024:20:33:39 -0400] "GET /tag/accounting/feed/ HTTP/1.1" 200 1704 "-" "Mozilla/5.0 (compatible; AwarioBot/1.0; +https://awario.com/bots.html)"
65.21.113.241 - - [18/Sep/2024:20:33:46 -0400] "GET /tag/education-assistant/feed/ HTTP/1.1" 200 1710 "-" "Mozilla/5.0 (compatible; AwarioBot/1.0; +https://awario.com/bots.html)"
65.21.113.241 - - [18/Sep/2024:20:33:57 -0400] "GET /tag/management/feed/ HTTP/1.1" 200 1705 "-" "Mozilla/5.0 (compatible; AwarioBot/1.0; +https://awario.com/bots.html)"
52.167.144.210 - - [18/Sep/2024:20:34:03 -0400] "GET /cctvaa4/ecbcc1612553.htm HTTP/1.1" 404 14964 "-" "Mozilla/5.0 AppleWebKit/537.36 (KHTML, like Gecko; compatible; bingbot/2.0; +http://www.bing.com/bingbot.htm) Chrome/116.0.1938.76 Safari/537.36"
68.65.122.142 - - [18/Sep/2024:20:35:06 -0400] "POST /wp-cron.php?doing_wp_cron=1726706106.2642600536346435546875 HTTP/1.1" 403 1242 "-" "WordPress/6.2.1; https://glenbowcollege.ca"
65.21.113.241 - - [18/Sep/2024:20:35:05 -0400] "GET /tag/tesol/feed/ HTTP/1.1" 200 1704 "-" "Mozilla/5.0 (compatible; AwarioBot/1.0; +https://awario.com/bots.html)"
66.249.68.39 - - [18/Sep/2024:20:43:59 -0400] "GET / HTTP/1.1" 200 20454 "-" "Mozilla/5.0 (compatible; Googlebot/2.1; +http://www.google.com/bot.html)"
66.249.68.39 - - [18/Sep/2024:20:44:01 -0400] "GET /wp-includes/css/classic-themes.min.css?ver=6.2.1 HTTP/1.1" 200 291 "https://glenbowcollege.ca/" "Mozilla/5.0 AppleWebKit/537.36 (KHTML, like Gecko; compatible; Googlebot/2.1; +http://www.google.com/bot.html) Chrome/128.0.6613.113 Safari/537.36"
66.249.68.32 - - [18/Sep/2024:20:44:01 -0400] "GET /wp-content/themes/education-hub-pro/third-party/font-awesome/css/font-awesome.min.css?ver=4.7.0 HTTP/1.1" 200 6658 "https://glenbowcollege.ca/" "Mozilla/5.0 AppleWebKit/537.36 (KHTML, like Gecko; compatible; Googlebot/2.1; +http://www.google.com/bot.html) Chrome/128.0.6613.113 Safari/537.36"
66.249.68.39 - - [18/Sep/2024:20:44:01 -0400] "GET /wp-content/plugins/add-to-cart-direct-checkout-for-woocommerce/public/css/pi-dcw-public.css?ver=2.1.64 HTTP/1.1" 200 294 "https://glenbowcollege.ca/" "Mozilla/5.0 AppleWebKit/537.36 (KHTML, like Gecko; compatible; Googlebot/2.1; +http://www.google.com/bot.html) Chrome/128.0.6613.113 Safari/537.36"
66.249.68.38 - - [18/Sep/2024:20:44:02 -0400] "GET /wp-content/plugins/if-menu/assets/if-menu-site.css?ver=6.2.1 HTTP/1.1" 200 426 "https://glenbowcollege.ca/" "Mozilla/5.0 AppleWebKit/537.36 (KHTML, like Gecko; compatible; Googlebot/2.1; +http://www.google.com/bot.html) Chrome/128.0.6613.113 Safari/537.36"
66.249.68.38 - - [18/Sep/2024:20:44:02 -0400] "GET /wp-content/themes/education-hub-pro/style.css?ver=3.4.1 HTTP/1.1" 200 14555 "https://glenbowcollege.ca/" "Mozilla/5.0 AppleWebKit/537.36 (KHTML, like Gecko; compatible; Googlebot/2.1; +http://www.google.com/bot.html) Chrome/128.0.6613.113 Safari/537.36"
66.249.68.39 - - [18/Sep/2024:20:44:03 -0400] "GET /wp-content/plugins/coblocks/dist/style-coblocks-1.css?ver=3.1.5 HTTP/1.1" 200 34606 "https://glenbowcollege.ca/" "Mozilla/5.0 AppleWebKit/537.36 (KHTML, like Gecko; compatible; Googlebot/2.1; +http://www.google.com/bot.html) Chrome/128.0.6613.113 Safari/537.36"
65.21.113.241 - - [18/Sep/2024:20:32:24 -0400] "GET /product/manual-payment/ HTTP/1.1" 200 21660 "-" "Mozilla/5.0 (compatible; AwarioBot/1.0; +https://awario.com/bots.html)"
65.21.113.241 - - [18/Sep/2024:20:32:30 -0400] "GET / HTTP/1.1" 301 0 "-" "Mozilla/5.0 (compatible; AwarioBot/1.0; +https://awario.com/bots.html)"
65.21.113.241 - - [18/Sep/2024:20:32:32 -0400] "GET / HTTP/1.1" 200 23139 "-" "Mozilla/5.0 (compatible; AwarioBot/1.0; +https://awario.com/bots.html)"
65.21.113.241 - - [18/Sep/2024:20:32:39 -0400] "GET /author/ HTTP/1.1" 404 16554 "-" "Mozilla/5.0 (compatible; AwarioBot/1.0; +https://awario.com/bots.html)"
65.21.113.241 - - [18/Sep/2024:20:32:45 -0400] "GET /author/infoglenbowcollege-ca/feed/ HTTP/1.1" 200 1417 "-" "Mozilla/5.0 (compatible; AwarioBot/1.0; +https://awario.com/bots.html)"
65.21.113.241 - - [18/Sep/2024:20:32:50 -0400] "GET /author/infoglenbowcollege-ca/page/2/ HTTP/1.1" 200 18736 "-" "Mozilla/5.0 (compatible; AwarioBot/1.0; +https://awario.com/bots.html)"
65.21.113.241 - - [18/Sep/2024:20:33:05 -0400] "GET /category/events/feed/ HTTP/1.1" 200 1313 "-" "Mozilla/5.0 (compatible; AwarioBot/1.0; +https://awario.com/bots.html)"
65.21.113.241 - - [18/Sep/2024:20:33:14 -0400] "GET /category/events/page/2/ HTTP/1.1" 200 18957 "-" "Mozilla/5.0 (compatible; AwarioBot/1.0; +https://awario.com/bots.html)"
65.21.113.241 - - [18/Sep/2024:20:33:34 -0400] "GET /product-category/payment/feed/ HTTP/1.1" 200 838 "-" "Mozilla/5.0 (compatible; AwarioBot/1.0; +https://awario.com/bots.html)"
65.21.113.241 - - [18/Sep/2024:20:33:52 -0400] "GET /robots.txt HTTP/1.1" 200 242 "-" "Mozilla/5.0 (compatible; AwarioBot/1.0; +https://awario.com/bots.html)"
65.21.113.241 - - [18/Sep/2024:20:33:53 -0400] "GET /tag/esl/feed/ HTTP/1.1" 200 1704 "-" "Mozilla/5.0 (compatible; AwarioBot/1.0; +https://awario.com/bots.html)"
68.65.122.142 - - [18/Sep/2024:20:34:04 -0400] "POST /wp-cron.php?doing_wp_cron=1726706044.4459640979766845703125 HTTP/1.1" 403 1242 "-" "WordPress/6.2.1; https://glenbowcollege.ca"
68.65.122.142 - - [18/Sep/2024:20:40:17 -0400] "POST /wp-cron.php?doing_wp_cron=1726706417.0484778881072998046875 HTTP/1.1" 403 1242 "-" "WordPress/6.2.1; https://glenbowcollege.ca"
66.249.68.38 - - [18/Sep/2024:20:40:15 -0400] "GET / HTTP/1.1" 200 20447 "-" "Mozilla/5.0 (compatible; Googlebot/2.1; +http://www.google.com/bot.html)"
66.249.68.39 - - [18/Sep/2024:20:44:02 -0400] "GET /wp-includes/css/dist/components/style.min.css?ver=6.2.1 HTTP/1.1" 200 11247 "https://glenbowcollege.ca/" "Mozilla/5.0 AppleWebKit/537.36 (KHTML, like Gecko; compatible; Googlebot/2.1; +http://www.google.com/bot.html) Chrome/128.0.6613.113 Safari/537.36"
66.249.68.39 - - [18/Sep/2024:20:44:02 -0400] "GET /wp-content/plugins/coblocks/includes/Dependencies/GoDaddy/Styles/build/latest.css?ver=2.0.2 HTTP/1.1" 200 1313 "https://glenbowcollege.ca/" "Mozilla/5.0 AppleWebKit/537.36 (KHTML, like Gecko; compatible; Googlebot/2.1; +http://www.google.com/bot.html) Chrome/128.0.6613.113 Safari/537.36"
66.249.68.38 - - [18/Sep/2024:20:44:02 -0400] "GET /wp-includes/css/dist/block-library/style.min.css?ver=6.2.1 HTTP/1.1" 200 11775 "https://glenbowcollege.ca/" "Mozilla/5.0 AppleWebKit/537.36 (KHTML, like Gecko; compatible; Googlebot/2.1; +http://www.google.com/bot.html) Chrome/128.0.6613.113 Safari/537.36"
66.249.68.38 - - [18/Sep/2024:20:44:02 -0400] "GET /wp-content/plugins/woocommerce/packages/woocommerce-blocks/build/wc-blocks-style.css?ver=10.2.3 HTTP/1.1" 200 26445 "https://glenbowcollege.ca/" "Mozilla/5.0 AppleWebKit/537.36 (KHTML, like Gecko; compatible; Googlebot/2.1; +http://www.google.com/bot.html) Chrome/128.0.6613.113 Safari/537.36"
66.249.68.39 - - [18/Sep/2024:20:44:03 -0400] "GET /wp-content/plugins/woocommerce/assets/css/woocommerce.css?ver=7.8.0 HTTP/1.1" 200 8786 "https://glenbowcollege.ca/" "Mozilla/5.0 AppleWebKit/537.36 (KHTML, like Gecko; compatible; Googlebot/2.1; +http://www.google.com/bot.html) Chrome/128.0.6613.113 Safari/537.36"
66.249.68.38 - - [18/Sep/2024:20:44:04 -0400] "GET /wp-content/plugins/strong-testimonials/templates/default/content.css?ver=3.1.7 HTTP/1.1" 200 1833 "https://glenbowcollege.ca/" "Mozilla/5.0 AppleWebKit/537.36 (KHTML, like Gecko; compatible; Googlebot/2.1; +http://www.google.com/bot.html) Chrome/128.0.6613.113 Safari/537.36"
66.249.68.38 - - [18/Sep/2024:20:44:04 -0400] "GET /wp-content/plugins/coblocks/dist/style-coblocks-extensions.css?ver=3.1.5 HTTP/1.1" 200 304 "https://glenbowcollege.ca/" "Mozilla/5.0 AppleWebKit/537.36 (KHTML, like Gecko; compatible; Googlebot/2.1; +http://www.google.com/bot.html) Chrome/128.0.6613.113 Safari/537.36"
66.249.68.39 - - [18/Sep/2024:20:44:04 -0400] "GET /wp-content/plugins/woocommerce/packages/woocommerce-blocks/build/wc-blocks-vendors-style.css?ver=10.2.3 HTTP/1.1" 200 1760 "https://glenbowcollege.ca/" "Mozilla/5.0 AppleWebKit/537.36 (KHTML, like Gecko; compatible; Googlebot/2.1; +http://www.google.com/bot.html) Chrome/128.0.6613.113 Safari/537.36"
66.249.68.39 - - [18/Sep/2024:20:44:05 -0400] "GET /wp-includes/js/dist/hooks.min.js?ver=4169d3cf8e8d95a3d6d5 HTTP/1.1" 200 3212 "https://glenbowcollege.ca/" "Mozilla/5.0 AppleWebKit/537.36 (KHTML, like Gecko; compatible; Googlebot/2.1; +http://www.google.com/bot.html) Chrome/128.0.6613.113 Safari/537.36"
66.249.68.39 - - [18/Sep/2024:20:44:05 -0400] "GET /wp-content/themes/education-hub-pro/third-party/font-awesome/fonts/fontawesome-webfont.woff2?v=4.7.0 HTTP/1.1" 200 77160 "https://glenbowcollege.ca/wp-content/themes/education-hub-pro/third-party/font-awesome/css/font-awesome.min.css?ver=4.7.0" "Mozilla/5.0 AppleWebKit/537.36 (KHTML, like Gecko; compatible; Googlebot/2.1; +http://www.google.com/bot.html) Chrome/128.0.6613.113 Safari/537.36"
68.65.122.142 - - [18/Sep/2024:20:47:25 -0400] "POST /wp-cron.php?doing_wp_cron=1726706845.8392128944396972656250 HTTP/1.1" 403 1242 "-" "WordPress/6.2.1; https://glenbowcollege.ca"
66.249.68.39 - - [18/Sep/2024:20:44:03 -0400] "GET /wp-content/plugins/coblocks/dist/style-coblocks-animation.css?ver=d9b2b27566e6a2a85d1b HTTP/1.1" 200 871 "https://glenbowcollege.ca/" "Mozilla/5.0 AppleWebKit/537.36 (KHTML, like Gecko; compatible; Googlebot/2.1; +http://www.google.com/bot.html) Chrome/128.0.6613.113 Safari/537.36"
66.249.68.39 - - [18/Sep/2024:20:44:03 -0400] "GET /wp-content/plugins/woocommerce/assets/css/woocommerce-layout.css?ver=7.8.0 HTTP/1.1" 200 2313 "https://glenbowcollege.ca/" "Mozilla/5.0 AppleWebKit/537.36 (KHTML, like Gecko; compatible; Googlebot/2.1; +http://www.google.com/bot.html) Chrome/128.0.6613.113 Safari/537.36"
66.249.68.39 - - [18/Sep/2024:20:44:03 -0400] "GET /wp-content/plugins/contact-form-7/includes/css/styles.css?ver=5.8.6 HTTP/1.1" 200 890 "https://glenbowcollege.ca/" "Mozilla/5.0 AppleWebKit/537.36 (KHTML, like Gecko; compatible; Googlebot/2.1; +http://www.google.com/bot.html) Chrome/128.0.6613.113 Safari/537.36"
66.249.68.39 - - [18/Sep/2024:20:44:04 -0400] "GET /wp-content/plugins/woocommerce-menu-bar-cart/assets/css/wpmenucart-main.min.css?ver=2.14.2 HTTP/1.1" 200 329 "https://glenbowcollege.ca/" "Mozilla/5.0 AppleWebKit/537.36 (KHTML, like Gecko; compatible; Googlebot/2.1; +http://www.google.com/bot.html) Chrome/128.0.6613.113 Safari/537.36"
66.249.68.38 - - [18/Sep/2024:20:44:04 -0400] "GET /wp-content/plugins/woocommerce-menu-bar-cart/assets/css/wpmenucart-icons.min.css?ver=2.14.2 HTTP/1.1" 200 192 "https://glenbowcollege.ca/" "Mozilla/5.0 AppleWebKit/537.36 (KHTML, like Gecko; compatible; Googlebot/2.1; +http://www.google.com/bot.html) Chrome/128.0.6613.113 Safari/537.36"
66.249.68.39 - - [18/Sep/2024:20:44:04 -0400] "GET /wp-content/plugins/strong-testimonials/public/css/slider-controls-simple-buttons.css?ver=3.1.7 HTTP/1.1" 200 788 "https://glenbowcollege.ca/" "Mozilla/5.0 AppleWebKit/537.36 (KHTML, like Gecko; compatible; Googlebot/2.1; +http://www.google.com/bot.html) Chrome/128.0.6613.113 Safari/537.36"
66.249.68.39 - - [18/Sep/2024:20:44:05 -0400] "GET /wp-content/plugins/strong-testimonials/public/css/rating-display.css?ver=3.1.7 HTTP/1.1" 200 910 "https://glenbowcollege.ca/" "Mozilla/5.0 AppleWebKit/537.36 (KHTML, like Gecko; compatible; Googlebot/2.1; +http://www.google.com/bot.html) Chrome/128.0.6613.113 Safari/537.36"
52.167.144.234 - - [18/Sep/2024:20:47:24 -0400] "GET /international/ HTTP/1.1" 200 17409 "-" "Mozilla/5.0 AppleWebKit/537.36 (KHTML, like Gecko; compatible; bingbot/2.0; +http://www.bing.com/bingbot.htm) Chrome/116.0.1938.76 Safari/537.36"
68.65.122.142 - - [18/Sep/2024:20:51:39 -0400] "POST /wp-cron.php?doing_wp_cron=1726707099.7953970432281494140625 HTTP/1.1" 403 1242 "-" "WordPress/6.2.1; https://glenbowcollege.ca"
18.226.93.114 - - [18/Sep/2024:20:54:13 -0400] "GET /wp-json/oembed/1.0/embed?format=xml&url=https%3A%2F%2Fglenbowcollege.ca%2F2024%2F08%2F21%2Fnewcomers-career-journey%2F HTTP/1.1" 200 3024 "-" "Mozilla/5.0 AppleWebKit/537.36 (KHTML, like Gecko; compatible; ClaudeBot/1.0; +claudebot@anthropic.com)"
66.249.68.38 - - [18/Sep/2024:20:57:55 -0400] "GET /feed/ HTTP/1.1" 304 0 "-" "Mozilla/5.0 (compatible; Googlebot/2.1; +http://www.google.com/bot.html)"
3.139.81.220 - - [18/Sep/2024:20:58:02 -0400] "GET /wp-json/oembed/1.0/embed?url=https%3A%2F%2Fglenbowcollege.ca%2F2024%2F08%2F22%2Fdyslexia-awareness-conference-2%2F HTTP/1.1" 200 5801 "-" "Mozilla/5.0 AppleWebKit/537.36 (KHTML, like Gecko; compatible; ClaudeBot/1.0; +claudebot@anthropic.com)"
68.65.122.142 - - [18/Sep/2024:21:00:03 -0400] "POST /wp-cron.php?doing_wp_cron=1726707603.5758159160614013671875 HTTP/1.1" 403 1242 "-" "WordPress/6.2.1; https://glenbowcollege.ca"
3.133.131.251 - - [18/Sep/2024:21:01:47 -0400] "GET /?p=2176 HTTP/1.1" 301 0 "-" "Mozilla/5.0 AppleWebKit/537.36 (KHTML, like Gecko; compatible; ClaudeBot/1.0; +claudebot@anthropic.com)"
3.133.131.251 - - [18/Sep/2024:21:01:48 -0400] "GET /2024/08/22/2176/ HTTP/1.1" 200 17262 "https://glenbowcollege.ca/?p=2176" "Mozilla/5.0 AppleWebKit/537.36 (KHTML, like Gecko; compatible; ClaudeBot/1.0; +claudebot@anthropic.com)"
18.117.106.130 - - [18/Sep/2024:20:51:38 -0400] "GET /wp-json/wp/v2/posts/2176 HTTP/1.1" 200 12055 "-" "Mozilla/5.0 AppleWebKit/537.36 (KHTML, like Gecko; compatible; ClaudeBot/1.0; +claudebot@anthropic.com)"
68.65.122.142 - - [18/Sep/2024:20:54:14 -0400] "POST /wp-cron.php?doing_wp_cron=1726707254.5786070823669433593750 HTTP/1.1" 403 1242 "-" "WordPress/6.2.1; https://glenbowcollege.ca"
68.65.122.142 - - [18/Sep/2024:20:57:20 -0400] "POST /wp-cron.php?doing_wp_cron=1726707440.1831810474395751953125 HTTP/1.1" 403 1242 "-" "WordPress/6.2.1; https://glenbowcollege.ca"
3.15.208.156 - - [18/Sep/2024:20:57:19 -0400] "GET /wp-json/oembed/1.0/embed?format=xml&url=https%3A%2F%2Fglenbowcollege.ca%2F2024%2F08%2F22%2F2176%2F HTTP/1.1" 200 3014 "-" "Mozilla/5.0 AppleWebKit/537.36 (KHTML, like Gecko; compatible; ClaudeBot/1.0; +claudebot@anthropic.com)"
3.133.148.105 - - [18/Sep/2024:21:00:02 -0400] "GET /wp-json/oembed/1.0/embed?url=https%3A%2F%2Fglenbowcollege.ca%2F2024%2F08%2F22%2F2176%2F HTTP/1.1" 200 5717 "-" "Mozilla/5.0 AppleWebKit/537.36 (KHTML, like Gecko; compatible; ClaudeBot/1.0; +claudebot@anthropic.com)"
68.65.122.142 - - [18/Sep/2024:21:01:48 -0400] "POST /wp-cron.php?doing_wp_cron=1726707708.5007169246673583984375 HTTP/1.1" 403 1242 "-" "WordPress/6.2.1; https://glenbowcollege.ca"
68.65.122.142 - - [18/Sep/2024:21:03:53 -0400] "POST /wp-cron.php?doing_wp_cron=1726707833.3053460121154785156250 HTTP/1.1" 403 1242 "-" "WordPress/6.2.1; https://glenbowcollege.ca"
18.223.237.82 - - [18/Sep/2024:21:03:52 -0400] "GET /?p=2168 HTTP/1.1" 301 0 "-" "Mozilla/5.0 AppleWebKit/537.36 (KHTML, like Gecko; compatible; ClaudeBot/1.0; +claudebot@anthropic.com)"
18.223.237.82 - - [18/Sep/2024:21:03:53 -0400] "GET /2024/08/21/newcomers-career-journey/ HTTP/1.1" 200 17317 "https://glenbowcollege.ca/?p=2168" "Mozilla/5.0 AppleWebKit/537.36 (KHTML, like Gecko; compatible; ClaudeBot/1.0; +claudebot@anthropic.com)"
3.147.61.9 - - [18/Sep/2024:21:07:27 -0400] "GET /wp-content/uploads/2024/08/WhatsApp-Image-2024-08-21-at-12.00.21-PM-791x1024.jpeg HTTP/1.1" 200 142290 "-" "Mozilla/5.0 AppleWebKit/537.36 (KHTML, like Gecko; compatible; ClaudeBot/1.0; +claudebot@anthropic.com)"
68.65.122.142 - - [18/Sep/2024:21:08:58 -0400] "POST /wp-cron.php?doing_wp_cron=1726708138.0967140197753906250000 HTTP/1.1" 403 1242 "-" "WordPress/6.2.1; https://glenbowcollege.ca"
3.143.218.15 - - [18/Sep/2024:21:08:57 -0400] "GET /wp-json/oembed/1.0/embed?format=xml&url=https%3A%2F%2Fglenbowcollege.ca%2F2024%2F08%2F22%2Fdyslexia-awareness-conference-2%2F HTTP/1.1" 200 3026 "-" "Mozilla/5.0 AppleWebKit/537.36 (KHTML, like Gecko; compatible; ClaudeBot/1.0; +claudebot@anthropic.com)"
3.149.245.245 - - [18/Sep/2024:21:07:04 -0400] "GET /wp-content/uploads/2024/08/WhatsApp-Image-2024-08-22-at-9.53.04-AM-662x1024.jpeg HTTP/1.1" 200 82864 "-" "Mozilla/5.0 AppleWebKit/537.36 (KHTML, like Gecko; compatible; ClaudeBot/1.0; +claudebot@anthropic.com)"
5.161.223.51 - - [18/Sep/2024:21:09:25 -0400] "POST /wp-load.php?8ae43a=89626 HTTP/1.1" 403 1242 "-" "Mozilla/5.0 (Windows NT 10.0; Win64; x64) AppleWebKit/537.36 (KHTML, like Gecko) Chrome/104.0.5112.97 Safari/537.36"
18.222.111.197 - - [18/Sep/2024:21:21:48 -0400] "GET /robots.txt HTTP/1.1" 200 233 "-" "Mozilla/5.0 AppleWebKit/537.36 (KHTML, like Gecko; compatible; ClaudeBot/1.0; +claudebot@anthropic.com)"
18.222.111.197 - - [18/Sep/2024:21:21:48 -0400] "GET /wp-json/oembed/1.0/embed?url=https%3A%2F%2Fglenbowcollege.ca%2F2024%2F08%2F21%2Fnewcomers-career-journey%2F HTTP/1.1" 200 5764 "-" "Mozilla/5.0 AppleWebKit/537.36 (KHTML, like Gecko; compatible; ClaudeBot/1.0; +claudebot@anthropic.com)"
18.217.96.145 - - [18/Sep/2024:21:22:29 -0400] "GET /wp-content/uploads/2024/08/WhatsApp-Image-2024-08-22-at-9.53.04-AM-3-662x1024.jpeg HTTP/1.1" 200 82864 "-" "Mozilla/5.0 AppleWebKit/537.36 (KHTML, like Gecko; compatible; ClaudeBot/1.0; +claudebot@anthropic.com)"
68.65.122.142 - - [18/Sep/2024:21:21:49 -0400] "POST /wp-cron.php?doing_wp_cron=1726708909.1570620536804199218750 HTTP/1.1" 403 1242 "-" "WordPress/6.2.1; https://glenbowcollege.ca"
3.144.42.221 - - [18/Sep/2024:21:21:53 -0400] "GET /?p=2190 HTTP/1.1" 301 0 "-" "Mozilla/5.0 AppleWebKit/537.36 (KHTML, like Gecko; compatible; ClaudeBot/1.0; +claudebot@anthropic.com)"
3.144.42.221 - - [18/Sep/2024:21:21:54 -0400] "GET /2024/08/22/dyslexia-awareness-conference-2/ HTTP/1.1" 200 17446 "https://glenbowcollege.ca/?p=2190" "Mozilla/5.0 AppleWebKit/537.36 (KHTML, like Gecko; compatible; ClaudeBot/1.0; +claudebot@anthropic.com)"
68.65.122.142 - - [18/Sep/2024:21:23:07 -0400] "POST /wp-cron.php?doing_wp_cron=1726708987.5781950950622558593750 HTTP/1.1" 403 1242 "-" "WordPress/6.2.1; https://glenbowcollege.ca"
52.167.144.198 - - [18/Sep/2024:21:23:06 -0400] "GET /international/current-international-students/student-resources/ HTTP/1.1" 200 19335 "-" "Mozilla/5.0 AppleWebKit/537.36 (KHTML, like Gecko; compatible; bingbot/2.0; +http://www.bing.com/bingbot.htm) Chrome/116.0.1938.76 Safari/537.36"