70.73.96.118 - - [18/Sep/2024:10:48:38 -0400] "GET /wp-content/uploads/2020/02/english_as_a_second_language.jpg HTTP/1.1" 200 36750 "https://glenbowcollege.ca/certifications/teaching-english-to-speakers-of-other-languages/" "Mozilla/5.0 (Windows NT 10.0; Win64; x64) AppleWebKit/537.36 (KHTML, like Gecko) Chrome/128.0.0.0 Safari/537.36"
70.73.96.118 - - [18/Sep/2024:10:48:39 -0400] "GET /wp-content/uploads/2020/02/logo_white-2048x881.png HTTP/1.1" 200 267785 "https://glenbowcollege.ca/certifications/teaching-english-to-speakers-of-other-languages/" "Mozilla/5.0 (Windows NT 10.0; Win64; x64) AppleWebKit/537.36 (KHTML, like Gecko) Chrome/128.0.0.0 Safari/537.36"
70.73.96.118 - - [18/Sep/2024:10:48:39 -0400] "GET /wp-content/uploads/2024/05/LC-Logo_Colour.png HTTP/1.1" 200 33091 "https://glenbowcollege.ca/certifications/teaching-english-to-speakers-of-other-languages/" "Mozilla/5.0 (Windows NT 10.0; Win64; x64) AppleWebKit/537.36 (KHTML, like Gecko) Chrome/128.0.0.0 Safari/537.36"
68.65.122.142 - - [18/Sep/2024:10:56:55 -0400] "POST /wp-cron.php?doing_wp_cron=1726671415.3908789157867431640625 HTTP/1.1" 403 1242 "-" "WordPress/6.2.1; https://glenbowcollege.ca"
68.65.122.142 - - [18/Sep/2024:10:58:21 -0400] "POST /wp-cron.php?doing_wp_cron=1726671501.2815260887145996093750 HTTP/1.1" 403 1242 "-" "WordPress/6.2.1; https://glenbowcollege.ca"
70.73.96.118 - - [18/Sep/2024:10:58:20 -0400] "GET / HTTP/1.1" 200 20452 "-" "Mozilla/5.0 (Windows NT 10.0; Win64; x64) AppleWebKit/537.36 (KHTML, like Gecko) Chrome/128.0.0.0 Safari/537.36"
70.73.96.118 - - [18/Sep/2024:10:58:24 -0400] "GET /programs/ HTTP/1.1" 200 17404 "https://glenbowcollege.ca/" "Mozilla/5.0 (Windows NT 10.0; Win64; x64) AppleWebKit/537.36 (KHTML, like Gecko) Chrome/128.0.0.0 Safari/537.36"
70.73.96.118 - - [18/Sep/2024:11:02:33 -0400] "GET / HTTP/1.1" 200 20463 "-" "Mozilla/5.0 (Macintosh; Intel Mac OS X 10_15_7) AppleWebKit/537.36 (KHTML, like Gecko) Chrome/128.0.0.0 Safari/537.36"
70.73.96.118 - - [18/Sep/2024:11:02:35 -0400] "GET /wp-content/uploads/2020/03/apple-education-slider.jpg HTTP/1.1" 200 584207 "https://glenbowcollege.ca/" "Mozilla/5.0 (Macintosh; Intel Mac OS X 10_15_7) AppleWebKit/537.36 (KHTML, like Gecko) Chrome/128.0.0.0 Safari/537.36"
70.73.96.118 - - [18/Sep/2024:11:02:35 -0400] "GET /wp-content/uploads/2020/04/ANA-SAYFA.png HTTP/1.1" 200 1322485 "https://glenbowcollege.ca/" "Mozilla/5.0 (Macintosh; Intel Mac OS X 10_15_7) AppleWebKit/537.36 (KHTML, like Gecko) Chrome/128.0.0.0 Safari/537.36"
70.73.96.118 - - [18/Sep/2024:11:02:49 -0400] "GET /wp-content/uploads/2020/02/cropped-logo11-192x192.png HTTP/1.1" 206 11934 "-" "WhatsApp/2.23.20.0"
52.167.144.189 - - [18/Sep/2024:10:56:54 -0400] "GET /lan36c/abcdc744783.htm HTTP/1.1" 404 14974 "-" "Mozilla/5.0 AppleWebKit/537.36 (KHTML, like Gecko; compatible; bingbot/2.0; +http://www.bing.com/bingbot.htm) Chrome/116.0.1938.76 Safari/537.36"
70.73.96.118 - - [18/Sep/2024:10:58:25 -0400] "GET /wp-content/uploads/2020/05/PROGRAMS-2.png HTTP/1.1" 200 821026 "https://glenbowcollege.ca/programs/" "Mozilla/5.0 (Windows NT 10.0; Win64; x64) AppleWebKit/537.36 (KHTML, like Gecko) Chrome/128.0.0.0 Safari/537.36"
68.65.122.142 - - [18/Sep/2024:11:02:34 -0400] "POST /wp-cron.php?doing_wp_cron=1726671754.8715939521789550781250 HTTP/1.1" 403 1242 "-" "WordPress/6.2.1; https://glenbowcollege.ca"
70.73.96.118 - - [18/Sep/2024:11:02:35 -0400] "GET /wp-content/uploads/2020/04/slider-education.jpg HTTP/1.1" 200 399060 "https://glenbowcollege.ca/" "Mozilla/5.0 (Macintosh; Intel Mac OS X 10_15_7) AppleWebKit/537.36 (KHTML, like Gecko) Chrome/128.0.0.0 Safari/537.36"
70.73.96.118 - - [18/Sep/2024:11:02:35 -0400] "GET /wp-content/uploads/2020/03/slider-6.jpg HTTP/1.1" 200 578444 "https://glenbowcollege.ca/" "Mozilla/5.0 (Macintosh; Intel Mac OS X 10_15_7) AppleWebKit/537.36 (KHTML, like Gecko) Chrome/128.0.0.0 Safari/537.36"
70.73.96.118 - - [18/Sep/2024:11:02:35 -0400] "GET /wp-content/uploads/2020/03/slider-2.jpg HTTP/1.1" 200 544765 "https://glenbowcollege.ca/" "Mozilla/5.0 (Macintosh; Intel Mac OS X 10_15_7) AppleWebKit/537.36 (KHTML, like Gecko) Chrome/128.0.0.0 Safari/537.36"
70.73.96.118 - - [18/Sep/2024:11:02:35 -0400] "GET /wp-content/uploads/2023/05/comment.png HTTP/1.1" 200 495619 "https://glenbowcollege.ca/" "Mozilla/5.0 (Macintosh; Intel Mac OS X 10_15_7) AppleWebKit/537.36 (KHTML, like Gecko) Chrome/128.0.0.0 Safari/537.36"
70.73.96.118 - - [18/Sep/2024:11:02:35 -0400] "GET /wp-content/uploads/2020/02/logo_white-2048x881.png HTTP/1.1" 200 267785 "https://glenbowcollege.ca/" "Mozilla/5.0 (Macintosh; Intel Mac OS X 10_15_7) AppleWebKit/537.36 (KHTML, like Gecko) Chrome/128.0.0.0 Safari/537.36"
70.73.96.118 - - [18/Sep/2024:11:02:48 -0400] "GET / HTTP/1.1" 200 20466 "-" "WhatsApp/2.23.20.0"
180.75.241.25 - - [18/Sep/2024:11:08:40 -0400] "GET /apple-touch-icon.png HTTP/1.1" 301 0 "-" "Mozilla/5.0 (Windows NT 10.0; Win64; x64) AppleWebKit/537.36 (KHTML, like Gecko) Chrome/55.0.2883.87 Safari/537.36 eM Client/9.2.2280.0"
180.75.241.25 - - [18/Sep/2024:11:08:41 -0400] "GET /apple-touch-icon.png HTTP/1.1" 200 0 "-" "Mozilla/5.0 (Windows NT 10.0; Win64; x64) AppleWebKit/537.36 (KHTML, like Gecko) Chrome/55.0.2883.87 Safari/537.36 eM Client/9.2.2280.0"
180.75.241.25 - - [18/Sep/2024:11:08:41 -0400] "GET /apple-touch-icon-precomposed.png HTTP/1.1" 200 0 "-" "Mozilla/5.0 (Windows NT 10.0; Win64; x64) AppleWebKit/537.36 (KHTML, like Gecko) Chrome/55.0.2883.87 Safari/537.36 eM Client/9.2.2280.0"
180.75.241.25 - - [18/Sep/2024:11:08:41 -0400] "GET / HTTP/1.1" 200 88795 "-" "Mozilla/5.0 (Windows NT 10.0; Win64; x64) AppleWebKit/537.36 (KHTML, like Gecko) Chrome/55.0.2883.87 Safari/537.36 eM Client/9.2.2280.0"
180.75.241.25 - - [18/Sep/2024:11:08:46 -0400] "GET /wp-content/uploads/2020/02/cropped-logo11-180x180.png HTTP/1.1" 200 14439 "-" "Mozilla/5.0 (Windows NT 10.0; Win64; x64) AppleWebKit/537.36 (KHTML, like Gecko) Chrome/55.0.2883.87 Safari/537.36 eM Client/9.2.2280.0"
180.75.241.25 - - [18/Sep/2024:11:08:46 -0400] "GET /favicon.ico HTTP/1.1" 404 1251 "-" "Mozilla/5.0 (Windows NT 10.0; Win64; x64) AppleWebKit/537.36 (KHTML, like Gecko) Chrome/55.0.2883.87 Safari/537.36 eM Client/9.2.2280.0"
180.75.241.25 - - [18/Sep/2024:11:08:47 -0400] "GET /wp-content/uploads/2020/02/cropped-logo11-192x192.png HTTP/1.1" 200 11934 "-" "Mozilla/5.0 (Windows NT 10.0; Win64; x64) AppleWebKit/537.36 (KHTML, like Gecko) Chrome/55.0.2883.87 Safari/537.36 eM Client/9.2.2280.0"
180.75.241.25 - - [18/Sep/2024:11:08:47 -0400] "GET /apple-touch-icon-precomposed.png HTTP/1.1" 404 60058 "-" "Mozilla/5.0 (Windows NT 10.0; Win64; x64) AppleWebKit/537.36 (KHTML, like Gecko) Chrome/55.0.2883.87 Safari/537.36 eM Client/9.2.2280.0"
66.249.68.32 - - [18/Sep/2024:11:13:15 -0400] "GET /wp-content/uploads/2023/05/mirgul.png HTTP/1.1" 304 0 "-" "Googlebot-Image/1.0"
159.65.238.161 - - [18/Sep/2024:11:08:07 -0400] "POST /wp-load.php?a0adef=73487 HTTP/1.1" 403 1242 "-" "Mozilla/5.0 (Windows NT 10.0; Win64; x64) AppleWebKit/537.36 (KHTML, like Gecko) Chrome/104.0.5112.97 Safari/537.36"
180.75.241.25 - - [18/Sep/2024:11:08:39 -0400] "GET / HTTP/1.1" 301 0 "-" "Mozilla/5.0 (Windows NT 10.0; Win64; x64) AppleWebKit/537.36 (KHTML, like Gecko) Chrome/55.0.2883.87 Safari/537.36 eM Client/9.2.2280.0"
180.75.241.25 - - [18/Sep/2024:11:08:40 -0400] "GET /apple-touch-icon-precomposed.png HTTP/1.1" 301 0 "-" "Mozilla/5.0 (Windows NT 10.0; Win64; x64) AppleWebKit/537.36 (KHTML, like Gecko) Chrome/55.0.2883.87 Safari/537.36 eM Client/9.2.2280.0"
180.75.241.25 - - [18/Sep/2024:11:08:42 -0400] "GET / HTTP/1.1" 200 88795 "-" "Mozilla/5.0 (Windows NT 10.0; Win64; x64) AppleWebKit/537.36 (KHTML, like Gecko) Chrome/55.0.2883.87 Safari/537.36 eM Client/9.2.2280.0"
180.75.241.25 - - [18/Sep/2024:11:08:46 -0400] "GET /apple-touch-icon.png HTTP/1.1" 404 60058 "-" "Mozilla/5.0 (Windows NT 10.0; Win64; x64) AppleWebKit/537.36 (KHTML, like Gecko) Chrome/55.0.2883.87 Safari/537.36 eM Client/9.2.2280.0"
68.65.122.142 - - [18/Sep/2024:11:21:24 -0400] "POST /wp-cron.php?doing_wp_cron=1726672884.7545769214630126953125 HTTP/1.1" 403 1242 "-" "WordPress/6.2.1; https://glenbowcollege.ca"
70.73.96.118 - - [18/Sep/2024:11:25:02 -0400] "GET /certifications-esl/ HTTP/1.1" 200 20497 "https://glenbowcollege.ca/" "Mozilla/5.0 (Macintosh; Intel Mac OS X 10_15_7) AppleWebKit/537.36 (KHTML, like Gecko) Chrome/128.0.0.0 Safari/537.36"
70.73.96.118 - - [18/Sep/2024:11:25:04 -0400] "GET /wp-content/plugins/pdf-embedder/assets/css/pdfemb-embed-pdf.css?ver=4.6.4 HTTP/1.1" 200 1770 "https://glenbowcollege.ca/certifications-esl/" "Mozilla/5.0 (Macintosh; Intel Mac OS X 10_15_7) AppleWebKit/537.36 (KHTML, like Gecko) Chrome/128.0.0.0 Safari/537.36"
70.73.96.118 - - [18/Sep/2024:11:25:04 -0400] "GET /wp-content/plugins/pdf-embedder/assets/js/min/all-pdfemb-min.js?ver=6.2.1 HTTP/1.1" 200 7596 "https://glenbowcollege.ca/certifications-esl/" "Mozilla/5.0 (Macintosh; Intel Mac OS X 10_15_7) AppleWebKit/537.36 (KHTML, like Gecko) Chrome/128.0.0.0 Safari/537.36"
70.73.96.118 - - [18/Sep/2024:11:25:05 -0400] "GET /wp-content/plugins/pdf-embedder/assets/js/pdfjs/pdf.worker.min.js?ver=4.6.4 HTTP/1.1" 200 211677 "https://glenbowcollege.ca/certifications-esl/" "Mozilla/5.0 (Macintosh; Intel Mac OS X 10_15_7) AppleWebKit/537.36 (KHTML, like Gecko) Chrome/128.0.0.0 Safari/537.36"
70.73.96.118 - - [18/Sep/2024:11:25:05 -0400] "GET /wp-content/uploads/2024/03/PROBLEM-RESOLUTION-POLICY-PROCEDURE-FOR-COMPLAINTS.pdf HTTP/1.1" 200 656890 "https://glenbowcollege.ca/certifications-esl/" "Mozilla/5.0 (Macintosh; Intel Mac OS X 10_15_7) AppleWebKit/537.36 (KHTML, like Gecko) Chrome/128.0.0.0 Safari/537.36"
70.73.96.118 - - [18/Sep/2024:11:25:05 -0400] "GET /wp-content/uploads/2024/03/FEES-AND-REFUND-POLICY.pdf HTTP/1.1" 200 631895 "https://glenbowcollege.ca/certifications-esl/" "Mozilla/5.0 (Macintosh; Intel Mac OS X 10_15_7) AppleWebKit/537.36 (KHTML, like Gecko) Chrome/128.0.0.0 Safari/537.36"
70.73.96.118 - - [18/Sep/2024:11:25:08 -0400] "GET /wp-content/uploads/2024/03/programs1.jpg HTTP/1.1" 200 94671 "https://glenbowcollege.ca/certifications-esl/" "Mozilla/5.0 (Macintosh; Intel Mac OS X 10_15_7) AppleWebKit/537.36 (KHTML, like Gecko) Chrome/128.0.0.0 Safari/537.36"
70.73.96.118 - - [18/Sep/2024:11:25:08 -0400] "GET /wp-content/uploads/2024/03/programs2.jpg HTTP/1.1" 200 75999 "https://glenbowcollege.ca/certifications-esl/" "Mozilla/5.0 (Macintosh; Intel Mac OS X 10_15_7) AppleWebKit/537.36 (KHTML, like Gecko) Chrome/128.0.0.0 Safari/537.36"
70.73.96.118 - - [18/Sep/2024:11:25:10 -0400] "GET /wp-content/uploads/2024/05/LC-Logo_Colour-2.jpg HTTP/1.1" 200 164935 "https://glenbowcollege.ca/certifications-esl/" "Mozilla/5.0 (Macintosh; Intel Mac OS X 10_15_7) AppleWebKit/537.36 (KHTML, like Gecko) Chrome/128.0.0.0 Safari/537.36"
70.73.96.118 - - [18/Sep/2024:11:25:22 -0400] "GET /wp-content/uploads/2024/03/EXTRA-CURRICULAR-ACTIVITIES-1.jpg HTTP/1.1" 200 73166 "https://glenbowcollege.ca/certifications-esl/" "Mozilla/5.0 (Macintosh; Intel Mac OS X 10_15_7) AppleWebKit/537.36 (KHTML, like Gecko) Chrome/128.0.0.0 Safari/537.36"
70.73.96.118 - - [18/Sep/2024:11:25:22 -0400] "GET /wp-content/uploads/2024/03/EXTRA-CURRICULAR-ACTIVITIES-2.jpg HTTP/1.1" 200 75261 "https://glenbowcollege.ca/certifications-esl/" "Mozilla/5.0 (Macintosh; Intel Mac OS X 10_15_7) AppleWebKit/537.36 (KHTML, like Gecko) Chrome/128.0.0.0 Safari/537.36"
70.73.96.118 - - [18/Sep/2024:11:25:29 -0400] "GET /wp-content/plugins/pdf-embedder/assets/img/toolbarButton-pageUp.png HTTP/1.1" 200 246 "https://glenbowcollege.ca/wp-content/plugins/pdf-embedder/assets/css/pdfemb-embed-pdf.css?ver=4.6.4" "Mozilla/5.0 (Macintosh; Intel Mac OS X 10_15_7) AppleWebKit/537.36 (KHTML, like Gecko) Chrome/128.0.0.0 Safari/537.36"
70.73.96.118 - - [18/Sep/2024:11:25:29 -0400] "GET /wp-content/plugins/pdf-embedder/assets/img/toolbarButton-zoomIn.png HTTP/1.1" 200 136 "https://glenbowcollege.ca/wp-content/plugins/pdf-embedder/assets/css/pdfemb-embed-pdf.css?ver=4.6.4" "Mozilla/5.0 (Macintosh; Intel Mac OS X 10_15_7) AppleWebKit/537.36 (KHTML, like Gecko) Chrome/128.0.0.0 Safari/537.36"
70.73.96.118 - - [18/Sep/2024:11:25:29 -0400] "GET /wp-content/plugins/pdf-embedder/assets/img/toolbarButton-zoomOut.png HTTP/1.1" 200 88 "https://glenbowcollege.ca/wp-content/plugins/pdf-embedder/assets/css/pdfemb-embed-pdf.css?ver=4.6.4" "Mozilla/5.0 (Macintosh; Intel Mac OS X 10_15_7) AppleWebKit/537.36 (KHTML, like Gecko) Chrome/128.0.0.0 Safari/537.36"
59.25.185.52 - - [18/Sep/2024:11:26:37 -0400] "GET /index.php HTTP/1.1" 301 0 "glenbowcollege.ca" "Mozilla/5.1 (Windows NT 6.0; WOW64) AppleWebKit/537.37 (KHTML, like Gecko) Chrome/58.0.1145.75 Safari/537.37"
52.167.144.20 - - [18/Sep/2024:11:21:23 -0400] "GET /housing29/edb961421.htm HTTP/1.1" 404 14983 "-" "Mozilla/5.0 AppleWebKit/537.36 (KHTML, like Gecko; compatible; bingbot/2.0; +http://www.bing.com/bingbot.htm) Chrome/116.0.1938.76 Safari/537.36"
68.65.122.142 - - [18/Sep/2024:11:25:04 -0400] "POST /wp-cron.php?doing_wp_cron=1726673104.3834629058837890625000 HTTP/1.1" 403 1242 "-" "WordPress/6.2.1; https://glenbowcollege.ca"
70.73.96.118 - - [18/Sep/2024:11:25:04 -0400] "GET /wp-content/uploads/2020/04/english_as_a_second_language.jpg HTTP/1.1" 200 36750 "https://glenbowcollege.ca/certifications-esl/" "Mozilla/5.0 (Macintosh; Intel Mac OS X 10_15_7) AppleWebKit/537.36 (KHTML, like Gecko) Chrome/128.0.0.0 Safari/537.36"
70.73.96.118 - - [18/Sep/2024:11:25:04 -0400] "GET /wp-content/plugins/pdf-embedder/assets/js/pdfjs/pdf.min.js?ver=4.6.4 HTTP/1.1" 200 85478 "https://glenbowcollege.ca/certifications-esl/" "Mozilla/5.0 (Macintosh; Intel Mac OS X 10_15_7) AppleWebKit/537.36 (KHTML, like Gecko) Chrome/128.0.0.0 Safari/537.36"
70.73.96.118 - - [18/Sep/2024:11:25:05 -0400] "GET /wp-content/uploads/2024/03/HEALTH-INSURANCE-POLICY.pdf HTTP/1.1" 200 634966 "https://glenbowcollege.ca/certifications-esl/" "Mozilla/5.0 (Macintosh; Intel Mac OS X 10_15_7) AppleWebKit/537.36 (KHTML, like Gecko) Chrome/128.0.0.0 Safari/537.36"
70.73.96.118 - - [18/Sep/2024:11:25:05 -0400] "GET /wp-content/uploads/2024/03/student_handbook.pdf HTTP/1.1" 200 1599211 "https://glenbowcollege.ca/certifications-esl/" "Mozilla/5.0 (Macintosh; Intel Mac OS X 10_15_7) AppleWebKit/537.36 (KHTML, like Gecko) Chrome/128.0.0.0 Safari/537.36"
70.73.96.118 - - [18/Sep/2024:11:25:08 -0400] "GET /wp-content/uploads/2024/03/general_english.jpg HTTP/1.1" 200 14600 "https://glenbowcollege.ca/certifications-esl/" "Mozilla/5.0 (Macintosh; Intel Mac OS X 10_15_7) AppleWebKit/537.36 (KHTML, like Gecko) Chrome/128.0.0.0 Safari/537.36"
70.73.96.118 - - [18/Sep/2024:11:25:22 -0400] "GET /wp-content/uploads/2024/03/EXTRA-CURRICULAR-ACTIVITIES-3.jpg HTTP/1.1" 200 72310 "https://glenbowcollege.ca/certifications-esl/" "Mozilla/5.0 (Macintosh; Intel Mac OS X 10_15_7) AppleWebKit/537.36 (KHTML, like Gecko) Chrome/128.0.0.0 Safari/537.36"
70.73.96.118 - - [18/Sep/2024:11:25:22 -0400] "GET /wp-content/uploads/2024/05/LC-Logo_Colour-3.jpg HTTP/1.1" 200 164935 "https://glenbowcollege.ca/certifications-esl/" "Mozilla/5.0 (Macintosh; Intel Mac OS X 10_15_7) AppleWebKit/537.36 (KHTML, like Gecko) Chrome/128.0.0.0 Safari/537.36"
70.73.96.118 - - [18/Sep/2024:11:25:29 -0400] "GET /wp-content/uploads/2024/05/LC-Logo_Colour-4.jpg HTTP/1.1" 200 164935 "https://glenbowcollege.ca/certifications-esl/" "Mozilla/5.0 (Macintosh; Intel Mac OS X 10_15_7) AppleWebKit/537.36 (KHTML, like Gecko) Chrome/128.0.0.0 Safari/537.36"
70.73.96.118 - - [18/Sep/2024:11:25:29 -0400] "GET /wp-content/plugins/pdf-embedder/assets/img/toolbarButton-pageDown.png HTTP/1.1" 200 238 "https://glenbowcollege.ca/wp-content/plugins/pdf-embedder/assets/css/pdfemb-embed-pdf.css?ver=4.6.4" "Mozilla/5.0 (Macintosh; Intel Mac OS X 10_15_7) AppleWebKit/537.36 (KHTML, like Gecko) Chrome/128.0.0.0 Safari/537.36"
70.73.96.118 - - [18/Sep/2024:11:26:00 -0400] "GET /wp-content/uploads/2024/05/LC-Logo_Colour-5.jpg HTTP/1.1" 200 164935 "https://glenbowcollege.ca/certifications-esl/" "Mozilla/5.0 (Macintosh; Intel Mac OS X 10_15_7) AppleWebKit/537.36 (KHTML, like Gecko) Chrome/128.0.0.0 Safari/537.36"
59.25.185.52 - - [18/Sep/2024:11:26:39 -0400] "GET / HTTP/1.1" 200 88815 "glenbowcollege.ca" "Mozilla/5.1 (Windows NT 6.0; WOW64) AppleWebKit/537.37 (KHTML, like Gecko) Chrome/58.0.1145.75 Safari/537.37"
40.77.167.53 - - [18/Sep/2024:11:31:34 -0400] "GET /boroniackidjnu337314.html HTTP/1.1" 404 14998 "-" "Mozilla/5.0 AppleWebKit/537.36 (KHTML, like Gecko; compatible; bingbot/2.0; +http://www.bing.com/bingbot.htm) Chrome/116.0.1938.76 Safari/537.36"
68.65.122.142 - - [18/Sep/2024:11:33:05 -0400] "POST /wp-cron.php?doing_wp_cron=1726673585.1382260322570800781250 HTTP/1.1" 403 1242 "-" "WordPress/6.2.1; https://glenbowcollege.ca"
98.148.253.106 - - [18/Sep/2024:11:33:04 -0400] "GET /programs/ HTTP/1.1" 200 17407 "-" "Mozilla/5.0 (iPhone; CPU iPhone OS 17_6 like Mac OS X) AppleWebKit/605.1.15 (KHTML, like Gecko) CriOS/129.0.6668.46 Mobile/15E148 Safari/604.1"
98.148.253.106 - - [18/Sep/2024:11:33:05 -0400] "GET /wp-includes/js/dist/hooks.min.js?ver=4169d3cf8e8d95a3d6d5 HTTP/1.1" 304 0 "https://glenbowcollege.ca/programs/" "Mozilla/5.0 (iPhone; CPU iPhone OS 17_6 like Mac OS X) AppleWebKit/605.1.15 (KHTML, like Gecko) CriOS/129.0.6668.46 Mobile/15E148 Safari/604.1"
98.148.253.106 - - [18/Sep/2024:11:33:05 -0400] "GET /wp-includes/js/dist/vendor/wp-polyfill.min.js?ver=3.15.0 HTTP/1.1" 304 0 "https://glenbowcollege.ca/programs/" "Mozilla/5.0 (iPhone; CPU iPhone OS 17_6 like Mac OS X) AppleWebKit/605.1.15 (KHTML, like Gecko) CriOS/129.0.6668.46 Mobile/15E148 Safari/604.1"
98.148.253.106 - - [18/Sep/2024:11:33:05 -0400] "GET /wp-includes/js/jquery/jquery.min.js?ver=3.6.4 HTTP/1.1" 304 0 "https://glenbowcollege.ca/programs/" "Mozilla/5.0 (iPhone; CPU iPhone OS 17_6 like Mac OS X) AppleWebKit/605.1.15 (KHTML, like Gecko) CriOS/129.0.6668.46 Mobile/15E148 Safari/604.1"
98.148.253.106 - - [18/Sep/2024:11:33:05 -0400] "GET /wp-includes/js/dist/vendor/wp-polyfill-inert.min.js?ver=3.1.2 HTTP/1.1" 304 0 "https://glenbowcollege.ca/programs/" "Mozilla/5.0 (iPhone; CPU iPhone OS 17_6 like Mac OS X) AppleWebKit/605.1.15 (KHTML, like Gecko) CriOS/129.0.6668.46 Mobile/15E148 Safari/604.1"
98.148.253.106 - - [18/Sep/2024:11:33:49 -0400] "GET /about/contact-us/ HTTP/1.1" 200 18161 "https://glenbowcollege.ca/programs/" "Mozilla/5.0 (iPhone; CPU iPhone OS 17_6 like Mac OS X) AppleWebKit/605.1.15 (KHTML, like Gecko) CriOS/129.0.6668.46 Mobile/15E148 Safari/604.1"
98.148.253.106 - - [18/Sep/2024:11:33:51 -0400] "GET /wp-json/contact-form-7/v1/contact-forms/52/refill HTTP/1.1" 200 2 "https://glenbowcollege.ca/about/contact-us/" "Mozilla/5.0 (iPhone; CPU iPhone OS 17_6 like Mac OS X) AppleWebKit/605.1.15 (KHTML, like Gecko) CriOS/129.0.6668.46 Mobile/15E148 Safari/604.1"
98.148.253.106 - - [18/Sep/2024:11:34:30 -0400] "GET /programs/medical-office-administration-diploma/ HTTP/1.1" 200 20209 "https://glenbowcollege.ca/programs/" "Mozilla/5.0 (iPhone; CPU iPhone OS 17_6 like Mac OS X) AppleWebKit/605.1.15 (KHTML, like Gecko) CriOS/129.0.6668.46 Mobile/15E148 Safari/604.1"
98.148.253.106 - - [18/Sep/2024:11:34:31 -0400] "GET /wp-content/uploads/2020/04/MEDICAL-OFFICE-ADIMINSTRATION.png HTTP/1.1" 200 257150 "https://glenbowcollege.ca/programs/medical-office-administration-diploma/" "Mozilla/5.0 (iPhone; CPU iPhone OS 17_6 like Mac OS X) AppleWebKit/605.1.15 (KHTML, like Gecko) CriOS/129.0.6668.46 Mobile/15E148 Safari/604.1"
68.65.122.142 - - [18/Sep/2024:11:37:53 -0400] "POST /wp-cron.php?doing_wp_cron=1726673873.6041879653930664062500 HTTP/1.1" 403 1242 "-" "WordPress/6.2.1; https://glenbowcollege.ca"
108.173.203.174 - - [18/Sep/2024:11:38:19 -0400] "GET / HTTP/1.1" 200 20466 "https://www.google.com/" "Mozilla/5.0 (iPhone; CPU iPhone OS 17_6 like Mac OS X) AppleWebKit/605.1.15 (KHTML, like Gecko) GSA/334.0.674067880 Mobile/15E148 Safari/604.1"
108.173.203.174 - - [18/Sep/2024:11:38:20 -0400] "GET /wp-includes/css/classic-themes.min.css?ver=6.2.1 HTTP/1.1" 200 291 "https://glenbowcollege.ca/" "Mozilla/5.0 (iPhone; CPU iPhone OS 17_6 like Mac OS X) AppleWebKit/605.1.15 (KHTML, like Gecko) GSA/334.0.674067880 Mobile/15E148 Safari/604.1"
68.65.122.142 - - [18/Sep/2024:11:31:35 -0400] "POST /wp-cron.php?doing_wp_cron=1726673495.1488521099090576171875 HTTP/1.1" 403 1242 "-" "WordPress/6.2.1; https://glenbowcollege.ca"
98.148.253.106 - - [18/Sep/2024:11:33:05 -0400] "GET /wp-includes/js/dist/vendor/regenerator-runtime.min.js?ver=0.13.11 HTTP/1.1" 304 0 "https://glenbowcollege.ca/programs/" "Mozilla/5.0 (iPhone; CPU iPhone OS 17_6 like Mac OS X) AppleWebKit/605.1.15 (KHTML, like Gecko) CriOS/129.0.6668.46 Mobile/15E148 Safari/604.1"
98.148.253.106 - - [18/Sep/2024:11:33:05 -0400] "GET /wp-includes/js/jquery/jquery-migrate.min.js?ver=3.4.0 HTTP/1.1" 304 0 "https://glenbowcollege.ca/programs/" "Mozilla/5.0 (iPhone; CPU iPhone OS 17_6 like Mac OS X) AppleWebKit/605.1.15 (KHTML, like Gecko) CriOS/129.0.6668.46 Mobile/15E148 Safari/604.1"
98.148.253.106 - - [18/Sep/2024:11:33:05 -0400] "GET /wp-content/uploads/2020/05/PROGRAMS-2.png HTTP/1.1" 200 821026 "https://glenbowcollege.ca/programs/" "Mozilla/5.0 (iPhone; CPU iPhone OS 17_6 like Mac OS X) AppleWebKit/605.1.15 (KHTML, like Gecko) CriOS/129.0.6668.46 Mobile/15E148 Safari/604.1"
98.148.253.106 - - [18/Sep/2024:11:33:50 -0400] "GET /wp-json/contact-form-7/v1/contact-forms/52/feedback/schema HTTP/1.1" 200 382 "https://glenbowcollege.ca/about/contact-us/" "Mozilla/5.0 (iPhone; CPU iPhone OS 17_6 like Mac OS X) AppleWebKit/605.1.15 (KHTML, like Gecko) CriOS/129.0.6668.46 Mobile/15E148 Safari/604.1"
68.65.122.142 - - [18/Sep/2024:11:34:31 -0400] "POST /wp-cron.php?doing_wp_cron=1726673671.3088560104370117187500 HTTP/1.1" 403 1242 "-" "WordPress/6.2.1; https://glenbowcollege.ca"
34.135.231.86 - - [18/Sep/2024:11:34:47 -0400] "GET / HTTP/1.1" 200 23138 "http://glenbowcollege.ca/" "Go-http-client/2.0"
40.77.167.7 - - [18/Sep/2024:11:37:52 -0400] "GET /wrappera2/ffeb654642.htm HTTP/1.1" 404 14994 "-" "Mozilla/5.0 AppleWebKit/537.36 (KHTML, like Gecko; compatible; bingbot/2.0; +http://www.bing.com/bingbot.htm) Chrome/116.0.1938.76 Safari/537.36"
108.173.203.174 - - [18/Sep/2024:11:38:20 -0400] "GET /wp-content/plugins/woocommerce/packages/woocommerce-blocks/build/wc-blocks-vendors-style.css?ver=10.2.3 HTTP/1.1" 200 1760 "https://glenbowcollege.ca/" "Mozilla/5.0 (iPhone; CPU iPhone OS 17_6 like Mac OS X) AppleWebKit/605.1.15 (KHTML, like Gecko) GSA/334.0.674067880 Mobile/15E148 Safari/604.1"
108.173.203.174 - - [18/Sep/2024:11:38:20 -0400] "GET /wp-content/plugins/coblocks/dist/style-coblocks-extensions.css?ver=3.1.5 HTTP/1.1" 200 304 "https://glenbowcollege.ca/" "Mozilla/5.0 (iPhone; CPU iPhone OS 17_6 like Mac OS X) AppleWebKit/605.1.15 (KHTML, like Gecko) GSA/334.0.674067880 Mobile/15E148 Safari/604.1"
108.173.203.174 - - [18/Sep/2024:11:38:20 -0400] "GET /wp-content/plugins/contact-form-7/includes/css/styles.css?ver=5.8.6 HTTP/1.1" 200 890 "https://glenbowcollege.ca/" "Mozilla/5.0 (iPhone; CPU iPhone OS 17_6 like Mac OS X) AppleWebKit/605.1.15 (KHTML, like Gecko) GSA/334.0.674067880 Mobile/15E148 Safari/604.1"
108.173.203.174 - - [18/Sep/2024:11:38:20 -0400] "GET /wp-content/plugins/coblocks/dist/style-coblocks-1.css?ver=3.1.5 HTTP/1.1" 200 34606 "https://glenbowcollege.ca/" "Mozilla/5.0 (iPhone; CPU iPhone OS 17_6 like Mac OS X) AppleWebKit/605.1.15 (KHTML, like Gecko) GSA/334.0.674067880 Mobile/15E148 Safari/604.1"
108.173.203.174 - - [18/Sep/2024:11:38:20 -0400] "GET /wp-includes/css/dist/block-library/style.min.css?ver=6.2.1 HTTP/1.1" 200 11775 "https://glenbowcollege.ca/" "Mozilla/5.0 (iPhone; CPU iPhone OS 17_6 like Mac OS X) AppleWebKit/605.1.15 (KHTML, like Gecko) GSA/334.0.674067880 Mobile/15E148 Safari/604.1"
108.173.203.174 - - [18/Sep/2024:11:38:20 -0400] "GET /wp-content/plugins/add-to-cart-direct-checkout-for-woocommerce/public/css/pi-dcw-public.css?ver=2.1.64 HTTP/1.1" 200 294 "https://glenbowcollege.ca/" "Mozilla/5.0 (iPhone; CPU iPhone OS 17_6 like Mac OS X) AppleWebKit/605.1.15 (KHTML, like Gecko) GSA/334.0.674067880 Mobile/15E148 Safari/604.1"
108.173.203.174 - - [18/Sep/2024:11:38:20 -0400] "GET /wp-content/plugins/woocommerce/packages/woocommerce-blocks/build/wc-blocks-style.css?ver=10.2.3 HTTP/1.1" 200 26445 "https://glenbowcollege.ca/" "Mozilla/5.0 (iPhone; CPU iPhone OS 17_6 like Mac OS X) AppleWebKit/605.1.15 (KHTML, like Gecko) GSA/334.0.674067880 Mobile/15E148 Safari/604.1"
108.173.203.174 - - [18/Sep/2024:11:38:20 -0400] "GET /wp-content/plugins/woocommerce-menu-bar-cart/assets/css/wpmenucart-main.min.css?ver=2.14.2 HTTP/1.1" 200 329 "https://glenbowcollege.ca/" "Mozilla/5.0 (iPhone; CPU iPhone OS 17_6 like Mac OS X) AppleWebKit/605.1.15 (KHTML, like Gecko) GSA/334.0.674067880 Mobile/15E148 Safari/604.1"
108.173.203.174 - - [18/Sep/2024:11:38:20 -0400] "GET /wp-content/plugins/if-menu/assets/if-menu-site.css?ver=6.2.1 HTTP/1.1" 200 426 "https://glenbowcollege.ca/" "Mozilla/5.0 (iPhone; CPU iPhone OS 17_6 like Mac OS X) AppleWebKit/605.1.15 (KHTML, like Gecko) GSA/334.0.674067880 Mobile/15E148 Safari/604.1"
108.173.203.174 - - [18/Sep/2024:11:38:20 -0400] "GET /wp-content/plugins/woocommerce/assets/css/woocommerce.css?ver=7.8.0 HTTP/1.1" 200 8786 "https://glenbowcollege.ca/" "Mozilla/5.0 (iPhone; CPU iPhone OS 17_6 like Mac OS X) AppleWebKit/605.1.15 (KHTML, like Gecko) GSA/334.0.674067880 Mobile/15E148 Safari/604.1"
108.173.203.174 - - [18/Sep/2024:11:38:20 -0400] "GET /wp-content/themes/education-hub-pro/style.css?ver=3.4.1 HTTP/1.1" 200 14555 "https://glenbowcollege.ca/" "Mozilla/5.0 (iPhone; CPU iPhone OS 17_6 like Mac OS X) AppleWebKit/605.1.15 (KHTML, like Gecko) GSA/334.0.674067880 Mobile/15E148 Safari/604.1"
108.173.203.174 - - [18/Sep/2024:11:38:20 -0400] "GET /wp-includes/js/dist/hooks.min.js?ver=4169d3cf8e8d95a3d6d5 HTTP/1.1" 200 3212 "https://glenbowcollege.ca/" "Mozilla/5.0 (iPhone; CPU iPhone OS 17_6 like Mac OS X) AppleWebKit/605.1.15 (KHTML, like Gecko) GSA/334.0.674067880 Mobile/15E148 Safari/604.1"
108.173.203.174 - - [18/Sep/2024:11:38:20 -0400] "GET /wp-includes/js/dist/vendor/wp-polyfill.min.js?ver=3.15.0 HTTP/1.1" 200 7981 "https://glenbowcollege.ca/" "Mozilla/5.0 (iPhone; CPU iPhone OS 17_6 like Mac OS X) AppleWebKit/605.1.15 (KHTML, like Gecko) GSA/334.0.674067880 Mobile/15E148 Safari/604.1"
108.173.203.174 - - [18/Sep/2024:11:38:20 -0400] "GET /wp-includes/js/dist/vendor/regenerator-runtime.min.js?ver=0.13.11 HTTP/1.1" 200 4042 "https://glenbowcollege.ca/" "Mozilla/5.0 (iPhone; CPU iPhone OS 17_6 like Mac OS X) AppleWebKit/605.1.15 (KHTML, like Gecko) GSA/334.0.674067880 Mobile/15E148 Safari/604.1"
108.173.203.174 - - [18/Sep/2024:11:38:20 -0400] "GET /wp-includes/js/jquery/jquery-migrate.min.js?ver=3.4.0 HTTP/1.1" 200 6236 "https://glenbowcollege.ca/" "Mozilla/5.0 (iPhone; CPU iPhone OS 17_6 like Mac OS X) AppleWebKit/605.1.15 (KHTML, like Gecko) GSA/334.0.674067880 Mobile/15E148 Safari/604.1"
108.173.203.174 - - [18/Sep/2024:11:38:20 -0400] "GET /wp-content/plugins/add-to-cart-direct-checkout-for-woocommerce/public/js/pi-dcw-public.js?ver=2.1.64 HTTP/1.1" 200 2632 "https://glenbowcollege.ca/" "Mozilla/5.0 (iPhone; CPU iPhone OS 17_6 like Mac OS X) AppleWebKit/605.1.15 (KHTML, like Gecko) GSA/334.0.674067880 Mobile/15E148 Safari/604.1"
108.173.203.174 - - [18/Sep/2024:11:38:20 -0400] "GET /wp-content/plugins/woocommerce-menu-bar-cart/assets/js/wpmenucart-ajax-assist.min.js?ver=2.14.2 HTTP/1.1" 200 1862 "https://glenbowcollege.ca/" "Mozilla/5.0 (iPhone; CPU iPhone OS 17_6 like Mac OS X) AppleWebKit/605.1.15 (KHTML, like Gecko) GSA/334.0.674067880 Mobile/15E148 Safari/604.1"
108.173.203.174 - - [18/Sep/2024:11:38:20 -0400] "GET /wp-content/plugins/strong-testimonials/templates/default/content.css?ver=3.1.7 HTTP/1.1" 200 1833 "https://glenbowcollege.ca/" "Mozilla/5.0 (iPhone; CPU iPhone OS 17_6 like Mac OS X) AppleWebKit/605.1.15 (KHTML, like Gecko) GSA/334.0.674067880 Mobile/15E148 Safari/604.1"
108.173.203.174 - - [18/Sep/2024:11:38:20 -0400] "GET /wp-content/plugins/coblocks/dist/style-coblocks-animation.css?ver=d9b2b27566e6a2a85d1b HTTP/1.1" 200 871 "https://glenbowcollege.ca/" "Mozilla/5.0 (iPhone; CPU iPhone OS 17_6 like Mac OS X) AppleWebKit/605.1.15 (KHTML, like Gecko) GSA/334.0.674067880 Mobile/15E148 Safari/604.1"
108.173.203.174 - - [18/Sep/2024:11:38:20 -0400] "GET /wp-content/plugins/woocommerce/assets/css/woocommerce-smallscreen.css?ver=7.8.0 HTTP/1.1" 200 1058 "https://glenbowcollege.ca/" "Mozilla/5.0 (iPhone; CPU iPhone OS 17_6 like Mac OS X) AppleWebKit/605.1.15 (KHTML, like Gecko) GSA/334.0.674067880 Mobile/15E148 Safari/604.1"
108.173.203.174 - - [18/Sep/2024:11:38:20 -0400] "GET /wp-content/plugins/woocommerce-menu-bar-cart/assets/css/wpmenucart-icons.min.css?ver=2.14.2 HTTP/1.1" 200 192 "https://glenbowcollege.ca/" "Mozilla/5.0 (iPhone; CPU iPhone OS 17_6 like Mac OS X) AppleWebKit/605.1.15 (KHTML, like Gecko) GSA/334.0.674067880 Mobile/15E148 Safari/604.1"
108.173.203.174 - - [18/Sep/2024:11:38:20 -0400] "GET /wp-content/plugins/woocommerce/assets/css/woocommerce-layout.css?ver=7.8.0 HTTP/1.1" 200 2313 "https://glenbowcollege.ca/" "Mozilla/5.0 (iPhone; CPU iPhone OS 17_6 like Mac OS X) AppleWebKit/605.1.15 (KHTML, like Gecko) GSA/334.0.674067880 Mobile/15E148 Safari/604.1"
108.173.203.174 - - [18/Sep/2024:11:38:20 -0400] "GET /wp-content/themes/education-hub-pro/third-party/font-awesome/css/font-awesome.min.css?ver=4.7.0 HTTP/1.1" 200 6658 "https://glenbowcollege.ca/" "Mozilla/5.0 (iPhone; CPU iPhone OS 17_6 like Mac OS X) AppleWebKit/605.1.15 (KHTML, like Gecko) GSA/334.0.674067880 Mobile/15E148 Safari/604.1"
108.173.203.174 - - [18/Sep/2024:11:38:20 -0400] "GET /wp-includes/css/dist/components/style.min.css?ver=6.2.1 HTTP/1.1" 200 11247 "https://glenbowcollege.ca/" "Mozilla/5.0 (iPhone; CPU iPhone OS 17_6 like Mac OS X) AppleWebKit/605.1.15 (KHTML, like Gecko) GSA/334.0.674067880 Mobile/15E148 Safari/604.1"
108.173.203.174 - - [18/Sep/2024:11:38:20 -0400] "GET /wp-content/plugins/coblocks/includes/Dependencies/GoDaddy/Styles/build/latest.css?ver=2.0.2 HTTP/1.1" 200 1313 "https://glenbowcollege.ca/" "Mozilla/5.0 (iPhone; CPU iPhone OS 17_6 like Mac OS X) AppleWebKit/605.1.15 (KHTML, like Gecko) GSA/334.0.674067880 Mobile/15E148 Safari/604.1"
108.173.203.174 - - [18/Sep/2024:11:38:20 -0400] "GET /wp-includes/js/dist/vendor/wp-polyfill-inert.min.js?ver=3.1.2 HTTP/1.1" 200 3977 "https://glenbowcollege.ca/" "Mozilla/5.0 (iPhone; CPU iPhone OS 17_6 like Mac OS X) AppleWebKit/605.1.15 (KHTML, like Gecko) GSA/334.0.674067880 Mobile/15E148 Safari/604.1"
108.173.203.174 - - [18/Sep/2024:11:38:20 -0400] "GET /wp-includes/js/jquery/jquery.min.js?ver=3.6.4 HTTP/1.1" 200 31997 "https://glenbowcollege.ca/" "Mozilla/5.0 (iPhone; CPU iPhone OS 17_6 like Mac OS X) AppleWebKit/605.1.15 (KHTML, like Gecko) GSA/334.0.674067880 Mobile/15E148 Safari/604.1"
108.173.203.174 - - [18/Sep/2024:11:38:20 -0400] "GET /wp-content/plugins/strong-testimonials/public/css/rating-display.css?ver=3.1.7 HTTP/1.1" 200 910 "https://glenbowcollege.ca/" "Mozilla/5.0 (iPhone; CPU iPhone OS 17_6 like Mac OS X) AppleWebKit/605.1.15 (KHTML, like Gecko) GSA/334.0.674067880 Mobile/15E148 Safari/604.1"
108.173.203.174 - - [18/Sep/2024:11:38:20 -0400] "GET /wp-content/plugins/coblocks/dist/js/coblocks-animation.js?ver=3.1.5 HTTP/1.1" 200 1805 "https://glenbowcollege.ca/" "Mozilla/5.0 (iPhone; CPU iPhone OS 17_6 like Mac OS X) AppleWebKit/605.1.15 (KHTML, like Gecko) GSA/334.0.674067880 Mobile/15E148 Safari/604.1"
108.173.203.174 - - [18/Sep/2024:11:38:20 -0400] "GET /wp-content/themes/education-hub-pro/js/custom.min.js?ver=1.0 HTTP/1.1" 200 2047 "https://glenbowcollege.ca/" "Mozilla/5.0 (iPhone; CPU iPhone OS 17_6 like Mac OS X) AppleWebKit/605.1.15 (KHTML, like Gecko) GSA/334.0.674067880 Mobile/15E148 Safari/604.1"
108.173.203.174 - - [18/Sep/2024:11:38:20 -0400] "GET /wp-content/plugins/strong-testimonials/public/css/slider-controls-simple-buttons.css?ver=3.1.7 HTTP/1.1" 200 788 "https://glenbowcollege.ca/" "Mozilla/5.0 (iPhone; CPU iPhone OS 17_6 like Mac OS X) AppleWebKit/605.1.15 (KHTML, like Gecko) GSA/334.0.674067880 Mobile/15E148 Safari/604.1"
108.173.203.174 - - [18/Sep/2024:11:38:20 -0400] "GET /wp-content/themes/education-hub-pro/js/skip-link-focus-fix.min.js?ver=20130115 HTTP/1.1" 200 1834 "https://glenbowcollege.ca/" "Mozilla/5.0 (iPhone; CPU iPhone OS 17_6 like Mac OS X) AppleWebKit/605.1.15 (KHTML, like Gecko) GSA/334.0.674067880 Mobile/15E148 Safari/604.1"
108.173.203.174 - - [18/Sep/2024:11:38:20 -0400] "GET /wp-content/plugins/coblocks/dist/js/vendors/tiny-swiper.js?ver=3.1.5 HTTP/1.1" 200 5729 "https://glenbowcollege.ca/" "Mozilla/5.0 (iPhone; CPU iPhone OS 17_6 like Mac OS X) AppleWebKit/605.1.15 (KHTML, like Gecko) GSA/334.0.674067880 Mobile/15E148 Safari/604.1"
108.173.203.174 - - [18/Sep/2024:11:38:20 -0400] "GET /wp-content/plugins/product-open-pricing-name-your-price-for-woocommerce/includes/js/alg-wc-pop-frontend.js?ver=1.7.1 HTTP/1.1" 200 2030 "https://glenbowcollege.ca/" "Mozilla/5.0 (iPhone; CPU iPhone OS 17_6 like Mac OS X) AppleWebKit/605.1.15 (KHTML, like Gecko) GSA/334.0.674067880 Mobile/15E148 Safari/604.1"
108.173.203.174 - - [18/Sep/2024:11:38:20 -0400] "GET /wp-content/plugins/woocommerce/assets/js/jquery-blockui/jquery.blockUI.min.js?ver=2.7.0-wc.7.8.0 HTTP/1.1" 200 4871 "https://glenbowcollege.ca/" "Mozilla/5.0 (iPhone; CPU iPhone OS 17_6 like Mac OS X) AppleWebKit/605.1.15 (KHTML, like Gecko) GSA/334.0.674067880 Mobile/15E148 Safari/604.1"
108.173.203.174 - - [18/Sep/2024:11:38:20 -0400] "GET /wp-content/plugins/contact-form-7/includes/js/index.js?ver=5.8.6 HTTP/1.1" 200 5589 "https://glenbowcollege.ca/" "Mozilla/5.0 (iPhone; CPU iPhone OS 17_6 like Mac OS X) AppleWebKit/605.1.15 (KHTML, like Gecko) GSA/334.0.674067880 Mobile/15E148 Safari/604.1"
108.173.203.174 - - [18/Sep/2024:11:38:20 -0400] "GET /wp-content/plugins/woocommerce/assets/js/frontend/add-to-cart.min.js?ver=7.8.0 HTTP/1.1" 200 2603 "https://glenbowcollege.ca/" "Mozilla/5.0 (iPhone; CPU iPhone OS 17_6 like Mac OS X) AppleWebKit/605.1.15 (KHTML, like Gecko) GSA/334.0.674067880 Mobile/15E148 Safari/604.1"
108.173.203.174 - - [18/Sep/2024:11:38:20 -0400] "GET /wp-content/themes/education-hub-pro/third-party/ticker/jquery.easy-ticker.min.js?ver=2.0 HTTP/1.1" 200 2683 "https://glenbowcollege.ca/" "Mozilla/5.0 (iPhone; CPU iPhone OS 17_6 like Mac OS X) AppleWebKit/605.1.15 (KHTML, like Gecko) GSA/334.0.674067880 Mobile/15E148 Safari/604.1"
108.173.203.174 - - [18/Sep/2024:11:38:20 -0400] "GET /wp-content/themes/education-hub-pro/js/navigation.min.js?ver=20160421 HTTP/1.1" 200 2592 "https://glenbowcollege.ca/" "Mozilla/5.0 (iPhone; CPU iPhone OS 17_6 like Mac OS X) AppleWebKit/605.1.15 (KHTML, like Gecko) GSA/334.0.674067880 Mobile/15E148 Safari/604.1"
108.173.203.174 - - [18/Sep/2024:11:38:20 -0400] "GET /wp-content/plugins/strong-testimonials/public/js/lib/actual/jquery-actual.min.js?ver=1.0.16 HTTP/1.1" 200 2187 "https://glenbowcollege.ca/" "Mozilla/5.0 (iPhone; CPU iPhone OS 17_6 like Mac OS X) AppleWebKit/605.1.15 (KHTML, like Gecko) GSA/334.0.674067880 Mobile/15E148 Safari/604.1"
108.173.203.174 - - [18/Sep/2024:11:38:20 -0400] "GET /wp-content/themes/education-hub-pro/third-party/cycle2/js/jquery.cycle2.min.js?ver=2.1.6 HTTP/1.1" 200 8485 "https://glenbowcollege.ca/" "Mozilla/5.0 (iPhone; CPU iPhone OS 17_6 like Mac OS X) AppleWebKit/605.1.15 (KHTML, like Gecko) GSA/334.0.674067880 Mobile/15E148 Safari/604.1"
108.173.203.174 - - [18/Sep/2024:11:38:20 -0400] "GET /wp-includes/js/imagesloaded.min.js?ver=4.1.4 HTTP/1.1" 200 3379 "https://glenbowcollege.ca/" "Mozilla/5.0 (iPhone; CPU iPhone OS 17_6 like Mac OS X) AppleWebKit/605.1.15 (KHTML, like Gecko) GSA/334.0.674067880 Mobile/15E148 Safari/604.1"
108.173.203.174 - - [18/Sep/2024:11:38:20 -0400] "GET /wp-content/plugins/contact-form-7/includes/swv/js/index.js?ver=5.8.6 HTTP/1.1" 200 4708 "https://glenbowcollege.ca/" "Mozilla/5.0 (iPhone; CPU iPhone OS 17_6 like Mac OS X) AppleWebKit/605.1.15 (KHTML, like Gecko) GSA/334.0.674067880 Mobile/15E148 Safari/604.1"
108.173.203.174 - - [18/Sep/2024:11:38:20 -0400] "GET /wp-content/plugins/woocommerce/assets/js/js-cookie/js.cookie.min.js?ver=2.1.4-wc.7.8.0 HTTP/1.1" 200 2491 "https://glenbowcollege.ca/" "Mozilla/5.0 (iPhone; CPU iPhone OS 17_6 like Mac OS X) AppleWebKit/605.1.15 (KHTML, like Gecko) GSA/334.0.674067880 Mobile/15E148 Safari/604.1"
108.173.203.174 - - [18/Sep/2024:11:38:20 -0400] "GET /wp-content/plugins/woocommerce/assets/js/frontend/woocommerce.min.js?ver=7.8.0 HTTP/1.1" 200 2310 "https://glenbowcollege.ca/" "Mozilla/5.0 (iPhone; CPU iPhone OS 17_6 like Mac OS X) AppleWebKit/605.1.15 (KHTML, like Gecko) GSA/334.0.674067880 Mobile/15E148 Safari/604.1"
108.173.203.174 - - [18/Sep/2024:11:38:20 -0400] "GET /wp-content/plugins/coblocks/dist/js/coblocks-tinyswiper-initializer.js?ver=3.1.5 HTTP/1.1" 200 6831 "https://glenbowcollege.ca/" "Mozilla/5.0 (iPhone; CPU iPhone OS 17_6 like Mac OS X) AppleWebKit/605.1.15 (KHTML, like Gecko) GSA/334.0.674067880 Mobile/15E148 Safari/604.1"
108.173.203.174 - - [18/Sep/2024:11:38:20 -0400] "GET /wp-includes/js/dist/i18n.min.js?ver=9e794f35a71bb98672ae HTTP/1.1" 200 5326 "https://glenbowcollege.ca/" "Mozilla/5.0 (iPhone; CPU iPhone OS 17_6 like Mac OS X) AppleWebKit/605.1.15 (KHTML, like Gecko) GSA/334.0.674067880 Mobile/15E148 Safari/604.1"
108.173.203.174 - - [18/Sep/2024:11:38:20 -0400] "GET /wp-content/plugins/strong-testimonials/public/js/lib/verge/verge.min.js?ver=1.10.2 HTTP/1.1" 200 2152 "https://glenbowcollege.ca/" "Mozilla/5.0 (iPhone; CPU iPhone OS 17_6 like Mac OS X) AppleWebKit/605.1.15 (KHTML, like Gecko) GSA/334.0.674067880 Mobile/15E148 Safari/604.1"
108.173.203.174 - - [18/Sep/2024:11:38:20 -0400] "GET /wp-content/plugins/strong-testimonials/public/js/lib/strongslider/jquery-strongslider.min.js?ver=3.1.7 HTTP/1.1" 200 7840 "https://glenbowcollege.ca/" "Mozilla/5.0 (iPhone; CPU iPhone OS 17_6 like Mac OS X) AppleWebKit/605.1.15 (KHTML, like Gecko) GSA/334.0.674067880 Mobile/15E148 Safari/604.1"
108.173.203.174 - - [18/Sep/2024:11:38:20 -0400] "GET /wp-includes/js/underscore.min.js?ver=1.13.4 HTTP/1.1" 200 8804 "https://glenbowcollege.ca/" "Mozilla/5.0 (iPhone; CPU iPhone OS 17_6 like Mac OS X) AppleWebKit/605.1.15 (KHTML, like Gecko) GSA/334.0.674067880 Mobile/15E148 Safari/604.1"
108.173.203.174 - - [18/Sep/2024:11:38:20 -0400] "GET /wp-content/uploads/2020/02/cropped-logo6.png HTTP/1.1" 200 11781 "https://glenbowcollege.ca/" "Mozilla/5.0 (iPhone; CPU iPhone OS 17_6 like Mac OS X) AppleWebKit/605.1.15 (KHTML, like Gecko) GSA/334.0.674067880 Mobile/15E148 Safari/604.1"
108.173.203.174 - - [18/Sep/2024:11:38:20 -0400] "GET /wp-content/uploads/2020/04/slider-education.jpg HTTP/1.1" 200 399060 "https://glenbowcollege.ca/" "Mozilla/5.0 (iPhone; CPU iPhone OS 17_6 like Mac OS X) AppleWebKit/605.1.15 (KHTML, like Gecko) GSA/334.0.674067880 Mobile/15E148 Safari/604.1"
108.173.203.174 - - [18/Sep/2024:11:38:21 -0400] "GET /wp-content/uploads/2020/02/student_register_1-360x156.jpg HTTP/1.1" 200 13009 "https://glenbowcollege.ca/" "Mozilla/5.0 (iPhone; CPU iPhone OS 17_6 like Mac OS X) AppleWebKit/605.1.15 (KHTML, like Gecko) GSA/334.0.674067880 Mobile/15E148 Safari/604.1"
108.173.203.174 - - [18/Sep/2024:11:38:21 -0400] "GET /wp-content/uploads/2020/03/apple-education-slider.jpg HTTP/1.1" 200 584207 "https://glenbowcollege.ca/" "Mozilla/5.0 (iPhone; CPU iPhone OS 17_6 like Mac OS X) AppleWebKit/605.1.15 (KHTML, like Gecko) GSA/334.0.674067880 Mobile/15E148 Safari/604.1"
108.173.203.174 - - [18/Sep/2024:11:38:21 -0400] "GET /wp-content/uploads/2020/03/slider-2.jpg HTTP/1.1" 200 544765 "https://glenbowcollege.ca/" "Mozilla/5.0 (iPhone; CPU iPhone OS 17_6 like Mac OS X) AppleWebKit/605.1.15 (KHTML, like Gecko) GSA/334.0.674067880 Mobile/15E148 Safari/604.1"
108.173.203.174 - - [18/Sep/2024:11:38:20 -0400] "GET /wp-content/plugins/strong-testimonials/public/js/controller.min.js?ver=3.1.7 HTTP/1.1" 200 3091 "https://glenbowcollege.ca/" "Mozilla/5.0 (iPhone; CPU iPhone OS 17_6 like Mac OS X) AppleWebKit/605.1.15 (KHTML, like Gecko) GSA/334.0.674067880 Mobile/15E148 Safari/604.1"
108.173.203.174 - - [18/Sep/2024:11:38:20 -0400] "GET /wp-content/themes/education-hub-pro/third-party/font-awesome/fonts/fontawesome-webfont.woff2?v=4.7.0 HTTP/1.1" 200 77160 "https://glenbowcollege.ca/" "Mozilla/5.0 (iPhone; CPU iPhone OS 17_6 like Mac OS X) AppleWebKit/605.1.15 (KHTML, like Gecko) GSA/334.0.674067880 Mobile/15E148 Safari/604.1"
108.173.203.174 - - [18/Sep/2024:11:38:20 -0400] "GET /wp-content/uploads/2020/03/slider-6.jpg HTTP/1.1" 200 578444 "https://glenbowcollege.ca/" "Mozilla/5.0 (iPhone; CPU iPhone OS 17_6 like Mac OS X) AppleWebKit/605.1.15 (KHTML, like Gecko) GSA/334.0.674067880 Mobile/15E148 Safari/604.1"
108.173.203.174 - - [18/Sep/2024:11:38:21 -0400] "GET /wp-content/uploads/2023/05/Daskalos.png HTTP/1.1" 200 8710 "https://glenbowcollege.ca/" "Mozilla/5.0 (iPhone; CPU iPhone OS 17_6 like Mac OS X) AppleWebKit/605.1.15 (KHTML, like Gecko) GSA/334.0.674067880 Mobile/15E148 Safari/604.1"
108.173.203.174 - - [18/Sep/2024:11:38:21 -0400] "GET /wp-content/uploads/2023/05/mirgul.png HTTP/1.1" 200 8740 "https://glenbowcollege.ca/" "Mozilla/5.0 (iPhone; CPU iPhone OS 17_6 like Mac OS X) AppleWebKit/605.1.15 (KHTML, like Gecko) GSA/334.0.674067880 Mobile/15E148 Safari/604.1"
108.173.203.174 - - [18/Sep/2024:11:38:24 -0400] "GET /wp-content/uploads/2023/05/comment.png HTTP/1.1" 200 495619 "https://glenbowcollege.ca/" "Mozilla/5.0 (iPhone; CPU iPhone OS 17_6 like Mac OS X) AppleWebKit/605.1.15 (KHTML, like Gecko) GSA/334.0.674067880 Mobile/15E148 Safari/604.1"
108.173.203.174 - - [18/Sep/2024:11:38:26 -0400] "GET /wp-content/uploads/2021/06/academic-conferences-2-1-300x300.png HTTP/1.1" 200 84979 "https://glenbowcollege.ca/" "Mozilla/5.0 (iPhone; CPU iPhone OS 17_6 like Mac OS X) AppleWebKit/605.1.15 (KHTML, like Gecko) GSA/334.0.674067880 Mobile/15E148 Safari/604.1"
108.173.203.174 - - [18/Sep/2024:11:38:31 -0400] "GET /wp-content/uploads/2020/02/logo_white-1536x661.png HTTP/1.1" 200 182109 "https://glenbowcollege.ca/" "Mozilla/5.0 (iPhone; CPU iPhone OS 17_6 like Mac OS X) AppleWebKit/605.1.15 (KHTML, like Gecko) GSA/334.0.674067880 Mobile/15E148 Safari/604.1"
47.128.61.215 - - [18/Sep/2024:11:40:32 -0400] "GET /tag/management/ HTTP/1.1" 200 16941 "-" "Mozilla/5.0 (compatible; Bytespider; spider-feedback@bytedance.com) AppleWebKit/537.36 (KHTML, like Gecko) Chrome/70.0.0.0 Safari/537.36"
68.65.122.142 - - [18/Sep/2024:11:46:11 -0400] "POST /wp-cron.php?doing_wp_cron=1726674371.9370410442352294921875 HTTP/1.1" 403 1242 "-" "WordPress/6.2.1; https://glenbowcollege.ca"
20.42.10.183 - - [18/Sep/2024:11:46:21 -0400] "GET /about/ HTTP/1.1" 200 17552 "-" "Mozilla/5.0 AppleWebKit/537.36 (KHTML, like Gecko); compatible; OAI-SearchBot/1.0; +https://openai.com/searchbot"
108.173.203.174 - - [18/Sep/2024:11:38:21 -0400] "GET /wp-content/uploads/2020/02/616x321-ziraat-fakultesi-ogrencisine-burs-1543613768524-2-360x162.jpeg HTTP/1.1" 200 15500 "https://glenbowcollege.ca/" "Mozilla/5.0 (iPhone; CPU iPhone OS 17_6 like Mac OS X) AppleWebKit/605.1.15 (KHTML, like Gecko) GSA/334.0.674067880 Mobile/15E148 Safari/604.1"
108.173.203.174 - - [18/Sep/2024:11:38:21 -0400] "GET /wp-content/plugins/strong-testimonials/templates/default/img/quotes.png HTTP/1.1" 200 335 "https://glenbowcollege.ca/" "Mozilla/5.0 (iPhone; CPU iPhone OS 17_6 like Mac OS X) AppleWebKit/605.1.15 (KHTML, like Gecko) GSA/334.0.674067880 Mobile/15E148 Safari/604.1"
108.173.203.174 - - [18/Sep/2024:11:38:21 -0400] "GET /wp-content/uploads/2020/02/students1_1-360x158.jpg HTTP/1.1" 200 13848 "https://glenbowcollege.ca/" "Mozilla/5.0 (iPhone; CPU iPhone OS 17_6 like Mac OS X) AppleWebKit/605.1.15 (KHTML, like Gecko) GSA/334.0.674067880 Mobile/15E148 Safari/604.1"
108.173.203.174 - - [18/Sep/2024:11:38:22 -0400] "GET /wp-content/plugins/strong-testimonials/public/svg/chevron-left-solid.svg HTTP/1.1" 200 267 "https://glenbowcollege.ca/" "Mozilla/5.0 (iPhone; CPU iPhone OS 17_6 like Mac OS X) AppleWebKit/605.1.15 (KHTML, like Gecko) GSA/334.0.674067880 Mobile/15E148 Safari/604.1"
108.173.203.174 - - [18/Sep/2024:11:38:22 -0400] "GET /wp-content/plugins/strong-testimonials/public/svg/chevron-right-solid.svg HTTP/1.1" 200 285 "https://glenbowcollege.ca/" "Mozilla/5.0 (iPhone; CPU iPhone OS 17_6 like Mac OS X) AppleWebKit/605.1.15 (KHTML, like Gecko) GSA/334.0.674067880 Mobile/15E148 Safari/604.1"
108.173.203.174 - - [18/Sep/2024:11:38:22 -0400] "GET /wp-content/uploads/2020/04/ANA-SAYFA.png HTTP/1.1" 200 1322485 "https://glenbowcollege.ca/" "Mozilla/5.0 (iPhone; CPU iPhone OS 17_6 like Mac OS X) AppleWebKit/605.1.15 (KHTML, like Gecko) GSA/334.0.674067880 Mobile/15E148 Safari/604.1"
108.173.203.174 - - [18/Sep/2024:11:38:27 -0400] "GET /wp-content/uploads/2020/02/pl-300x300.jpg HTTP/1.1" 200 47460 "https://glenbowcollege.ca/" "Mozilla/5.0 (iPhone; CPU iPhone OS 17_6 like Mac OS X) AppleWebKit/605.1.15 (KHTML, like Gecko) GSA/334.0.674067880 Mobile/15E148 Safari/604.1"
108.173.203.174 - - [18/Sep/2024:11:38:32 -0400] "GET /wp-content/uploads/2024/05/LC-Logo_Colour.png HTTP/1.1" 200 33091 "https://glenbowcollege.ca/" "Mozilla/5.0 (iPhone; CPU iPhone OS 17_6 like Mac OS X) AppleWebKit/605.1.15 (KHTML, like Gecko) GSA/334.0.674067880 Mobile/15E148 Safari/604.1"
108.173.203.174 - - [18/Sep/2024:11:38:43 -0400] "GET /programs/ HTTP/1.1" 200 17361 "https://glenbowcollege.ca/" "Mozilla/5.0 (iPhone; CPU iPhone OS 17_6 like Mac OS X) AppleWebKit/605.1.15 (KHTML, like Gecko) GSA/334.0.674067880 Mobile/15E148 Safari/604.1"
108.173.203.174 - - [18/Sep/2024:11:38:44 -0400] "GET /wp-content/uploads/2020/05/PROGRAMS-2.png HTTP/1.1" 200 821026 "https://glenbowcollege.ca/programs/" "Mozilla/5.0 (iPhone; CPU iPhone OS 17_6 like Mac OS X) AppleWebKit/605.1.15 (KHTML, like Gecko) GSA/334.0.674067880 Mobile/15E148 Safari/604.1"
68.65.122.142 - - [18/Sep/2024:11:40:33 -0400] "POST /wp-cron.php?doing_wp_cron=1726674033.7698159217834472656250 HTTP/1.1" 403 1242 "-" "WordPress/6.2.1; https://glenbowcollege.ca"
47.128.61.215 - - [18/Sep/2024:11:40:34 -0400] "GET /wp-content/plugins/coblocks/dist/style-coblocks-animation.css?ver=d9b2b27566e6a2a85d1b HTTP/1.1" 200 871 "https://glenbowcollege.ca/tag/management/" "Mozilla/5.0 (compatible; Bytespider; spider-feedback@bytedance.com) AppleWebKit/537.36 (KHTML, like Gecko) Chrome/70.0.0.0 Safari/537.36"
17.241.227.188 - - [18/Sep/2024:11:46:10 -0400] "GET /programs/administrative-assistant-diploma/ HTTP/1.1" 200 23382 "-" "Mozilla/5.0 (Macintosh; Intel Mac OS X 10_15_7) AppleWebKit/605.1.15 (KHTML, like Gecko) Version/17.4 Safari/605.1.15 (Applebot/0.1; +http://www.apple.com/go/applebot)"
20.42.10.190 - - [18/Sep/2024:11:46:20 -0400] "GET /robots.txt HTTP/1.1" 304 0 "-" "Mozilla/5.0 AppleWebKit/537.36 (KHTML, like Gecko); compatible; OAI-SearchBot/1.0; +https://openai.com/searchbot"
17.22.245.182 - - [18/Sep/2024:11:46:50 -0400] "GET /wp-includes/js/dist/vendor/wp-polyfill-inert.min.js?ver=3.1.2 HTTP/1.1" 200 4486 "https://glenbowcollege.ca/programs/administrative-assistant-diploma/" "Mozilla/5.0 (Macintosh; Intel Mac OS X 10_15_7) AppleWebKit/605.1.15 (KHTML, like Gecko) Version/17.4 Safari/605.1.15 (Applebot/0.1; +http://www.apple.com/go/applebot)"
17.22.253.59 - - [18/Sep/2024:11:46:51 -0400] "GET /wp-includes/js/dist/vendor/wp-polyfill.min.js?ver=3.15.0 HTTP/1.1" 200 8919 "https://glenbowcollege.ca/programs/administrative-assistant-diploma/" "Mozilla/5.0 (Macintosh; Intel Mac OS X 10_15_7) AppleWebKit/605.1.15 (KHTML, like Gecko) Version/17.4 Safari/605.1.15 (Applebot/0.1; +http://www.apple.com/go/applebot)"
17.22.245.253 - - [18/Sep/2024:11:46:53 -0400] "GET /wp-content/plugins/add-to-cart-direct-checkout-for-woocommerce/public/js/pi-dcw-public.js?ver=2.1.64 HTTP/1.1" 200 2962 "https://glenbowcollege.ca/programs/administrative-assistant-diploma/" "Mozilla/5.0 (Macintosh; Intel Mac OS X 10_15_7) AppleWebKit/605.1.15 (KHTML, like Gecko) Version/17.4 Safari/605.1.15 (Applebot/0.1; +http://www.apple.com/go/applebot)"
17.22.245.174 - - [18/Sep/2024:11:46:54 -0400] "GET /wp-content/plugins/woocommerce-menu-bar-cart/assets/js/wpmenucart-ajax-assist.min.js?ver=2.14.2 HTTP/1.1" 200 2039 "https://glenbowcollege.ca/programs/administrative-assistant-diploma/" "Mozilla/5.0 (Macintosh; Intel Mac OS X 10_15_7) AppleWebKit/605.1.15 (KHTML, like Gecko) Version/17.4 Safari/605.1.15 (Applebot/0.1; +http://www.apple.com/go/applebot)"
17.22.245.182 - - [18/Sep/2024:11:46:55 -0400] "GET /wp-content/plugins/coblocks/dist/js/coblocks-tinyswiper-initializer.js?ver=3.1.5 HTTP/1.1" 200 7497 "https://glenbowcollege.ca/programs/administrative-assistant-diploma/" "Mozilla/5.0 (Macintosh; Intel Mac OS X 10_15_7) AppleWebKit/605.1.15 (KHTML, like Gecko) Version/17.4 Safari/605.1.15 (Applebot/0.1; +http://www.apple.com/go/applebot)"
17.22.245.219 - - [18/Sep/2024:11:46:56 -0400] "GET /wp-content/plugins/contact-form-7/includes/swv/js/index.js?ver=5.8.6 HTTP/1.1" 200 5277 "https://glenbowcollege.ca/programs/administrative-assistant-diploma/" "Mozilla/5.0 (Macintosh; Intel Mac OS X 10_15_7) AppleWebKit/605.1.15 (KHTML, like Gecko) Version/17.4 Safari/605.1.15 (Applebot/0.1; +http://www.apple.com/go/applebot)"
17.22.245.64 - - [18/Sep/2024:11:46:57 -0400] "GET /wp-content/plugins/contact-form-7/includes/js/index.js?ver=5.8.6 HTTP/1.1" 200 6333 "https://glenbowcollege.ca/programs/administrative-assistant-diploma/" "Mozilla/5.0 (Macintosh; Intel Mac OS X 10_15_7) AppleWebKit/605.1.15 (KHTML, like Gecko) Version/17.4 Safari/605.1.15 (Applebot/0.1; +http://www.apple.com/go/applebot)"
