Server IP : 68.65.122.142  /  Your IP : 18.223.203.104
Web Server : LiteSpeed
System : Linux server167.web-hosting.com 4.18.0-513.18.1.lve.el8.x86_64 #1 SMP Thu Feb 22 12:55:50 UTC 2024 x86_64
User : glenirhm ( 1318)
PHP Version : 7.4.33
Disable Function : NONE
MySQL : OFF  |  cURL : ON  |  WGET : ON  |  Perl : ON  |  Python : ON
Directory (0750) :  /home/glenirhm/access-logs/

[  Home  ][  C0mmand  ][  Upload File  ]

Current File : /home/glenirhm/access-logs/glenbowcollege.ca-ssl_log
68.65.122.142 - - [18/Sep/2024:08:25:34 -0400] "POST /wp-cron.php?doing_wp_cron=1726662334.8672380447387695312500 HTTP/1.1" 403 1242 "-" "WordPress/6.2.1; https://glenbowcollege.ca"
52.167.144.138 - - [18/Sep/2024:08:27:30 -0400] "GET /iron95/ HTTP/1.1" 404 14962 "-" "Mozilla/5.0 AppleWebKit/537.36 (KHTML, like Gecko; compatible; bingbot/2.0; +http://www.bing.com/bingbot.htm) Chrome/116.0.1938.76 Safari/537.36"
68.65.122.142 - - [18/Sep/2024:08:33:15 -0400] "POST /wp-cron.php?doing_wp_cron=1726662795.0833699703216552734375 HTTP/1.1" 403 1242 "-" "WordPress/6.2.1; https://glenbowcollege.ca"
52.167.144.203 - - [18/Sep/2024:08:33:14 -0400] "GET /unscalingfksytfyg26427.html HTTP/1.1" 404 14992 "-" "Mozilla/5.0 AppleWebKit/537.36 (KHTML, like Gecko; compatible; bingbot/2.0; +http://www.bing.com/bingbot.htm) Chrome/116.0.1938.76 Safari/537.36"
35.93.40.9 - - [18/Sep/2024:08:36:39 -0400] "GET /r-v8d-x1s-x2hwartz-r2greensb-v8r-v8-n-x2-x1g-v8v HTTP/1.1" 404 16540 "-" "Mozilla/5.0 (Windows NT 6.1; WOW64; rv:54.0) Gecko/20100101 Firefox/54.0"
68.65.122.142 - - [18/Sep/2024:08:46:36 -0400] "POST /wp-cron.php?doing_wp_cron=1726663596.4510788917541503906250 HTTP/1.1" 403 1242 "-" "WordPress/6.2.1; https://glenbowcollege.ca"
77.75.78.162 - - [18/Sep/2024:08:46:35 -0400] "GET /special-request/ HTTP/1.1" 200 20308 "-" "Mozilla/5.0 (compatible; SeznamBot/4.0; +http://napoveda.seznam.cz/seznambot-intro/)"
66.249.68.38 - - [18/Sep/2024:08:49:35 -0400] "GET /robots.txt HTTP/1.1" 200 233 "-" "Mozilla/5.0 (compatible; Googlebot/2.1; +http://www.google.com/bot.html)"
66.249.68.32 - - [18/Sep/2024:08:49:39 -0400] "GET /wp-includes/js/jquery/jquery-migrate.min.js?ver=3.4.0 HTTP/1.1" 200 6236 "https://glenbowcollege.ca/" "Mozilla/5.0 AppleWebKit/537.36 (KHTML, like Gecko; compatible; Googlebot/2.1; +http://www.google.com/bot.html) Chrome/128.0.6613.113 Safari/537.36"
66.249.68.39 - - [18/Sep/2024:08:49:39 -0400] "GET /wp-content/plugins/product-open-pricing-name-your-price-for-woocommerce/includes/js/alg-wc-pop-frontend.js?ver=1.7.1 HTTP/1.1" 200 2030 "https://glenbowcollege.ca/" "Mozilla/5.0 AppleWebKit/537.36 (KHTML, like Gecko; compatible; Googlebot/2.1; +http://www.google.com/bot.html) Chrome/128.0.6613.113 Safari/537.36"
40.77.167.53 - - [18/Sep/2024:08:51:32 -0400] "GET /casting1f27f/dcb727257.htm HTTP/1.1" 404 14980 "-" "Mozilla/5.0 AppleWebKit/537.36 (KHTML, like Gecko; compatible; bingbot/2.0; +http://www.bing.com/bingbot.htm) Chrome/116.0.1938.76 Safari/537.36"
47.128.57.61 - - [18/Sep/2024:08:55:10 -0400] "GET /wp-content/plugins/woocommerce/packages/woocommerce-blocks/build/wc-blocks-vendors-style.css?ver=10.2.3 HTTP/1.1" 200 1760 "https://glenbowcollege.ca/tag/tesol/" "Mozilla/5.0 (compatible; Bytespider; spider-feedback@bytedance.com) AppleWebKit/537.36 (KHTML, like Gecko) Chrome/70.0.0.0 Safari/537.36"
47.128.57.61 - - [18/Sep/2024:08:55:10 -0400] "GET /wp-content/plugins/add-to-cart-direct-checkout-for-woocommerce/public/css/pi-dcw-public.css?ver=2.1.64 HTTP/1.1" 200 294 "https://glenbowcollege.ca/tag/tesol/" "Mozilla/5.0 (compatible; Bytespider; spider-feedback@bytedance.com) AppleWebKit/537.36 (KHTML, like Gecko) Chrome/70.0.0.0 Safari/537.36"
47.128.57.61 - - [18/Sep/2024:08:55:10 -0400] "GET /wp-content/plugins/contact-form-7/includes/css/styles.css?ver=5.8.6 HTTP/1.1" 200 890 "https://glenbowcollege.ca/tag/tesol/" "Mozilla/5.0 (compatible; Bytespider; spider-feedback@bytedance.com) AppleWebKit/537.36 (KHTML, like Gecko) Chrome/70.0.0.0 Safari/537.36"
68.65.122.142 - - [18/Sep/2024:08:18:41 -0400] "POST /wp-cron.php?doing_wp_cron=1726661921.2258160114288330078125 HTTP/1.1" 403 1242 "-" "WordPress/6.2.1; https://glenbowcollege.ca"
40.77.167.23 - - [18/Sep/2024:08:18:40 -0400] "GET /bombersd4/cadd1777562.htm HTTP/1.1" 404 14967 "-" "Mozilla/5.0 AppleWebKit/537.36 (KHTML, like Gecko; compatible; bingbot/2.0; +http://www.bing.com/bingbot.htm) Chrome/116.0.1938.76 Safari/537.36"
69.171.249.1 - - [18/Sep/2024:08:25:33 -0400] "GET /product-category/payment/ HTTP/1.1" 200 71786 "-" "facebookexternalhit/1.1 (+http://www.facebook.com/externalhit_uatext.php)"
69.171.230.17 - - [18/Sep/2024:08:26:10 -0400] "GET /about/why-us/ HTTP/1.1" 200 76297 "-" "facebookexternalhit/1.1 (+http://www.facebook.com/externalhit_uatext.php)"
68.65.122.142 - - [18/Sep/2024:08:27:31 -0400] "POST /wp-cron.php?doing_wp_cron=1726662451.2881510257720947265625 HTTP/1.1" 403 1242 "-" "WordPress/6.2.1; https://glenbowcollege.ca"
35.90.243.228 - - [18/Sep/2024:08:48:10 -0400] "GET /fran-x2a-x1r-v8sen-r2jeff-x2-v8library-x1-v8rg HTTP/1.1" 404 16546 "-" "Mozilla/5.0 (X11; Linux i686; rv:54.0) Gecko/20100101 Firefox/54.0"
35.85.38.158 - - [18/Sep/2024:08:48:49 -0400] "GET /p-v8stmaster-r2netw-v8rkinv-x1-x2-v8m HTTP/1.1" 404 16544 "-" "Mozilla/5.0 (X11; Linux x86_64; rv:54.0) Gecko/20100101 Firefox/54.0"
68.65.122.142 - - [18/Sep/2024:08:49:36 -0400] "POST /wp-cron.php?doing_wp_cron=1726663776.7177450656890869140625 HTTP/1.1" 403 1242 "-" "WordPress/6.2.1; https://glenbowcollege.ca"
66.249.68.32 - - [18/Sep/2024:08:49:35 -0400] "GET / HTTP/1.1" 200 20426 "-" "Mozilla/5.0 (compatible; Googlebot/2.1; +http://www.google.com/bot.html)"
68.65.122.142 - - [18/Sep/2024:08:51:33 -0400] "POST /wp-cron.php?doing_wp_cron=1726663893.5495140552520751953125 HTTP/1.1" 403 1242 "-" "WordPress/6.2.1; https://glenbowcollege.ca"
68.65.122.142 - - [18/Sep/2024:08:54:17 -0400] "POST /wp-cron.php?doing_wp_cron=1726664057.8005890846252441406250 HTTP/1.1" 403 1242 "-" "WordPress/6.2.1; https://glenbowcollege.ca"
52.167.144.233 - - [18/Sep/2024:08:54:16 -0400] "GET /alzheimer51500/ebbbc570609.htm HTTP/1.1" 404 14971 "-" "Mozilla/5.0 AppleWebKit/537.36 (KHTML, like Gecko; compatible; bingbot/2.0; +http://www.bing.com/bingbot.htm) Chrome/116.0.1938.76 Safari/537.36"
54.201.115.193 - - [18/Sep/2024:08:54:24 -0400] "GET /mike-x1pratt-r2-v8rda-x1-v8rg HTTP/1.1" 404 16550 "-" "Mozilla/5.0 (X11; Linux i686; rv:50.0) Gecko/20100101 Firefox/50.0"
47.128.57.61 - - [18/Sep/2024:08:55:08 -0400] "GET /tag/tesol/ HTTP/1.1" 200 16952 "-" "Mozilla/5.0 (compatible; Bytespider; spider-feedback@bytedance.com) AppleWebKit/537.36 (KHTML, like Gecko) Chrome/70.0.0.0 Safari/537.36"
47.128.57.61 - - [18/Sep/2024:08:55:11 -0400] "GET /wp-content/plugins/woocommerce-menu-bar-cart/assets/css/wpmenucart-main.min.css?ver=2.14.2 HTTP/1.1" 200 329 "https://glenbowcollege.ca/tag/tesol/" "Mozilla/5.0 (compatible; Bytespider; spider-feedback@bytedance.com) AppleWebKit/537.36 (KHTML, like Gecko) Chrome/70.0.0.0 Safari/537.36"
47.128.57.61 - - [18/Sep/2024:08:55:11 -0400] "GET /wp-content/themes/education-hub-pro/style.css?ver=3.4.1 HTTP/1.1" 200 14555 "https://glenbowcollege.ca/tag/tesol/" "Mozilla/5.0 (compatible; Bytespider; spider-feedback@bytedance.com) AppleWebKit/537.36 (KHTML, like Gecko) Chrome/70.0.0.0 Safari/537.36"
47.128.57.61 - - [18/Sep/2024:08:55:11 -0400] "GET /wp-content/uploads/2020/02/blog-1.jpg HTTP/1.1" 206 500 "https://glenbowcollege.ca/tag/tesol/" "Mozilla/5.0 (compatible; Bytespider; spider-feedback@bytedance.com) AppleWebKit/537.36 (KHTML, like Gecko) Chrome/70.0.0.0 Safari/537.36"
68.65.122.142 - - [18/Sep/2024:08:59:50 -0400] "POST /wp-cron.php?doing_wp_cron=1726664390.2604570388793945312500 HTTP/1.1" 403 1242 "-" "WordPress/6.2.1; https://glenbowcollege.ca"
68.65.122.142 - - [18/Sep/2024:08:59:50 -0400] "POST /wp-cron.php?doing_wp_cron=1726664390.6176578998565673828125 HTTP/1.1" 403 1242 "-" "WordPress/6.2.1; https://glenbowcollege.ca"
51.141.83.21 - - [18/Sep/2024:08:59:48 -0400] "GET / HTTP/1.1" 301 0 "-" "Mozilla/5.0 (Windows NT 10.0; Win64; x64) AppleWebKit/537.36 (KHTML, like Gecko) Chrome/122.0.0.0 Safari/537.36 Edg/122.0.0.0"
51.141.83.21 - - [18/Sep/2024:08:59:49 -0400] "GET / HTTP/1.1" 200 88790 "-" "Mozilla/5.0 (Windows NT 10.0; Win64; x64) AppleWebKit/537.36 (KHTML, like Gecko) Chrome/122.0.0.0 Safari/537.36 Edg/122.0.0.0"
51.141.83.21 - - [18/Sep/2024:08:59:50 -0400] "GET / HTTP/1.1" 200 0 "-" "Mozilla/5.0 (Windows NT 10.0; Win64; x64) AppleWebKit/537.36 (KHTML, like Gecko) Chrome/122.0.0.0 Safari/537.36 Edg/122.0.0.0"
51.141.83.21 - - [18/Sep/2024:08:59:50 -0400] "GET / HTTP/1.1" 200 0 "-" "Mozilla/5.0 (Windows NT 10.0; Win64; x64) AppleWebKit/537.36 (KHTML, like Gecko) Chrome/122.0.0.0 Safari/537.36 Edg/122.0.0.0"
51.141.83.21 - - [18/Sep/2024:08:59:50 -0400] "GET / HTTP/1.1" 200 0 "-" "Mozilla/5.0 (Windows NT 10.0; Win64; x64) AppleWebKit/537.36 (KHTML, like Gecko) Chrome/122.0.0.0 Safari/537.36 Edg/122.0.0.0"
54.149.231.132 - - [18/Sep/2024:09:05:48 -0400] "GET /em-x2mah-v8n-r2beebehealth-x2are-x1-v8rg HTTP/1.1" 404 16553 "-" "Mozilla/5.0 (X11; Linux i686 on x86_64; rv:50.0) Gecko/20100101 Firefox/50.0"
40.77.167.20 - - [18/Sep/2024:09:08:50 -0400] "GET /topoalgiaaomcsumj882963.html HTTP/1.1" 404 14970 "-" "Mozilla/5.0 AppleWebKit/537.36 (KHTML, like Gecko; compatible; bingbot/2.0; +http://www.bing.com/bingbot.htm) Chrome/116.0.1938.76 Safari/537.36"
68.65.122.142 - - [18/Sep/2024:09:10:40 -0400] "POST /wp-cron.php?doing_wp_cron=1726665040.3446030616760253906250 HTTP/1.1" 403 1242 "-" "WordPress/6.2.1; https://glenbowcollege.ca"
83.99.151.66 - - [18/Sep/2024:09:11:17 -0400] "GET /declinometerjsq.xml HTTP/1.1" 404 14971 "-" "Mozilla/5.0 AppleWebKit/537.36 (KHTML, like Gecko; compatible; GeedoProductSearch; +http://www.geedo.com/product-search.html) Chrome/79.0.3945.88 Safari/537.36"
83.99.151.66 - - [18/Sep/2024:09:11:23 -0400] "GET /efficaciouslyknz.xml HTTP/1.1" 404 14980 "-" "Mozilla/5.0 AppleWebKit/537.36 (KHTML, like Gecko; compatible; GeedoProductSearch; +http://www.geedo.com/product-search.html) Chrome/79.0.3945.88 Safari/537.36"
83.99.151.65 - - [18/Sep/2024:09:11:36 -0400] "GET /laoighisolw.xml HTTP/1.1" 404 14995 "-" "Mozilla/5.0 AppleWebKit/537.36 (KHTML, like Gecko; compatible; GeedoProductSearch; +http://www.geedo.com/product-search.html) Chrome/79.0.3945.88 Safari/537.36"
83.99.151.68 - - [18/Sep/2024:09:11:42 -0400] "GET /setsyxr.xml HTTP/1.1" 404 14990 "-" "Mozilla/5.0 AppleWebKit/537.36 (KHTML, like Gecko; compatible; GeedoProductSearch; +http://www.geedo.com/product-search.html) Chrome/79.0.3945.88 Safari/537.36"
83.99.151.66 - - [18/Sep/2024:09:11:48 -0400] "GET /rusesezy.xml HTTP/1.1" 404 14973 "-" "Mozilla/5.0 AppleWebKit/537.36 (KHTML, like Gecko; compatible; GeedoProductSearch; +http://www.geedo.com/product-search.html) Chrome/79.0.3945.88 Safari/537.36"
83.99.151.66 - - [18/Sep/2024:09:11:54 -0400] "GET /derotremadlo.xml HTTP/1.1" 404 14962 "-" "Mozilla/5.0 AppleWebKit/537.36 (KHTML, like Gecko; compatible; GeedoProductSearch; +http://www.geedo.com/product-search.html) Chrome/79.0.3945.88 Safari/537.36"
83.99.151.69 - - [18/Sep/2024:09:12:00 -0400] "GET /preimagerrv.xml HTTP/1.1" 404 14978 "-" "Mozilla/5.0 AppleWebKit/537.36 (KHTML, like Gecko; compatible; GeedoProductSearch; +http://www.geedo.com/product-search.html) Chrome/79.0.3945.88 Safari/537.36"
83.99.151.69 - - [18/Sep/2024:09:12:06 -0400] "GET /selfrepressionnnb.xml HTTP/1.1" 404 14958 "-" "Mozilla/5.0 AppleWebKit/537.36 (KHTML, like Gecko; compatible; GeedoProductSearch; +http://www.geedo.com/product-search.html) Chrome/79.0.3945.88 Safari/537.36"
83.99.151.66 - - [18/Sep/2024:09:12:13 -0400] "GET /likinckn.xml HTTP/1.1" 404 14958 "-" "Mozilla/5.0 AppleWebKit/537.36 (KHTML, like Gecko; compatible; GeedoProductSearch; +http://www.geedo.com/product-search.html) Chrome/79.0.3945.88 Safari/537.36"
83.99.151.70 - - [18/Sep/2024:09:12:32 -0400] "GET /neoidiym.xml HTTP/1.1" 404 14967 "-" "Mozilla/5.0 AppleWebKit/537.36 (KHTML, like Gecko; compatible; GeedoProductSearch; +http://www.geedo.com/product-search.html) Chrome/79.0.3945.88 Safari/537.36"
83.99.151.64 - - [18/Sep/2024:09:12:39 -0400] "GET /aestheticbfp.xml HTTP/1.1" 404 14962 "-" "Mozilla/5.0 AppleWebKit/537.36 (KHTML, like Gecko; compatible; GeedoProductSearch; +http://www.geedo.com/product-search.html) Chrome/79.0.3945.88 Safari/537.36"
83.99.151.71 - - [18/Sep/2024:09:12:45 -0400] "GET /sitemap.xml HTTP/1.1" 301 0 "-" "Mozilla/5.0 AppleWebKit/537.36 (KHTML, like Gecko; compatible; GeedoProductSearch; +http://www.geedo.com/product-search.html) Chrome/79.0.3945.88 Safari/537.36"
68.65.122.142 - - [18/Sep/2024:09:13:52 -0400] "POST /wp-cron.php?doing_wp_cron=1726665232.4768950939178466796875 HTTP/1.1" 403 1242 "-" "WordPress/6.2.1; https://glenbowcollege.ca"
35.93.155.142 - - [18/Sep/2024:09:04:51 -0400] "GET /vpia-x2entini-r2-v8rda-x1-v8rg HTTP/1.1" 404 16549 "-" "Mozilla/5.0 (Macintosh; PPC Mac OS X 10.11; rv:53.0) Gecko/20100101 Firefox/53.0"
5.161.177.123 - - [18/Sep/2024:09:07:53 -0400] "POST /wp-load.php?f26f28=97534 HTTP/1.1" 403 1242 "-" "Mozilla/5.0 (Windows NT 10.0; Win64; x64) AppleWebKit/537.36 (KHTML, like Gecko) Chrome/104.0.5112.97 Safari/537.36"
68.65.122.142 - - [18/Sep/2024:09:08:51 -0400] "POST /wp-cron.php?doing_wp_cron=1726664931.9273650646209716796875 HTTP/1.1" 403 1242 "-" "WordPress/6.2.1; https://glenbowcollege.ca"
173.252.107.114 - - [18/Sep/2024:09:10:39 -0400] "GET / HTTP/1.1" 200 88815 "-" "facebookexternalhit/1.1 (+http://www.facebook.com/externalhit_uatext.php)"
83.99.151.65 - - [18/Sep/2024:09:10:51 -0400] "GET / HTTP/1.1" 200 20457 "-" "Mozilla/5.0 AppleWebKit/537.36 (KHTML, like Gecko; compatible; GeedoProductSearch; +http://www.geedo.com/product-search.html) Chrome/79.0.3945.88 Safari/537.36"
83.99.151.66 - - [18/Sep/2024:09:11:11 -0400] "GET /reprehendingzxj.xml HTTP/1.1" 404 14955 "-" "Mozilla/5.0 AppleWebKit/537.36 (KHTML, like Gecko; compatible; GeedoProductSearch; +http://www.geedo.com/product-search.html) Chrome/79.0.3945.88 Safari/537.36"
83.99.151.66 - - [18/Sep/2024:09:11:29 -0400] "GET /harpyeagleiki.xml HTTP/1.1" 404 14971 "-" "Mozilla/5.0 AppleWebKit/537.36 (KHTML, like Gecko; compatible; GeedoProductSearch; +http://www.geedo.com/product-search.html) Chrome/79.0.3945.88 Safari/537.36"
83.99.151.64 - - [18/Sep/2024:09:12:19 -0400] "GET /nantzeti.xml HTTP/1.1" 404 14965 "-" "Mozilla/5.0 AppleWebKit/537.36 (KHTML, like Gecko; compatible; GeedoProductSearch; +http://www.geedo.com/product-search.html) Chrome/79.0.3945.88 Safari/537.36"
83.99.151.66 - - [18/Sep/2024:09:12:25 -0400] "GET /dicalcicxkl.xml HTTP/1.1" 404 14999 "-" "Mozilla/5.0 AppleWebKit/537.36 (KHTML, like Gecko; compatible; GeedoProductSearch; +http://www.geedo.com/product-search.html) Chrome/79.0.3945.88 Safari/537.36"
83.99.151.71 - - [18/Sep/2024:09:12:46 -0400] "GET /sitemap_index.xml HTTP/1.1" 200 382 "-" "Mozilla/5.0 AppleWebKit/537.36 (KHTML, like Gecko; compatible; GeedoProductSearch; +http://www.geedo.com/product-search.html) Chrome/79.0.3945.88 Safari/537.36"
52.167.144.191 - - [18/Sep/2024:09:13:51 -0400] "GET /wheels7d/adc2223821.htm HTTP/1.1" 404 14975 "-" "Mozilla/5.0 AppleWebKit/537.36 (KHTML, like Gecko; compatible; bingbot/2.0; +http://www.bing.com/bingbot.htm) Chrome/116.0.1938.76 Safari/537.36"
83.99.151.65 - - [18/Sep/2024:09:13:53 -0400] "GET / HTTP/1.1" 200 20466 "-" "Mozilla/5.0 AppleWebKit/537.36 (KHTML, like Gecko; compatible; GeedoProductSearch; +http://www.geedo.com/product-search.html) Chrome/79.0.3945.88 Safari/537.36"
83.99.151.65 - - [18/Sep/2024:09:15:04 -0400] "GET /about/ HTTP/1.1" 200 17537 "-" "Mozilla/5.0 AppleWebKit/537.36 (KHTML, like Gecko; compatible; GeedoProductSearch; +http://www.geedo.com/product-search.html) Chrome/79.0.3945.88 Safari/537.36"
83.99.151.65 - - [18/Sep/2024:09:15:09 -0400] "GET /about/get-in-touch/ HTTP/1.1" 200 18062 "-" "Mozilla/5.0 AppleWebKit/537.36 (KHTML, like Gecko; compatible; GeedoProductSearch; +http://www.geedo.com/product-search.html) Chrome/79.0.3945.88 Safari/537.36"
83.99.151.67 - - [18/Sep/2024:09:16:19 -0400] "GET /admissions/ HTTP/1.1" 200 18371 "-" "Mozilla/5.0 AppleWebKit/537.36 (KHTML, like Gecko; compatible; GeedoProductSearch; +http://www.geedo.com/product-search.html) Chrome/79.0.3945.88 Safari/537.36"
83.99.151.67 - - [18/Sep/2024:09:16:24 -0400] "GET /international/international-about/why-choose-gc/ HTTP/1.1" 200 17375 "-" "Mozilla/5.0 AppleWebKit/537.36 (KHTML, like Gecko; compatible; GeedoProductSearch; +http://www.geedo.com/product-search.html) Chrome/79.0.3945.88 Safari/537.36"
83.99.151.67 - - [18/Sep/2024:09:16:27 -0400] "GET /testimonial/strazimiri-yang/ HTTP/1.1" 200 16944 "-" "Mozilla/5.0 AppleWebKit/537.36 (KHTML, like Gecko; compatible; GeedoProductSearch; +http://www.geedo.com/product-search.html) Chrome/79.0.3945.88 Safari/537.36"
83.99.151.67 - - [18/Sep/2024:09:16:30 -0400] "GET /international/current-international-students/dispute-resolution-policy/ HTTP/1.1" 200 19060 "-" "Mozilla/5.0 AppleWebKit/537.36 (KHTML, like Gecko; compatible; GeedoProductSearch; +http://www.geedo.com/product-search.html) Chrome/79.0.3945.88 Safari/537.36"
68.65.122.142 - - [18/Sep/2024:09:17:34 -0400] "POST /wp-cron.php?doing_wp_cron=1726665454.7210619449615478515625 HTTP/1.1" 403 1242 "-" "WordPress/6.2.1; https://glenbowcollege.ca"
83.99.151.64 - - [18/Sep/2024:09:17:33 -0400] "GET /programs/medical-office-administration-diploma/ HTTP/1.1" 200 20223 "-" "Mozilla/5.0 AppleWebKit/537.36 (KHTML, like Gecko; compatible; GeedoProductSearch; +http://www.geedo.com/product-search.html) Chrome/79.0.3945.88 Safari/537.36"
83.99.151.64 - - [18/Sep/2024:09:17:42 -0400] "GET /about/contact-us/ HTTP/1.1" 200 18128 "-" "Mozilla/5.0 AppleWebKit/537.36 (KHTML, like Gecko; compatible; GeedoProductSearch; +http://www.geedo.com/product-search.html) Chrome/79.0.3945.88 Safari/537.36"
66.249.68.32 - - [18/Sep/2024:09:17:55 -0400] "GET / HTTP/1.1" 200 20449 "-" "Mozilla/5.0 (compatible; Googlebot/2.1; +http://www.google.com/bot.html)"
66.249.68.38 - - [18/Sep/2024:09:17:59 -0400] "GET /wp-content/plugins/contact-form-7/includes/swv/js/index.js?ver=5.8.6 HTTP/1.1" 200 4708 "https://glenbowcollege.ca/" "Mozilla/5.0 AppleWebKit/537.36 (KHTML, like Gecko; compatible; Googlebot/2.1; +http://www.google.com/bot.html) Chrome/128.0.6613.113 Safari/537.36"
66.249.68.39 - - [18/Sep/2024:09:18:00 -0400] "GET /wp-content/plugins/strong-testimonials/public/svg/chevron-left-solid.svg HTTP/1.1" 200 267 "https://glenbowcollege.ca/wp-content/plugins/strong-testimonials/public/css/slider-controls-simple-buttons.css?ver=3.1.7" "Mozilla/5.0 AppleWebKit/537.36 (KHTML, like Gecko; compatible; Googlebot/2.1; +http://www.google.com/bot.html) Chrome/128.0.6613.113 Safari/537.36"
68.65.122.142 - - [18/Sep/2024:09:18:47 -0400] "POST /wp-cron.php?doing_wp_cron=1726665527.9255330562591552734375 HTTP/1.1" 403 1242 "-" "WordPress/6.2.1; https://glenbowcollege.ca"
83.99.151.66 - - [18/Sep/2024:09:18:47 -0400] "GET /2024/08/22/dyslexia-awareness-conference-2/ HTTP/1.1" 200 17472 "-" "Mozilla/5.0 AppleWebKit/537.36 (KHTML, like Gecko; compatible; GeedoProductSearch; +http://www.geedo.com/product-search.html) Chrome/79.0.3945.88 Safari/537.36"
83.99.151.71 - - [18/Sep/2024:09:18:52 -0400] "GET /international/prospective-international-students/ HTTP/1.1" 200 16914 "-" "Mozilla/5.0 AppleWebKit/537.36 (KHTML, like Gecko; compatible; GeedoProductSearch; +http://www.geedo.com/product-search.html) Chrome/79.0.3945.88 Safari/537.36"
68.65.122.142 - - [18/Sep/2024:09:14:59 -0400] "POST /wp-cron.php?doing_wp_cron=1726665299.0015571117401123046875 HTTP/1.1" 403 1242 "-" "WordPress/6.2.1; https://glenbowcollege.ca"
83.99.151.65 - - [18/Sep/2024:09:14:58 -0400] "GET /programs/hospitality-management-diploma-program/ HTTP/1.1" 200 19422 "-" "Mozilla/5.0 AppleWebKit/537.36 (KHTML, like Gecko; compatible; GeedoProductSearch; +http://www.geedo.com/product-search.html) Chrome/79.0.3945.88 Safari/537.36"
83.99.151.65 - - [18/Sep/2024:09:15:01 -0400] "GET /international/current-international-students/academic-policies/ HTTP/1.1" 200 21888 "-" "Mozilla/5.0 AppleWebKit/537.36 (KHTML, like Gecko; compatible; GeedoProductSearch; +http://www.geedo.com/product-search.html) Chrome/79.0.3945.88 Safari/537.36"
83.99.151.65 - - [18/Sep/2024:09:15:07 -0400] "GET /certifications/chaplaincy/ HTTP/1.1" 200 17760 "-" "Mozilla/5.0 AppleWebKit/537.36 (KHTML, like Gecko; compatible; GeedoProductSearch; +http://www.geedo.com/product-search.html) Chrome/79.0.3945.88 Safari/537.36"
83.99.151.65 - - [18/Sep/2024:09:15:12 -0400] "GET /about/academic/ HTTP/1.1" 200 18150 "-" "Mozilla/5.0 AppleWebKit/537.36 (KHTML, like Gecko; compatible; GeedoProductSearch; +http://www.geedo.com/product-search.html) Chrome/79.0.3945.88 Safari/537.36"
68.65.122.142 - - [18/Sep/2024:09:16:17 -0400] "POST /wp-cron.php?doing_wp_cron=1726665377.3070380687713623046875 HTTP/1.1" 403 1242 "-" "WordPress/6.2.1; https://glenbowcollege.ca"
83.99.151.65 - - [18/Sep/2024:09:16:16 -0400] "GET /international/prospective-international-students/studying-in-canada/ HTTP/1.1" 200 20031 "-" "Mozilla/5.0 AppleWebKit/537.36 (KHTML, like Gecko; compatible; GeedoProductSearch; +http://www.geedo.com/product-search.html) Chrome/79.0.3945.88 Safari/537.36"
83.99.151.67 - - [18/Sep/2024:09:16:22 -0400] "GET /international/prospective-international-students/application-processing-time/ HTTP/1.1" 200 17022 "-" "Mozilla/5.0 AppleWebKit/537.36 (KHTML, like Gecko; compatible; GeedoProductSearch; +http://www.geedo.com/product-search.html) Chrome/79.0.3945.88 Safari/537.36"
83.99.151.64 - - [18/Sep/2024:09:17:37 -0400] "GET /international/current-international-students/ HTTP/1.1" 200 17048 "-" "Mozilla/5.0 AppleWebKit/537.36 (KHTML, like Gecko; compatible; GeedoProductSearch; +http://www.geedo.com/product-search.html) Chrome/79.0.3945.88 Safari/537.36"
83.99.151.64 - - [18/Sep/2024:09:17:40 -0400] "GET /international/prospective-international-students/how-to-apply/ HTTP/1.1" 200 18291 "-" "Mozilla/5.0 AppleWebKit/537.36 (KHTML, like Gecko; compatible; GeedoProductSearch; +http://www.geedo.com/product-search.html) Chrome/79.0.3945.88 Safari/537.36"
83.99.151.64 - - [18/Sep/2024:09:17:45 -0400] "GET /certifications/ HTTP/1.1" 200 16689 "-" "Mozilla/5.0 AppleWebKit/537.36 (KHTML, like Gecko; compatible; GeedoProductSearch; +http://www.geedo.com/product-search.html) Chrome/79.0.3945.88 Safari/537.36"
83.99.151.64 - - [18/Sep/2024:09:17:48 -0400] "GET /certifications-esl/ HTTP/1.1" 200 20499 "-" "Mozilla/5.0 AppleWebKit/537.36 (KHTML, like Gecko; compatible; GeedoProductSearch; +http://www.geedo.com/product-search.html) Chrome/79.0.3945.88 Safari/537.36"
83.99.151.71 - - [18/Sep/2024:09:18:49 -0400] "GET /special-request/ HTTP/1.1" 200 18006 "-" "Mozilla/5.0 AppleWebKit/537.36 (KHTML, like Gecko; compatible; GeedoProductSearch; +http://www.geedo.com/product-search.html) Chrome/79.0.3945.88 Safari/537.36"
83.99.151.71 - - [18/Sep/2024:09:18:55 -0400] "GET /international/international-programs/medical-office-administration-diploma-program/ HTTP/1.1" 200 17996 "-" "Mozilla/5.0 AppleWebKit/537.36 (KHTML, like Gecko; compatible; GeedoProductSearch; +http://www.geedo.com/product-search.html) Chrome/79.0.3945.88 Safari/537.36"
83.99.151.71 - - [18/Sep/2024:09:18:59 -0400] "GET /make-payment/ HTTP/1.1" 200 19471 "-" "Mozilla/5.0 AppleWebKit/537.36 (KHTML, like Gecko; compatible; GeedoProductSearch; +http://www.geedo.com/product-search.html) Chrome/79.0.3945.88 Safari/537.36"
83.99.151.65 - - [18/Sep/2024:09:19:02 -0400] "GET /international/work-with-pipa/ HTTP/1.1" 200 20742 "-" "Mozilla/5.0 AppleWebKit/537.36 (KHTML, like Gecko; compatible; GeedoProductSearch; +http://www.geedo.com/product-search.html) Chrome/79.0.3945.88 Safari/537.36"
68.65.122.142 - - [18/Sep/2024:09:20:02 -0400] "POST /wp-cron.php?doing_wp_cron=1726665602.4514930248260498046875 HTTP/1.1" 403 1242 "-" "WordPress/6.2.1; https://glenbowcollege.ca"
83.99.151.70 - - [18/Sep/2024:09:20:03 -0400] "GET /current-student/ HTTP/1.1" 200 20160 "-" "Mozilla/5.0 AppleWebKit/537.36 (KHTML, like Gecko; compatible; GeedoProductSearch; +http://www.geedo.com/product-search.html) Chrome/79.0.3945.88 Safari/537.36"
83.99.151.70 - - [18/Sep/2024:09:20:06 -0400] "GET /category/events/ HTTP/1.1" 200 17112 "-" "Mozilla/5.0 AppleWebKit/537.36 (KHTML, like Gecko; compatible; GeedoProductSearch; +http://www.geedo.com/product-search.html) Chrome/79.0.3945.88 Safari/537.36"
83.99.151.70 - - [18/Sep/2024:09:20:11 -0400] "GET /international/prospective-international-students/how-to-apply/ HTTP/1.1" 200 18283 "-" "Mozilla/5.0 AppleWebKit/537.36 (KHTML, like Gecko; compatible; GeedoProductSearch; +http://www.geedo.com/product-search.html) Chrome/79.0.3945.88 Safari/537.36"
83.99.151.70 - - [18/Sep/2024:09:20:13 -0400] "GET /2020/02/22/enroll-our-programs/ HTTP/1.1" 200 17983 "-" "Mozilla/5.0 AppleWebKit/537.36 (KHTML, like Gecko; compatible; GeedoProductSearch; +http://www.geedo.com/product-search.html) Chrome/79.0.3945.88 Safari/537.36"
83.99.151.65 - - [18/Sep/2024:09:20:15 -0400] "GET /international/international-about/world-class-education/ HTTP/1.1" 200 17261 "-" "Mozilla/5.0 AppleWebKit/537.36 (KHTML, like Gecko; compatible; GeedoProductSearch; +http://www.geedo.com/product-search.html) Chrome/79.0.3945.88 Safari/537.36"
68.65.122.142 - - [18/Sep/2024:09:21:18 -0400] "POST /wp-cron.php?doing_wp_cron=1726665678.5796070098876953125000 HTTP/1.1" 403 1242 "-" "WordPress/6.2.1; https://glenbowcollege.ca"
83.99.151.66 - - [18/Sep/2024:09:21:17 -0400] "GET /author/ HTTP/1.1" 404 14974 "-" "Mozilla/5.0 AppleWebKit/537.36 (KHTML, like Gecko; compatible; GeedoProductSearch; +http://www.geedo.com/product-search.html) Chrome/79.0.3945.88 Safari/537.36"
83.99.151.66 - - [18/Sep/2024:09:21:27 -0400] "GET /certifications/data-analysis-biomedical-health/ HTTP/1.1" 200 18849 "-" "Mozilla/5.0 AppleWebKit/537.36 (KHTML, like Gecko; compatible; GeedoProductSearch; +http://www.geedo.com/product-search.html) Chrome/79.0.3945.88 Safari/537.36"
83.99.151.69 - - [18/Sep/2024:09:22:01 -0400] "GET /international/prospective-international-students/admission-requirements/ HTTP/1.1" 200 17471 "-" "Mozilla/5.0 AppleWebKit/537.36 (KHTML, like Gecko; compatible; GeedoProductSearch; +http://www.geedo.com/product-search.html) Chrome/79.0.3945.88 Safari/537.36"
83.99.151.69 - - [18/Sep/2024:09:22:12 -0400] "GET /testimonial/daskalos/ HTTP/1.1" 200 17128 "-" "Mozilla/5.0 AppleWebKit/537.36 (KHTML, like Gecko; compatible; GeedoProductSearch; +http://www.geedo.com/product-search.html) Chrome/79.0.3945.88 Safari/537.36"
51.222.253.20 - - [18/Sep/2024:09:22:39 -0400] "GET /robots.txt HTTP/1.1" 200 233 "-" "Mozilla/5.0 (compatible; AhrefsBot/7.0; +http://ahrefs.com/robot/)"
68.65.122.142 - - [18/Sep/2024:09:23:44 -0400] "POST /wp-cron.php?doing_wp_cron=1726665824.4819769859313964843750 HTTP/1.1" 403 1242 "-" "WordPress/6.2.1; https://glenbowcollege.ca"
83.99.151.71 - - [18/Sep/2024:09:25:38 -0400] "GET /certifications/english-as-a-second-language-esl/ HTTP/1.1" 200 19651 "-" "Mozilla/5.0 AppleWebKit/537.36 (KHTML, like Gecko; compatible; GeedoProductSearch; +http://www.geedo.com/product-search.html) Chrome/79.0.3945.88 Safari/537.36"
83.99.151.68 - - [18/Sep/2024:09:25:46 -0400] "GET /international/international-about/ HTTP/1.1" 200 17548 "-" "Mozilla/5.0 AppleWebKit/537.36 (KHTML, like Gecko; compatible; GeedoProductSearch; +http://www.geedo.com/product-search.html) Chrome/79.0.3945.88 Safari/537.36"
83.99.151.70 - - [18/Sep/2024:09:20:01 -0400] "GET /international/current-international-students/tuition-collection-and-refund-policy/ HTTP/1.1" 200 18510 "-" "Mozilla/5.0 AppleWebKit/537.36 (KHTML, like Gecko; compatible; GeedoProductSearch; +http://www.geedo.com/product-search.html) Chrome/79.0.3945.88 Safari/537.36"
83.99.151.70 - - [18/Sep/2024:09:20:10 -0400] "GET /international/international-prospective-students/how-to-apply/ HTTP/1.1" 301 0 "-" "Mozilla/5.0 AppleWebKit/537.36 (KHTML, like Gecko; compatible; GeedoProductSearch; +http://www.geedo.com/product-search.html) Chrome/79.0.3945.88 Safari/537.36"
83.99.151.69 - - [18/Sep/2024:09:21:40 -0400] "GET /privacy-policy/ HTTP/1.1" 200 17882 "-" "Mozilla/5.0 AppleWebKit/537.36 (KHTML, like Gecko; compatible; GeedoProductSearch; +http://www.geedo.com/product-search.html) Chrome/79.0.3945.88 Safari/537.36"
83.99.151.69 - - [18/Sep/2024:09:21:51 -0400] "GET /2020/02/21/career-hub/ HTTP/1.1" 200 17671 "-" "Mozilla/5.0 AppleWebKit/537.36 (KHTML, like Gecko; compatible; GeedoProductSearch; +http://www.geedo.com/product-search.html) Chrome/79.0.3945.88 Safari/537.36"
83.99.151.70 - - [18/Sep/2024:09:23:43 -0400] "GET /category/events/page/2/ HTTP/1.1" 200 16886 "-" "Mozilla/5.0 AppleWebKit/537.36 (KHTML, like Gecko; compatible; GeedoProductSearch; +http://www.geedo.com/product-search.html) Chrome/79.0.3945.88 Safari/537.36"
83.99.151.70 - - [18/Sep/2024:09:23:51 -0400] "GET /author/infoglenbowcollege-ca/ HTTP/1.1" 200 16921 "-" "Mozilla/5.0 AppleWebKit/537.36 (KHTML, like Gecko; compatible; GeedoProductSearch; +http://www.geedo.com/product-search.html) Chrome/79.0.3945.88 Safari/537.36"
83.99.151.70 - - [18/Sep/2024:09:24:00 -0400] "GET /programs/ HTTP/1.1" 200 17364 "-" "Mozilla/5.0 AppleWebKit/537.36 (KHTML, like Gecko; compatible; GeedoProductSearch; +http://www.geedo.com/product-search.html) Chrome/79.0.3945.88 Safari/537.36"
83.99.151.64 - - [18/Sep/2024:09:24:08 -0400] "GET /international/international-programs/administrative-professional-diploma-program/ HTTP/1.1" 200 18079 "-" "Mozilla/5.0 AppleWebKit/537.36 (KHTML, like Gecko; compatible; GeedoProductSearch; +http://www.geedo.com/product-search.html) Chrome/79.0.3945.88 Safari/537.36"
83.99.151.70 - - [18/Sep/2024:09:24:15 -0400] "GET /international/international-programs/computerized-accounting-payroll-diploma-program/ HTTP/1.1" 200 17570 "-" "Mozilla/5.0 AppleWebKit/537.36 (KHTML, like Gecko; compatible; GeedoProductSearch; +http://www.geedo.com/product-search.html) Chrome/79.0.3945.88 Safari/537.36"
83.99.151.70 - - [18/Sep/2024:09:24:23 -0400] "GET /tag/esl/ HTTP/1.1" 200 16984 "-" "Mozilla/5.0 AppleWebKit/537.36 (KHTML, like Gecko; compatible; GeedoProductSearch; +http://www.geedo.com/product-search.html) Chrome/79.0.3945.88 Safari/537.36"
68.65.122.142 - - [18/Sep/2024:09:25:19 -0400] "POST /wp-cron.php?doing_wp_cron=1726665919.9294869899749755859375 HTTP/1.1" 403 1242 "-" "WordPress/6.2.1; https://glenbowcollege.ca"
83.99.151.68 - - [18/Sep/2024:09:25:18 -0400] "GET /author/infoglenbowcollege-ca/page/2/ HTTP/1.1" 200 16631 "-" "Mozilla/5.0 AppleWebKit/537.36 (KHTML, like Gecko; compatible; GeedoProductSearch; +http://www.geedo.com/product-search.html) Chrome/79.0.3945.88 Safari/537.36"
83.99.151.70 - - [18/Sep/2024:09:25:28 -0400] "GET /programs/education-assistant-diploma/ HTTP/1.1" 200 18938 "-" "Mozilla/5.0 AppleWebKit/537.36 (KHTML, like Gecko; compatible; GeedoProductSearch; +http://www.geedo.com/product-search.html) Chrome/79.0.3945.88 Safari/537.36"
83.99.151.68 - - [18/Sep/2024:09:26:06 -0400] "GET /2020/02/22/career-day/ HTTP/1.1" 200 17168 "-" "Mozilla/5.0 AppleWebKit/537.36 (KHTML, like Gecko; compatible; GeedoProductSearch; +http://www.geedo.com/product-search.html) Chrome/79.0.3945.88 Safari/537.36"
83.99.151.68 - - [18/Sep/2024:09:25:56 -0400] "GET /tag/tesol/ HTTP/1.1" 200 16988 "-" "Mozilla/5.0 AppleWebKit/537.36 (KHTML, like Gecko; compatible; GeedoProductSearch; +http://www.geedo.com/product-search.html) Chrome/79.0.3945.88 Safari/537.36"
68.65.122.142 - - [18/Sep/2024:09:27:02 -0400] "POST /wp-cron.php?doing_wp_cron=1726666022.7903649806976318359375 HTTP/1.1" 403 1242 "-" "WordPress/6.2.1; https://glenbowcollege.ca"
83.99.151.69 - - [18/Sep/2024:09:27:22 -0400] "GET /tag/education-assistant/ HTTP/1.1" 200 16961 "-" "Mozilla/5.0 AppleWebKit/537.36 (KHTML, like Gecko; compatible; GeedoProductSearch; +http://www.geedo.com/product-search.html) Chrome/79.0.3945.88 Safari/537.36"
83.99.151.69 - - [18/Sep/2024:09:27:31 -0400] "GET /international/ HTTP/1.1" 200 17427 "-" "Mozilla/5.0 AppleWebKit/537.36 (KHTML, like Gecko; compatible; GeedoProductSearch; +http://www.geedo.com/product-search.html) Chrome/79.0.3945.88 Safari/537.36"
83.99.151.65 - - [18/Sep/2024:09:27:39 -0400] "GET /international-programs/ HTTP/1.1" 301 0 "-" "Mozilla/5.0 AppleWebKit/537.36 (KHTML, like Gecko; compatible; GeedoProductSearch; +http://www.geedo.com/product-search.html) Chrome/79.0.3945.88 Safari/537.36"
83.99.151.65 - - [18/Sep/2024:09:28:48 -0400] "GET /2024/08/21/newcomers-career-journey/ HTTP/1.1" 200 17349 "-" "Mozilla/5.0 AppleWebKit/537.36 (KHTML, like Gecko; compatible; GeedoProductSearch; +http://www.geedo.com/product-search.html) Chrome/79.0.3945.88 Safari/537.36"
83.99.151.71 - - [18/Sep/2024:09:28:55 -0400] "GET /programs/administrative-assistant-diploma/ HTTP/1.1" 200 20390 "-" "Mozilla/5.0 AppleWebKit/537.36 (KHTML, like Gecko; compatible; GeedoProductSearch; +http://www.geedo.com/product-search.html) Chrome/79.0.3945.88 Safari/537.36"
83.99.151.70 - - [18/Sep/2024:09:29:02 -0400] "GET /testimonial/mirgul-shamshieva/ HTTP/1.1" 200 17098 "-" "Mozilla/5.0 AppleWebKit/537.36 (KHTML, like Gecko; compatible; GeedoProductSearch; +http://www.geedo.com/product-search.html) Chrome/79.0.3945.88 Safari/537.36"
83.99.151.70 - - [18/Sep/2024:09:29:20 -0400] "GET /about/why-us/ HTTP/1.1" 200 18317 "-" "Mozilla/5.0 AppleWebKit/537.36 (KHTML, like Gecko; compatible; GeedoProductSearch; +http://www.geedo.com/product-search.html) Chrome/79.0.3945.88 Safari/537.36"
83.99.151.68 - - [18/Sep/2024:09:29:28 -0400] "GET /programs/english-as-a-second-language/ HTTP/1.1" 301 0 "-" "Mozilla/5.0 AppleWebKit/537.36 (KHTML, like Gecko; compatible; GeedoProductSearch; +http://www.geedo.com/product-search.html) Chrome/79.0.3945.88 Safari/537.36"
83.99.151.68 - - [18/Sep/2024:09:29:30 -0400] "GET /certifications/english-as-a-second-language-esl/ HTTP/1.1" 200 19669 "-" "Mozilla/5.0 AppleWebKit/537.36 (KHTML, like Gecko; compatible; GeedoProductSearch; +http://www.geedo.com/product-search.html) Chrome/79.0.3945.88 Safari/537.36"
68.65.122.142 - - [18/Sep/2024:09:30:23 -0400] "POST /wp-cron.php?doing_wp_cron=1726666223.7547719478607177734375 HTTP/1.1" 403 1242 "-" "WordPress/6.2.1; https://glenbowcollege.ca"
83.99.151.71 - - [18/Sep/2024:09:30:22 -0400] "GET /international/international-programs/education-assistant-diploma-program/ HTTP/1.1" 200 17638 "-" "Mozilla/5.0 AppleWebKit/537.36 (KHTML, like Gecko; compatible; GeedoProductSearch; +http://www.geedo.com/product-search.html) Chrome/79.0.3945.88 Safari/537.36"
83.99.151.71 - - [18/Sep/2024:09:30:41 -0400] "GET /certifications/payment-page/ HTTP/1.1" 404 14992 "-" "Mozilla/5.0 AppleWebKit/537.36 (KHTML, like Gecko; compatible; GeedoProductSearch; +http://www.geedo.com/product-search.html) Chrome/79.0.3945.88 Safari/537.36"
83.99.151.71 - - [18/Sep/2024:09:27:01 -0400] "GET /international/prospective-international-students/tuition-fees-and-financials/ HTTP/1.1" 200 17743 "-" "Mozilla/5.0 AppleWebKit/537.36 (KHTML, like Gecko; compatible; GeedoProductSearch; +http://www.geedo.com/product-search.html) Chrome/79.0.3945.88 Safari/537.36"
83.99.151.69 - - [18/Sep/2024:09:27:12 -0400] "GET /programs/computerized-accounting-and-payroll-diploma/ HTTP/1.1" 200 18945 "-" "Mozilla/5.0 AppleWebKit/537.36 (KHTML, like Gecko; compatible; GeedoProductSearch; +http://www.geedo.com/product-search.html) Chrome/79.0.3945.88 Safari/537.36"
83.99.151.65 - - [18/Sep/2024:09:27:42 -0400] "GET /international/international-programs/ HTTP/1.1" 200 16844 "-" "Mozilla/5.0 AppleWebKit/537.36 (KHTML, like Gecko; compatible; GeedoProductSearch; +http://www.geedo.com/product-search.html) Chrome/79.0.3945.88 Safari/537.36"
83.99.151.69 - - [18/Sep/2024:09:27:53 -0400] "GET /tag/accounting/ HTTP/1.1" 200 16948 "-" "Mozilla/5.0 AppleWebKit/537.36 (KHTML, like Gecko; compatible; GeedoProductSearch; +http://www.geedo.com/product-search.html) Chrome/79.0.3945.88 Safari/537.36"
68.65.122.142 - - [18/Sep/2024:09:28:49 -0400] "POST /wp-cron.php?doing_wp_cron=1726666129.1606380939483642578125 HTTP/1.1" 403 1242 "-" "WordPress/6.2.1; https://glenbowcollege.ca"
52.167.144.140 - - [18/Sep/2024:09:29:04 -0400] "GET /liner18/df1730800.htm HTTP/1.1" 404 14971 "-" "Mozilla/5.0 AppleWebKit/537.36 (KHTML, like Gecko; compatible; bingbot/2.0; +http://www.bing.com/bingbot.htm) Chrome/116.0.1938.76 Safari/537.36"
83.99.151.70 - - [18/Sep/2024:09:29:11 -0400] "GET /2024/08/22/2176/ HTTP/1.1" 200 17309 "-" "Mozilla/5.0 AppleWebKit/537.36 (KHTML, like Gecko; compatible; GeedoProductSearch; +http://www.geedo.com/product-search.html) Chrome/79.0.3945.88 Safari/537.36"
83.99.151.71 - - [18/Sep/2024:09:30:31 -0400] "GET /2020/02/22/potluck/ HTTP/1.1" 200 17185 "-" "Mozilla/5.0 AppleWebKit/537.36 (KHTML, like Gecko; compatible; GeedoProductSearch; +http://www.geedo.com/product-search.html) Chrome/79.0.3945.88 Safari/537.36"
83.99.151.69 - - [18/Sep/2024:09:30:49 -0400] "GET /programs/teaching-english-to-speakers-of-other-languages-tesol/ HTTP/1.1" 404 14968 "-" "Mozilla/5.0 AppleWebKit/537.36 (KHTML, like Gecko; compatible; GeedoProductSearch; +http://www.geedo.com/product-search.html) Chrome/79.0.3945.88 Safari/537.36"
83.99.151.70 - - [18/Sep/2024:09:31:01 -0400] "GET /tag/management/ HTTP/1.1" 200 16975 "-" "Mozilla/5.0 AppleWebKit/537.36 (KHTML, like Gecko; compatible; GeedoProductSearch; +http://www.geedo.com/product-search.html) Chrome/79.0.3945.88 Safari/537.36"
83.99.151.71 - - [18/Sep/2024:09:31:13 -0400] "GET /certifications/teaching-english-to-speakers-of-other-languages/ HTTP/1.1" 200 18439 "-" "Mozilla/5.0 AppleWebKit/537.36 (KHTML, like Gecko; compatible; GeedoProductSearch; +http://www.geedo.com/product-search.html) Chrome/79.0.3945.88 Safari/537.36"
68.65.122.142 - - [18/Sep/2024:09:32:01 -0400] "POST /wp-cron.php?doing_wp_cron=1726666321.6307630538940429687500 HTTP/1.1" 403 1242 "-" "WordPress/6.2.1; https://glenbowcollege.ca"
83.99.151.71 - - [18/Sep/2024:09:32:03 -0400] "GET /international/current-international-students/student-resources/ HTTP/1.1" 200 19344 "-" "Mozilla/5.0 AppleWebKit/537.36 (KHTML, like Gecko; compatible; GeedoProductSearch; +http://www.geedo.com/product-search.html) Chrome/79.0.3945.88 Safari/537.36"
68.65.122.142 - - [18/Sep/2024:09:33:57 -0400] "POST /wp-cron.php?doing_wp_cron=1726666437.7240059375762939453125 HTTP/1.1" 403 1242 "-" "WordPress/6.2.1; https://glenbowcollege.ca"
66.249.68.39 - - [18/Sep/2024:09:42:29 -0400] "GET /feed/ HTTP/1.1" 200 5041 "-" "Mozilla/5.0 (compatible; Googlebot/2.1; +http://www.google.com/bot.html)"
17.241.219.251 - - [18/Sep/2024:09:43:20 -0400] "GET /robots.txt HTTP/1.1" 200 242 "-" "Mozilla/5.0 (Macintosh; Intel Mac OS X 10_15_7) AppleWebKit/605.1.15 (KHTML, like Gecko) Version/17.4 Safari/605.1.15 (Applebot/0.1; +http://www.apple.com/go/applebot)"
17.241.219.251 - - [18/Sep/2024:09:43:22 -0400] "GET /robots.txt HTTP/1.1" 200 242 "-" "Mozilla/5.0 (Macintosh; Intel Mac OS X 10_15_7) AppleWebKit/605.1.15 (KHTML, like Gecko) Version/17.4 Safari/605.1.15 (Applebot/0.1; +http://www.apple.com/go/applebot)"
83.99.151.71 - - [18/Sep/2024:09:32:00 -0400] "GET /international/international-about/apply/ HTTP/1.1" 200 18039 "-" "Mozilla/5.0 AppleWebKit/537.36 (KHTML, like Gecko; compatible; GeedoProductSearch; +http://www.geedo.com/product-search.html) Chrome/79.0.3945.88 Safari/537.36"
83.99.151.71 - - [18/Sep/2024:09:32:06 -0400] "GET /international/international-programs/ HTTP/1.1" 200 16842 "-" "Mozilla/5.0 AppleWebKit/537.36 (KHTML, like Gecko; compatible; GeedoProductSearch; +http://www.geedo.com/product-search.html) Chrome/79.0.3945.88 Safari/537.36"
83.99.151.71 - - [18/Sep/2024:09:32:10 -0400] "GET /international/international-programs/hospitality-management-diploma-program/ HTTP/1.1" 200 19507 "-" "Mozilla/5.0 AppleWebKit/537.36 (KHTML, like Gecko; compatible; GeedoProductSearch; +http://www.geedo.com/product-search.html) Chrome/79.0.3945.88 Safari/537.36"
83.99.151.71 - - [18/Sep/2024:09:32:13 -0400] "GET /product-category/payment/ HTTP/1.1" 200 17323 "-" "Mozilla/5.0 AppleWebKit/537.36 (KHTML, like Gecko; compatible; GeedoProductSearch; +http://www.geedo.com/product-search.html) Chrome/79.0.3945.88 Safari/537.36"
40.77.167.47 - - [18/Sep/2024:09:33:56 -0400] "GET /nextag53/fb2812010.htm HTTP/1.1" 404 14979 "-" "Mozilla/5.0 AppleWebKit/537.36 (KHTML, like Gecko; compatible; bingbot/2.0; +http://www.bing.com/bingbot.htm) Chrome/116.0.1938.76 Safari/537.36"
68.65.122.142 - - [18/Sep/2024:09:42:30 -0400] "POST /wp-cron.php?doing_wp_cron=1726666950.4684050083160400390625 HTTP/1.1" 403 1242 "-" "WordPress/6.2.1; https://glenbowcollege.ca"
17.241.219.188 - - [18/Sep/2024:09:43:17 -0400] "GET /author/admin/ HTTP/1.1" 301 0 "-" "Mozilla/5.0 (Macintosh; Intel Mac OS X 10_15_7) AppleWebKit/605.1.15 (KHTML, like Gecko) Version/17.4 Safari/605.1.15 (Applebot/0.1; +http://www.apple.com/go/applebot)"
17.241.219.251 - - [18/Sep/2024:09:43:19 -0400] "GET /author/admin/ HTTP/1.1" 404 16554 "-" "Mozilla/5.0 (Macintosh; Intel Mac OS X 10_15_7) AppleWebKit/605.1.15 (KHTML, like Gecko) Version/17.4 Safari/605.1.15 (Applebot/0.1; +http://www.apple.com/go/applebot)"
17.241.219.251 - - [18/Sep/2024:09:43:21 -0400] "GET /robots.txt HTTP/1.1" 200 242 "-" "Mozilla/5.0 (Macintosh; Intel Mac OS X 10_15_7) AppleWebKit/605.1.15 (KHTML, like Gecko) Version/17.4 Safari/605.1.15 (Applebot/0.1; +http://www.apple.com/go/applebot)"
17.241.219.251 - - [18/Sep/2024:09:43:21 -0400] "GET /robots.txt HTTP/1.1" 200 242 "-" "Mozilla/5.0 (Macintosh; Intel Mac OS X 10_15_7) AppleWebKit/605.1.15 (KHTML, like Gecko) Version/17.4 Safari/605.1.15 (Applebot/0.1; +http://www.apple.com/go/applebot)"
17.241.219.251 - - [18/Sep/2024:09:43:22 -0400] "GET /robots.txt HTTP/1.1" 200 242 "-" "Mozilla/5.0 (Macintosh; Intel Mac OS X 10_15_7) AppleWebKit/605.1.15 (KHTML, like Gecko) Version/17.4 Safari/605.1.15 (Applebot/0.1; +http://www.apple.com/go/applebot)"
17.241.219.251 - - [18/Sep/2024:09:43:23 -0400] "GET /robots.txt HTTP/1.1" 200 242 "-" "Mozilla/5.0 (Macintosh; Intel Mac OS X 10_15_7) AppleWebKit/605.1.15 (KHTML, like Gecko) Version/17.4 Safari/605.1.15 (Applebot/0.1; +http://www.apple.com/go/applebot)"
17.241.219.251 - - [18/Sep/2024:09:43:23 -0400] "GET /robots.txt HTTP/1.1" 200 242 "-" "Mozilla/5.0 (Macintosh; Intel Mac OS X 10_15_7) AppleWebKit/605.1.15 (KHTML, like Gecko) Version/17.4 Safari/605.1.15 (Applebot/0.1; +http://www.apple.com/go/applebot)"
69.167.29.11 - - [18/Sep/2024:09:55:23 -0400] "GET /2020/02/23/blog/ HTTP/1.0" 200 83391 "https://glenbowcollege.ca/2020/02/23/blog/" "Mozilla/5.0 (Windows NT 6.1; Win64; x64) AppleWebKit/537.36 (KHTML, like Gecko) Chrome/103.0.5060.114 Safari/537.36"
69.167.29.11 - - [18/Sep/2024:09:55:24 -0400] "GET /2020/02/23/blog/ HTTP/1.0" 200 83406 "https://glenbowcollege.ca/2020/02/23/blog/" "Mozilla/5.0 (Windows NT 6.1; Win64; x64) AppleWebKit/537.36 (KHTML, like Gecko) Chrome/103.0.5060.114 Safari/537.36"
69.167.29.11 - - [18/Sep/2024:09:55:26 -0400] "GET /category/blog/ HTTP/1.0" 200 70476 "https://glenbowcollege.ca/category/blog/" "Mozilla/5.0 (Windows NT 6.1; Win64; x64) AppleWebKit/537.36 (KHTML, like Gecko) Chrome/103.0.5060.114 Safari/537.36"
83.97.73.239 - - [18/Sep/2024:09:55:46 -0400] "GET /about/contact-us/ HTTP/1.0" 200 76006 "https://glenbowcollege.ca/about/contact-us/" "Mozilla/5.0 (Windows NT 10.0; Win64; x64) AppleWebKit/537.36 (KHTML, like Gecko) Chrome/120.0.6099.71 Safari/537.36"
83.97.73.239 - - [18/Sep/2024:09:58:07 -0400] "POST /about/contact-us/ HTTP/1.0" 200 73592 "https://glenbowcollege.ca/about/contact-us/" "Mozilla/5.0 (Windows NT 10.0; Win64; x64) AppleWebKit/537.36 (KHTML, like Gecko) Chrome/120.0.6099.71 Safari/537.36"
68.65.122.142 - - [18/Sep/2024:10:04:35 -0400] "POST /wp-cron.php?doing_wp_cron=1726668275.3727409839630126953125 HTTP/1.1" 403 1242 "-" "WordPress/6.2.1; https://glenbowcollege.ca"
66.249.68.38 - - [18/Sep/2024:10:04:34 -0400] "GET / HTTP/1.1" 200 20454 "-" "Mozilla/5.0 (compatible; Googlebot/2.1; +http://www.google.com/bot.html)"
114.119.150.208 - - [18/Sep/2024:09:54:57 -0400] "GET /robots.txt HTTP/1.1" 200 242 "-" "Mozilla/5.0 (compatible;PetalBot;+https://webmaster.petalsearch.com/site/petalbot)"
69.167.29.11 - - [18/Sep/2024:09:55:27 -0400] "GET /about/contact-us/ HTTP/1.0" 200 75991 "https://glenbowcollege.ca/about/contact-us/" "Mozilla/5.0 (Windows NT 6.1; Win64; x64) AppleWebKit/537.36 (KHTML, like Gecko) Chrome/103.0.5060.114 Safari/537.36"
69.167.29.11 - - [18/Sep/2024:09:55:36 -0400] "POST /about/contact-us/ HTTP/1.0" 200 75422 "https://glenbowcollege.ca/about/contact-us/" "Mozilla/5.0 (Windows NT 6.1; Win64; x64) AppleWebKit/537.36 (KHTML, like Gecko) Chrome/103.0.5060.114 Safari/537.36"
83.97.73.239 - - [18/Sep/2024:09:55:44 -0400] "GET / HTTP/1.0" 200 88795 "https://glenbowcollege.ca/" "Mozilla/5.0 (Windows NT 10.0; Win64; x64) AppleWebKit/537.36 (KHTML, like Gecko) Chrome/120.0.6099.71 Safari/537.36"
114.119.143.215 - - [18/Sep/2024:09:58:00 -0400] "GET /robots.txt HTTP/1.1" 200 242 "-" "Mozilla/5.0 (compatible;PetalBot;+https://webmaster.petalsearch.com/site/petalbot)"
68.65.122.142 - - [18/Sep/2024:09:58:08 -0400] "POST /wp-cron.php?doing_wp_cron=1726667888.2764070034027099609375 HTTP/1.1" 403 1242 "-" "WordPress/6.2.1; https://glenbowcollege.ca"
43.159.143.187 - - [18/Sep/2024:10:08:46 -0400] "GET / HTTP/1.1" 200 23142 "http://glenbowcollege.ca/" "Mozilla/5.0 (iPhone; CPU iPhone OS 13_2_3 like Mac OS X) AppleWebKit/605.1.15 (KHTML, like Gecko) Version/13.0.3 Mobile/15E148 Safari/604.1"
68.65.122.142 - - [18/Sep/2024:10:15:13 -0400] "POST /wp-cron.php?doing_wp_cron=1726668913.2315809726715087890625 HTTP/1.1" 403 1242 "-" "WordPress/6.2.1; https://glenbowcollege.ca"
66.249.68.39 - - [18/Sep/2024:10:17:31 -0400] "GET / HTTP/1.1" 200 20454 "-" "Mozilla/5.0 (compatible; Googlebot/2.1; +http://www.google.com/bot.html)"
66.249.68.38 - - [18/Sep/2024:10:07:41 -0400] "GET /wp-content/uploads/2020/02/students1_1-360x158.jpg HTTP/1.1" 304 0 "-" "Googlebot-Image/1.0"
5.161.106.94 - - [18/Sep/2024:10:07:54 -0400] "POST /wp-load.php?1a33a2=17392 HTTP/1.1" 403 1242 "-" "Mozilla/5.0 (Windows NT 10.0; Win64; x64) AppleWebKit/537.36 (KHTML, like Gecko) Chrome/104.0.5112.97 Safari/537.36"
114.119.159.87 - - [18/Sep/2024:10:08:23 -0400] "GET /wp-includes/js/tinymce/plugins/charmap/plugin.js HTTP/1.1" 200 6419 "https://glenbowcollege.ca/wp-includes/js/tinymce/plugins/charmap/" "Mozilla/5.0 (Linux; Android 7.0;) AppleWebKit/537.36 (KHTML, like Gecko) Mobile Safari/537.36 (compatible; PetalBot;+https://webmaster.petalsearch.com/site/petalbot)"
52.167.144.136 - - [18/Sep/2024:10:15:12 -0400] "GET /certifications-esl/ HTTP/1.1" 200 20511 "-" "Mozilla/5.0 AppleWebKit/537.36 (KHTML, like Gecko; compatible; bingbot/2.0; +http://www.bing.com/bingbot.htm) Chrome/116.0.1938.76 Safari/537.36"
43.135.176.212 - - [18/Sep/2024:10:23:52 -0400] "GET / HTTP/1.1" 200 23150 "-" "Mozilla/5.0 (Windows NT 6.1; Win64; x64) AppleWebKit/537.36 (KHTML, like Gecko) Chrome/79.0.3945.88 Safari/537.36"
68.65.122.142 - - [18/Sep/2024:10:26:00 -0400] "POST /wp-cron.php?doing_wp_cron=1726669560.2030599117279052734375 HTTP/1.1" 403 1242 "-" "WordPress/6.2.1; https://glenbowcollege.ca"
40.77.167.77 - - [18/Sep/2024:10:25:59 -0400] "GET /schools093/ HTTP/1.1" 301 0 "-" "Mozilla/5.0 AppleWebKit/537.36 (KHTML, like Gecko; compatible; bingbot/2.0; +http://www.bing.com/bingbot.htm) Chrome/116.0.1938.76 Safari/537.36"
114.119.132.114 - - [18/Sep/2024:10:28:24 -0400] "GET /wp-includes/js/tinymce/themes/ HTTP/1.1" 403 1242 "https://glenbowcollege.ca/wp-includes/js/tinymce/themes/modern/" "Mozilla/5.0 (Linux; Android 7.0;) AppleWebKit/537.36 (KHTML, like Gecko) Mobile Safari/537.36 (compatible; PetalBot;+https://webmaster.petalsearch.com/site/petalbot)"
68.65.122.142 - - [18/Sep/2024:10:32:32 -0400] "POST /wp-cron.php?doing_wp_cron=1726669952.6466960906982421875000 HTTP/1.1" 403 1242 "-" "WordPress/6.2.1; https://glenbowcollege.ca"
66.222.199.206 - - [18/Sep/2024:10:32:43 -0400] "GET /wp-includes/css/dist/block-library/style.min.css?ver=6.2.1 HTTP/1.1" 200 11775 "https://glenbowcollege.ca/" "Mozilla/5.0 (Windows NT 10.0; Win64; x64) AppleWebKit/537.36 (KHTML, like Gecko) Chrome/128.0.0.0 Safari/537.36"
66.222.199.206 - - [18/Sep/2024:10:32:43 -0400] "GET /wp-content/plugins/woocommerce/packages/woocommerce-blocks/build/wc-blocks-vendors-style.css?ver=10.2.3 HTTP/1.1" 200 1760 "https://glenbowcollege.ca/" "Mozilla/5.0 (Windows NT 10.0; Win64; x64) AppleWebKit/537.36 (KHTML, like Gecko) Chrome/128.0.0.0 Safari/537.36"
66.222.199.206 - - [18/Sep/2024:10:32:43 -0400] "GET /wp-includes/css/classic-themes.min.css?ver=6.2.1 HTTP/1.1" 200 291 "https://glenbowcollege.ca/" "Mozilla/5.0 (Windows NT 10.0; Win64; x64) AppleWebKit/537.36 (KHTML, like Gecko) Chrome/128.0.0.0 Safari/537.36"
66.222.199.206 - - [18/Sep/2024:10:32:43 -0400] "GET /wp-content/plugins/coblocks/dist/style-coblocks-animation.css?ver=d9b2b27566e6a2a85d1b HTTP/1.1" 200 871 "https://glenbowcollege.ca/" "Mozilla/5.0 (Windows NT 10.0; Win64; x64) AppleWebKit/537.36 (KHTML, like Gecko) Chrome/128.0.0.0 Safari/537.36"
66.222.199.206 - - [18/Sep/2024:10:32:43 -0400] "GET /wp-content/plugins/add-to-cart-direct-checkout-for-woocommerce/public/css/pi-dcw-public.css?ver=2.1.64 HTTP/1.1" 200 294 "https://glenbowcollege.ca/" "Mozilla/5.0 (Windows NT 10.0; Win64; x64) AppleWebKit/537.36 (KHTML, like Gecko) Chrome/128.0.0.0 Safari/537.36"
66.222.199.206 - - [18/Sep/2024:10:32:43 -0400] "GET /wp-content/plugins/woocommerce-menu-bar-cart/assets/css/wpmenucart-icons.min.css?ver=2.14.2 HTTP/1.1" 200 192 "https://glenbowcollege.ca/" "Mozilla/5.0 (Windows NT 10.0; Win64; x64) AppleWebKit/537.36 (KHTML, like Gecko) Chrome/128.0.0.0 Safari/537.36"
