17.241.227.221 - - [18/Sep/2024:13:30:17 -0400] "GET /wp-content/plugins/woocommerce/assets/js/jquery-blockui/jquery.blockUI.min.js?ver=2.7.0-wc.7.8.0 HTTP/1.1" 200 5410 "https://glenbowcollege.ca/international/current-international-students/tuition-collection-and-refund-policy/" "Mozilla/5.0 (Macintosh; Intel Mac OS X 10_15_7) AppleWebKit/605.1.15 (KHTML, like Gecko) Version/17.4 Safari/605.1.15 (Applebot/0.1; +http://www.apple.com/go/applebot)"
17.241.75.88 - - [18/Sep/2024:13:30:19 -0400] "GET /wp-content/themes/education-hub-pro/js/skip-link-focus-fix.min.js?ver=20130115 HTTP/1.1" 200 2022 "https://glenbowcollege.ca/international/current-international-students/tuition-collection-and-refund-policy/" "Mozilla/5.0 (Macintosh; Intel Mac OS X 10_15_7) AppleWebKit/605.1.15 (KHTML, like Gecko) Version/17.4 Safari/605.1.15 (Applebot/0.1; +http://www.apple.com/go/applebot)"
17.241.75.29 - - [18/Sep/2024:13:30:19 -0400] "GET /wp-content/themes/education-hub-pro/third-party/cycle2/js/jquery.cycle2.min.js?ver=2.1.6 HTTP/1.1" 200 9700 "https://glenbowcollege.ca/international/current-international-students/tuition-collection-and-refund-policy/" "Mozilla/5.0 (Macintosh; Intel Mac OS X 10_15_7) AppleWebKit/605.1.15 (KHTML, like Gecko) Version/17.4 Safari/605.1.15 (Applebot/0.1; +http://www.apple.com/go/applebot)"
17.241.227.221 - - [18/Sep/2024:13:30:20 -0400] "GET /wp-content/themes/education-hub-pro/third-party/ticker/jquery.easy-ticker.min.js?ver=2.0 HTTP/1.1" 200 2914 "https://glenbowcollege.ca/international/current-international-students/tuition-collection-and-refund-policy/" "Mozilla/5.0 (Macintosh; Intel Mac OS X 10_15_7) AppleWebKit/605.1.15 (KHTML, like Gecko) Version/17.4 Safari/605.1.15 (Applebot/0.1; +http://www.apple.com/go/applebot)"
17.241.227.146 - - [18/Sep/2024:13:30:20 -0400] "GET /wp-content/themes/education-hub-pro/js/custom.min.js?ver=1.0 HTTP/1.1" 200 2258 "https://glenbowcollege.ca/international/current-international-students/tuition-collection-and-refund-policy/" "Mozilla/5.0 (Macintosh; Intel Mac OS X 10_15_7) AppleWebKit/605.1.15 (KHTML, like Gecko) Version/17.4 Safari/605.1.15 (Applebot/0.1; +http://www.apple.com/go/applebot)"
52.167.144.231 - - [18/Sep/2024:13:34:46 -0400] "GET / HTTP/1.1" 200 20454 "-" "Mozilla/5.0 AppleWebKit/537.36 (KHTML, like Gecko; compatible; bingbot/2.0; +http://www.bing.com/bingbot.htm) Chrome/116.0.1938.76 Safari/537.36"
68.65.122.142 - - [18/Sep/2024:13:44:05 -0400] "POST /wp-cron.php?doing_wp_cron=1726681445.0412220954895019531250 HTTP/1.1" 403 1242 "-" "WordPress/6.2.1; https://glenbowcollege.ca"
17.241.227.146 - - [18/Sep/2024:13:30:17 -0400] "GET /wp-content/plugins/woocommerce/assets/js/frontend/add-to-cart.min.js?ver=7.8.0 HTTP/1.1" 200 2887 "https://glenbowcollege.ca/international/current-international-students/tuition-collection-and-refund-policy/" "Mozilla/5.0 (Macintosh; Intel Mac OS X 10_15_7) AppleWebKit/605.1.15 (KHTML, like Gecko) Version/17.4 Safari/605.1.15 (Applebot/0.1; +http://www.apple.com/go/applebot)"
17.241.75.39 - - [18/Sep/2024:13:30:18 -0400] "GET /wp-content/plugins/woocommerce/assets/js/js-cookie/js.cookie.min.js?ver=2.1.4-wc.7.8.0 HTTP/1.1" 200 2676 "https://glenbowcollege.ca/international/current-international-students/tuition-collection-and-refund-policy/" "Mozilla/5.0 (Macintosh; Intel Mac OS X 10_15_7) AppleWebKit/605.1.15 (KHTML, like Gecko) Version/17.4 Safari/605.1.15 (Applebot/0.1; +http://www.apple.com/go/applebot)"
17.241.219.31 - - [18/Sep/2024:13:30:18 -0400] "GET /wp-content/plugins/woocommerce/assets/js/frontend/woocommerce.min.js?ver=7.8.0 HTTP/1.1" 200 2577 "https://glenbowcollege.ca/international/current-international-students/tuition-collection-and-refund-policy/" "Mozilla/5.0 (Macintosh; Intel Mac OS X 10_15_7) AppleWebKit/605.1.15 (KHTML, like Gecko) Version/17.4 Safari/605.1.15 (Applebot/0.1; +http://www.apple.com/go/applebot)"
17.241.75.39 - - [18/Sep/2024:13:30:21 -0400] "GET /wp-content/themes/education-hub-pro/js/navigation.min.js?ver=20160421 HTTP/1.1" 200 2917 "https://glenbowcollege.ca/international/current-international-students/tuition-collection-and-refund-policy/" "Mozilla/5.0 (Macintosh; Intel Mac OS X 10_15_7) AppleWebKit/605.1.15 (KHTML, like Gecko) Version/17.4 Safari/605.1.15 (Applebot/0.1; +http://www.apple.com/go/applebot)"
17.241.219.31 - - [18/Sep/2024:13:30:21 -0400] "GET /wp-includes/js/wp-emoji-release.min.js?ver=6.2.1 HTTP/1.1" 200 7503 "https://glenbowcollege.ca/international/current-international-students/tuition-collection-and-refund-policy/" "Mozilla/5.0 (Macintosh; Intel Mac OS X 10_15_7) AppleWebKit/605.1.15 (KHTML, like Gecko) Version/17.4 Safari/605.1.15 (Applebot/0.1; +http://www.apple.com/go/applebot)"
68.65.122.142 - - [18/Sep/2024:13:34:47 -0400] "POST /wp-cron.php?doing_wp_cron=1726680887.5809071063995361328125 HTTP/1.1" 403 1242 "-" "WordPress/6.2.1; https://glenbowcollege.ca"
40.77.167.68 - - [18/Sep/2024:13:44:04 -0400] "GET /whole1d/eaf120941.htm HTTP/1.1" 404 14997 "-" "Mozilla/5.0 AppleWebKit/537.36 (KHTML, like Gecko; compatible; bingbot/2.0; +http://www.bing.com/bingbot.htm) Chrome/116.0.1938.76 Safari/537.36"
68.65.122.142 - - [18/Sep/2024:13:45:45 -0400] "POST /wp-cron.php?doing_wp_cron=1726681545.0477049350738525390625 HTTP/1.1" 403 1242 "-" "WordPress/6.2.1; https://glenbowcollege.ca"
40.77.167.65 - - [18/Sep/2024:13:51:45 -0400] "GET /matingbc1/ HTTP/1.1" 301 0 "-" "Mozilla/5.0 AppleWebKit/537.36 (KHTML, like Gecko; compatible; bingbot/2.0; +http://www.bing.com/bingbot.htm) Chrome/116.0.1938.76 Safari/537.36"
68.65.122.142 - - [18/Sep/2024:13:52:47 -0400] "POST /wp-cron.php?doing_wp_cron=1726681967.0295550823211669921875 HTTP/1.1" 403 1242 "-" "WordPress/6.2.1; https://glenbowcollege.ca"
40.77.167.68 - - [18/Sep/2024:13:52:46 -0400] "GET /secondedb30fb/ HTTP/1.1" 404 14970 "-" "Mozilla/5.0 AppleWebKit/537.36 (KHTML, like Gecko; compatible; bingbot/2.0; +http://www.bing.com/bingbot.htm) Chrome/116.0.1938.76 Safari/537.36"
68.65.122.142 - - [18/Sep/2024:13:56:37 -0400] "POST /wp-cron.php?doing_wp_cron=1726682197.0680809020996093750000 HTTP/1.1" 403 1242 "-" "WordPress/6.2.1; https://glenbowcollege.ca"
40.77.167.10 - - [18/Sep/2024:13:56:32 -0400] "GET /venus436f/acfaed630586.htm HTTP/1.1" 404 14959 "-" "Mozilla/5.0 AppleWebKit/537.36 (KHTML, like Gecko; compatible; bingbot/2.0; +http://www.bing.com/bingbot.htm) Chrome/116.0.1938.76 Safari/537.36"
51.222.253.12 - - [18/Sep/2024:13:45:44 -0400] "GET /tag/accounting/ HTTP/1.1" 200 16942 "-" "Mozilla/5.0 (compatible; AhrefsBot/7.0; +http://ahrefs.com/robot/)"
98.148.253.106 - - [18/Sep/2024:13:49:44 -0400] "GET /favicon.ico HTTP/1.1" 404 1251 "-" "Mozilla/5.0 (iPhone; CPU iPhone OS 17_6 like Mac OS X) AppleWebKit/605.1.15 (KHTML, like Gecko) CriOS/129.0.6668.46 Mobile/15E148 Safari/604.1"
68.65.122.142 - - [18/Sep/2024:13:51:46 -0400] "POST /wp-cron.php?doing_wp_cron=1726681906.1437358856201171875000 HTTP/1.1" 403 1242 "-" "WordPress/6.2.1; https://glenbowcollege.ca"
77.75.76.162 - - [18/Sep/2024:13:59:32 -0400] "GET /robots.txt HTTP/1.1" 200 242 "-" "Mozilla/5.0 (compatible; SeznamBot/4.0; +http://napoveda.seznam.cz/seznambot-intro/)"
68.65.122.142 - - [18/Sep/2024:13:59:33 -0400] "POST /wp-cron.php?doing_wp_cron=1726682373.4626069068908691406250 HTTP/1.1" 403 1242 "-" "WordPress/6.2.1; https://glenbowcollege.ca"
77.75.78.162 - - [18/Sep/2024:13:59:32 -0400] "GET /certifications/chaplaincy/ HTTP/1.1" 200 20153 "-" "Mozilla/5.0 (compatible; SeznamBot/4.0; +http://napoveda.seznam.cz/seznambot-intro/)"
68.65.122.142 - - [18/Sep/2024:14:12:45 -0400] "POST /wp-cron.php?doing_wp_cron=1726683165.4209790229797363281250 HTTP/1.1" 403 1242 "-" "WordPress/6.2.1; https://glenbowcollege.ca"
40.77.167.25 - - [18/Sep/2024:14:12:44 -0400] "GET /hill0e/ HTTP/1.1" 301 0 "-" "Mozilla/5.0 AppleWebKit/537.36 (KHTML, like Gecko; compatible; bingbot/2.0; +http://www.bing.com/bingbot.htm) Chrome/116.0.1938.76 Safari/537.36"
68.65.122.142 - - [18/Sep/2024:14:14:06 -0400] "POST /wp-cron.php?doing_wp_cron=1726683246.5852000713348388671875 HTTP/1.1" 403 1242 "-" "WordPress/6.2.1; https://glenbowcollege.ca"
93.183.92.77 - - [18/Sep/2024:14:14:21 -0400] "GET /2020/02/23/blog/ HTTP/1.0" 200 83386 "https://glenbowcollege.ca/2020/02/23/blog/" "Mozilla/5.0 (Windows NT 10.0; Win64; x64) AppleWebKit/537.36 (KHTML, like Gecko) Chrome/120.0.0.0 Safari/537.36"
93.183.92.77 - - [18/Sep/2024:14:14:26 -0400] "GET /comment/ HTTP/1.0" 200 95487 "https://glenbowcollege.ca/comment/" "Mozilla/5.0 (Windows NT 10.0; Win64; x64) AppleWebKit/537.36 (KHTML, like Gecko) Chrome/120.0.0.0 Safari/537.36"
93.183.92.77 - - [18/Sep/2024:14:14:36 -0400] "GET /category/blog/ HTTP/1.0" 200 70446 "https://glenbowcollege.ca/category/blog/" "Mozilla/5.0 (Windows NT 6.1; Win64; x64) AppleWebKit/537.36 (KHTML, like Gecko) Chrome/109.0.5414.120 Safari/537.36"
93.183.92.77 - - [18/Sep/2024:14:15:07 -0400] "POST /comment/ HTTP/1.0" 302 0 "https://glenbowcollege.ca/comment/" "Mozilla/5.0 (Windows NT 6.1; Win64; x64) AppleWebKit/537.36 (KHTML, like Gecko) Chrome/109.0.5414.120 Safari/537.36"
68.65.122.142 - - [18/Sep/2024:14:15:09 -0400] "POST /wp-cron.php?doing_wp_cron=1726683309.8725209236145019531250 HTTP/1.1" 403 1242 "-" "WordPress/6.2.1; https://glenbowcollege.ca"
178.156.128.204 - - [18/Sep/2024:14:08:25 -0400] "POST /wp-load.php?b371d4=6939 HTTP/1.1" 403 1242 "-" "Mozilla/5.0 (Windows NT 10.0; Win64; x64) AppleWebKit/537.36 (KHTML, like Gecko) Chrome/104.0.5112.97 Safari/537.36"
68.65.122.142 - - [18/Sep/2024:14:14:06 -0400] "POST /wp-cron.php?doing_wp_cron=1726683246.6242859363555908203125 HTTP/1.1" 403 1242 "-" "WordPress/6.2.1; https://glenbowcollege.ca"
93.183.92.77 - - [18/Sep/2024:14:14:05 -0400] "GET /comment/?success&formid=1 HTTP/1.0" 200 84983 "https://glenbowcollege.ca/comment/?success&formid=1" "Mozilla/5.0 (Windows NT 6.1; Win64; x64) AppleWebKit/537.36 (KHTML, like Gecko) Chrome/109.0.5414.120 Safari/537.36"
93.183.92.77 - - [18/Sep/2024:14:14:05 -0400] "GET /comment/?success&formid=1 HTTP/1.0" 200 84978 "https://glenbowcollege.ca/comment/?success&formid=1" "Mozilla/5.0 (Windows NT 10.0; Win64; x64) AppleWebKit/537.36 (KHTML, like Gecko) Chrome/120.0.0.0 Safari/537.36"
93.183.92.77 - - [18/Sep/2024:14:14:21 -0400] "GET /2020/02/23/blog/ HTTP/1.0" 200 83411 "https://glenbowcollege.ca/2020/02/23/blog/" "Mozilla/5.0 (Windows NT 6.1; Win64; x64) AppleWebKit/537.36 (KHTML, like Gecko) Chrome/109.0.5414.120 Safari/537.36"
93.183.92.77 - - [18/Sep/2024:14:14:23 -0400] "GET /category/blog/ HTTP/1.0" 200 70451 "https://glenbowcollege.ca/category/blog/" "Mozilla/5.0 (Windows NT 10.0; Win64; x64) AppleWebKit/537.36 (KHTML, like Gecko) Chrome/120.0.0.0 Safari/537.36"
93.183.92.77 - - [18/Sep/2024:14:14:43 -0400] "POST /comment/ HTTP/1.0" 302 0 "https://glenbowcollege.ca/comment/" "Mozilla/5.0 (Windows NT 10.0; Win64; x64) AppleWebKit/537.36 (KHTML, like Gecko) Chrome/120.0.0.0 Safari/537.36"
93.183.92.77 - - [18/Sep/2024:14:14:45 -0400] "GET /comment/?success&formid=1 HTTP/1.0" 200 84953 "https://glenbowcollege.ca/?success&formid=1" "Mozilla/5.0 (Windows NT 10.0; Win64; x64) AppleWebKit/537.36 (KHTML, like Gecko) Chrome/120.0.0.0 Safari/537.36"
93.183.92.77 - - [18/Sep/2024:14:14:49 -0400] "GET /comment/ HTTP/1.0" 200 95492 "https://glenbowcollege.ca/comment/" "Mozilla/5.0 (Windows NT 6.1; Win64; x64) AppleWebKit/537.36 (KHTML, like Gecko) Chrome/109.0.5414.120 Safari/537.36"
93.183.92.77 - - [18/Sep/2024:14:15:08 -0400] "GET /comment/?success&formid=1 HTTP/1.0" 200 84968 "https://glenbowcollege.ca/?success&formid=1" "Mozilla/5.0 (Windows NT 6.1; Win64; x64) AppleWebKit/537.36 (KHTML, like Gecko) Chrome/109.0.5414.120 Safari/537.36"
68.65.122.142 - - [18/Sep/2024:14:22:04 -0400] "POST /wp-cron.php?doing_wp_cron=1726683724.8490569591522216796875 HTTP/1.1" 403 1242 "-" "WordPress/6.2.1; https://glenbowcollege.ca"
70.73.96.118 - - [18/Sep/2024:14:22:03 -0400] "GET / HTTP/1.1" 200 20459 "-" "Mozilla/5.0 (Windows NT 10.0; Win64; x64) AppleWebKit/537.36 (KHTML, like Gecko) Chrome/128.0.0.0 Safari/537.36"
47.128.99.87 - - [18/Sep/2024:14:22:13 -0400] "GET /admissions/ HTTP/1.1" 200 18408 "-" "Mozilla/5.0 (compatible; Bytespider; spider-feedback@bytedance.com) AppleWebKit/537.36 (KHTML, like Gecko) Chrome/70.0.0.0 Safari/537.36"
70.73.96.118 - - [18/Sep/2024:14:22:07 -0400] "GET /certifications/teaching-english-to-speakers-of-other-languages/ HTTP/1.1" 200 18431 "https://glenbowcollege.ca/" "Mozilla/5.0 (Windows NT 10.0; Win64; x64) AppleWebKit/537.36 (KHTML, like Gecko) Chrome/128.0.0.0 Safari/537.36"
47.128.99.87 - - [18/Sep/2024:14:22:15 -0400] "GET /wp-content/uploads/2020/02/student_register_1.jpg HTTP/1.1" 206 500 "https://glenbowcollege.ca/admissions/" "Mozilla/5.0 (compatible; Bytespider; spider-feedback@bytedance.com) AppleWebKit/537.36 (KHTML, like Gecko) Chrome/70.0.0.0 Safari/537.36"
68.65.122.142 - - [18/Sep/2024:14:50:05 -0400] "POST /wp-cron.php?doing_wp_cron=1726685405.7834560871124267578125 HTTP/1.1" 403 1242 "-" "WordPress/6.2.1; https://glenbowcollege.ca"
138.197.39.178 - - [18/Sep/2024:14:50:04 -0400] "GET /programs/administrative-assistant-diploma/ HTTP/1.1" 200 23392 "-" "Mozilla/5.0 (Windows NT 10.0; Win64; x64) AppleWebKit/537.36 (KHTML, like Gecko) Chrome/124.0.0.0 Safari/537.36"
68.65.122.142 - - [18/Sep/2024:14:56:53 -0400] "POST /wp-cron.php?doing_wp_cron=1726685813.8290750980377197265625 HTTP/1.1" 403 1242 "-" "WordPress/6.2.1; https://glenbowcollege.ca"
70.73.96.118 - - [18/Sep/2024:14:56:52 -0400] "GET / HTTP/1.1" 200 20452 "-" "Mozilla/5.0 (Windows NT 10.0; Win64; x64) AppleWebKit/537.36 (KHTML, like Gecko) Chrome/128.0.0.0 Safari/537.36"
70.73.96.118 - - [18/Sep/2024:14:56:54 -0400] "GET /wp-content/plugins/woocommerce/packages/woocommerce-blocks/build/wc-blocks-style.css?ver=10.2.3 HTTP/1.1" 304 0 "https://glenbowcollege.ca/" "Mozilla/5.0 (Windows NT 10.0; Win64; x64) AppleWebKit/537.36 (KHTML, like Gecko) Chrome/128.0.0.0 Safari/537.36"
70.73.96.118 - - [18/Sep/2024:14:56:54 -0400] "GET /wp-content/plugins/coblocks/dist/style-coblocks-1.css?ver=3.1.5 HTTP/1.1" 304 0 "https://glenbowcollege.ca/" "Mozilla/5.0 (Windows NT 10.0; Win64; x64) AppleWebKit/537.36 (KHTML, like Gecko) Chrome/128.0.0.0 Safari/537.36"
70.73.96.118 - - [18/Sep/2024:14:56:54 -0400] "GET /wp-content/plugins/coblocks/dist/style-coblocks-extensions.css?ver=3.1.5 HTTP/1.1" 304 0 "https://glenbowcollege.ca/" "Mozilla/5.0 (Windows NT 10.0; Win64; x64) AppleWebKit/537.36 (KHTML, like Gecko) Chrome/128.0.0.0 Safari/537.36"
70.73.96.118 - - [18/Sep/2024:14:56:54 -0400] "GET /wp-content/plugins/woocommerce-menu-bar-cart/assets/css/wpmenucart-icons.min.css?ver=2.14.2 HTTP/1.1" 304 0 "https://glenbowcollege.ca/" "Mozilla/5.0 (Windows NT 10.0; Win64; x64) AppleWebKit/537.36 (KHTML, like Gecko) Chrome/128.0.0.0 Safari/537.36"
70.73.96.118 - - [18/Sep/2024:14:56:54 -0400] "GET /wp-content/plugins/woocommerce/assets/css/woocommerce-layout.css?ver=7.8.0 HTTP/1.1" 304 0 "https://glenbowcollege.ca/" "Mozilla/5.0 (Windows NT 10.0; Win64; x64) AppleWebKit/537.36 (KHTML, like Gecko) Chrome/128.0.0.0 Safari/537.36"
70.73.96.118 - - [18/Sep/2024:14:56:54 -0400] "GET /wp-content/themes/education-hub-pro/style.css?ver=3.4.1 HTTP/1.1" 304 0 "https://glenbowcollege.ca/" "Mozilla/5.0 (Windows NT 10.0; Win64; x64) AppleWebKit/537.36 (KHTML, like Gecko) Chrome/128.0.0.0 Safari/537.36"
70.73.96.118 - - [18/Sep/2024:14:56:54 -0400] "GET /wp-content/uploads/2020/02/cropped-logo6.png HTTP/1.1" 304 0 "https://glenbowcollege.ca/" "Mozilla/5.0 (Windows NT 10.0; Win64; x64) AppleWebKit/537.36 (KHTML, like Gecko) Chrome/128.0.0.0 Safari/537.36"
70.73.96.118 - - [18/Sep/2024:14:56:54 -0400] "GET /wp-content/themes/education-hub-pro/third-party/font-awesome/css/font-awesome.min.css?ver=4.7.0 HTTP/1.1" 304 0 "https://glenbowcollege.ca/" "Mozilla/5.0 (Windows NT 10.0; Win64; x64) AppleWebKit/537.36 (KHTML, like Gecko) Chrome/128.0.0.0 Safari/537.36"
70.73.96.118 - - [18/Sep/2024:14:56:54 -0400] "GET /wp-content/plugins/if-menu/assets/if-menu-site.css?ver=6.2.1 HTTP/1.1" 304 0 "https://glenbowcollege.ca/" "Mozilla/5.0 (Windows NT 10.0; Win64; x64) AppleWebKit/537.36 (KHTML, like Gecko) Chrome/128.0.0.0 Safari/537.36"
70.73.96.118 - - [18/Sep/2024:14:56:54 -0400] "GET /wp-content/uploads/2020/04/slider-education.jpg HTTP/1.1" 304 0 "https://glenbowcollege.ca/" "Mozilla/5.0 (Windows NT 10.0; Win64; x64) AppleWebKit/537.36 (KHTML, like Gecko) Chrome/128.0.0.0 Safari/537.36"
70.73.96.118 - - [18/Sep/2024:14:56:54 -0400] "GET /wp-content/uploads/2020/03/apple-education-slider.jpg HTTP/1.1" 304 0 "https://glenbowcollege.ca/" "Mozilla/5.0 (Windows NT 10.0; Win64; x64) AppleWebKit/537.36 (KHTML, like Gecko) Chrome/128.0.0.0 Safari/537.36"
70.73.96.118 - - [18/Sep/2024:14:56:54 -0400] "GET /wp-content/plugins/strong-testimonials/templates/default/content.css?ver=3.1.7 HTTP/1.1" 304 0 "https://glenbowcollege.ca/" "Mozilla/5.0 (Windows NT 10.0; Win64; x64) AppleWebKit/537.36 (KHTML, like Gecko) Chrome/128.0.0.0 Safari/537.36"
70.73.96.118 - - [18/Sep/2024:14:56:54 -0400] "GET /wp-content/plugins/strong-testimonials/public/css/rating-display.css?ver=3.1.7 HTTP/1.1" 304 0 "https://glenbowcollege.ca/" "Mozilla/5.0 (Windows NT 10.0; Win64; x64) AppleWebKit/537.36 (KHTML, like Gecko) Chrome/128.0.0.0 Safari/537.36"
70.73.96.118 - - [18/Sep/2024:14:56:54 -0400] "GET /wp-includes/css/dist/block-library/style.min.css?ver=6.2.1 HTTP/1.1" 304 0 "https://glenbowcollege.ca/" "Mozilla/5.0 (Windows NT 10.0; Win64; x64) AppleWebKit/537.36 (KHTML, like Gecko) Chrome/128.0.0.0 Safari/537.36"
70.73.96.118 - - [18/Sep/2024:14:56:54 -0400] "GET /wp-content/plugins/woocommerce/packages/woocommerce-blocks/build/wc-blocks-vendors-style.css?ver=10.2.3 HTTP/1.1" 304 0 "https://glenbowcollege.ca/" "Mozilla/5.0 (Windows NT 10.0; Win64; x64) AppleWebKit/537.36 (KHTML, like Gecko) Chrome/128.0.0.0 Safari/537.36"
70.73.96.118 - - [18/Sep/2024:14:56:54 -0400] "GET /wp-includes/css/classic-themes.min.css?ver=6.2.1 HTTP/1.1" 304 0 "https://glenbowcollege.ca/" "Mozilla/5.0 (Windows NT 10.0; Win64; x64) AppleWebKit/537.36 (KHTML, like Gecko) Chrome/128.0.0.0 Safari/537.36"
70.73.96.118 - - [18/Sep/2024:14:56:54 -0400] "GET /wp-content/plugins/coblocks/dist/style-coblocks-animation.css?ver=d9b2b27566e6a2a85d1b HTTP/1.1" 304 0 "https://glenbowcollege.ca/" "Mozilla/5.0 (Windows NT 10.0; Win64; x64) AppleWebKit/537.36 (KHTML, like Gecko) Chrome/128.0.0.0 Safari/537.36"
70.73.96.118 - - [18/Sep/2024:14:56:54 -0400] "GET /wp-content/plugins/add-to-cart-direct-checkout-for-woocommerce/public/css/pi-dcw-public.css?ver=2.1.64 HTTP/1.1" 304 0 "https://glenbowcollege.ca/" "Mozilla/5.0 (Windows NT 10.0; Win64; x64) AppleWebKit/537.36 (KHTML, like Gecko) Chrome/128.0.0.0 Safari/537.36"
70.73.96.118 - - [18/Sep/2024:14:56:54 -0400] "GET /wp-content/plugins/contact-form-7/includes/css/styles.css?ver=5.8.6 HTTP/1.1" 304 0 "https://glenbowcollege.ca/" "Mozilla/5.0 (Windows NT 10.0; Win64; x64) AppleWebKit/537.36 (KHTML, like Gecko) Chrome/128.0.0.0 Safari/537.36"
70.73.96.118 - - [18/Sep/2024:14:56:54 -0400] "GET /wp-content/plugins/woocommerce-menu-bar-cart/assets/css/wpmenucart-main.min.css?ver=2.14.2 HTTP/1.1" 304 0 "https://glenbowcollege.ca/" "Mozilla/5.0 (Windows NT 10.0; Win64; x64) AppleWebKit/537.36 (KHTML, like Gecko) Chrome/128.0.0.0 Safari/537.36"
70.73.96.118 - - [18/Sep/2024:14:56:54 -0400] "GET /wp-includes/css/dist/components/style.min.css?ver=6.2.1 HTTP/1.1" 304 0 "https://glenbowcollege.ca/" "Mozilla/5.0 (Windows NT 10.0; Win64; x64) AppleWebKit/537.36 (KHTML, like Gecko) Chrome/128.0.0.0 Safari/537.36"
70.73.96.118 - - [18/Sep/2024:14:56:54 -0400] "GET /wp-content/plugins/woocommerce/assets/css/woocommerce.css?ver=7.8.0 HTTP/1.1" 304 0 "https://glenbowcollege.ca/" "Mozilla/5.0 (Windows NT 10.0; Win64; x64) AppleWebKit/537.36 (KHTML, like Gecko) Chrome/128.0.0.0 Safari/537.36"
70.73.96.118 - - [18/Sep/2024:14:56:54 -0400] "GET /wp-content/plugins/coblocks/includes/Dependencies/GoDaddy/Styles/build/latest.css?ver=2.0.2 HTTP/1.1" 304 0 "https://glenbowcollege.ca/" "Mozilla/5.0 (Windows NT 10.0; Win64; x64) AppleWebKit/537.36 (KHTML, like Gecko) Chrome/128.0.0.0 Safari/537.36"
70.73.96.118 - - [18/Sep/2024:14:56:54 -0400] "GET /wp-content/uploads/2020/03/slider-6.jpg HTTP/1.1" 304 0 "https://glenbowcollege.ca/" "Mozilla/5.0 (Windows NT 10.0; Win64; x64) AppleWebKit/537.36 (KHTML, like Gecko) Chrome/128.0.0.0 Safari/537.36"
70.73.96.118 - - [18/Sep/2024:14:56:54 -0400] "GET /wp-content/uploads/2020/03/slider-2.jpg HTTP/1.1" 304 0 "https://glenbowcollege.ca/" "Mozilla/5.0 (Windows NT 10.0; Win64; x64) AppleWebKit/537.36 (KHTML, like Gecko) Chrome/128.0.0.0 Safari/537.36"
70.73.96.118 - - [18/Sep/2024:14:56:54 -0400] "GET /wp-content/uploads/2020/02/student_register_1-360x156.jpg HTTP/1.1" 304 0 "https://glenbowcollege.ca/" "Mozilla/5.0 (Windows NT 10.0; Win64; x64) AppleWebKit/537.36 (KHTML, like Gecko) Chrome/128.0.0.0 Safari/537.36"
70.73.96.118 - - [18/Sep/2024:14:56:54 -0400] "GET /wp-content/uploads/2020/02/616x321-ziraat-fakultesi-ogrencisine-burs-1543613768524-2-360x162.jpeg HTTP/1.1" 304 0 "https://glenbowcollege.ca/" "Mozilla/5.0 (Windows NT 10.0; Win64; x64) AppleWebKit/537.36 (KHTML, like Gecko) Chrome/128.0.0.0 Safari/537.36"
70.73.96.118 - - [18/Sep/2024:14:56:54 -0400] "GET /wp-content/plugins/strong-testimonials/public/css/slider-controls-simple-buttons.css?ver=3.1.7 HTTP/1.1" 304 0 "https://glenbowcollege.ca/" "Mozilla/5.0 (Windows NT 10.0; Win64; x64) AppleWebKit/537.36 (KHTML, like Gecko) Chrome/128.0.0.0 Safari/537.36"
70.73.96.118 - - [18/Sep/2024:14:56:54 -0400] "GET /wp-content/uploads/2020/02/students1_1-360x158.jpg HTTP/1.1" 304 0 "https://glenbowcollege.ca/" "Mozilla/5.0 (Windows NT 10.0; Win64; x64) AppleWebKit/537.36 (KHTML, like Gecko) Chrome/128.0.0.0 Safari/537.36"
70.73.96.118 - - [18/Sep/2024:14:56:54 -0400] "GET /wp-content/plugins/woocommerce/assets/css/woocommerce-smallscreen.css?ver=7.8.0 HTTP/1.1" 304 0 "https://glenbowcollege.ca/" "Mozilla/5.0 (Windows NT 10.0; Win64; x64) AppleWebKit/537.36 (KHTML, like Gecko) Chrome/128.0.0.0 Safari/537.36"
70.73.96.118 - - [18/Sep/2024:14:56:54 -0400] "GET /wp-content/themes/education-hub-pro/third-party/font-awesome/fonts/fontawesome-webfont.woff2?v=4.7.0 HTTP/1.1" 304 0 "https://glenbowcollege.ca/wp-content/themes/education-hub-pro/third-party/font-awesome/css/font-awesome.min.css?ver=4.7.0" "Mozilla/5.0 (Windows NT 10.0; Win64; x64) AppleWebKit/537.36 (KHTML, like Gecko) Chrome/128.0.0.0 Safari/537.36"
70.73.96.118 - - [18/Sep/2024:14:56:54 -0400] "GET /wp-content/plugins/strong-testimonials/templates/default/img/quotes.png HTTP/1.1" 304 0 "https://glenbowcollege.ca/wp-content/plugins/strong-testimonials/templates/default/content.css?ver=3.1.7" "Mozilla/5.0 (Windows NT 10.0; Win64; x64) AppleWebKit/537.36 (KHTML, like Gecko) Chrome/128.0.0.0 Safari/537.36"
70.73.96.118 - - [18/Sep/2024:14:56:54 -0400] "GET /wp-content/uploads/2023/05/mirgul.png HTTP/1.1" 304 0 "https://glenbowcollege.ca/" "Mozilla/5.0 (Windows NT 10.0; Win64; x64) AppleWebKit/537.36 (KHTML, like Gecko) Chrome/128.0.0.0 Safari/537.36"
70.73.96.118 - - [18/Sep/2024:14:56:54 -0400] "GET /wp-content/uploads/2023/05/Daskalos.png HTTP/1.1" 304 0 "https://glenbowcollege.ca/" "Mozilla/5.0 (Windows NT 10.0; Win64; x64) AppleWebKit/537.36 (KHTML, like Gecko) Chrome/128.0.0.0 Safari/537.36"
70.73.96.118 - - [18/Sep/2024:14:56:54 -0400] "GET /wp-content/plugins/strong-testimonials/public/svg/chevron-left-solid.svg HTTP/1.1" 304 0 "https://glenbowcollege.ca/wp-content/plugins/strong-testimonials/public/css/slider-controls-simple-buttons.css?ver=3.1.7" "Mozilla/5.0 (Windows NT 10.0; Win64; x64) AppleWebKit/537.36 (KHTML, like Gecko) Chrome/128.0.0.0 Safari/537.36"
70.73.96.118 - - [18/Sep/2024:14:56:54 -0400] "GET /wp-content/uploads/2020/02/cropped-logo11-32x32.png HTTP/1.1" 200 1202 "https://glenbowcollege.ca/" "Mozilla/5.0 (Windows NT 10.0; Win64; x64) AppleWebKit/537.36 (KHTML, like Gecko) Chrome/128.0.0.0 Safari/537.36"
70.73.96.118 - - [18/Sep/2024:14:56:58 -0400] "GET /wp-content/uploads/2020/02/english_as_a_second_language.jpg HTTP/1.1" 304 0 "https://glenbowcollege.ca/certifications/teaching-english-to-speakers-of-other-languages/" "Mozilla/5.0 (Windows NT 10.0; Win64; x64) AppleWebKit/537.36 (KHTML, like Gecko) Chrome/128.0.0.0 Safari/537.36"
70.73.96.118 - - [18/Sep/2024:14:56:59 -0400] "GET /wp-content/uploads/2020/02/logo_white-2048x881.png HTTP/1.1" 304 0 "https://glenbowcollege.ca/certifications/teaching-english-to-speakers-of-other-languages/" "Mozilla/5.0 (Windows NT 10.0; Win64; x64) AppleWebKit/537.36 (KHTML, like Gecko) Chrome/128.0.0.0 Safari/537.36"
68.65.122.142 - - [18/Sep/2024:14:59:09 -0400] "POST /wp-cron.php?doing_wp_cron=1726685949.1760580539703369140625 HTTP/1.1" 403 1242 "-" "WordPress/6.2.1; https://glenbowcollege.ca"
52.167.144.145 - - [18/Sep/2024:14:59:08 -0400] "GET /authorisedfb3/fecda2250143.htm HTTP/1.1" 404 14971 "-" "Mozilla/5.0 AppleWebKit/537.36 (KHTML, like Gecko; compatible; bingbot/2.0; +http://www.bing.com/bingbot.htm) Chrome/116.0.1938.76 Safari/537.36"
70.73.96.118 - - [18/Sep/2024:14:56:54 -0400] "GET /wp-content/uploads/2020/04/ANA-SAYFA.png HTTP/1.1" 304 0 "https://glenbowcollege.ca/" "Mozilla/5.0 (Windows NT 10.0; Win64; x64) AppleWebKit/537.36 (KHTML, like Gecko) Chrome/128.0.0.0 Safari/537.36"
70.73.96.118 - - [18/Sep/2024:14:56:54 -0400] "GET /wp-content/uploads/2023/05/comment.png HTTP/1.1" 304 0 "https://glenbowcollege.ca/" "Mozilla/5.0 (Windows NT 10.0; Win64; x64) AppleWebKit/537.36 (KHTML, like Gecko) Chrome/128.0.0.0 Safari/537.36"
70.73.96.118 - - [18/Sep/2024:14:56:54 -0400] "GET /wp-content/uploads/2021/06/academic-conferences-2-1-150x150.png HTTP/1.1" 304 0 "https://glenbowcollege.ca/" "Mozilla/5.0 (Windows NT 10.0; Win64; x64) AppleWebKit/537.36 (KHTML, like Gecko) Chrome/128.0.0.0 Safari/537.36"
70.73.96.118 - - [18/Sep/2024:14:56:54 -0400] "GET /wp-content/plugins/strong-testimonials/public/svg/chevron-right-solid.svg HTTP/1.1" 304 0 "https://glenbowcollege.ca/wp-content/plugins/strong-testimonials/public/css/slider-controls-simple-buttons.css?ver=3.1.7" "Mozilla/5.0 (Windows NT 10.0; Win64; x64) AppleWebKit/537.36 (KHTML, like Gecko) Chrome/128.0.0.0 Safari/537.36"
70.73.96.118 - - [18/Sep/2024:14:56:57 -0400] "GET /certifications/teaching-english-to-speakers-of-other-languages/ HTTP/1.1" 200 18419 "https://glenbowcollege.ca/" "Mozilla/5.0 (Windows NT 10.0; Win64; x64) AppleWebKit/537.36 (KHTML, like Gecko) Chrome/128.0.0.0 Safari/537.36"
70.73.96.118 - - [18/Sep/2024:14:56:59 -0400] "GET /wp-content/uploads/2024/05/LC-Logo_Colour.png HTTP/1.1" 304 0 "https://glenbowcollege.ca/certifications/teaching-english-to-speakers-of-other-languages/" "Mozilla/5.0 (Windows NT 10.0; Win64; x64) AppleWebKit/537.36 (KHTML, like Gecko) Chrome/128.0.0.0 Safari/537.36"
68.65.122.142 - - [18/Sep/2024:15:00:52 -0400] "POST /wp-cron.php?doing_wp_cron=1726686052.4595139026641845703125 HTTP/1.1" 403 1242 "-" "WordPress/6.2.1; https://glenbowcollege.ca"
52.167.144.24 - - [18/Sep/2024:15:00:51 -0400] "GET /configc1d/cdceac1384764.htm HTTP/1.1" 404 14984 "-" "Mozilla/5.0 AppleWebKit/537.36 (KHTML, like Gecko; compatible; bingbot/2.0; +http://www.bing.com/bingbot.htm) Chrome/116.0.1938.76 Safari/537.36"
52.167.144.24 - - [18/Sep/2024:15:04:33 -0400] "GET /serious9f1d4/afd2362107.htm HTTP/1.1" 404 14993 "-" "Mozilla/5.0 AppleWebKit/537.36 (KHTML, like Gecko; compatible; bingbot/2.0; +http://www.bing.com/bingbot.htm) Chrome/116.0.1938.76 Safari/537.36"
68.65.122.142 - - [18/Sep/2024:15:08:01 -0400] "POST /wp-cron.php?doing_wp_cron=1726686481.4760520458221435546875 HTTP/1.1" 403 1242 "-" "WordPress/6.2.1; https://glenbowcollege.ca"
47.128.55.59 - - [18/Sep/2024:15:08:03 -0400] "GET /wp-content/plugins/coblocks/includes/Dependencies/GoDaddy/Styles/build/latest.css?ver=2.0.2 HTTP/1.1" 200 1313 "https://glenbowcollege.ca/international/international-programs/administrative-professional-diploma-program/" "Mozilla/5.0 (compatible; Bytespider; spider-feedback@bytedance.com) AppleWebKit/537.36 (KHTML, like Gecko) Chrome/70.0.0.0 Safari/537.36"
47.128.55.59 - - [18/Sep/2024:15:08:03 -0400] "GET /wp-content/uploads/2020/03/studentaccountsban-1024x448.jpg HTTP/1.1" 206 500 "https://glenbowcollege.ca/international/international-programs/administrative-professional-diploma-program/" "Mozilla/5.0 (compatible; Bytespider; spider-feedback@bytedance.com) AppleWebKit/537.36 (KHTML, like Gecko) Chrome/70.0.0.0 Safari/537.36"
47.128.55.59 - - [18/Sep/2024:15:08:04 -0400] "GET /wp-content/uploads/2020/03/administrative_professional_diploma_program.jpg HTTP/1.1" 206 500 "https://glenbowcollege.ca/international/international-programs/administrative-professional-diploma-program/" "Mozilla/5.0 (compatible; Bytespider; spider-feedback@bytedance.com) AppleWebKit/537.36 (KHTML, like Gecko) Chrome/70.0.0.0 Safari/537.36"
114.119.138.59 - - [18/Sep/2024:15:08:16 -0400] "GET /wp-includes/js/jquery/?SA HTTP/1.1" 403 1242 "https://glenbowcollege.ca/wp-includes/js/jquery/" "Mozilla/5.0 (Linux; Android 7.0;) AppleWebKit/537.36 (KHTML, like Gecko) Mobile Safari/537.36 (compatible; PetalBot;+https://webmaster.petalsearch.com/site/petalbot)"
68.65.122.142 - - [18/Sep/2024:15:02:45 -0400] "POST /wp-cron.php?doing_wp_cron=1726686165.8681631088256835937500 HTTP/1.1" 403 1242 "-" "WordPress/6.2.1; https://glenbowcollege.ca"
70.73.96.118 - - [18/Sep/2024:15:02:44 -0400] "GET /certifications/teaching-english-to-speakers-of-other-languages/ HTTP/1.1" 200 18456 "https://glenbowcollege.ca/certifications/teaching-english-to-speakers-of-other-languages/" "Mozilla/5.0 (Windows NT 10.0; Win64; x64) AppleWebKit/537.36 (KHTML, like Gecko) Chrome/128.0.0.0 Safari/537.36"
68.65.122.142 - - [18/Sep/2024:15:04:34 -0400] "POST /wp-cron.php?doing_wp_cron=1726686274.9280350208282470703125 HTTP/1.1" 403 1242 "-" "WordPress/6.2.1; https://glenbowcollege.ca"
47.128.55.59 - - [18/Sep/2024:15:08:00 -0400] "GET /international/international-programs/administrative-professional-diploma-program/ HTTP/1.1" 200 18098 "-" "Mozilla/5.0 (compatible; Bytespider; spider-feedback@bytedance.com) AppleWebKit/537.36 (KHTML, like Gecko) Chrome/70.0.0.0 Safari/537.36"
5.161.245.49 - - [18/Sep/2024:15:08:35 -0400] "POST /wp-load.php?c47f57=79168 HTTP/1.1" 403 1242 "-" "Mozilla/5.0 (Windows NT 10.0; Win64; x64) AppleWebKit/537.36 (KHTML, like Gecko) Chrome/104.0.5112.97 Safari/537.36"
68.65.122.142 - - [18/Sep/2024:15:22:43 -0400] "POST /wp-cron.php?doing_wp_cron=1726687363.7218110561370849609375 HTTP/1.1" 403 1242 "-" "WordPress/6.2.1; https://glenbowcollege.ca"
40.77.167.25 - - [18/Sep/2024:15:22:42 -0400] "GET /olds2321b/ HTTP/1.1" 301 0 "-" "Mozilla/5.0 AppleWebKit/537.36 (KHTML, like Gecko; compatible; bingbot/2.0; +http://www.bing.com/bingbot.htm) Chrome/116.0.1938.76 Safari/537.36"
68.65.122.142 - - [18/Sep/2024:15:23:44 -0400] "POST /wp-cron.php?doing_wp_cron=1726687424.0110929012298583984375 HTTP/1.1" 403 1242 "-" "WordPress/6.2.1; https://glenbowcollege.ca"
40.77.167.121 - - [18/Sep/2024:15:23:44 -0400] "GET /bouvete91/fdcfa1817613.htm HTTP/1.1" 404 14972 "-" "Mozilla/5.0 AppleWebKit/537.36 (KHTML, like Gecko; compatible; bingbot/2.0; +http://www.bing.com/bingbot.htm) Chrome/116.0.1938.76 Safari/537.36"
68.65.122.142 - - [18/Sep/2024:15:20:32 -0400] "POST /wp-cron.php?doing_wp_cron=1726687232.1277060508728027343750 HTTP/1.1" 403 1242 "-" "WordPress/6.2.1; https://glenbowcollege.ca"
52.167.144.186 - - [18/Sep/2024:15:20:31 -0400] "GET /acmsdfkegiml758517.html HTTP/1.1" 404 14967 "-" "Mozilla/5.0 AppleWebKit/537.36 (KHTML, like Gecko; compatible; bingbot/2.0; +http://www.bing.com/bingbot.htm) Chrome/116.0.1938.76 Safari/537.36"
40.77.167.121 - - [18/Sep/2024:15:23:43 -0400] "GET /focus31/ac1941230.htm HTTP/1.1" 404 14970 "-" "Mozilla/5.0 AppleWebKit/537.36 (KHTML, like Gecko; compatible; bingbot/2.0; +http://www.bing.com/bingbot.htm) Chrome/116.0.1938.76 Safari/537.36"
68.65.122.142 - - [18/Sep/2024:15:39:50 -0400] "POST /?wordfence_syncAttackData=1726688390.3 HTTP/1.1" 200 0 "-" "WordPress/6.2.1; https://glenbowcollege.ca"
40.77.167.121 - - [18/Sep/2024:15:41:51 -0400] "GET /indyda/ebd1694421.htm HTTP/1.1" 404 14958 "-" "Mozilla/5.0 AppleWebKit/537.36 (KHTML, like Gecko; compatible; bingbot/2.0; +http://www.bing.com/bingbot.htm) Chrome/116.0.1938.76 Safari/537.36"
70.73.96.118 - - [18/Sep/2024:15:39:49 -0400] "GET /certifications/teaching-english-to-speakers-of-other-languages/ HTTP/1.1" 200 0 "-" "Mozilla/5.0 (Windows NT 10.0; Win64; x64) AppleWebKit/537.36 (KHTML, like Gecko) Chrome/128.0.0.0 Safari/537.36"
68.65.122.142 - - [18/Sep/2024:15:39:51 -0400] "POST /wp-cron.php?doing_wp_cron=1726688391.4289851188659667968750 HTTP/1.1" 403 1242 "-" "WordPress/6.2.1; https://glenbowcollege.ca"
68.65.122.142 - - [18/Sep/2024:15:41:52 -0400] "POST /wp-admin/admin-post.php HTTP/1.1" 403 1242 "-" "WordPress/6.2.1; https://glenbowcollege.ca"
68.65.122.142 - - [18/Sep/2024:15:41:52 -0400] "POST /wp-cron.php?doing_wp_cron=1726688512.7909998893737792968750 HTTP/1.1" 403 1242 "-" "WordPress/6.2.1; https://glenbowcollege.ca"
68.65.122.142 - - [18/Sep/2024:15:45:32 -0400] "POST /wp-cron.php?doing_wp_cron=1726688732.1427400112152099609375 HTTP/1.1" 403 1242 "-" "WordPress/6.2.1; https://glenbowcollege.ca"
40.77.167.76 - - [18/Sep/2024:15:45:31 -0400] "GET /traineesd33/ HTTP/1.1" 404 14975 "-" "Mozilla/5.0 AppleWebKit/537.36 (KHTML, like Gecko; compatible; bingbot/2.0; +http://www.bing.com/bingbot.htm) Chrome/116.0.1938.76 Safari/537.36"
217.113.194.159 - - [18/Sep/2024:16:02:23 -0400] "GET /robots.txt HTTP/1.1" 200 242 "-" "Mozilla/5.0 (compatible; Barkrowler/0.9; +https://babbar.tech/crawler)"
217.113.194.152 - - [18/Sep/2024:16:02:32 -0400] "GET / HTTP/1.1" 200 23141 "-" "Mozilla/5.0 (compatible; Barkrowler/0.9; +https://babbar.tech/crawler)"
5.161.75.173 - - [18/Sep/2024:16:08:44 -0400] "POST /wp-load.php?f2a7f6=13042 HTTP/1.1" 403 1242 "-" "Mozilla/5.0 (Windows NT 10.0; Win64; x64) AppleWebKit/537.36 (KHTML, like Gecko) Chrome/104.0.5112.97 Safari/537.36"
195.191.219.131 - - [18/Sep/2024:16:09:43 -0400] "GET /robots.txt HTTP/1.1" 200 841 "-" "Mozilla/5.0 (compatible; MJ12bot/v1.4.8; http://mj12bot.com/)"
68.65.122.142 - - [18/Sep/2024:16:09:48 -0400] "POST /wp-cron.php?doing_wp_cron=1726690188.0811810493469238281250 HTTP/1.1" 403 1242 "-" "WordPress/6.2.1; https://glenbowcollege.ca"
195.191.219.131 - - [18/Sep/2024:16:09:47 -0400] "GET /programs/education-assistant-diploma/ HTTP/1.1" 200 18947 "-" "Mozilla/5.0 (compatible; MJ12bot/v1.4.8; http://mj12bot.com/)"
68.65.122.142 - - [18/Sep/2024:16:02:30 -0400] "POST /wp-cron.php?doing_wp_cron=1726689750.4279661178588867187500 HTTP/1.1" 403 1242 "-" "WordPress/6.2.1; https://glenbowcollege.ca"
52.167.144.173 - - [18/Sep/2024:16:02:29 -0400] "GET /blackboarde7/bc2717160.htm HTTP/1.1" 404 14977 "-" "Mozilla/5.0 AppleWebKit/537.36 (KHTML, like Gecko; compatible; bingbot/2.0; +http://www.bing.com/bingbot.htm) Chrome/116.0.1938.76 Safari/537.36"
68.65.122.142 - - [18/Sep/2024:16:19:26 -0400] "POST /wp-cron.php?doing_wp_cron=1726690766.2056550979614257812500 HTTP/1.1" 403 1242 "-" "WordPress/6.2.1; https://glenbowcollege.ca"
58.49.233.126 - - [18/Sep/2024:16:20:36 -0400] "GET / HTTP/1.1" 200 23134 "http://glenbowcollege.ca" "Mozilla/5.0 (iPhone; CPU iPhone OS 13_2_3 like Mac OS X) AppleWebKit/605.1.15 (KHTML, like Gecko) Version/13.0.3 Mobile/15E148 Safari/604.1"
40.77.190.46 - - [18/Sep/2024:16:20:41 -0400] "GET /wp-content/plugins/contact-form-7/includes/css/styles.css?ver=5.8.6 HTTP/1.1" 200 2894 "-" "Mozilla/5.0 AppleWebKit/537.36 (KHTML, like Gecko; compatible; bingbot/2.0; +http://www.bing.com/bingbot.htm) Chrome/100.0.4896.127 Safari/537.36"
40.77.189.176 - - [18/Sep/2024:16:20:47 -0400] "GET /wp-includes/js/dist/hooks.min.js?ver=4169d3cf8e8d95a3d6d5 HTTP/1.1" 200 7917 "-" "Mozilla/5.0 AppleWebKit/537.36 (KHTML, like Gecko; compatible; bingbot/2.0; +http://www.bing.com/bingbot.htm) Chrome/100.0.4896.127 Safari/537.36"
68.65.122.142 - - [18/Sep/2024:16:22:39 -0400] "POST /wp-cron.php?doing_wp_cron=1726690959.8017389774322509765625 HTTP/1.1" 403 1242 "-" "WordPress/6.2.1; https://glenbowcollege.ca"
138.197.139.75 - - [18/Sep/2024:16:22:38 -0400] "GET /international/prospective-international-students/application-processing-time/ HTTP/1.1" 200 19261 "-" "Mozilla/5.0 (Windows NT 10.0; Win64; x64) AppleWebKit/537.36 (KHTML, like Gecko) Chrome/124.0.0.0 Safari/537.36"
52.167.144.138 - - [18/Sep/2024:16:29:07 -0400] "GET /cheese5bd/ HTTP/1.1" 404 14965 "-" "Mozilla/5.0 AppleWebKit/537.36 (KHTML, like Gecko; compatible; bingbot/2.0; +http://www.bing.com/bingbot.htm) Chrome/116.0.1938.76 Safari/537.36"
72.14.201.244 - - [18/Sep/2024:16:29:32 -0400] "GET / HTTP/1.1" 200 20455 "https://www.google.com/" "Mozilla/5.0 (Windows NT 10.0; Win64; x64) AppleWebKit/537.36 (KHTML, like Gecko) Chrome/128.0.0.0 Safari/537.36"
66.244.238.20 - - [18/Sep/2024:16:29:38 -0400] "GET /wp-content/themes/education-hub-pro/third-party/font-awesome/css/font-awesome.min.css?ver=4.7.0 HTTP/1.1" 200 6658 "https://glenbowcollege.ca/" "Mozilla/5.0 (Windows NT 10.0; Win64; x64) AppleWebKit/537.36 (KHTML, like Gecko) Chrome/128.0.0.0 Safari/537.36"
66.244.238.20 - - [18/Sep/2024:16:29:38 -0400] "GET /wp-includes/css/dist/block-library/style.min.css?ver=6.2.1 HTTP/1.1" 200 11775 "https://glenbowcollege.ca/" "Mozilla/5.0 (Windows NT 10.0; Win64; x64) AppleWebKit/537.36 (KHTML, like Gecko) Chrome/128.0.0.0 Safari/537.36"
66.244.238.20 - - [18/Sep/2024:16:29:38 -0400] "GET /wp-content/plugins/woocommerce-menu-bar-cart/assets/css/wpmenucart-main.min.css?ver=2.14.2 HTTP/1.1" 200 329 "https://glenbowcollege.ca/" "Mozilla/5.0 (Windows NT 10.0; Win64; x64) AppleWebKit/537.36 (KHTML, like Gecko) Chrome/128.0.0.0 Safari/537.36"
66.244.238.20 - - [18/Sep/2024:16:29:38 -0400] "GET /wp-content/plugins/woocommerce/packages/woocommerce-blocks/build/wc-blocks-vendors-style.css?ver=10.2.3 HTTP/1.1" 200 1760 "https://glenbowcollege.ca/" "Mozilla/5.0 (Windows NT 10.0; Win64; x64) AppleWebKit/537.36 (KHTML, like Gecko) Chrome/128.0.0.0 Safari/537.36"
66.244.238.20 - - [18/Sep/2024:16:29:38 -0400] "GET /wp-content/plugins/woocommerce/assets/css/woocommerce-layout.css?ver=7.8.0 HTTP/1.1" 200 2313 "https://glenbowcollege.ca/" "Mozilla/5.0 (Windows NT 10.0; Win64; x64) AppleWebKit/537.36 (KHTML, like Gecko) Chrome/128.0.0.0 Safari/537.36"
66.244.238.20 - - [18/Sep/2024:16:29:38 -0400] "GET /wp-content/plugins/coblocks/dist/style-coblocks-animation.css?ver=d9b2b27566e6a2a85d1b HTTP/1.1" 200 871 "https://glenbowcollege.ca/" "Mozilla/5.0 (Windows NT 10.0; Win64; x64) AppleWebKit/537.36 (KHTML, like Gecko) Chrome/128.0.0.0 Safari/537.36"
66.244.238.20 - - [18/Sep/2024:16:29:38 -0400] "GET /wp-content/plugins/coblocks/dist/style-coblocks-extensions.css?ver=3.1.5 HTTP/1.1" 200 304 "https://glenbowcollege.ca/" "Mozilla/5.0 (Windows NT 10.0; Win64; x64) AppleWebKit/537.36 (KHTML, like Gecko) Chrome/128.0.0.0 Safari/537.36"
51.222.253.9 - - [18/Sep/2024:16:19:25 -0400] "GET /product-category/payment/ HTTP/1.1" 200 17330 "-" "Mozilla/5.0 (compatible; AhrefsBot/7.0; +http://ahrefs.com/robot/)"
40.77.189.89 - - [18/Sep/2024:16:20:42 -0400] "GET /wp-content/themes/education-hub-pro/third-party/font-awesome/css/font-awesome.min.css?ver=4.7.0 HTTP/1.1" 200 31000 "-" "Mozilla/5.0 AppleWebKit/537.36 (KHTML, like Gecko; compatible; bingbot/2.0; +http://www.bing.com/bingbot.htm) Chrome/100.0.4896.127 Safari/537.36"
40.77.189.133 - - [18/Sep/2024:16:20:44 -0400] "GET /wp-content/plugins/woocommerce/assets/js/frontend/woocommerce.min.js?ver=7.8.0 HTTP/1.1" 200 5146 "-" "Mozilla/5.0 AppleWebKit/537.36 (KHTML, like Gecko; compatible; bingbot/2.0; +http://www.bing.com/bingbot.htm) Chrome/100.0.4896.127 Safari/537.36"
40.77.188.226 - - [18/Sep/2024:16:20:47 -0400] "GET /wp-content/plugins/woocommerce/assets/js/jquery-blockui/jquery.blockUI.min.js?ver=2.7.0-wc.7.8.0 HTTP/1.1" 200 12512 "-" "Mozilla/5.0 AppleWebKit/537.36 (KHTML, like Gecko; compatible; bingbot/2.0; +http://www.bing.com/bingbot.htm) Chrome/100.0.4896.127 Safari/537.36"
40.77.188.141 - - [18/Sep/2024:16:20:48 -0400] "GET /wp-content/themes/education-hub-pro/third-party/font-awesome/fonts/fontawesome-webfont.woff2?v=4.7.0 HTTP/1.1" 200 77160 "-" "Mozilla/5.0 AppleWebKit/537.36 (KHTML, like Gecko; compatible; bingbot/2.0; +http://www.bing.com/bingbot.htm) Chrome/100.0.4896.127 Safari/537.36"
68.65.122.142 - - [18/Sep/2024:16:29:08 -0400] "POST /wp-cron.php?doing_wp_cron=1726691348.4018609523773193359375 HTTP/1.1" 403 1242 "-" "WordPress/6.2.1; https://glenbowcollege.ca"
64.233.172.140 - - [18/Sep/2024:16:29:32 -0400] "GET /.well-known/traffic-advice HTTP/1.1" 404 14585 "-" "Chrome Privacy Preserving Prefetch Proxy"
66.244.238.20 - - [18/Sep/2024:16:29:38 -0400] "GET /wp-content/themes/education-hub-pro/style.css?ver=3.4.1 HTTP/1.1" 200 14555 "https://glenbowcollege.ca/" "Mozilla/5.0 (Windows NT 10.0; Win64; x64) AppleWebKit/537.36 (KHTML, like Gecko) Chrome/128.0.0.0 Safari/537.36"
66.244.238.20 - - [18/Sep/2024:16:29:38 -0400] "GET /wp-includes/css/dist/components/style.min.css?ver=6.2.1 HTTP/1.1" 200 11247 "https://glenbowcollege.ca/" "Mozilla/5.0 (Windows NT 10.0; Win64; x64) AppleWebKit/537.36 (KHTML, like Gecko) Chrome/128.0.0.0 Safari/537.36"
66.244.238.20 - - [18/Sep/2024:16:29:38 -0400] "GET /wp-content/plugins/contact-form-7/includes/css/styles.css?ver=5.8.6 HTTP/1.1" 200 890 "https://glenbowcollege.ca/" "Mozilla/5.0 (Windows NT 10.0; Win64; x64) AppleWebKit/537.36 (KHTML, like Gecko) Chrome/128.0.0.0 Safari/537.36"
66.244.238.20 - - [18/Sep/2024:16:29:38 -0400] "GET /wp-content/plugins/woocommerce-menu-bar-cart/assets/css/wpmenucart-icons.min.css?ver=2.14.2 HTTP/1.1" 200 192 "https://glenbowcollege.ca/" "Mozilla/5.0 (Windows NT 10.0; Win64; x64) AppleWebKit/537.36 (KHTML, like Gecko) Chrome/128.0.0.0 Safari/537.36"
66.244.238.20 - - [18/Sep/2024:16:29:38 -0400] "GET /wp-content/plugins/coblocks/includes/Dependencies/GoDaddy/Styles/build/latest.css?ver=2.0.2 HTTP/1.1" 200 1313 "https://glenbowcollege.ca/" "Mozilla/5.0 (Windows NT 10.0; Win64; x64) AppleWebKit/537.36 (KHTML, like Gecko) Chrome/128.0.0.0 Safari/537.36"
66.244.238.20 - - [18/Sep/2024:16:29:38 -0400] "GET /wp-content/plugins/if-menu/assets/if-menu-site.css?ver=6.2.1 HTTP/1.1" 200 426 "https://glenbowcollege.ca/" "Mozilla/5.0 (Windows NT 10.0; Win64; x64) AppleWebKit/537.36 (KHTML, like Gecko) Chrome/128.0.0.0 Safari/537.36"
66.244.238.20 - - [18/Sep/2024:16:29:38 -0400] "GET /wp-content/plugins/woocommerce/assets/css/woocommerce.css?ver=7.8.0 HTTP/1.1" 200 8786 "https://glenbowcollege.ca/" "Mozilla/5.0 (Windows NT 10.0; Win64; x64) AppleWebKit/537.36 (KHTML, like Gecko) Chrome/128.0.0.0 Safari/537.36"
66.244.238.20 - - [18/Sep/2024:16:29:38 -0400] "GET /wp-content/plugins/woocommerce/packages/woocommerce-blocks/build/wc-blocks-style.css?ver=10.2.3 HTTP/1.1" 200 26445 "https://glenbowcollege.ca/" "Mozilla/5.0 (Windows NT 10.0; Win64; x64) AppleWebKit/537.36 (KHTML, like Gecko) Chrome/128.0.0.0 Safari/537.36"
66.244.238.20 - - [18/Sep/2024:16:29:38 -0400] "GET /wp-includes/js/jquery/jquery.min.js?ver=3.6.4 HTTP/1.1" 200 31997 "https://glenbowcollege.ca/" "Mozilla/5.0 (Windows NT 10.0; Win64; x64) AppleWebKit/537.36 (KHTML, like Gecko) Chrome/128.0.0.0 Safari/537.36"
66.244.238.20 - - [18/Sep/2024:16:29:38 -0400] "GET /wp-content/uploads/2020/02/cropped-logo6.png HTTP/1.1" 200 11781 "https://glenbowcollege.ca/" "Mozilla/5.0 (Windows NT 10.0; Win64; x64) AppleWebKit/537.36 (KHTML, like Gecko) Chrome/128.0.0.0 Safari/537.36"
66.244.238.20 - - [18/Sep/2024:16:29:38 -0400] "GET /wp-content/uploads/2020/04/slider-education.jpg HTTP/1.1" 200 399060 "https://glenbowcollege.ca/" "Mozilla/5.0 (Windows NT 10.0; Win64; x64) AppleWebKit/537.36 (KHTML, like Gecko) Chrome/128.0.0.0 Safari/537.36"
66.244.238.20 - - [18/Sep/2024:16:29:38 -0400] "GET /wp-content/uploads/2020/03/apple-education-slider.jpg HTTP/1.1" 200 584207 "https://glenbowcollege.ca/" "Mozilla/5.0 (Windows NT 10.0; Win64; x64) AppleWebKit/537.36 (KHTML, like Gecko) Chrome/128.0.0.0 Safari/537.36"
66.244.238.20 - - [18/Sep/2024:16:29:38 -0400] "GET /wp-includes/js/dist/vendor/regenerator-runtime.min.js?ver=0.13.11 HTTP/1.1" 200 4042 "https://glenbowcollege.ca/" "Mozilla/5.0 (Windows NT 10.0; Win64; x64) AppleWebKit/537.36 (KHTML, like Gecko) Chrome/128.0.0.0 Safari/537.36"
66.244.238.20 - - [18/Sep/2024:16:29:38 -0400] "GET /wp-includes/js/dist/vendor/wp-polyfill.min.js?ver=3.15.0 HTTP/1.1" 200 7981 "https://glenbowcollege.ca/" "Mozilla/5.0 (Windows NT 10.0; Win64; x64) AppleWebKit/537.36 (KHTML, like Gecko) Chrome/128.0.0.0 Safari/537.36"
66.244.238.20 - - [18/Sep/2024:16:29:38 -0400] "GET /wp-content/uploads/2020/03/slider-2.jpg HTTP/1.1" 200 544765 "https://glenbowcollege.ca/" "Mozilla/5.0 (Windows NT 10.0; Win64; x64) AppleWebKit/537.36 (KHTML, like Gecko) Chrome/128.0.0.0 Safari/537.36"
66.244.238.20 - - [18/Sep/2024:16:29:38 -0400] "GET /wp-content/plugins/coblocks/dist/js/vendors/tiny-swiper.js?ver=3.1.5 HTTP/1.1" 200 5729 "https://glenbowcollege.ca/" "Mozilla/5.0 (Windows NT 10.0; Win64; x64) AppleWebKit/537.36 (KHTML, like Gecko) Chrome/128.0.0.0 Safari/537.36"
66.244.238.20 - - [18/Sep/2024:16:29:38 -0400] "GET /wp-content/plugins/coblocks/dist/js/coblocks-animation.js?ver=3.1.5 HTTP/1.1" 200 1805 "https://glenbowcollege.ca/" "Mozilla/5.0 (Windows NT 10.0; Win64; x64) AppleWebKit/537.36 (KHTML, like Gecko) Chrome/128.0.0.0 Safari/537.36"
66.244.238.20 - - [18/Sep/2024:16:29:38 -0400] "GET /wp-content/plugins/woocommerce/assets/js/jquery-blockui/jquery.blockUI.min.js?ver=2.7.0-wc.7.8.0 HTTP/1.1" 200 4871 "https://glenbowcollege.ca/" "Mozilla/5.0 (Windows NT 10.0; Win64; x64) AppleWebKit/537.36 (KHTML, like Gecko) Chrome/128.0.0.0 Safari/537.36"
66.244.238.20 - - [18/Sep/2024:16:29:38 -0400] "GET /wp-content/plugins/woocommerce/assets/js/frontend/add-to-cart.min.js?ver=7.8.0 HTTP/1.1" 200 2603 "https://glenbowcollege.ca/" "Mozilla/5.0 (Windows NT 10.0; Win64; x64) AppleWebKit/537.36 (KHTML, like Gecko) Chrome/128.0.0.0 Safari/537.36"
66.244.238.20 - - [18/Sep/2024:16:29:38 -0400] "GET /wp-content/themes/education-hub-pro/js/navigation.min.js?ver=20160421 HTTP/1.1" 200 2592 "https://glenbowcollege.ca/" "Mozilla/5.0 (Windows NT 10.0; Win64; x64) AppleWebKit/537.36 (KHTML, like Gecko) Chrome/128.0.0.0 Safari/537.36"
66.244.238.20 - - [18/Sep/2024:16:29:38 -0400] "GET /wp-content/plugins/woocommerce/assets/js/frontend/woocommerce.min.js?ver=7.8.0 HTTP/1.1" 200 2310 "https://glenbowcollege.ca/" "Mozilla/5.0 (Windows NT 10.0; Win64; x64) AppleWebKit/537.36 (KHTML, like Gecko) Chrome/128.0.0.0 Safari/537.36"
66.244.238.20 - - [18/Sep/2024:16:29:38 -0400] "GET /wp-content/themes/education-hub-pro/js/custom.min.js?ver=1.0 HTTP/1.1" 200 2047 "https://glenbowcollege.ca/" "Mozilla/5.0 (Windows NT 10.0; Win64; x64) AppleWebKit/537.36 (KHTML, like Gecko) Chrome/128.0.0.0 Safari/537.36"
66.244.238.20 - - [18/Sep/2024:16:29:38 -0400] "GET /wp-includes/css/classic-themes.min.css?ver=6.2.1 HTTP/1.1" 200 291 "https://glenbowcollege.ca/" "Mozilla/5.0 (Windows NT 10.0; Win64; x64) AppleWebKit/537.36 (KHTML, like Gecko) Chrome/128.0.0.0 Safari/537.36"
66.244.238.20 - - [18/Sep/2024:16:29:38 -0400] "GET /wp-content/plugins/add-to-cart-direct-checkout-for-woocommerce/public/css/pi-dcw-public.css?ver=2.1.64 HTTP/1.1" 200 294 "https://glenbowcollege.ca/" "Mozilla/5.0 (Windows NT 10.0; Win64; x64) AppleWebKit/537.36 (KHTML, like Gecko) Chrome/128.0.0.0 Safari/537.36"
66.244.238.20 - - [18/Sep/2024:16:29:38 -0400] "GET /wp-content/plugins/coblocks/dist/style-coblocks-1.css?ver=3.1.5 HTTP/1.1" 200 34606 "https://glenbowcollege.ca/" "Mozilla/5.0 (Windows NT 10.0; Win64; x64) AppleWebKit/537.36 (KHTML, like Gecko) Chrome/128.0.0.0 Safari/537.36"
66.244.238.20 - - [18/Sep/2024:16:29:38 -0400] "GET /wp-content/uploads/2020/03/slider-6.jpg HTTP/1.1" 200 578444 "https://glenbowcollege.ca/" "Mozilla/5.0 (Windows NT 10.0; Win64; x64) AppleWebKit/537.36 (KHTML, like Gecko) Chrome/128.0.0.0 Safari/537.36"
66.244.238.20 - - [18/Sep/2024:16:29:38 -0400] "GET /wp-includes/js/dist/hooks.min.js?ver=4169d3cf8e8d95a3d6d5 HTTP/1.1" 200 3212 "https://glenbowcollege.ca/" "Mozilla/5.0 (Windows NT 10.0; Win64; x64) AppleWebKit/537.36 (KHTML, like Gecko) Chrome/128.0.0.0 Safari/537.36"
66.244.238.20 - - [18/Sep/2024:16:29:38 -0400] "GET /wp-content/plugins/strong-testimonials/public/css/slider-controls-simple-buttons.css?ver=3.1.7 HTTP/1.1" 200 788 "https://glenbowcollege.ca/" "Mozilla/5.0 (Windows NT 10.0; Win64; x64) AppleWebKit/537.36 (KHTML, like Gecko) Chrome/128.0.0.0 Safari/537.36"
66.244.238.20 - - [18/Sep/2024:16:29:38 -0400] "GET /wp-content/plugins/strong-testimonials/public/css/rating-display.css?ver=3.1.7 HTTP/1.1" 200 910 "https://glenbowcollege.ca/" "Mozilla/5.0 (Windows NT 10.0; Win64; x64) AppleWebKit/537.36 (KHTML, like Gecko) Chrome/128.0.0.0 Safari/537.36"
66.244.238.20 - - [18/Sep/2024:16:29:38 -0400] "GET /wp-content/plugins/strong-testimonials/templates/default/content.css?ver=3.1.7 HTTP/1.1" 200 1833 "https://glenbowcollege.ca/" "Mozilla/5.0 (Windows NT 10.0; Win64; x64) AppleWebKit/537.36 (KHTML, like Gecko) Chrome/128.0.0.0 Safari/537.36"
66.244.238.20 - - [18/Sep/2024:16:29:38 -0400] "GET /wp-includes/js/dist/vendor/wp-polyfill-inert.min.js?ver=3.1.2 HTTP/1.1" 200 3977 "https://glenbowcollege.ca/" "Mozilla/5.0 (Windows NT 10.0; Win64; x64) AppleWebKit/537.36 (KHTML, like Gecko) Chrome/128.0.0.0 Safari/537.36"
66.244.238.20 - - [18/Sep/2024:16:29:38 -0400] "GET /wp-content/uploads/2020/02/616x321-ziraat-fakultesi-ogrencisine-burs-1543613768524-2-360x162.jpeg HTTP/1.1" 200 15500 "https://glenbowcollege.ca/" "Mozilla/5.0 (Windows NT 10.0; Win64; x64) AppleWebKit/537.36 (KHTML, like Gecko) Chrome/128.0.0.0 Safari/537.36"
