Server IP : 68.65.122.142  /  Your IP : 18.116.37.193
Web Server : LiteSpeed
System : Linux server167.web-hosting.com 4.18.0-513.18.1.lve.el8.x86_64 #1 SMP Thu Feb 22 12:55:50 UTC 2024 x86_64
User : glenirhm ( 1318)
PHP Version : 7.4.33
Disable Function : NONE
MySQL : OFF  |  cURL : ON  |  WGET : ON  |  Perl : ON  |  Python : ON
Directory (0750) :  /home/glenirhm/backup/../access-logs/

[  Home  ][  C0mmand  ][  Upload File  ]

Current File : /home/glenirhm/backup/../access-logs/glenbowcollege.ca
44.200.174.147 - - [19/Sep/2024:08:12:49 -0400] "GET /robots.txt HTTP/1.1" 200 841 "-" "Mozilla/5.0 (X11; Linux x86_64) AppleWebKit/537.36 (KHTML, like Gecko) Chrome/94.0.4606.81 Safari/537.36"
68.65.122.142 - - [19/Sep/2024:08:12:50 -0400] "POST /wp-cron.php?doing_wp_cron=1726747970.6494309902191162109375 HTTP/1.1" 403 1242 "-" "WordPress/6.2.1; https://glenbowcollege.ca"
44.200.174.147 - - [19/Sep/2024:08:12:49 -0400] "GET / HTTP/1.1" 301 0 "-" "Mozilla/5.0 (X11; Linux x86_64) AppleWebKit/537.36 (KHTML, like Gecko) Chrome/94.0.4606.81 Safari/537.36"
68.65.122.142 - - [19/Sep/2024:08:18:27 -0400] "POST /wp-cron.php?doing_wp_cron=1726748307.2949290275573730468750 HTTP/1.1" 403 1242 "-" "WordPress/6.2.1; https://glenbowcollege.ca"
216.244.66.247 - - [19/Sep/2024:08:18:38 -0400] "GET /international/international-programs/education-assistant-diploma-program/ HTTP/1.1" 301 0 "-" "Mozilla/5.0 (compatible; DotBot/1.2; +https://opensiteexplorer.org/dotbot; help@moz.com)"
44.200.174.147 - - [19/Sep/2024:08:12:49 -0400] "GET /robots.txt HTTP/1.1" 200 841 "-" "Mozilla/5.0 (X11; Linux x86_64) AppleWebKit/537.36 (KHTML, like Gecko) Chrome/94.0.4606.81 Safari/537.36"
216.244.66.247 - - [19/Sep/2024:08:18:26 -0400] "GET /international/work-with-pipa/ HTTP/1.1" 301 0 "-" "Mozilla/5.0 (compatible; DotBot/1.2; +https://opensiteexplorer.org/dotbot; help@moz.com)"
216.244.66.247 - - [19/Sep/2024:09:01:33 -0400] "GET /robots.txt HTTP/1.1" 200 841 "-" "Mozilla/5.0 (compatible; DotBot/1.2; +https://opensiteexplorer.org/dotbot; help@moz.com)"
68.65.122.142 - - [19/Sep/2024:09:09:41 -0400] "POST /wp-cron.php?doing_wp_cron=1726751381.1908810138702392578125 HTTP/1.1" 403 1242 "-" "WordPress/6.2.1; https://glenbowcollege.ca"
216.244.66.247 - - [19/Sep/2024:09:09:40 -0400] "GET /programs/medical-office-administration-diploma/ HTTP/1.1" 301 0 "-" "Mozilla/5.0 (compatible; DotBot/1.2; +https://opensiteexplorer.org/dotbot; help@moz.com)"
216.244.66.247 - - [19/Sep/2024:09:09:48 -0400] "GET /tag/education-assistant/ HTTP/1.1" 301 0 "-" "Mozilla/5.0 (compatible; DotBot/1.2; +https://opensiteexplorer.org/dotbot; help@moz.com)"
68.65.122.142 - - [19/Sep/2024:09:13:46 -0400] "POST /wp-cron.php?doing_wp_cron=1726751626.9330449104309082031250 HTTP/1.1" 403 1242 "-" "WordPress/6.2.1; https://glenbowcollege.ca"
66.249.74.130 - - [19/Sep/2024:09:13:45 -0400] "GET / HTTP/1.1" 301 0 "-" "Mozilla/5.0 (compatible; Googlebot/2.1; +http://www.google.com/bot.html)"
216.244.66.247 - - [19/Sep/2024:09:52:35 -0400] "GET /robots.txt HTTP/1.1" 200 841 "-" "Mozilla/5.0 (compatible; DotBot/1.2; +https://opensiteexplorer.org/dotbot; help@moz.com)"
68.65.122.142 - - [19/Sep/2024:10:03:08 -0400] "POST /wp-cron.php?doing_wp_cron=1726754588.1357009410858154296875 HTTP/1.1" 403 1242 "-" "WordPress/6.2.1; https://glenbowcollege.ca"
178.76.216.78 - - [19/Sep/2024:10:05:26 -0400] "GET /about/contact-us/ HTTP/1.0" 301 0 "http://glenbowcollege.ca/about/contact-us/" "Mozilla/5.0 (Windows NT 10.0; Win64; x64) AppleWebKit/537.36 (KHTML, like Gecko) Chrome/103.0.5060.66 Safari/537.36"
66.249.74.130 - - [19/Sep/2024:10:13:39 -0400] "GET /robots.txt HTTP/1.1" 200 233 "-" "Mozilla/5.0 (compatible; Googlebot/2.1; +http://www.google.com/bot.html)"
68.65.122.142 - - [19/Sep/2024:10:13:40 -0400] "POST /wp-cron.php?doing_wp_cron=1726755220.8384799957275390625000 HTTP/1.1" 403 1242 "-" "WordPress/6.2.1; https://glenbowcollege.ca"
216.244.66.247 - - [19/Sep/2024:10:03:07 -0400] "GET /tag/education-assistant/feed/ HTTP/1.1" 301 0 "-" "Mozilla/5.0 (compatible; DotBot/1.2; +https://opensiteexplorer.org/dotbot; help@moz.com)"
66.249.74.130 - - [19/Sep/2024:10:13:39 -0400] "GET / HTTP/1.1" 301 0 "-" "Mozilla/5.0 (compatible; Googlebot/2.1; +http://www.google.com/bot.html)"
92.255.85.164 - - [19/Sep/2024:10:20:31 -0400] "GET / HTTP/1.0" 301 0 "http://glenbowcollege.ca/" "Mozilla/5.0 (Windows NT 10.0.0; Win64; x64; ) AppleWebKit/537.36 (KHTML, like Gecko) Chrome/124.0.6367.93 Chrome/124.0.6367.93 Not-A.Brand/99  Safari/537.36"
114.119.135.206 - - [19/Sep/2024:10:41:26 -0400] "GET /robots.txt HTTP/1.1" 200 242 "-" "Mozilla/5.0 (compatible;PetalBot;+https://webmaster.petalsearch.com/site/petalbot)"
114.119.129.107 - - [19/Sep/2024:10:41:35 -0400] "GET /robots.txt HTTP/1.1" 200 242 "-" "Mozilla/5.0 (compatible;PetalBot;+https://webmaster.petalsearch.com/site/petalbot)"
68.65.122.142 - - [19/Sep/2024:11:14:21 -0400] "POST /wp-cron.php?doing_wp_cron=1726758861.7029199600219726562500 HTTP/1.1" 403 1242 "-" "WordPress/6.2.1; https://glenbowcollege.ca"
42.83.147.53 - - [19/Sep/2024:11:14:20 -0400] "GET / HTTP/1.1" 301 0 "-" "Mozilla/5.0 (Windows NT 6.1; Win64; x64) AppleWebKit/537.36 (KHTML, like Gecko)Chrome/74.0.3729.169 Safari/537.36"
68.65.122.142 - - [19/Sep/2024:11:25:21 -0400] "POST /wp-cron.php?doing_wp_cron=1726759521.9834020137786865234375 HTTP/1.1" 403 1242 "-" "WordPress/6.2.1; https://glenbowcollege.ca"
45.42.40.138 - - [19/Sep/2024:11:25:20 -0400] "GET / HTTP/1.1" 301 0 "-" "Mozilla/5.0 (Macintosh; Intel Mac OS X 10_15_7) AppleWebKit/537.36 (KHTML, like Gecko) Chrome/104.0.5112.79 Safari/537.36"
216.244.66.247 - - [19/Sep/2024:11:34:50 -0400] "GET /robots.txt HTTP/1.1" 200 841 "-" "Mozilla/5.0 (compatible; DotBot/1.2; +https://opensiteexplorer.org/dotbot; help@moz.com)"
194.38.23.16 - - [19/Sep/2024:11:44:27 -0400] "GET /assets/plugins/ckeditor/elfinder/php/connector.php HTTP/1.1" 403 17008 "-" "ALittle Client"
68.65.122.142 - - [19/Sep/2024:11:46:44 -0400] "POST /wp-cron.php?doing_wp_cron=1726760804.8550848960876464843750 HTTP/1.1" 403 1242 "-" "WordPress/6.2.1; https://glenbowcollege.ca"
216.244.66.247 - - [19/Sep/2024:11:46:43 -0400] "GET /category/blog/ HTTP/1.1" 301 0 "-" "Mozilla/5.0 (compatible; DotBot/1.2; +https://opensiteexplorer.org/dotbot; help@moz.com)"
52.167.144.66 - - [19/Sep/2024:11:55:30 -0400] "GET /robots.txt HTTP/1.1" 200 233 "-" "Mozilla/5.0 AppleWebKit/537.36 (KHTML, like Gecko; compatible; bingbot/2.0; +http://www.bing.com/bingbot.htm) Chrome/116.0.1938.76 Safari/537.36"
52.167.144.234 - - [19/Sep/2024:11:55:39 -0400] "GET /wp-content/uploads/2019/08/academic_policy.pdf HTTP/1.1" 200 165508 "-" "Mozilla/5.0 AppleWebKit/537.36 (KHTML, like Gecko; compatible; bingbot/2.0; +http://www.bing.com/bingbot.htm) Chrome/116.0.1938.76 Safari/537.36"
94.156.66.165 - - [19/Sep/2024:12:10:24 -0400] "GET //wp-content/plugins/fix/up.php HTTP/1.1" 403 1242 "-" "Mozilla/5.0 (Windows NT 10.0; Win64; x64) AppleWebKit/537.36 (KHTML, like Gecko) Chrome/85.0.4183.102 Safari/537.36"
68.65.122.142 - - [19/Sep/2024:12:12:17 -0400] "POST /wp-cron.php?doing_wp_cron=1726762337.2418339252471923828125 HTTP/1.1" 403 1242 "-" "WordPress/6.2.1; https://glenbowcollege.ca"
85.193.65.155 - - [19/Sep/2024:12:12:16 -0400] "GET /about/contact-us/ HTTP/1.0" 301 0 "http://glenbowcollege.ca/about/contact-us/" "Mozilla/5.0 (Windows NT 10.0; Win64; x64) AppleWebKit/537.36 (KHTML, like Gecko) Chrome/120.0.0.0 Safari/537.36"
216.244.66.247 - - [19/Sep/2024:12:30:29 -0400] "GET /robots.txt HTTP/1.1" 200 841 "-" "Mozilla/5.0 (compatible; DotBot/1.2; +https://opensiteexplorer.org/dotbot; help@moz.com)"
216.244.66.247 - - [19/Sep/2024:12:30:29 -0400] "GET /robots.txt HTTP/1.1" 200 841 "-" "Mozilla/5.0 (compatible; DotBot/1.2; +https://opensiteexplorer.org/dotbot; help@moz.com)"
68.65.122.142 - - [19/Sep/2024:12:45:16 -0400] "POST /wp-cron.php?doing_wp_cron=1726764316.5521769523620605468750 HTTP/1.1" 403 1242 "-" "WordPress/6.2.1; https://glenbowcollege.ca"
68.65.122.142 - - [19/Sep/2024:12:46:20 -0400] "POST /wp-cron.php?doing_wp_cron=1726764380.4330430030822753906250 HTTP/1.1" 403 1242 "-" "WordPress/6.2.1; https://glenbowcollege.ca"
216.244.66.247 - - [19/Sep/2024:12:46:19 -0400] "GET /2020/02/22/potluck/ HTTP/1.1" 301 0 "-" "Mozilla/5.0 (compatible; DotBot/1.2; +https://opensiteexplorer.org/dotbot; help@moz.com)"
216.244.66.247 - - [19/Sep/2024:12:45:15 -0400] "GET /programs/medical-office-administration-diploma/ HTTP/1.1" 301 0 "-" "Mozilla/5.0 (compatible; DotBot/1.2; +https://opensiteexplorer.org/dotbot; help@moz.com)"
216.244.66.247 - - [19/Sep/2024:12:45:43 -0400] "GET /category/news/feed/ HTTP/1.1" 301 0 "-" "Mozilla/5.0 (compatible; DotBot/1.2; +https://opensiteexplorer.org/dotbot; help@moz.com)"
68.65.122.142 - - [19/Sep/2024:12:42:22 -0400] "POST /wp-cron.php?doing_wp_cron=1726764142.3838980197906494140625 HTTP/1.1" 403 1242 "-" "WordPress/6.2.1; https://glenbowcollege.ca"
216.244.66.247 - - [19/Sep/2024:12:42:21 -0400] "GET /international/current-international-students/student-resources/ HTTP/1.1" 301 0 "-" "Mozilla/5.0 (compatible; DotBot/1.2; +https://opensiteexplorer.org/dotbot; help@moz.com)"
68.65.122.142 - - [19/Sep/2024:13:21:46 -0400] "POST /wp-cron.php?doing_wp_cron=1726766506.8178300857543945312500 HTTP/1.1" 403 1242 "-" "WordPress/6.2.1; https://glenbowcollege.ca"
52.178.218.185 - - [19/Sep/2024:13:21:52 -0400] "GET /alfa-ioxi.php HTTP/1.1" 301 0 "-" "-"
52.178.218.185 - - [19/Sep/2024:13:22:00 -0400] "GET /qaivbilq.php HTTP/1.1" 301 0 "-" "-"
52.178.218.185 - - [19/Sep/2024:13:22:06 -0400] "GET /wp-content/plugins/linkpreview/db.php?u= HTTP/1.1" 403 1242 "-" "-"
52.178.218.185 - - [19/Sep/2024:13:22:14 -0400] "GET /bs1.php HTTP/1.1" 301 0 "-" "-"
52.178.218.185 - - [19/Sep/2024:13:22:19 -0400] "GET /wp-includes/SimplePie/gzdecodes.php.suspected HTTP/1.1" 301 0 "-" "-"
52.178.218.185 - - [19/Sep/2024:13:21:45 -0400] "GET /.well-known/acme-challenge/makeasmtp.php HTTP/1.1" 301 0 "-" "-"
52.178.218.185 - - [19/Sep/2024:13:21:49 -0400] "GET /wp-p.php7 HTTP/1.1" 301 0 "-" "-"
52.178.218.185 - - [19/Sep/2024:13:21:54 -0400] "GET /m.php HTTP/1.1" 301 0 "-" "-"
52.178.218.185 - - [19/Sep/2024:13:21:57 -0400] "GET /x.php HTTP/1.1" 301 0 "-" "-"
52.178.218.185 - - [19/Sep/2024:13:22:03 -0400] "GET /ty.php HTTP/1.1" 301 0 "-" "-"
52.178.218.185 - - [19/Sep/2024:13:22:06 -0400] "GET /link.php HTTP/1.1" 301 0 "-" "-"
52.178.218.185 - - [19/Sep/2024:13:22:09 -0400] "GET /wp-content/plugins/pwnd/pwnd.php HTTP/1.1" 403 1242 "-" "-"
52.178.218.185 - - [19/Sep/2024:13:22:09 -0400] "GET /images/about.php HTTP/1.1" 301 0 "-" "-"
52.178.218.185 - - [19/Sep/2024:13:22:11 -0400] "GET /dfpbtqbc.php HTTP/1.1" 301 0 "-" "-"
52.178.218.185 - - [19/Sep/2024:13:22:17 -0400] "GET /about.php HTTP/1.1" 301 0 "-" "-"
216.244.66.247 - - [19/Sep/2024:13:27:47 -0400] "GET /robots.txt HTTP/1.1" 200 841 "-" "Mozilla/5.0 (compatible; DotBot/1.2; +https://opensiteexplorer.org/dotbot; help@moz.com)"
68.65.122.142 - - [19/Sep/2024:13:30:45 -0400] "POST /wp-cron.php?doing_wp_cron=1726767045.9526040554046630859375 HTTP/1.1" 403 1242 "-" "WordPress/6.2.1; https://glenbowcollege.ca"
68.65.122.142 - - [19/Sep/2024:13:39:19 -0400] "POST /wp-cron.php?doing_wp_cron=1726767559.5972609519958496093750 HTTP/1.1" 403 1242 "-" "WordPress/6.2.1; https://glenbowcollege.ca"
216.244.66.247 - - [19/Sep/2024:13:27:47 -0400] "GET /robots.txt HTTP/1.1" 200 841 "-" "Mozilla/5.0 (compatible; DotBot/1.2; +https://opensiteexplorer.org/dotbot; help@moz.com)"
66.249.74.130 - - [19/Sep/2024:13:30:44 -0400] "GET /rusesezy.xml HTTP/1.1" 301 0 "-" "Mozilla/5.0 (compatible; Googlebot/2.1; +http://www.google.com/bot.html)"
216.244.66.247 - - [19/Sep/2024:13:38:00 -0400] "GET /2021/06/24/dyslexia-awareness-conference/ HTTP/1.1" 301 0 "-" "Mozilla/5.0 (compatible; DotBot/1.2; +https://opensiteexplorer.org/dotbot; help@moz.com)"
216.244.66.247 - - [19/Sep/2024:13:38:21 -0400] "GET /2020/02/21/career-hub/ HTTP/1.1" 301 0 "-" "Mozilla/5.0 (compatible; DotBot/1.2; +https://opensiteexplorer.org/dotbot; help@moz.com)"
216.244.66.247 - - [19/Sep/2024:13:39:18 -0400] "GET /2020/02/22/career-day/ HTTP/1.1" 301 0 "-" "Mozilla/5.0 (compatible; DotBot/1.2; +https://opensiteexplorer.org/dotbot; help@moz.com)"
68.65.122.142 - - [19/Sep/2024:13:47:52 -0400] "POST /wp-cron.php?doing_wp_cron=1726768072.7618188858032226562500 HTTP/1.1" 403 1242 "-" "WordPress/6.2.1; https://glenbowcollege.ca"
138.68.180.18 - - [19/Sep/2024:13:47:51 -0400] "GET / HTTP/1.1" 301 0 "-" "Mozilla/5.0 (Windows NT 10.0; Win64; x64) AppleWebKit/537.36 (KHTML, like Gecko) Chrome/124.0.0.0 Safari/537.36"
68.65.122.142 - - [19/Sep/2024:14:19:43 -0400] "POST /wp-cron.php?doing_wp_cron=1726769983.3934500217437744140625 HTTP/1.1" 403 1242 "-" "WordPress/6.2.1; https://glenbowcollege.ca"
195.2.71.197 - - [19/Sep/2024:14:19:41 -0400] "GET /about/contact-us/ HTTP/1.0" 301 0 "http://glenbowcollege.ca/about/contact-us/" "Mozilla/5.0 (Windows NT 10.0; Win64; x64) AppleWebKit/537.36 (KHTML, like Gecko) Chrome/120.0.0.0 Iron Safari/537.36"
216.244.66.247 - - [19/Sep/2024:14:21:56 -0400] "GET /robots.txt HTTP/1.1" 200 841 "-" "Mozilla/5.0 (compatible; DotBot/1.2; +https://opensiteexplorer.org/dotbot; help@moz.com)"
68.65.122.142 - - [19/Sep/2024:14:31:27 -0400] "POST /wp-cron.php?doing_wp_cron=1726770686.9801769256591796875000 HTTP/1.1" 403 1242 "-" "WordPress/6.2.1; https://glenbowcollege.ca"
216.244.66.247 - - [19/Sep/2024:14:31:25 -0400] "GET /international/international-about/why-choose-gc/ HTTP/1.1" 301 0 "-" "Mozilla/5.0 (compatible; DotBot/1.2; +https://opensiteexplorer.org/dotbot; help@moz.com)"
40.94.104.74 - - [19/Sep/2024:15:11:57 -0400] "GET / HTTP/1.1" 301 0 "-" "Mozilla/5.0 (Windows NT 10.0; Win64; x64) AppleWebKit/537.36 (KHTML, like Gecko) Chrome/127.0.6523.4 Safari/537.36"
68.65.122.142 - - [19/Sep/2024:15:11:58 -0400] "POST /wp-cron.php?doing_wp_cron=1726773118.7259991168975830078125 HTTP/1.1" 403 1242 "-" "WordPress/6.2.1; https://glenbowcollege.ca"
216.244.66.247 - - [19/Sep/2024:15:15:51 -0400] "GET /robots.txt HTTP/1.1" 200 841 "-" "Mozilla/5.0 (compatible; DotBot/1.2; +https://opensiteexplorer.org/dotbot; help@moz.com)"
216.244.66.247 - - [19/Sep/2024:15:28:43 -0400] "GET /programs/course/ HTTP/1.1" 301 0 "-" "Mozilla/5.0 (compatible; DotBot/1.2; +https://opensiteexplorer.org/dotbot; help@moz.com)"
68.65.122.142 - - [19/Sep/2024:15:25:37 -0400] "POST /wp-cron.php?doing_wp_cron=1726773937.6388330459594726562500 HTTP/1.1" 403 1242 "-" "WordPress/6.2.1; https://glenbowcollege.ca"
216.244.66.247 - - [19/Sep/2024:15:25:36 -0400] "GET /author/admin/page/2/ HTTP/1.1" 301 0 "-" "Mozilla/5.0 (compatible; DotBot/1.2; +https://opensiteexplorer.org/dotbot; help@moz.com)"
68.65.122.142 - - [19/Sep/2024:15:28:44 -0400] "POST /wp-cron.php?doing_wp_cron=1726774124.8933570384979248046875 HTTP/1.1" 403 1242 "-" "WordPress/6.2.1; https://glenbowcollege.ca"
216.244.66.247 - - [19/Sep/2024:15:28:48 -0400] "GET /programs/education-assistant-diploma/ HTTP/1.1" 301 0 "-" "Mozilla/5.0 (compatible; DotBot/1.2; +https://opensiteexplorer.org/dotbot; help@moz.com)"
68.65.122.142 - - [19/Sep/2024:15:48:35 -0400] "POST /wp-cron.php?doing_wp_cron=1726775315.1418900489807128906250 HTTP/1.1" 403 1242 "-" "WordPress/6.2.1; https://glenbowcollege.ca"
95.79.223.18 - - [19/Sep/2024:15:48:34 -0400] "GET / HTTP/1.1" 301 0 "-" "Mozilla/5.0 (Windows NT 6.1; Win64; x64) AppleWebKit/537.36 (KHTML, like Gecko) Chrome/60.0.3112.101 Safari/537.36,gzip(gfe)"
216.244.66.247 - - [19/Sep/2024:16:09:12 -0400] "GET /robots.txt HTTP/1.1" 200 841 "-" "Mozilla/5.0 (compatible; DotBot/1.2; +https://opensiteexplorer.org/dotbot; help@moz.com)"
68.65.122.142 - - [19/Sep/2024:16:18:14 -0400] "POST /wp-cron.php?doing_wp_cron=1726777094.5168828964233398437500 HTTP/1.1" 403 1242 "-" "WordPress/6.2.1; https://glenbowcollege.ca"
51.15.184.67 - - [19/Sep/2024:16:28:47 -0400] "GET /wp.php HTTP/1.1" 403 6989 "-" "Mozlila/5.0 (Linux; Android 7.0; SM-G892A Bulid/NRD90M; wv) AppleWebKit/537.36 (KHTML, like Gecko) Version/4.0 Chrome/60.0.3112.107 Moblie Safari/537.36"
51.15.184.67 - - [19/Sep/2024:16:28:49 -0400] "GET /hoot.php HTTP/1.1" 403 6989 "-" "Mozlila/5.0 (Linux; Android 7.0; SM-G892A Bulid/NRD90M; wv) AppleWebKit/537.36 (KHTML, like Gecko) Version/4.0 Chrome/60.0.3112.107 Moblie Safari/537.36"
51.15.184.67 - - [19/Sep/2024:16:28:56 -0400] "GET /wp-content/plugins/admin.php HTTP/1.1" 403 1242 "-" "Mozlila/5.0 (Linux; Android 7.0; SM-G892A Bulid/NRD90M; wv) AppleWebKit/537.36 (KHTML, like Gecko) Version/4.0 Chrome/60.0.3112.107 Moblie Safari/537.36"
51.15.184.67 - - [19/Sep/2024:16:28:57 -0400] "GET /wp-content/db-cache.php HTTP/1.1" 403 6989 "-" "Mozlila/5.0 (Linux; Android 7.0; SM-G892A Bulid/NRD90M; wv) AppleWebKit/537.36 (KHTML, like Gecko) Version/4.0 Chrome/60.0.3112.107 Moblie Safari/537.36"
51.15.184.67 - - [19/Sep/2024:16:28:59 -0400] "GET /wp-content/themes/twentyeleven/functions.php HTTP/1.1" 403 1242 "-" "Mozlila/5.0 (Linux; Android 7.0; SM-G892A Bulid/NRD90M; wv) AppleWebKit/537.36 (KHTML, like Gecko) Version/4.0 Chrome/60.0.3112.107 Moblie Safari/537.36"
51.15.184.67 - - [19/Sep/2024:16:29:00 -0400] "GET /wp-content/themes/oceanwp/functions.php HTTP/1.1" 403 1242 "-" "Mozlila/5.0 (Linux; Android 7.0; SM-G892A Bulid/NRD90M; wv) AppleWebKit/537.36 (KHTML, like Gecko) Version/4.0 Chrome/60.0.3112.107 Moblie Safari/537.36"
51.15.184.67 - - [19/Sep/2024:16:29:02 -0400] "GET /wp-content/themes/kadence/functions.php HTTP/1.1" 403 1242 "-" "Mozlila/5.0 (Linux; Android 7.0; SM-G892A Bulid/NRD90M; wv) AppleWebKit/537.36 (KHTML, like Gecko) Version/4.0 Chrome/60.0.3112.107 Moblie Safari/537.36"
51.15.184.67 - - [19/Sep/2024:16:29:07 -0400] "GET /wp-content/themes/twentytwenty/functions.php HTTP/1.1" 403 1242 "-" "Mozlila/5.0 (Linux; Android 7.0; SM-G892A Bulid/NRD90M; wv) AppleWebKit/537.36 (KHTML, like Gecko) Version/4.0 Chrome/60.0.3112.107 Moblie Safari/537.36"
216.244.66.247 - - [19/Sep/2024:16:18:13 -0400] "GET /tag/accounting/ HTTP/1.1" 301 0 "-" "Mozilla/5.0 (compatible; DotBot/1.2; +https://opensiteexplorer.org/dotbot; help@moz.com)"
51.15.184.67 - - [19/Sep/2024:16:28:44 -0400] "GET /geju.php HTTP/1.1" 403 6989 "-" "Mozlila/5.0 (Linux; Android 7.0; SM-G892A Bulid/NRD90M; wv) AppleWebKit/537.36 (KHTML, like Gecko) Version/4.0 Chrome/60.0.3112.107 Moblie Safari/537.36"
51.15.184.67 - - [19/Sep/2024:16:28:46 -0400] "GET /wp-content/plugins/about.php HTTP/1.1" 403 1242 "-" "Mozlila/5.0 (Linux; Android 7.0; SM-G892A Bulid/NRD90M; wv) AppleWebKit/537.36 (KHTML, like Gecko) Version/4.0 Chrome/60.0.3112.107 Moblie Safari/537.36"
51.15.184.67 - - [19/Sep/2024:16:28:51 -0400] "GET /about.php HTTP/1.1" 403 6989 "-" "Mozlila/5.0 (Linux; Android 7.0; SM-G892A Bulid/NRD90M; wv) AppleWebKit/537.36 (KHTML, like Gecko) Version/4.0 Chrome/60.0.3112.107 Moblie Safari/537.36"
51.15.184.67 - - [19/Sep/2024:16:28:53 -0400] "GET /admin.php HTTP/1.1" 403 6989 "-" "Mozlila/5.0 (Linux; Android 7.0; SM-G892A Bulid/NRD90M; wv) AppleWebKit/537.36 (KHTML, like Gecko) Version/4.0 Chrome/60.0.3112.107 Moblie Safari/537.36"
51.15.184.67 - - [19/Sep/2024:16:29:01 -0400] "GET /wp-content/themes/twentythirteen/functions.php HTTP/1.1" 403 1242 "-" "Mozlila/5.0 (Linux; Android 7.0; SM-G892A Bulid/NRD90M; wv) AppleWebKit/537.36 (KHTML, like Gecko) Version/4.0 Chrome/60.0.3112.107 Moblie Safari/537.36"
68.65.122.142 - - [19/Sep/2024:16:39:28 -0400] "POST /wp-cron.php?doing_wp_cron=1726778368.9504089355468750000000 HTTP/1.1" 403 1242 "-" "WordPress/6.2.1; https://glenbowcollege.ca"
109.199.98.228 - - [19/Sep/2024:16:39:27 -0400] "GET / HTTP/1.1" 301 0 "-" "Mozilla/5.0 (Windows; U; Windows NT 5.1; en-US) AppleWebKit/525.19 (KHTML, like Gecko) Chrome/0.2.153.1 Safari/525.19 <img src=http://109.199.98.228/logo.png?timestamp=a44cde39520f8c5bb538fc6f309db527>"
68.65.122.142 - - [19/Sep/2024:16:41:43 -0400] "POST /wp-cron.php?doing_wp_cron=1726778503.7731070518493652343750 HTTP/1.1" 403 1242 "-" "WordPress/6.2.1; https://glenbowcollege.ca"
94.156.177.65 - - [19/Sep/2024:16:41:42 -0400] "GET / HTTP/1.1" 301 0 "www.google.com" "Mozilla/5.0 (Windows NT 10.0; Win64; x64) AppleWebKit/537.36 (KHTML, like Gecko) Chrome/90.0.4430.85 Safari/537.36"