96.53.226.164 - - [19/Sep/2024:10:15:59 -0400] "GET /wp-content/plugins/strong-testimonials/public/css/rating-display.css?ver=3.1.7 HTTP/1.1" 200 910 "https://glenbowcollege.ca/" "Mozilla/5.0 (iPhone; CPU iPhone OS 17_6_1 like Mac OS X) AppleWebKit/605.1.15 (KHTML, like Gecko) Version/17.6 Mobile/15E148 Safari/604.1"
96.53.226.164 - - [19/Sep/2024:10:15:59 -0400] "GET /wp-content/plugins/contact-form-7/includes/swv/js/index.js?ver=5.8.6 HTTP/1.1" 200 4708 "https://glenbowcollege.ca/" "Mozilla/5.0 (iPhone; CPU iPhone OS 17_6_1 like Mac OS X) AppleWebKit/605.1.15 (KHTML, like Gecko) Version/17.6 Mobile/15E148 Safari/604.1"
96.53.226.164 - - [19/Sep/2024:10:15:59 -0400] "GET /wp-content/plugins/woocommerce/assets/js/frontend/woocommerce.min.js?ver=7.8.0 HTTP/1.1" 200 2310 "https://glenbowcollege.ca/" "Mozilla/5.0 (iPhone; CPU iPhone OS 17_6_1 like Mac OS X) AppleWebKit/605.1.15 (KHTML, like Gecko) Version/17.6 Mobile/15E148 Safari/604.1"
96.53.226.164 - - [19/Sep/2024:10:15:59 -0400] "GET /wp-content/plugins/product-open-pricing-name-your-price-for-woocommerce/includes/js/alg-wc-pop-frontend.js?ver=1.7.1 HTTP/1.1" 200 2030 "https://glenbowcollege.ca/" "Mozilla/5.0 (iPhone; CPU iPhone OS 17_6_1 like Mac OS X) AppleWebKit/605.1.15 (KHTML, like Gecko) Version/17.6 Mobile/15E148 Safari/604.1"
96.53.226.164 - - [19/Sep/2024:10:15:59 -0400] "GET /wp-content/plugins/woocommerce/assets/js/frontend/add-to-cart.min.js?ver=7.8.0 HTTP/1.1" 200 2603 "https://glenbowcollege.ca/" "Mozilla/5.0 (iPhone; CPU iPhone OS 17_6_1 like Mac OS X) AppleWebKit/605.1.15 (KHTML, like Gecko) Version/17.6 Mobile/15E148 Safari/604.1"
96.53.226.164 - - [19/Sep/2024:10:15:59 -0400] "GET /wp-content/plugins/woocommerce/assets/js/jquery-blockui/jquery.blockUI.min.js?ver=2.7.0-wc.7.8.0 HTTP/1.1" 200 4871 "https://glenbowcollege.ca/" "Mozilla/5.0 (iPhone; CPU iPhone OS 17_6_1 like Mac OS X) AppleWebKit/605.1.15 (KHTML, like Gecko) Version/17.6 Mobile/15E148 Safari/604.1"
96.53.226.164 - - [19/Sep/2024:10:15:59 -0400] "GET /wp-content/plugins/strong-testimonials/templates/default/img/quotes.png HTTP/1.1" 200 335 "https://glenbowcollege.ca/" "Mozilla/5.0 (iPhone; CPU iPhone OS 17_6_1 like Mac OS X) AppleWebKit/605.1.15 (KHTML, like Gecko) Version/17.6 Mobile/15E148 Safari/604.1"
96.53.226.164 - - [19/Sep/2024:10:15:59 -0400] "GET /wp-content/plugins/strong-testimonials/public/svg/chevron-right-solid.svg HTTP/1.1" 304 0 "https://glenbowcollege.ca/" "Mozilla/5.0 (iPhone; CPU iPhone OS 17_6_1 like Mac OS X) AppleWebKit/605.1.15 (KHTML, like Gecko) Version/17.6 Mobile/15E148 Safari/604.1"
96.53.226.164 - - [19/Sep/2024:10:15:59 -0400] "GET /wp-content/plugins/strong-testimonials/public/svg/chevron-left-solid.svg HTTP/1.1" 200 267 "https://glenbowcollege.ca/" "Mozilla/5.0 (iPhone; CPU iPhone OS 17_6_1 like Mac OS X) AppleWebKit/605.1.15 (KHTML, like Gecko) Version/17.6 Mobile/15E148 Safari/604.1"
96.53.226.164 - - [19/Sep/2024:10:15:59 -0400] "GET /wp-content/uploads/2020/02/cropped-logo11-192x192.png HTTP/1.1" 304 0 "https://glenbowcollege.ca/" "Mozilla/5.0 (iPhone; CPU iPhone OS 17_6_1 like Mac OS X) AppleWebKit/605.1.15 (KHTML, like Gecko) Version/17.6 Mobile/15E148 Safari/604.1"
96.53.226.164 - - [19/Sep/2024:10:15:59 -0400] "GET /wp-content/plugins/strong-testimonials/public/js/controller.min.js?ver=3.1.7 HTTP/1.1" 200 3091 "https://glenbowcollege.ca/" "Mozilla/5.0 (iPhone; CPU iPhone OS 17_6_1 like Mac OS X) AppleWebKit/605.1.15 (KHTML, like Gecko) Version/17.6 Mobile/15E148 Safari/604.1"
96.53.226.164 - - [19/Sep/2024:10:15:59 -0400] "GET /wp-includes/js/underscore.min.js?ver=1.13.4 HTTP/1.1" 200 8804 "https://glenbowcollege.ca/" "Mozilla/5.0 (iPhone; CPU iPhone OS 17_6_1 like Mac OS X) AppleWebKit/605.1.15 (KHTML, like Gecko) Version/17.6 Mobile/15E148 Safari/604.1"
96.53.226.164 - - [19/Sep/2024:10:15:59 -0400] "GET /wp-content/uploads/2020/04/slider-education.jpg HTTP/1.1" 200 399060 "https://glenbowcollege.ca/" "Mozilla/5.0 (iPhone; CPU iPhone OS 17_6_1 like Mac OS X) AppleWebKit/605.1.15 (KHTML, like Gecko) Version/17.6 Mobile/15E148 Safari/604.1"
96.53.226.164 - - [19/Sep/2024:10:15:59 -0400] "GET /wp-content/uploads/2020/03/slider-2.jpg HTTP/1.1" 200 544765 "https://glenbowcollege.ca/" "Mozilla/5.0 (iPhone; CPU iPhone OS 17_6_1 like Mac OS X) AppleWebKit/605.1.15 (KHTML, like Gecko) Version/17.6 Mobile/15E148 Safari/604.1"
96.53.226.164 - - [19/Sep/2024:10:15:59 -0400] "GET /wp-content/uploads/2020/02/616x321-ziraat-fakultesi-ogrencisine-burs-1543613768524-2-360x162.jpeg HTTP/1.1" 200 15500 "https://glenbowcollege.ca/" "Mozilla/5.0 (iPhone; CPU iPhone OS 17_6_1 like Mac OS X) AppleWebKit/605.1.15 (KHTML, like Gecko) Version/17.6 Mobile/15E148 Safari/604.1"
96.53.226.164 - - [19/Sep/2024:10:15:59 -0400] "GET /wp-content/uploads/2020/02/cropped-logo11-32x32.png HTTP/1.1" 304 0 "https://glenbowcollege.ca/" "Mozilla/5.0 (iPhone; CPU iPhone OS 17_6_1 like Mac OS X) AppleWebKit/605.1.15 (KHTML, like Gecko) Version/17.6 Mobile/15E148 Safari/604.1"
68.65.122.142 - - [19/Sep/2024:10:17:00 -0400] "POST /wp-cron.php?doing_wp_cron=1726755420.2582840919494628906250 HTTP/1.1" 403 1242 "-" "WordPress/6.2.1; https://glenbowcollege.ca"
66.249.74.130 - - [19/Sep/2024:10:16:59 -0400] "GET /cart/ HTTP/1.1" 302 0 "-" "Mozilla/5.0 (Linux; Android 6.0.1; Nexus 5X Build/MMB29P) AppleWebKit/537.36 (KHTML, like Gecko) Chrome/128.0.6613.137 Mobile Safari/537.36 (compatible; Googlebot/2.1; +http://www.google.com/bot.html)"
66.249.74.130 - - [19/Sep/2024:10:19:33 -0400] "GET /wp-content/plugins/woocommerce-menu-bar-cart/assets/css/wpmenucart-icons.min.css?ver=2.14.2 HTTP/1.1" 200 192 "https://glenbowcollege.ca/make-payment/" "Mozilla/5.0 (Linux; Android 6.0.1; Nexus 5X Build/MMB29P) AppleWebKit/537.36 (KHTML, like Gecko) Chrome/128.0.6613.113 Mobile Safari/537.36 (compatible; Googlebot/2.1; +http://www.google.com/bot.html)"
66.249.74.132 - - [19/Sep/2024:10:19:33 -0400] "GET /wp-includes/js/wp-util.min.js?ver=6.2.1 HTTP/1.1" 200 2313 "https://glenbowcollege.ca/make-payment/" "Mozilla/5.0 (Linux; Android 6.0.1; Nexus 5X Build/MMB29P) AppleWebKit/537.36 (KHTML, like Gecko) Chrome/128.0.6613.113 Mobile Safari/537.36 (compatible; Googlebot/2.1; +http://www.google.com/bot.html)"
92.255.85.164 - - [19/Sep/2024:10:20:33 -0400] "GET / HTTP/1.0" 200 88785 "https://glenbowcollege.ca/" "Mozilla/5.0 (Windows NT 10.0.0; Win64; x64; ) AppleWebKit/537.36 (KHTML, like Gecko) Chrome/124.0.6367.93 Chrome/124.0.6367.93 Not-A.Brand/99  Safari/537.36"
66.249.74.131 - - [19/Sep/2024:10:17:00 -0400] "GET /make-payment/ HTTP/1.1" 200 19492 "-" "Mozilla/5.0 (Linux; Android 6.0.1; Nexus 5X Build/MMB29P) AppleWebKit/537.36 (KHTML, like Gecko) Chrome/128.0.6613.137 Mobile Safari/537.36 (compatible; Googlebot/2.1; +http://www.google.com/bot.html)"
66.249.74.132 - - [19/Sep/2024:10:19:33 -0400] "GET /wp-content/plugins/woocommerce/assets/js/frontend/single-product.min.js?ver=7.8.0 HTTP/1.1" 200 3370 "https://glenbowcollege.ca/make-payment/" "Mozilla/5.0 (Linux; Android 6.0.1; Nexus 5X Build/MMB29P) AppleWebKit/537.36 (KHTML, like Gecko) Chrome/128.0.6613.113 Mobile Safari/537.36 (compatible; Googlebot/2.1; +http://www.google.com/bot.html)"
66.249.74.132 - - [19/Sep/2024:10:19:33 -0400] "GET /wp-content/plugins/woocommerce/assets/js/frontend/add-to-cart-variation.min.js?ver=7.8.0 HTTP/1.1" 200 5066 "https://glenbowcollege.ca/make-payment/" "Mozilla/5.0 (Linux; Android 6.0.1; Nexus 5X Build/MMB29P) AppleWebKit/537.36 (KHTML, like Gecko) Chrome/128.0.6613.113 Mobile Safari/537.36 (compatible; Googlebot/2.1; +http://www.google.com/bot.html)"
68.65.122.142 - - [19/Sep/2024:10:19:53 -0400] "POST /wp-cron.php?doing_wp_cron=1726755593.9235858917236328125000 HTTP/1.1" 403 1242 "-" "WordPress/6.2.1; https://glenbowcollege.ca"
52.167.144.24 - - [19/Sep/2024:10:19:52 -0400] "GET /preceded0af8d/ HTTP/1.1" 404 14959 "-" "Mozilla/5.0 AppleWebKit/537.36 (KHTML, like Gecko; compatible; bingbot/2.0; +http://www.bing.com/bingbot.htm) Chrome/116.0.1938.76 Safari/537.36"
92.255.85.164 - - [19/Sep/2024:10:20:35 -0400] "GET /about/contact-us/ HTTP/1.0" 200 75976 "https://glenbowcollege.ca/about/contact-us/" "Mozilla/5.0 (Windows NT 10.0.0; Win64; x64; ) AppleWebKit/537.36 (KHTML, like Gecko) Chrome/124.0.6367.93 Chrome/124.0.6367.93 Not-A.Brand/99  Safari/537.36"
92.255.85.164 - - [19/Sep/2024:10:20:37 -0400] "POST /about/contact-us/ HTTP/1.0" 200 73619 "https://glenbowcollege.ca/about/contact-us/" "Mozilla/5.0 (Windows NT 10.0.0; Win64; x64; ) AppleWebKit/537.36 (KHTML, like Gecko) Chrome/124.0.6367.93 Chrome/124.0.6367.93 Not-A.Brand/99  Safari/537.36"
114.119.146.195 - - [19/Sep/2024:10:25:19 -0400] "GET /wp-includes/css/dist/edit-site/?MA HTTP/1.1" 403 1242 "https://glenbowcollege.ca/wp-includes/css/dist/edit-site/?MD" "Mozilla/5.0 (Linux; Android 7.0;) AppleWebKit/537.36 (KHTML, like Gecko) Mobile Safari/537.36 (compatible; PetalBot;+https://webmaster.petalsearch.com/site/petalbot)"
68.65.122.142 - - [19/Sep/2024:10:38:57 -0400] "POST /?wordfence_syncAttackData=1726756737.0569 HTTP/1.1" 200 0 "-" "WordPress/6.2.1; https://glenbowcollege.ca"
68.65.122.142 - - [19/Sep/2024:10:38:58 -0400] "POST /wp-cron.php?doing_wp_cron=1726756738.3301188945770263671875 HTTP/1.1" 403 1242 "-" "WordPress/6.2.1; https://glenbowcollege.ca"
47.128.123.191 - - [19/Sep/2024:10:38:59 -0400] "GET /wp-content/uploads/2020/02/logo_white-600x258.png HTTP/1.1" 206 500 "https://glenbowcollege.ca/?s=1z0-1084-23+Deutsche+Pr%C3%BCfungsfragen+%F0%9F%90%B2+1z0-1084-23+Vorbereitung+%E2%9C%8A+1z0-1084-23+%C3%9Cbungsmaterialien+%F0%9F%95%8B+Erhalten+Sie+den+kostenlosen+Download+von+%E2%9E%BD+1z0-1084-23+%F0%9F%A2%AA+m%C3%BChelos+%C3%BCber+%7B+www.itzert.com+%7D+%F0%9F%90%911z0-1084-23+Zertifizierungsfragen" "Mozilla/5.0 (Linux; Android 5.0) AppleWebKit/537.36 (KHTML, like Gecko) Mobile Safari/537.36 (compatible; Bytespider; spider-feedback@bytedance.com)"
172.245.168.36 - - [19/Sep/2024:10:36:40 -0400] "POST /index.php/wp-json/litespeed/v1/cdn_status HTTP/1.1" 403 6990 "https://glenbowcollege.ca/wp-admin/update.php?action=upload-plugin" "Mozilla/5.0 (Windows NT 10.0; Win64; x64; rv:128.0) Gecko/20100101 Firefox/128.0"
47.128.123.191 - - [19/Sep/2024:10:38:56 -0400] "GET /?s=1z0-1084-23+Deutsche+Pr%C3%BCfungsfragen+%F0%9F%90%B2+1z0-1084-23+Vorbereitung+%E2%9C%8A+1z0-1084-23+%C3%9Cbungsmaterialien+%F0%9F%95%8B+Erhalten+Sie+den+kostenlosen+Download+von+%E2%9E%BD+1z0-1084-23+%F0%9F%A2%AA+m%C3%BChelos+%C3%BCber+%7B+www.itzert.com+%7D+%F0%9F%90%911z0-1084-23+Zertifizierungsfragen HTTP/1.1" 200 14594 "-" "Mozilla/5.0 (Linux; Android 5.0) AppleWebKit/537.36 (KHTML, like Gecko) Mobile Safari/537.36 (compatible; Bytespider; spider-feedback@bytedance.com)"
47.128.123.191 - - [19/Sep/2024:10:38:59 -0400] "GET /wp-content/uploads/2024/05/LC-Logo_Colour-600x266.png HTTP/1.1" 206 500 "https://glenbowcollege.ca/?s=1z0-1084-23+Deutsche+Pr%C3%BCfungsfragen+%F0%9F%90%B2+1z0-1084-23+Vorbereitung+%E2%9C%8A+1z0-1084-23+%C3%9Cbungsmaterialien+%F0%9F%95%8B+Erhalten+Sie+den+kostenlosen+Download+von+%E2%9E%BD+1z0-1084-23+%F0%9F%A2%AA+m%C3%BChelos+%C3%BCber+%7B+www.itzert.com+%7D+%F0%9F%90%911z0-1084-23+Zertifizierungsfragen" "Mozilla/5.0 (Linux; Android 5.0) AppleWebKit/537.36 (KHTML, like Gecko) Mobile Safari/537.36 (compatible; Bytespider; spider-feedback@bytedance.com)"
68.65.122.142 - - [19/Sep/2024:10:47:47 -0400] "POST /wp-cron.php?doing_wp_cron=1726757267.8833320140838623046875 HTTP/1.1" 403 1242 "-" "WordPress/6.2.1; https://glenbowcollege.ca"
64.233.172.141 - - [19/Sep/2024:10:47:46 -0400] "GET /.well-known/traffic-advice HTTP/1.1" 404 14573 "-" "Chrome Privacy Preserving Prefetch Proxy"
68.65.122.142 - - [19/Sep/2024:10:49:18 -0400] "POST /wp-cron.php?doing_wp_cron=1726757358.0170359611511230468750 HTTP/1.1" 403 1242 "-" "WordPress/6.2.1; https://glenbowcollege.ca"
52.167.144.198 - - [19/Sep/2024:10:49:17 -0400] "GET /stuntcf4b/ HTTP/1.1" 404 14970 "-" "Mozilla/5.0 AppleWebKit/537.36 (KHTML, like Gecko; compatible; bingbot/2.0; +http://www.bing.com/bingbot.htm) Chrome/116.0.1938.76 Safari/537.36"
68.65.122.142 - - [19/Sep/2024:10:46:09 -0400] "POST /wp-cron.php?doing_wp_cron=1726757169.7569990158081054687500 HTTP/1.1" 403 1242 "-" "WordPress/6.2.1; https://glenbowcollege.ca"
157.55.39.61 - - [19/Sep/2024:10:46:08 -0400] "GET /sitemap_index.xml HTTP/1.1" 200 382 "-" "Mozilla/5.0 AppleWebKit/537.36 (KHTML, like Gecko; compatible; bingbot/2.0; +http://www.bing.com/bingbot.htm) Chrome/116.0.1938.76 Safari/537.36"
68.65.122.142 - - [19/Sep/2024:10:47:47 -0400] "POST /wp-cron.php?doing_wp_cron=1726757267.9768989086151123046875 HTTP/1.1" 403 1242 "-" "WordPress/6.2.1; https://glenbowcollege.ca"
193.186.4.244 - - [19/Sep/2024:10:47:46 -0400] "GET /international/international-programs/hospitality-management-diploma-program/ HTTP/1.1" 200 19524 "https://www.google.com/" "Mozilla/5.0 (Windows NT 10.0; Win64; x64) AppleWebKit/537.36 (KHTML, like Gecko) Chrome/128.0.0.0 Safari/537.36"
68.65.122.142 - - [19/Sep/2024:11:10:19 -0400] "POST /wp-cron.php?doing_wp_cron=1726758619.8114199638366699218750 HTTP/1.1" 403 1242 "-" "WordPress/6.2.1; https://glenbowcollege.ca"
70.73.96.118 - - [19/Sep/2024:11:10:18 -0400] "POST /wp-admin/admin-ajax.php HTTP/1.1" 200 48 "https://glenbowcollege.ca/wp-admin/post.php?post=272&action=edit" "Mozilla/5.0 (Windows NT 10.0; Win64; x64) AppleWebKit/537.36 (KHTML, like Gecko) Chrome/128.0.0.0 Safari/537.36 Edg/128.0.0.0"
70.73.96.118 - - [19/Sep/2024:11:10:21 -0400] "GET /wp-admin/css/l10n.min.css?ver=6.2.1 HTTP/1.1" 200 596 "https://glenbowcollege.ca/yonetici?interim-login=1&wp_lang=en_US" "Mozilla/5.0 (Windows NT 10.0; Win64; x64) AppleWebKit/537.36 (KHTML, like Gecko) Chrome/128.0.0.0 Safari/537.36 Edg/128.0.0.0"
70.73.96.118 - - [19/Sep/2024:11:10:21 -0400] "GET /wp-admin/css/login.min.css?ver=6.2.1 HTTP/1.1" 200 1947 "https://glenbowcollege.ca/yonetici?interim-login=1&wp_lang=en_US" "Mozilla/5.0 (Windows NT 10.0; Win64; x64) AppleWebKit/537.36 (KHTML, like Gecko) Chrome/128.0.0.0 Safari/537.36 Edg/128.0.0.0"
70.73.96.118 - - [19/Sep/2024:11:10:21 -0400] "GET /wp-admin/js/password-strength-meter.min.js?ver=6.2.1 HTTP/1.1" 200 2168 "https://glenbowcollege.ca/yonetici?interim-login=1&wp_lang=en_US" "Mozilla/5.0 (Windows NT 10.0; Win64; x64) AppleWebKit/537.36 (KHTML, like Gecko) Chrome/128.0.0.0 Safari/537.36 Edg/128.0.0.0"
70.73.96.118 - - [19/Sep/2024:11:10:21 -0400] "GET /wp-admin/images/wordpress-logo.svg?ver=20131107 HTTP/1.1" 200 759 "https://glenbowcollege.ca/wp-admin/css/login.min.css?ver=6.2.1" "Mozilla/5.0 (Windows NT 10.0; Win64; x64) AppleWebKit/537.36 (KHTML, like Gecko) Chrome/128.0.0.0 Safari/537.36 Edg/128.0.0.0"
70.73.96.118 - - [19/Sep/2024:11:10:21 -0400] "GET /wp-includes/js/zxcvbn.min.js HTTP/1.1" 200 391141 "https://glenbowcollege.ca/yonetici?interim-login=1&wp_lang=en_US" "Mozilla/5.0 (Windows NT 10.0; Win64; x64) AppleWebKit/537.36 (KHTML, like Gecko) Chrome/128.0.0.0 Safari/537.36 Edg/128.0.0.0"
70.73.96.118 - - [19/Sep/2024:11:10:23 -0400] "POST /yonetici HTTP/1.1" 200 820 "https://glenbowcollege.ca/yonetici?interim-login=1&wp_lang=en_US" "Mozilla/5.0 (Windows NT 10.0; Win64; x64) AppleWebKit/537.36 (KHTML, like Gecko) Chrome/128.0.0.0 Safari/537.36 Edg/128.0.0.0"
68.65.122.142 - - [19/Sep/2024:11:11:48 -0400] "POST /wp-admin/admin-ajax.php?action=as_async_request_queue_runner&nonce=6e603cf349 HTTP/1.1" 403 1242 "-" "WordPress/6.2.1; https://glenbowcollege.ca"
70.73.96.118 - - [19/Sep/2024:11:11:47 -0400] "POST /wp-admin/admin-ajax.php HTTP/1.1" 200 99 "https://glenbowcollege.ca/wp-admin/post.php?post=272&action=edit" "Mozilla/5.0 (Windows NT 10.0; Win64; x64) AppleWebKit/537.36 (KHTML, like Gecko) Chrome/128.0.0.0 Safari/537.36 Edg/128.0.0.0"
68.65.122.142 - - [19/Sep/2024:11:13:08 -0400] "POST /wp-cron.php?doing_wp_cron=1726758788.6125888824462890625000 HTTP/1.1" 403 1242 "-" "WordPress/6.2.1; https://glenbowcollege.ca"
70.73.96.118 - - [19/Sep/2024:11:13:07 -0400] "GET /certifications/teaching-english-to-speakers-of-other-languages/ HTTP/1.1" 200 24339 "https://glenbowcollege.ca/certifications/teaching-english-to-speakers-of-other-languages/" "Mozilla/5.0 (Windows NT 10.0; Win64; x64) AppleWebKit/537.36 (KHTML, like Gecko) Chrome/128.0.0.0 Safari/537.36 Edg/128.0.0.0"
70.73.96.118 - - [19/Sep/2024:11:13:31 -0400] "GET / HTTP/1.1" 200 25367 "-" "Mozilla/5.0 (Windows NT 10.0; Win64; x64) AppleWebKit/537.36 (KHTML, like Gecko) Chrome/128.0.0.0 Safari/537.36 Edg/128.0.0.0"
70.73.96.118 - - [19/Sep/2024:11:13:47 -0400] "POST /wp-admin/admin-ajax.php HTTP/1.1" 200 99 "https://glenbowcollege.ca/wp-admin/post.php?post=272&action=edit" "Mozilla/5.0 (Windows NT 10.0; Win64; x64) AppleWebKit/537.36 (KHTML, like Gecko) Chrome/128.0.0.0 Safari/537.36 Edg/128.0.0.0"
68.65.122.142 - - [19/Sep/2024:11:10:19 -0400] "POST /wp-admin/admin-ajax.php?action=as_async_request_queue_runner&nonce=65bfdac88b HTTP/1.1" 403 1242 "-" "WordPress/6.2.1; https://glenbowcollege.ca"
70.73.96.118 - - [19/Sep/2024:11:10:20 -0400] "GET /yonetici?interim-login=1&wp_lang=en_US HTTP/1.1" 200 2094 "https://glenbowcollege.ca/wp-admin/post.php?post=272&action=edit" "Mozilla/5.0 (Windows NT 10.0; Win64; x64) AppleWebKit/537.36 (KHTML, like Gecko) Chrome/128.0.0.0 Safari/537.36 Edg/128.0.0.0"
70.73.96.118 - - [19/Sep/2024:11:10:21 -0400] "GET /wp-includes/css/buttons.min.css?ver=6.2.1 HTTP/1.1" 200 1255 "https://glenbowcollege.ca/yonetici?interim-login=1&wp_lang=en_US" "Mozilla/5.0 (Windows NT 10.0; Win64; x64) AppleWebKit/537.36 (KHTML, like Gecko) Chrome/128.0.0.0 Safari/537.36 Edg/128.0.0.0"
70.73.96.118 - - [19/Sep/2024:11:10:21 -0400] "GET /wp-admin/css/forms.min.css?ver=6.2.1 HTTP/1.1" 200 6078 "https://glenbowcollege.ca/yonetici?interim-login=1&wp_lang=en_US" "Mozilla/5.0 (Windows NT 10.0; Win64; x64) AppleWebKit/537.36 (KHTML, like Gecko) Chrome/128.0.0.0 Safari/537.36 Edg/128.0.0.0"
70.73.96.118 - - [19/Sep/2024:11:10:21 -0400] "GET /wp-includes/js/zxcvbn-async.min.js?ver=1.0 HTTP/1.1" 200 1785 "https://glenbowcollege.ca/yonetici?interim-login=1&wp_lang=en_US" "Mozilla/5.0 (Windows NT 10.0; Win64; x64) AppleWebKit/537.36 (KHTML, like Gecko) Chrome/128.0.0.0 Safari/537.36 Edg/128.0.0.0"
70.73.96.118 - - [19/Sep/2024:11:10:21 -0400] "GET /wp-admin/js/user-profile.min.js?ver=6.2.1 HTTP/1.1" 200 3750 "https://glenbowcollege.ca/yonetici?interim-login=1&wp_lang=en_US" "Mozilla/5.0 (Windows NT 10.0; Win64; x64) AppleWebKit/537.36 (KHTML, like Gecko) Chrome/128.0.0.0 Safari/537.36 Edg/128.0.0.0"
70.73.96.118 - - [19/Sep/2024:11:10:46 -0400] "POST /wp-admin/admin-ajax.php HTTP/1.1" 200 189 "https://glenbowcollege.ca/wp-admin/post.php?post=272&action=edit" "Mozilla/5.0 (Windows NT 10.0; Win64; x64) AppleWebKit/537.36 (KHTML, like Gecko) Chrome/128.0.0.0 Safari/537.36 Edg/128.0.0.0"
70.73.96.118 - - [19/Sep/2024:11:10:55 -0400] "GET /certifications/teaching-english-to-speakers-of-other-languages/ HTTP/1.1" 200 24321 "-" "Mozilla/5.0 (Windows NT 10.0; Win64; x64) AppleWebKit/537.36 (KHTML, like Gecko) Chrome/128.0.0.0 Safari/537.36 Edg/128.0.0.0"
5.161.226.151 - - [19/Sep/2024:11:11:18 -0400] "POST /wp-load.php?1a360d=78211 HTTP/1.1" 403 1242 "-" "Mozilla/5.0 (Windows NT 10.0; Win64; x64) AppleWebKit/537.36 (KHTML, like Gecko) Chrome/104.0.5112.97 Safari/537.36"
68.65.122.142 - - [19/Sep/2024:11:11:48 -0400] "POST /wp-cron.php?doing_wp_cron=1726758708.2001700401306152343750 HTTP/1.1" 403 1242 "-" "WordPress/6.2.1; https://glenbowcollege.ca"
68.65.122.142 - - [19/Sep/2024:11:13:48 -0400] "POST /wp-admin/admin-ajax.php?action=as_async_request_queue_runner&nonce=6e603cf349 HTTP/1.1" 403 1242 "-" "WordPress/6.2.1; https://glenbowcollege.ca"
70.73.96.118 - - [19/Sep/2024:11:13:53 -0400] "GET /certifications/teaching-english-to-speakers-of-other-languages/ HTTP/1.1" 200 24307 "https://glenbowcollege.ca/" "Mozilla/5.0 (Windows NT 10.0; Win64; x64) AppleWebKit/537.36 (KHTML, like Gecko) Chrome/128.0.0.0 Safari/537.36 Edg/128.0.0.0"
70.73.96.118 - - [19/Sep/2024:11:13:58 -0400] "GET /yonetici?action=logout&_wpnonce=6faf03a06e HTTP/1.1" 302 0 "https://glenbowcollege.ca/certifications/teaching-english-to-speakers-of-other-languages/" "Mozilla/5.0 (Windows NT 10.0; Win64; x64) AppleWebKit/537.36 (KHTML, like Gecko) Chrome/128.0.0.0 Safari/537.36 Edg/128.0.0.0"
70.73.96.118 - - [19/Sep/2024:11:14:05 -0400] "GET / HTTP/1.1" 200 20458 "-" "Mozilla/5.0 (Windows NT 10.0; Win64; x64) AppleWebKit/537.36 (KHTML, like Gecko) Chrome/128.0.0.0 Safari/537.36 Edg/128.0.0.0"
70.73.96.118 - - [19/Sep/2024:11:15:22 -0400] "GET /wp-content/plugins/woocommerce/assets/js/frontend/single-product.min.js?ver=7.8.0 HTTP/1.1" 200 3370 "https://glenbowcollege.ca/make-payment/" "Mozilla/5.0 (Windows NT 10.0; Win64; x64) AppleWebKit/537.36 (KHTML, like Gecko) Chrome/128.0.0.0 Safari/537.36 Edg/128.0.0.0"
70.73.96.118 - - [19/Sep/2024:11:13:59 -0400] "GET /yonetici?loggedout=true&wp_lang=en_US HTTP/1.1" 200 2106 "https://glenbowcollege.ca/certifications/teaching-english-to-speakers-of-other-languages/" "Mozilla/5.0 (Windows NT 10.0; Win64; x64) AppleWebKit/537.36 (KHTML, like Gecko) Chrome/128.0.0.0 Safari/537.36 Edg/128.0.0.0"
70.73.96.118 - - [19/Sep/2024:11:14:22 -0400] "GET /certifications/teaching-english-to-speakers-of-other-languages/ HTTP/1.1" 200 18451 "https://glenbowcollege.ca/" "Mozilla/5.0 (Windows NT 10.0; Win64; x64) AppleWebKit/537.36 (KHTML, like Gecko) Chrome/128.0.0.0 Safari/537.36 Edg/128.0.0.0"
42.83.147.53 - - [19/Sep/2024:11:14:22 -0400] "GET / HTTP/1.1" 200 23140 "-" "Mozilla/5.0 (Windows NT 6.1; Win64; x64) AppleWebKit/537.36 (KHTML, like Gecko)Chrome/74.0.3729.169 Safari/537.36"
70.73.96.118 - - [19/Sep/2024:11:14:23 -0400] "GET /certifications/teaching-english-to-speakers-of-other-languages/ HTTP/1.1" 200 18445 "https://glenbowcollege.ca/" "Mozilla/5.0 (Windows NT 10.0; Win64; x64) AppleWebKit/537.36 (KHTML, like Gecko) Chrome/128.0.0.0 Safari/537.36 Edg/128.0.0.0"
68.65.122.142 - - [19/Sep/2024:11:15:22 -0400] "POST /wp-cron.php?doing_wp_cron=1726758922.1242110729217529296875 HTTP/1.1" 403 1242 "-" "WordPress/6.2.1; https://glenbowcollege.ca"
70.73.96.118 - - [19/Sep/2024:11:15:21 -0400] "GET /make-payment/ HTTP/1.1" 200 19486 "https://glenbowcollege.ca/certifications/teaching-english-to-speakers-of-other-languages/" "Mozilla/5.0 (Windows NT 10.0; Win64; x64) AppleWebKit/537.36 (KHTML, like Gecko) Chrome/128.0.0.0 Safari/537.36 Edg/128.0.0.0"
70.73.96.118 - - [19/Sep/2024:11:15:22 -0400] "GET /wp-content/plugins/woocommerce/assets/js/frontend/add-to-cart-variation.min.js?ver=7.8.0 HTTP/1.1" 200 5066 "https://glenbowcollege.ca/make-payment/" "Mozilla/5.0 (Windows NT 10.0; Win64; x64) AppleWebKit/537.36 (KHTML, like Gecko) Chrome/128.0.0.0 Safari/537.36 Edg/128.0.0.0"
68.65.122.142 - - [19/Sep/2024:11:15:45 -0400] "POST /wp-admin/admin-ajax.php?action=as_async_request_queue_runner&nonce=fa13bd5761 HTTP/1.1" 403 1242 "-" "WordPress/6.2.1; https://glenbowcollege.ca"
70.73.96.118 - - [19/Sep/2024:11:15:44 -0400] "POST /wp-admin/admin-ajax.php HTTP/1.1" 200 48 "https://glenbowcollege.ca/wp-admin/post.php?post=272&action=edit" "Mozilla/5.0 (Windows NT 10.0; Win64; x64) AppleWebKit/537.36 (KHTML, like Gecko) Chrome/128.0.0.0 Safari/537.36 Edg/128.0.0.0"
68.65.122.142 - - [19/Sep/2024:11:16:46 -0400] "POST /wp-admin/admin-ajax.php?action=as_async_request_queue_runner&nonce=fa13bd5761 HTTP/1.1" 403 1242 "-" "WordPress/6.2.1; https://glenbowcollege.ca"
70.73.96.118 - - [19/Sep/2024:11:16:45 -0400] "POST /wp-admin/admin-ajax.php HTTP/1.1" 200 48 "https://glenbowcollege.ca/wp-admin/post.php?post=272&action=edit" "Mozilla/5.0 (Windows NT 10.0; Win64; x64) AppleWebKit/537.36 (KHTML, like Gecko) Chrome/128.0.0.0 Safari/537.36 Edg/128.0.0.0"
70.73.96.118 - - [19/Sep/2024:11:16:47 -0400] "GET /yonetici?interim-login=1&wp_lang=en_US HTTP/1.1" 200 2093 "https://glenbowcollege.ca/wp-admin/post.php?post=272&action=edit" "Mozilla/5.0 (Windows NT 10.0; Win64; x64) AppleWebKit/537.36 (KHTML, like Gecko) Chrome/128.0.0.0 Safari/537.36 Edg/128.0.0.0"
68.65.122.142 - - [19/Sep/2024:11:17:46 -0400] "POST /wp-cron.php?doing_wp_cron=1726759066.6507511138916015625000 HTTP/1.1" 403 1242 "-" "WordPress/6.2.1; https://glenbowcollege.ca"
70.73.96.118 - - [19/Sep/2024:11:17:45 -0400] "POST /wp-admin/admin-ajax.php HTTP/1.1" 200 48 "https://glenbowcollege.ca/wp-admin/post.php?post=272&action=edit" "Mozilla/5.0 (Windows NT 10.0; Win64; x64) AppleWebKit/537.36 (KHTML, like Gecko) Chrome/128.0.0.0 Safari/537.36 Edg/128.0.0.0"
68.65.122.142 - - [19/Sep/2024:11:19:48 -0400] "POST /wp-cron.php?doing_wp_cron=1726759188.0941228866577148437500 HTTP/1.1" 403 1242 "-" "WordPress/6.2.1; https://glenbowcollege.ca"
68.65.122.142 - - [19/Sep/2024:11:19:48 -0400] "POST /wp-admin/admin-ajax.php?action=as_async_request_queue_runner&nonce=fa13bd5761 HTTP/1.1" 403 1242 "-" "WordPress/6.2.1; https://glenbowcollege.ca"
70.73.96.118 - - [19/Sep/2024:11:19:47 -0400] "POST /wp-admin/admin-ajax.php HTTP/1.1" 200 48 "https://glenbowcollege.ca/wp-admin/post.php?post=272&action=edit" "Mozilla/5.0 (Windows NT 10.0; Win64; x64) AppleWebKit/537.36 (KHTML, like Gecko) Chrome/128.0.0.0 Safari/537.36 Edg/128.0.0.0"
68.65.122.142 - - [19/Sep/2024:11:21:48 -0400] "POST /wp-cron.php?doing_wp_cron=1726759308.5113561153411865234375 HTTP/1.1" 403 1242 "-" "WordPress/6.2.1; https://glenbowcollege.ca"
68.65.122.142 - - [19/Sep/2024:11:21:48 -0400] "POST /wp-admin/admin-ajax.php?action=as_async_request_queue_runner&nonce=fa13bd5761 HTTP/1.1" 403 1242 "-" "WordPress/6.2.1; https://glenbowcollege.ca"
70.73.96.118 - - [19/Sep/2024:11:21:47 -0400] "POST /wp-admin/admin-ajax.php HTTP/1.1" 200 48 "https://glenbowcollege.ca/wp-admin/post.php?post=272&action=edit" "Mozilla/5.0 (Windows NT 10.0; Win64; x64) AppleWebKit/537.36 (KHTML, like Gecko) Chrome/128.0.0.0 Safari/537.36 Edg/128.0.0.0"
68.65.122.142 - - [19/Sep/2024:11:23:48 -0400] "POST /wp-cron.php?doing_wp_cron=1726759428.6755719184875488281250 HTTP/1.1" 403 1242 "-" "WordPress/6.2.1; https://glenbowcollege.ca"
68.65.122.142 - - [19/Sep/2024:11:23:48 -0400] "POST /wp-admin/admin-ajax.php?action=as_async_request_queue_runner&nonce=fa13bd5761 HTTP/1.1" 403 1242 "-" "WordPress/6.2.1; https://glenbowcollege.ca"
45.42.40.138 - - [19/Sep/2024:11:25:22 -0400] "GET / HTTP/1.1" 200 20418 "-" "Mozilla/5.0 (Macintosh; Intel Mac OS X 10_15_7) AppleWebKit/537.36 (KHTML, like Gecko) Chrome/104.0.5112.79 Safari/537.36"
45.42.40.138 - - [19/Sep/2024:11:25:23 -0400] "GET /wp-content/plugins/woocommerce/packages/woocommerce-blocks/build/wc-blocks-vendors-style.css?ver=10.2.3 HTTP/1.1" 200 1760 "https://glenbowcollege.ca/" "Mozilla/5.0 (Macintosh; Intel Mac OS X 10_15_7) AppleWebKit/537.36 (KHTML, like Gecko) Chrome/104.0.5112.79 Safari/537.36"
68.65.122.142 - - [19/Sep/2024:11:16:46 -0400] "POST /wp-cron.php?doing_wp_cron=1726759006.2677609920501708984375 HTTP/1.1" 403 1242 "-" "WordPress/6.2.1; https://glenbowcollege.ca"
70.73.96.118 - - [19/Sep/2024:11:23:47 -0400] "POST /wp-admin/admin-ajax.php HTTP/1.1" 200 48 "https://glenbowcollege.ca/wp-admin/post.php?post=272&action=edit" "Mozilla/5.0 (Windows NT 10.0; Win64; x64) AppleWebKit/537.36 (KHTML, like Gecko) Chrome/128.0.0.0 Safari/537.36 Edg/128.0.0.0"
45.42.40.138 - - [19/Sep/2024:11:25:23 -0400] "GET /wp-includes/css/dist/block-library/style.min.css?ver=6.2.1 HTTP/1.1" 200 11775 "https://glenbowcollege.ca/" "Mozilla/5.0 (Macintosh; Intel Mac OS X 10_15_7) AppleWebKit/537.36 (KHTML, like Gecko) Chrome/104.0.5112.79 Safari/537.36"
45.42.40.138 - - [19/Sep/2024:11:25:23 -0400] "GET /wp-content/plugins/coblocks/dist/style-coblocks-1.css?ver=3.1.5 HTTP/1.1" 200 34606 "https://glenbowcollege.ca/" "Mozilla/5.0 (Macintosh; Intel Mac OS X 10_15_7) AppleWebKit/537.36 (KHTML, like Gecko) Chrome/104.0.5112.79 Safari/537.36"
45.42.40.138 - - [19/Sep/2024:11:25:23 -0400] "GET /wp-content/plugins/coblocks/dist/style-coblocks-animation.css?ver=d9b2b27566e6a2a85d1b HTTP/1.1" 200 871 "https://glenbowcollege.ca/" "Mozilla/5.0 (Macintosh; Intel Mac OS X 10_15_7) AppleWebKit/537.36 (KHTML, like Gecko) Chrome/104.0.5112.79 Safari/537.36"
45.42.40.138 - - [19/Sep/2024:11:25:23 -0400] "GET /wp-includes/css/dist/components/style.min.css?ver=6.2.1 HTTP/1.1" 200 11247 "https://glenbowcollege.ca/" "Mozilla/5.0 (Macintosh; Intel Mac OS X 10_15_7) AppleWebKit/537.36 (KHTML, like Gecko) Chrome/104.0.5112.79 Safari/537.36"
45.42.40.138 - - [19/Sep/2024:11:25:23 -0400] "GET /wp-content/plugins/woocommerce/assets/css/woocommerce-layout.css?ver=7.8.0 HTTP/1.1" 200 2313 "https://glenbowcollege.ca/" "Mozilla/5.0 (Macintosh; Intel Mac OS X 10_15_7) AppleWebKit/537.36 (KHTML, like Gecko) Chrome/104.0.5112.79 Safari/537.36"
45.42.40.138 - - [19/Sep/2024:11:25:23 -0400] "GET /wp-content/plugins/woocommerce/assets/css/woocommerce.css?ver=7.8.0 HTTP/1.1" 200 8786 "https://glenbowcollege.ca/" "Mozilla/5.0 (Macintosh; Intel Mac OS X 10_15_7) AppleWebKit/537.36 (KHTML, like Gecko) Chrome/104.0.5112.79 Safari/537.36"
45.42.40.138 - - [19/Sep/2024:11:25:23 -0400] "GET /wp-content/plugins/coblocks/includes/Dependencies/GoDaddy/Styles/build/latest.css?ver=2.0.2 HTTP/1.1" 200 1313 "https://glenbowcollege.ca/" "Mozilla/5.0 (Macintosh; Intel Mac OS X 10_15_7) AppleWebKit/537.36 (KHTML, like Gecko) Chrome/104.0.5112.79 Safari/537.36"
45.42.40.138 - - [19/Sep/2024:11:25:23 -0400] "GET /wp-content/plugins/strong-testimonials/public/css/slider-controls-simple-buttons.css?ver=3.1.7 HTTP/1.1" 200 788 "https://glenbowcollege.ca/" "Mozilla/5.0 (Macintosh; Intel Mac OS X 10_15_7) AppleWebKit/537.36 (KHTML, like Gecko) Chrome/104.0.5112.79 Safari/537.36"
45.42.40.138 - - [19/Sep/2024:11:25:23 -0400] "GET /wp-content/themes/education-hub-pro/style.css?ver=3.4.1 HTTP/1.1" 200 14555 "https://glenbowcollege.ca/" "Mozilla/5.0 (Macintosh; Intel Mac OS X 10_15_7) AppleWebKit/537.36 (KHTML, like Gecko) Chrome/104.0.5112.79 Safari/537.36"
45.42.40.138 - - [19/Sep/2024:11:25:23 -0400] "GET /wp-content/plugins/strong-testimonials/templates/default/content.css?ver=3.1.7 HTTP/1.1" 200 1833 "https://glenbowcollege.ca/" "Mozilla/5.0 (Macintosh; Intel Mac OS X 10_15_7) AppleWebKit/537.36 (KHTML, like Gecko) Chrome/104.0.5112.79 Safari/537.36"
45.42.40.138 - - [19/Sep/2024:11:25:23 -0400] "GET /wp-includes/js/dist/vendor/wp-polyfill-inert.min.js?ver=3.1.2 HTTP/1.1" 200 3977 "https://glenbowcollege.ca/" "Mozilla/5.0 (Macintosh; Intel Mac OS X 10_15_7) AppleWebKit/537.36 (KHTML, like Gecko) Chrome/104.0.5112.79 Safari/537.36"
45.42.40.138 - - [19/Sep/2024:11:25:23 -0400] "GET /wp-includes/js/dist/vendor/regenerator-runtime.min.js?ver=0.13.11 HTTP/1.1" 200 4042 "https://glenbowcollege.ca/" "Mozilla/5.0 (Macintosh; Intel Mac OS X 10_15_7) AppleWebKit/537.36 (KHTML, like Gecko) Chrome/104.0.5112.79 Safari/537.36"
45.42.40.138 - - [19/Sep/2024:11:25:23 -0400] "GET /wp-content/plugins/woocommerce/packages/woocommerce-blocks/build/wc-blocks-style.css?ver=10.2.3 HTTP/1.1" 200 26445 "https://glenbowcollege.ca/" "Mozilla/5.0 (Macintosh; Intel Mac OS X 10_15_7) AppleWebKit/537.36 (KHTML, like Gecko) Chrome/104.0.5112.79 Safari/537.36"
45.42.40.138 - - [19/Sep/2024:11:25:23 -0400] "GET /wp-content/plugins/coblocks/dist/style-coblocks-extensions.css?ver=3.1.5 HTTP/1.1" 200 304 "https://glenbowcollege.ca/" "Mozilla/5.0 (Macintosh; Intel Mac OS X 10_15_7) AppleWebKit/537.36 (KHTML, like Gecko) Chrome/104.0.5112.79 Safari/537.36"
45.42.40.138 - - [19/Sep/2024:11:25:23 -0400] "GET /wp-includes/css/classic-themes.min.css?ver=6.2.1 HTTP/1.1" 200 291 "https://glenbowcollege.ca/" "Mozilla/5.0 (Macintosh; Intel Mac OS X 10_15_7) AppleWebKit/537.36 (KHTML, like Gecko) Chrome/104.0.5112.79 Safari/537.36"
45.42.40.138 - - [19/Sep/2024:11:25:23 -0400] "GET /wp-content/plugins/add-to-cart-direct-checkout-for-woocommerce/public/css/pi-dcw-public.css?ver=2.1.64 HTTP/1.1" 200 294 "https://glenbowcollege.ca/" "Mozilla/5.0 (Macintosh; Intel Mac OS X 10_15_7) AppleWebKit/537.36 (KHTML, like Gecko) Chrome/104.0.5112.79 Safari/537.36"
45.42.40.138 - - [19/Sep/2024:11:25:23 -0400] "GET /wp-content/plugins/woocommerce-menu-bar-cart/assets/css/wpmenucart-icons.min.css?ver=2.14.2 HTTP/1.1" 200 192 "https://glenbowcollege.ca/" "Mozilla/5.0 (Macintosh; Intel Mac OS X 10_15_7) AppleWebKit/537.36 (KHTML, like Gecko) Chrome/104.0.5112.79 Safari/537.36"
45.42.40.138 - - [19/Sep/2024:11:25:23 -0400] "GET /wp-content/plugins/contact-form-7/includes/css/styles.css?ver=5.8.6 HTTP/1.1" 200 890 "https://glenbowcollege.ca/" "Mozilla/5.0 (Macintosh; Intel Mac OS X 10_15_7) AppleWebKit/537.36 (KHTML, like Gecko) Chrome/104.0.5112.79 Safari/537.36"
45.42.40.138 - - [19/Sep/2024:11:25:23 -0400] "GET /wp-content/plugins/woocommerce-menu-bar-cart/assets/css/wpmenucart-main.min.css?ver=2.14.2 HTTP/1.1" 200 329 "https://glenbowcollege.ca/" "Mozilla/5.0 (Macintosh; Intel Mac OS X 10_15_7) AppleWebKit/537.36 (KHTML, like Gecko) Chrome/104.0.5112.79 Safari/537.36"
45.42.40.138 - - [19/Sep/2024:11:25:23 -0400] "GET /wp-content/plugins/if-menu/assets/if-menu-site.css?ver=6.2.1 HTTP/1.1" 200 426 "https://glenbowcollege.ca/" "Mozilla/5.0 (Macintosh; Intel Mac OS X 10_15_7) AppleWebKit/537.36 (KHTML, like Gecko) Chrome/104.0.5112.79 Safari/537.36"
45.42.40.138 - - [19/Sep/2024:11:25:23 -0400] "GET /wp-content/themes/education-hub-pro/third-party/font-awesome/css/font-awesome.min.css?ver=4.7.0 HTTP/1.1" 200 6658 "https://glenbowcollege.ca/" "Mozilla/5.0 (Macintosh; Intel Mac OS X 10_15_7) AppleWebKit/537.36 (KHTML, like Gecko) Chrome/104.0.5112.79 Safari/537.36"
45.42.40.138 - - [19/Sep/2024:11:25:23 -0400] "GET /wp-includes/js/jquery/jquery.min.js?ver=3.6.4 HTTP/1.1" 200 31997 "https://glenbowcollege.ca/" "Mozilla/5.0 (Macintosh; Intel Mac OS X 10_15_7) AppleWebKit/537.36 (KHTML, like Gecko) Chrome/104.0.5112.79 Safari/537.36"
45.42.40.138 - - [19/Sep/2024:11:25:23 -0400] "GET /wp-content/plugins/strong-testimonials/public/css/rating-display.css?ver=3.1.7 HTTP/1.1" 200 910 "https://glenbowcollege.ca/" "Mozilla/5.0 (Macintosh; Intel Mac OS X 10_15_7) AppleWebKit/537.36 (KHTML, like Gecko) Chrome/104.0.5112.79 Safari/537.36"
45.42.40.138 - - [19/Sep/2024:11:25:23 -0400] "GET /wp-includes/js/dist/vendor/wp-polyfill.min.js?ver=3.15.0 HTTP/1.1" 200 7981 "https://glenbowcollege.ca/" "Mozilla/5.0 (Macintosh; Intel Mac OS X 10_15_7) AppleWebKit/537.36 (KHTML, like Gecko) Chrome/104.0.5112.79 Safari/537.36"
45.42.40.138 - - [19/Sep/2024:11:25:23 -0400] "GET /wp-content/plugins/add-to-cart-direct-checkout-for-woocommerce/public/js/pi-dcw-public.js?ver=2.1.64 HTTP/1.1" 200 2632 "https://glenbowcollege.ca/" "Mozilla/5.0 (Macintosh; Intel Mac OS X 10_15_7) AppleWebKit/537.36 (KHTML, like Gecko) Chrome/104.0.5112.79 Safari/537.36"
45.42.40.138 - - [19/Sep/2024:11:25:23 -0400] "GET /wp-includes/js/dist/hooks.min.js?ver=4169d3cf8e8d95a3d6d5 HTTP/1.1" 200 3212 "https://glenbowcollege.ca/" "Mozilla/5.0 (Macintosh; Intel Mac OS X 10_15_7) AppleWebKit/537.36 (KHTML, like Gecko) Chrome/104.0.5112.79 Safari/537.36"
45.42.40.138 - - [19/Sep/2024:11:25:23 -0400] "GET /wp-includes/js/jquery/jquery-migrate.min.js?ver=3.4.0 HTTP/1.1" 200 6236 "https://glenbowcollege.ca/" "Mozilla/5.0 (Macintosh; Intel Mac OS X 10_15_7) AppleWebKit/537.36 (KHTML, like Gecko) Chrome/104.0.5112.79 Safari/537.36"
45.42.40.138 - - [19/Sep/2024:11:25:23 -0400] "GET /wp-content/plugins/woocommerce-menu-bar-cart/assets/js/wpmenucart-ajax-assist.min.js?ver=2.14.2 HTTP/1.1" 200 1862 "https://glenbowcollege.ca/" "Mozilla/5.0 (Macintosh; Intel Mac OS X 10_15_7) AppleWebKit/537.36 (KHTML, like Gecko) Chrome/104.0.5112.79 Safari/537.36"
45.42.40.138 - - [19/Sep/2024:11:25:24 -0400] "GET /wp-content/plugins/contact-form-7/includes/swv/js/index.js?ver=5.8.6 HTTP/1.1" 200 4708 "https://glenbowcollege.ca/" "Mozilla/5.0 (Macintosh; Intel Mac OS X 10_15_7) AppleWebKit/537.36 (KHTML, like Gecko) Chrome/104.0.5112.79 Safari/537.36"
45.42.40.138 - - [19/Sep/2024:11:25:24 -0400] "GET /wp-content/plugins/contact-form-7/includes/js/index.js?ver=5.8.6 HTTP/1.1" 200 5589 "https://glenbowcollege.ca/" "Mozilla/5.0 (Macintosh; Intel Mac OS X 10_15_7) AppleWebKit/537.36 (KHTML, like Gecko) Chrome/104.0.5112.79 Safari/537.36"
45.42.40.138 - - [19/Sep/2024:11:25:24 -0400] "GET /wp-content/plugins/product-open-pricing-name-your-price-for-woocommerce/includes/js/alg-wc-pop-frontend.js?ver=1.7.1 HTTP/1.1" 200 2030 "https://glenbowcollege.ca/" "Mozilla/5.0 (Macintosh; Intel Mac OS X 10_15_7) AppleWebKit/537.36 (KHTML, like Gecko) Chrome/104.0.5112.79 Safari/537.36"
45.42.40.138 - - [19/Sep/2024:11:25:24 -0400] "GET /wp-content/plugins/woocommerce/assets/js/jquery-blockui/jquery.blockUI.min.js?ver=2.7.0-wc.7.8.0 HTTP/1.1" 200 4871 "https://glenbowcollege.ca/" "Mozilla/5.0 (Macintosh; Intel Mac OS X 10_15_7) AppleWebKit/537.36 (KHTML, like Gecko) Chrome/104.0.5112.79 Safari/537.36"
45.42.40.138 - - [19/Sep/2024:11:25:24 -0400] "GET /wp-content/plugins/woocommerce/assets/js/frontend/add-to-cart.min.js?ver=7.8.0 HTTP/1.1" 200 2603 "https://glenbowcollege.ca/" "Mozilla/5.0 (Macintosh; Intel Mac OS X 10_15_7) AppleWebKit/537.36 (KHTML, like Gecko) Chrome/104.0.5112.79 Safari/537.36"
45.42.40.138 - - [19/Sep/2024:11:25:24 -0400] "GET /wp-content/themes/education-hub-pro/third-party/cycle2/js/jquery.cycle2.min.js?ver=2.1.6 HTTP/1.1" 200 8485 "https://glenbowcollege.ca/" "Mozilla/5.0 (Macintosh; Intel Mac OS X 10_15_7) AppleWebKit/537.36 (KHTML, like Gecko) Chrome/104.0.5112.79 Safari/537.36"
45.42.40.138 - - [19/Sep/2024:11:25:24 -0400] "GET /wp-content/themes/education-hub-pro/js/navigation.min.js?ver=20160421 HTTP/1.1" 200 2592 "https://glenbowcollege.ca/" "Mozilla/5.0 (Macintosh; Intel Mac OS X 10_15_7) AppleWebKit/537.36 (KHTML, like Gecko) Chrome/104.0.5112.79 Safari/537.36"
45.42.40.138 - - [19/Sep/2024:11:25:24 -0400] "GET /wp-content/plugins/strong-testimonials/public/js/lib/actual/jquery-actual.min.js?ver=1.0.16 HTTP/1.1" 200 2187 "https://glenbowcollege.ca/" "Mozilla/5.0 (Macintosh; Intel Mac OS X 10_15_7) AppleWebKit/537.36 (KHTML, like Gecko) Chrome/104.0.5112.79 Safari/537.36"
45.42.40.138 - - [19/Sep/2024:11:25:24 -0400] "GET /wp-includes/js/underscore.min.js?ver=1.13.4 HTTP/1.1" 200 8804 "https://glenbowcollege.ca/" "Mozilla/5.0 (Macintosh; Intel Mac OS X 10_15_7) AppleWebKit/537.36 (KHTML, like Gecko) Chrome/104.0.5112.79 Safari/537.36"
45.42.40.138 - - [19/Sep/2024:11:25:24 -0400] "GET /wp-includes/js/dist/i18n.min.js?ver=9e794f35a71bb98672ae HTTP/1.1" 200 5326 "https://glenbowcollege.ca/" "Mozilla/5.0 (Macintosh; Intel Mac OS X 10_15_7) AppleWebKit/537.36 (KHTML, like Gecko) Chrome/104.0.5112.79 Safari/537.36"
45.42.40.138 - - [19/Sep/2024:11:25:24 -0400] "GET /wp-content/plugins/strong-testimonials/public/js/lib/strongslider/jquery-strongslider.min.js?ver=3.1.7 HTTP/1.1" 200 7840 "https://glenbowcollege.ca/" "Mozilla/5.0 (Macintosh; Intel Mac OS X 10_15_7) AppleWebKit/537.36 (KHTML, like Gecko) Chrome/104.0.5112.79 Safari/537.36"
45.42.40.138 - - [19/Sep/2024:11:25:23 -0400] "GET /wp-content/plugins/coblocks/dist/js/coblocks-animation.js?ver=3.1.5 HTTP/1.1" 200 1805 "https://glenbowcollege.ca/" "Mozilla/5.0 (Macintosh; Intel Mac OS X 10_15_7) AppleWebKit/537.36 (KHTML, like Gecko) Chrome/104.0.5112.79 Safari/537.36"
45.42.40.138 - - [19/Sep/2024:11:25:23 -0400] "GET /wp-content/plugins/coblocks/dist/js/vendors/tiny-swiper.js?ver=3.1.5 HTTP/1.1" 200 5729 "https://glenbowcollege.ca/" "Mozilla/5.0 (Macintosh; Intel Mac OS X 10_15_7) AppleWebKit/537.36 (KHTML, like Gecko) Chrome/104.0.5112.79 Safari/537.36"
45.42.40.138 - - [19/Sep/2024:11:25:23 -0400] "GET /wp-content/plugins/coblocks/dist/js/coblocks-tinyswiper-initializer.js?ver=3.1.5 HTTP/1.1" 200 6831 "https://glenbowcollege.ca/" "Mozilla/5.0 (Macintosh; Intel Mac OS X 10_15_7) AppleWebKit/537.36 (KHTML, like Gecko) Chrome/104.0.5112.79 Safari/537.36"
45.42.40.138 - - [19/Sep/2024:11:25:24 -0400] "GET /wp-content/plugins/woocommerce/assets/js/js-cookie/js.cookie.min.js?ver=2.1.4-wc.7.8.0 HTTP/1.1" 200 2491 "https://glenbowcollege.ca/" "Mozilla/5.0 (Macintosh; Intel Mac OS X 10_15_7) AppleWebKit/537.36 (KHTML, like Gecko) Chrome/104.0.5112.79 Safari/537.36"
45.42.40.138 - - [19/Sep/2024:11:25:24 -0400] "GET /wp-content/plugins/woocommerce/assets/js/frontend/woocommerce.min.js?ver=7.8.0 HTTP/1.1" 200 2310 "https://glenbowcollege.ca/" "Mozilla/5.0 (Macintosh; Intel Mac OS X 10_15_7) AppleWebKit/537.36 (KHTML, like Gecko) Chrome/104.0.5112.79 Safari/537.36"
45.42.40.138 - - [19/Sep/2024:11:25:24 -0400] "GET /wp-content/themes/education-hub-pro/js/skip-link-focus-fix.min.js?ver=20130115 HTTP/1.1" 200 1834 "https://glenbowcollege.ca/" "Mozilla/5.0 (Macintosh; Intel Mac OS X 10_15_7) AppleWebKit/537.36 (KHTML, like Gecko) Chrome/104.0.5112.79 Safari/537.36"
45.42.40.138 - - [19/Sep/2024:11:25:24 -0400] "GET /wp-content/themes/education-hub-pro/third-party/ticker/jquery.easy-ticker.min.js?ver=2.0 HTTP/1.1" 200 2683 "https://glenbowcollege.ca/" "Mozilla/5.0 (Macintosh; Intel Mac OS X 10_15_7) AppleWebKit/537.36 (KHTML, like Gecko) Chrome/104.0.5112.79 Safari/537.36"
45.42.40.138 - - [19/Sep/2024:11:25:24 -0400] "GET /wp-content/themes/education-hub-pro/js/custom.min.js?ver=1.0 HTTP/1.1" 200 2047 "https://glenbowcollege.ca/" "Mozilla/5.0 (Macintosh; Intel Mac OS X 10_15_7) AppleWebKit/537.36 (KHTML, like Gecko) Chrome/104.0.5112.79 Safari/537.36"
45.42.40.138 - - [19/Sep/2024:11:25:24 -0400] "GET /wp-includes/js/imagesloaded.min.js?ver=4.1.4 HTTP/1.1" 200 3379 "https://glenbowcollege.ca/" "Mozilla/5.0 (Macintosh; Intel Mac OS X 10_15_7) AppleWebKit/537.36 (KHTML, like Gecko) Chrome/104.0.5112.79 Safari/537.36"
45.42.40.138 - - [19/Sep/2024:11:25:24 -0400] "GET /wp-content/plugins/strong-testimonials/public/js/lib/verge/verge.min.js?ver=1.10.2 HTTP/1.1" 200 2152 "https://glenbowcollege.ca/" "Mozilla/5.0 (Macintosh; Intel Mac OS X 10_15_7) AppleWebKit/537.36 (KHTML, like Gecko) Chrome/104.0.5112.79 Safari/537.36"
45.42.40.138 - - [19/Sep/2024:11:25:24 -0400] "GET /wp-content/plugins/strong-testimonials/public/js/controller.min.js?ver=3.1.7 HTTP/1.1" 200 3091 "https://glenbowcollege.ca/" "Mozilla/5.0 (Macintosh; Intel Mac OS X 10_15_7) AppleWebKit/537.36 (KHTML, like Gecko) Chrome/104.0.5112.79 Safari/537.36"
45.42.40.138 - - [19/Sep/2024:11:25:24 -0400] "GET /wp-content/plugins/woocommerce/assets/css/woocommerce-smallscreen.css?ver=7.8.0 HTTP/1.1" 200 1058 "https://glenbowcollege.ca/" "Mozilla/5.0 (Macintosh; Intel Mac OS X 10_15_7) AppleWebKit/537.36 (KHTML, like Gecko) Chrome/104.0.5112.79 Safari/537.36"
54.36.148.29 - - [19/Sep/2024:11:28:46 -0400] "GET /robots.txt HTTP/1.1" 200 233 "-" "Mozilla/5.0 (compatible; AhrefsBot/7.0; +http://ahrefs.com/robot/)"
68.65.122.142 - - [19/Sep/2024:11:28:51 -0400] "POST /wp-cron.php?doing_wp_cron=1726759731.5516180992126464843750 HTTP/1.1" 403 1242 "-" "WordPress/6.2.1; https://glenbowcollege.ca"
68.65.122.142 - - [19/Sep/2024:11:33:22 -0400] "POST /wp-cron.php?doing_wp_cron=1726760002.2121469974517822265625 HTTP/1.1" 403 1242 "-" "WordPress/6.2.1; https://glenbowcollege.ca"
68.65.122.142 - - [19/Sep/2024:11:34:38 -0400] "POST /wp-admin/admin-ajax.php?action=as_async_request_queue_runner&nonce=fa13bd5761 HTTP/1.1" 403 1242 "-" "WordPress/6.2.1; https://glenbowcollege.ca"
70.73.96.118 - - [19/Sep/2024:11:34:37 -0400] "POST /wp-admin/admin-ajax.php HTTP/1.1" 200 48 "https://glenbowcollege.ca/wp-admin/post.php?post=272&action=edit" "Mozilla/5.0 (Windows NT 10.0; Win64; x64) AppleWebKit/537.36 (KHTML, like Gecko) Chrome/128.0.0.0 Safari/537.36 Edg/128.0.0.0"
70.73.96.118 - - [19/Sep/2024:11:34:39 -0400] "POST /yonetici HTTP/1.1" 200 820 "https://glenbowcollege.ca/yonetici?interim-login=1&wp_lang=en_US" "Mozilla/5.0 (Windows NT 10.0; Win64; x64) AppleWebKit/537.36 (KHTML, like Gecko) Chrome/128.0.0.0 Safari/537.36 Edg/128.0.0.0"
70.73.96.118 - - [19/Sep/2024:11:34:42 -0400] "POST /wp-admin/admin-ajax.php HTTP/1.1" 200 189 "https://glenbowcollege.ca/wp-admin/post.php?post=272&action=edit" "Mozilla/5.0 (Windows NT 10.0; Win64; x64) AppleWebKit/537.36 (KHTML, like Gecko) Chrome/128.0.0.0 Safari/537.36 Edg/128.0.0.0"
68.65.122.142 - - [19/Sep/2024:11:37:44 -0400] "POST /wp-admin/admin-ajax.php?action=as_async_request_queue_runner&nonce=33ac080b9b HTTP/1.1" 403 1242 "-" "WordPress/6.2.1; https://glenbowcollege.ca"
68.65.122.142 - - [19/Sep/2024:11:39:45 -0400] "POST /wp-cron.php?doing_wp_cron=1726760385.5932788848876953125000 HTTP/1.1" 403 1242 "-" "WordPress/6.2.1; https://glenbowcollege.ca"
68.65.122.142 - - [19/Sep/2024:11:41:46 -0400] "POST /wp-cron.php?doing_wp_cron=1726760506.5756659507751464843750 HTTP/1.1" 403 1242 "-" "WordPress/6.2.1; https://glenbowcollege.ca"
70.73.96.118 - - [19/Sep/2024:11:41:45 -0400] "POST /wp-admin/admin-ajax.php HTTP/1.1" 200 99 "https://glenbowcollege.ca/wp-admin/post.php?post=272&action=edit" "Mozilla/5.0 (Windows NT 10.0; Win64; x64) AppleWebKit/537.36 (KHTML, like Gecko) Chrome/128.0.0.0 Safari/537.36 Edg/128.0.0.0"
68.65.122.142 - - [19/Sep/2024:11:25:49 -0400] "POST /wp-admin/admin-ajax.php?action=as_async_request_queue_runner&nonce=fa13bd5761 HTTP/1.1" 403 1242 "-" "WordPress/6.2.1; https://glenbowcollege.ca"
70.73.96.118 - - [19/Sep/2024:11:25:48 -0400] "POST /wp-admin/admin-ajax.php HTTP/1.1" 200 48 "https://glenbowcollege.ca/wp-admin/post.php?post=272&action=edit" "Mozilla/5.0 (Windows NT 10.0; Win64; x64) AppleWebKit/537.36 (KHTML, like Gecko) Chrome/128.0.0.0 Safari/537.36 Edg/128.0.0.0"
51.222.253.3 - - [19/Sep/2024:11:28:50 -0400] "GET /feed/ HTTP/1.1" 200 5041 "-" "Mozilla/5.0 (compatible; AhrefsBot/7.0; +http://ahrefs.com/robot/)"
65.108.3.53 - - [19/Sep/2024:11:33:21 -0400] "GET /comment/?success&formid=1 HTTP/1.0" 200 84993 "-" "Mozilla/5.0 (Windows NT 6.3; Win64; x64) AppleWebKit/537.36 (KHTML, like Gecko) Chrome/75.0.3770.100 Safari/537.36"
68.65.122.142 - - [19/Sep/2024:11:34:38 -0400] "POST /wp-cron.php?doing_wp_cron=1726760078.1447169780731201171875 HTTP/1.1" 403 1242 "-" "WordPress/6.2.1; https://glenbowcollege.ca"
68.65.122.142 - - [19/Sep/2024:11:35:44 -0400] "POST /wp-cron.php?doing_wp_cron=1726760144.4052369594573974609375 HTTP/1.1" 403 1242 "-" "WordPress/6.2.1; https://glenbowcollege.ca"
68.65.122.142 - - [19/Sep/2024:11:35:44 -0400] "POST /wp-admin/admin-ajax.php?action=as_async_request_queue_runner&nonce=33ac080b9b HTTP/1.1" 403 1242 "-" "WordPress/6.2.1; https://glenbowcollege.ca"
70.73.96.118 - - [19/Sep/2024:11:35:42 -0400] "POST /wp-admin/admin-ajax.php HTTP/1.1" 200 99 "https://glenbowcollege.ca/wp-admin/post.php?post=272&action=edit" "Mozilla/5.0 (Windows NT 10.0; Win64; x64) AppleWebKit/537.36 (KHTML, like Gecko) Chrome/128.0.0.0 Safari/537.36 Edg/128.0.0.0"
68.65.122.142 - - [19/Sep/2024:11:37:44 -0400] "POST /wp-cron.php?doing_wp_cron=1726760264.7129600048065185546875 HTTP/1.1" 403 1242 "-" "WordPress/6.2.1; https://glenbowcollege.ca"
70.73.96.118 - - [19/Sep/2024:11:37:43 -0400] "POST /wp-admin/admin-ajax.php HTTP/1.1" 200 99 "https://glenbowcollege.ca/wp-admin/post.php?post=272&action=edit" "Mozilla/5.0 (Windows NT 10.0; Win64; x64) AppleWebKit/537.36 (KHTML, like Gecko) Chrome/128.0.0.0 Safari/537.36 Edg/128.0.0.0"
68.65.122.142 - - [19/Sep/2024:11:39:45 -0400] "POST /wp-admin/admin-ajax.php?action=as_async_request_queue_runner&nonce=33ac080b9b HTTP/1.1" 403 1242 "-" "WordPress/6.2.1; https://glenbowcollege.ca"
70.73.96.118 - - [19/Sep/2024:11:39:44 -0400] "POST /wp-admin/admin-ajax.php HTTP/1.1" 200 99 "https://glenbowcollege.ca/wp-admin/post.php?post=272&action=edit" "Mozilla/5.0 (Windows NT 10.0; Win64; x64) AppleWebKit/537.36 (KHTML, like Gecko) Chrome/128.0.0.0 Safari/537.36 Edg/128.0.0.0"
68.65.122.142 - - [19/Sep/2024:11:41:46 -0400] "POST /wp-admin/admin-ajax.php?action=as_async_request_queue_runner&nonce=33ac080b9b HTTP/1.1" 403 1242 "-" "WordPress/6.2.1; https://glenbowcollege.ca"
54.36.149.49 - - [19/Sep/2024:11:53:06 -0400] "GET /robots.txt HTTP/1.1" 200 233 "-" "Mozilla/5.0 (compatible; AhrefsBot/7.0; +http://ahrefs.com/robot/)"
68.65.122.142 - - [19/Sep/2024:11:43:47 -0400] "POST /wp-cron.php?doing_wp_cron=1726760627.6431360244750976562500 HTTP/1.1" 403 1242 "-" "WordPress/6.2.1; https://glenbowcollege.ca"
68.65.122.142 - - [19/Sep/2024:11:43:47 -0400] "POST /wp-admin/admin-ajax.php?action=as_async_request_queue_runner&nonce=33ac080b9b HTTP/1.1" 403 1242 "-" "WordPress/6.2.1; https://glenbowcollege.ca"
70.73.96.118 - - [19/Sep/2024:11:43:46 -0400] "POST /wp-admin/admin-ajax.php HTTP/1.1" 200 99 "https://glenbowcollege.ca/wp-admin/post.php?post=272&action=edit" "Mozilla/5.0 (Windows NT 10.0; Win64; x64) AppleWebKit/537.36 (KHTML, like Gecko) Chrome/128.0.0.0 Safari/537.36 Edg/128.0.0.0"
68.65.122.142 - - [19/Sep/2024:11:46:43 -0400] "POST /?wordfence_syncAttackData=1726760803.7358 HTTP/1.1" 200 0 "-" "WordPress/6.2.1; https://glenbowcollege.ca"
200.68.170.175 - - [19/Sep/2024:11:53:20 -0400] "POST /beta/index.php HTTP/1.1" 200 47 "https://glenbowcollege.ca" "Mozilla/5.0 (Windows NT 6.2; Win64; x64; rv:60.0) Gecko/20100101 Firefox/60.0"
68.65.122.142 - - [19/Sep/2024:11:54:32 -0400] "POST /wp-cron.php?doing_wp_cron=1726761272.9159231185913085937500 HTTP/1.1" 403 1242 "-" "WordPress/6.2.1; https://glenbowcollege.ca"
45.227.254.34 - - [19/Sep/2024:11:54:31 -0400] "GET / HTTP/1.1" 200 23152 "-" "Mozilla/5.0 (Macintosh; Intel Mac OS X 10_15_7) AppleWebKit/537.36 (KHTML, like Gecko) Chrome/120.0.0.0 Safari/537.36"
103.166.244.54 - - [19/Sep/2024:11:57:47 -0400] "POST /beta/index.php HTTP/1.1" 200 47 "https://glenbowcollege.ca" "Opera/9.80 (Windows NT 6.1); U) Presto/2.12.388 Version/12.14"
68.65.122.142 - - [19/Sep/2024:12:00:10 -0400] "POST /wp-cron.php?doing_wp_cron=1726761610.9611880779266357421875 HTTP/1.1" 403 1242 "-" "WordPress/6.2.1; https://glenbowcollege.ca"
45.250.47.33 - - [19/Sep/2024:12:01:00 -0400] "POST /beta/index.php HTTP/1.1" 200 47 "https://glenbowcollege.ca" "Mozilla/5.0 (Windows NT 6.1; WOW64) AppleWebKit/537.36 (KHTML, like Gecko) Chrome/62.0.2807.158 Safari/537.36"
