138.68.180.18 - - [19/Sep/2024:13:48:08 -0400] "GET /admissions/ HTTP/1.1" 200 20800 "-" "Mozilla/5.0 (Windows NT 10.0; Win64; x64) AppleWebKit/537.36 (KHTML, like Gecko) Chrome/124.0.0.0 Safari/537.36"
51.222.253.3 - - [19/Sep/2024:13:51:16 -0400] "GET /international/prospective-international-students/ HTTP/1.1" 200 16905 "-" "Mozilla/5.0 (compatible; AhrefsBot/7.0; +http://ahrefs.com/robot/)"
5.161.250.15 - - [19/Sep/2024:14:11:37 -0400] "POST /wp-load.php?518f01=59743 HTTP/1.1" 403 1242 "-" "Mozilla/5.0 (Windows NT 10.0; Win64; x64) AppleWebKit/537.36 (KHTML, like Gecko) Chrome/104.0.5112.97 Safari/537.36"
68.65.122.142 - - [19/Sep/2024:14:19:42 -0400] "POST /?wordfence_syncAttackData=1726769982.2149 HTTP/1.1" 200 0 "-" "WordPress/6.2.1; https://glenbowcollege.ca"
52.167.144.186 - - [19/Sep/2024:14:25:28 -0400] "GET /model6cf6/dbffaa1300476.htm HTTP/1.1" 404 14983 "-" "Mozilla/5.0 AppleWebKit/537.36 (KHTML, like Gecko; compatible; bingbot/2.0; +http://www.bing.com/bingbot.htm) Chrome/116.0.1938.76 Safari/537.36"
165.227.105.37 - - [19/Sep/2024:14:17:48 -0400] "GET /chosen.php?p= HTTP/1.1" 403 6989 "-" "Mozlila/5.0 (Linux; Android 7.0; SM-G892A Bulid/NRD90M; wv) AppleWebKit/537.36 (KHTML, like Gecko) Version/4.0 Chrome/60.0.3112.107 Moblie Safari/537.36"
195.2.71.197 - - [19/Sep/2024:14:19:44 -0400] "GET /about/contact-us/ HTTP/1.0" 200 75986 "https://glenbowcollege.ca/about/contact-us/" "Mozilla/5.0 (Windows NT 10.0; Win64; x64) AppleWebKit/537.36 (KHTML, like Gecko) Chrome/120.0.0.0 Iron Safari/537.36"
195.2.71.197 - - [19/Sep/2024:14:19:46 -0400] "POST /about/contact-us/ HTTP/1.0" 200 73959 "https://glenbowcollege.ca/about/contact-us/" "Mozilla/5.0 (Windows NT 10.0; Win64; x64) AppleWebKit/537.36 (KHTML, like Gecko) Chrome/120.0.0.0 Iron Safari/537.36"
68.65.122.142 - - [19/Sep/2024:14:25:29 -0400] "POST /wp-cron.php?doing_wp_cron=1726770329.7355189323425292968750 HTTP/1.1" 403 1242 "-" "WordPress/6.2.1; https://glenbowcollege.ca"
68.65.122.142 - - [19/Sep/2024:14:33:02 -0400] "POST /wp-cron.php?doing_wp_cron=1726770782.4005379676818847656250 HTTP/1.1" 403 1242 "-" "WordPress/6.2.1; https://glenbowcollege.ca"
68.65.122.142 - - [19/Sep/2024:14:37:09 -0400] "POST /wp-cron.php?doing_wp_cron=1726771029.6955230236053466796875 HTTP/1.1" 403 1242 "-" "WordPress/6.2.1; https://glenbowcollege.ca"
47.128.113.254 - - [19/Sep/2024:14:37:10 -0400] "GET /wp-content/uploads/2020/02/accounting-600x350.jpg HTTP/1.1" 206 500 "https://glenbowcollege.ca/programs/computerized-accounting-and-payroll-diploma/" "Mozilla/5.0 (compatible; Bytespider; spider-feedback@bytedance.com) AppleWebKit/537.36 (KHTML, like Gecko) Chrome/70.0.0.0 Safari/537.36"
66.222.249.180 - - [19/Sep/2024:14:44:23 -0400] "GET /wp-content/uploads/2020/04/english_as_a_second_language.jpg HTTP/1.1" 200 36750 "https://glenbowcollege.ca/certifications-esl/" "Mozilla/5.0 (Windows NT 10.0; Win64; x64) AppleWebKit/537.36 (KHTML, like Gecko) Chrome/128.0.0.0 Safari/537.36"
66.222.249.180 - - [19/Sep/2024:14:44:23 -0400] "GET /wp-content/plugins/pdf-embedder/assets/css/pdfemb-embed-pdf.css?ver=4.6.4 HTTP/1.1" 200 1770 "https://glenbowcollege.ca/certifications-esl/" "Mozilla/5.0 (Windows NT 10.0; Win64; x64) AppleWebKit/537.36 (KHTML, like Gecko) Chrome/128.0.0.0 Safari/537.36"
66.222.249.180 - - [19/Sep/2024:14:44:23 -0400] "GET /wp-content/uploads/2024/03/HEALTH-INSURANCE-POLICY.pdf HTTP/1.1" 200 634966 "https://glenbowcollege.ca/certifications-esl/" "Mozilla/5.0 (Windows NT 10.0; Win64; x64) AppleWebKit/537.36 (KHTML, like Gecko) Chrome/128.0.0.0 Safari/537.36"
66.222.249.180 - - [19/Sep/2024:14:44:23 -0400] "GET /wp-content/uploads/2024/03/student_handbook.pdf HTTP/1.1" 200 1599211 "https://glenbowcollege.ca/certifications-esl/" "Mozilla/5.0 (Windows NT 10.0; Win64; x64) AppleWebKit/537.36 (KHTML, like Gecko) Chrome/128.0.0.0 Safari/537.36"
66.222.249.180 - - [19/Sep/2024:14:44:26 -0400] "GET /wp-content/uploads/2024/03/programs2.jpg HTTP/1.1" 200 75999 "https://glenbowcollege.ca/certifications-esl/" "Mozilla/5.0 (Windows NT 10.0; Win64; x64) AppleWebKit/537.36 (KHTML, like Gecko) Chrome/128.0.0.0 Safari/537.36"
66.222.249.180 - - [19/Sep/2024:14:44:26 -0400] "GET /wp-content/uploads/2024/03/general_english.jpg HTTP/1.1" 200 14600 "https://glenbowcollege.ca/certifications-esl/" "Mozilla/5.0 (Windows NT 10.0; Win64; x64) AppleWebKit/537.36 (KHTML, like Gecko) Chrome/128.0.0.0 Safari/537.36"
68.65.122.142 - - [19/Sep/2024:14:45:40 -0400] "POST /wp-cron.php?doing_wp_cron=1726771540.0175180435180664062500 HTTP/1.1" 403 1242 "-" "WordPress/6.2.1; https://glenbowcollege.ca"
72.143.205.38 - - [19/Sep/2024:14:45:38 -0400] "GET / HTTP/1.1" 200 20449 "-" "Mozilla/5.0 (iPhone; CPU iPhone OS 17_6_1 like Mac OS X) AppleWebKit/605.1.15 (KHTML, like Gecko) Version/17.6 Mobile/15E148 Safari/604.1"
72.143.205.38 - - [19/Sep/2024:14:45:40 -0400] "GET /wp-includes/css/dist/block-library/style.min.css?ver=6.2.1 HTTP/1.1" 200 11775 "https://glenbowcollege.ca/" "Mozilla/5.0 (iPhone; CPU iPhone OS 17_6_1 like Mac OS X) AppleWebKit/605.1.15 (KHTML, like Gecko) Version/17.6 Mobile/15E148 Safari/604.1"
72.143.205.38 - - [19/Sep/2024:14:45:40 -0400] "GET /wp-content/plugins/woocommerce/packages/woocommerce-blocks/build/wc-blocks-vendors-style.css?ver=10.2.3 HTTP/1.1" 200 1760 "https://glenbowcollege.ca/" "Mozilla/5.0 (iPhone; CPU iPhone OS 17_6_1 like Mac OS X) AppleWebKit/605.1.15 (KHTML, like Gecko) Version/17.6 Mobile/15E148 Safari/604.1"
72.143.205.38 - - [19/Sep/2024:14:45:40 -0400] "GET /wp-content/plugins/woocommerce/packages/woocommerce-blocks/build/wc-blocks-style.css?ver=10.2.3 HTTP/1.1" 200 26445 "https://glenbowcollege.ca/" "Mozilla/5.0 (iPhone; CPU iPhone OS 17_6_1 like Mac OS X) AppleWebKit/605.1.15 (KHTML, like Gecko) Version/17.6 Mobile/15E148 Safari/604.1"
207.46.13.87 - - [19/Sep/2024:14:33:01 -0400] "GET /scrutiny2202/ HTTP/1.1" 404 14965 "-" "Mozilla/5.0 AppleWebKit/537.36 (KHTML, like Gecko; compatible; bingbot/2.0; +http://www.bing.com/bingbot.htm) Chrome/116.0.1938.76 Safari/537.36"
47.128.113.254 - - [19/Sep/2024:14:37:08 -0400] "GET /programs/computerized-accounting-and-payroll-diploma/ HTTP/1.1" 200 18924 "-" "Mozilla/5.0 (compatible; Bytespider; spider-feedback@bytedance.com) AppleWebKit/537.36 (KHTML, like Gecko) Chrome/70.0.0.0 Safari/537.36"
68.65.122.142 - - [19/Sep/2024:14:44:22 -0400] "POST /wp-cron.php?doing_wp_cron=1726771462.8974089622497558593750 HTTP/1.1" 403 1242 "-" "WordPress/6.2.1; https://glenbowcollege.ca"
66.222.249.180 - - [19/Sep/2024:14:44:21 -0400] "GET /certifications-esl/ HTTP/1.1" 200 20496 "https://glenbowcollege.ca/make-payment/" "Mozilla/5.0 (Windows NT 10.0; Win64; x64) AppleWebKit/537.36 (KHTML, like Gecko) Chrome/128.0.0.0 Safari/537.36"
66.222.249.180 - - [19/Sep/2024:14:44:23 -0400] "GET /wp-content/plugins/pdf-embedder/assets/js/min/all-pdfemb-min.js?ver=6.2.1 HTTP/1.1" 200 7596 "https://glenbowcollege.ca/certifications-esl/" "Mozilla/5.0 (Windows NT 10.0; Win64; x64) AppleWebKit/537.36 (KHTML, like Gecko) Chrome/128.0.0.0 Safari/537.36"
66.222.249.180 - - [19/Sep/2024:14:44:23 -0400] "GET /wp-content/plugins/pdf-embedder/assets/js/pdfjs/pdf.min.js?ver=4.6.4 HTTP/1.1" 200 85478 "https://glenbowcollege.ca/certifications-esl/" "Mozilla/5.0 (Windows NT 10.0; Win64; x64) AppleWebKit/537.36 (KHTML, like Gecko) Chrome/128.0.0.0 Safari/537.36"
66.222.249.180 - - [19/Sep/2024:14:44:23 -0400] "GET /wp-content/plugins/pdf-embedder/assets/js/pdfjs/pdf.worker.min.js?ver=4.6.4 HTTP/1.1" 200 211677 "https://glenbowcollege.ca/certifications-esl/" "Mozilla/5.0 (Windows NT 10.0; Win64; x64) AppleWebKit/537.36 (KHTML, like Gecko) Chrome/128.0.0.0 Safari/537.36"
66.222.249.180 - - [19/Sep/2024:14:44:23 -0400] "GET /wp-content/uploads/2024/03/PROBLEM-RESOLUTION-POLICY-PROCEDURE-FOR-COMPLAINTS.pdf HTTP/1.1" 200 656890 "https://glenbowcollege.ca/certifications-esl/" "Mozilla/5.0 (Windows NT 10.0; Win64; x64) AppleWebKit/537.36 (KHTML, like Gecko) Chrome/128.0.0.0 Safari/537.36"
66.222.249.180 - - [19/Sep/2024:14:44:23 -0400] "GET /wp-content/uploads/2024/03/FEES-AND-REFUND-POLICY.pdf HTTP/1.1" 200 631895 "https://glenbowcollege.ca/certifications-esl/" "Mozilla/5.0 (Windows NT 10.0; Win64; x64) AppleWebKit/537.36 (KHTML, like Gecko) Chrome/128.0.0.0 Safari/537.36"
66.222.249.180 - - [19/Sep/2024:14:44:26 -0400] "GET /wp-content/uploads/2024/03/programs1.jpg HTTP/1.1" 200 94671 "https://glenbowcollege.ca/certifications-esl/" "Mozilla/5.0 (Windows NT 10.0; Win64; x64) AppleWebKit/537.36 (KHTML, like Gecko) Chrome/128.0.0.0 Safari/537.36"
66.222.249.180 - - [19/Sep/2024:14:44:43 -0400] "GET /wp-content/uploads/2024/05/LC-Logo_Colour-2.jpg HTTP/1.1" 200 164935 "https://glenbowcollege.ca/certifications-esl/" "Mozilla/5.0 (Windows NT 10.0; Win64; x64) AppleWebKit/537.36 (KHTML, like Gecko) Chrome/128.0.0.0 Safari/537.36"
72.143.205.38 - - [19/Sep/2024:14:45:40 -0400] "GET /wp-content/plugins/woocommerce-menu-bar-cart/assets/css/wpmenucart-icons.min.css?ver=2.14.2 HTTP/1.1" 200 192 "https://glenbowcollege.ca/" "Mozilla/5.0 (iPhone; CPU iPhone OS 17_6_1 like Mac OS X) AppleWebKit/605.1.15 (KHTML, like Gecko) Version/17.6 Mobile/15E148 Safari/604.1"
72.143.205.38 - - [19/Sep/2024:14:45:40 -0400] "GET /wp-content/plugins/woocommerce/assets/css/woocommerce.css?ver=7.8.0 HTTP/1.1" 200 8786 "https://glenbowcollege.ca/" "Mozilla/5.0 (iPhone; CPU iPhone OS 17_6_1 like Mac OS X) AppleWebKit/605.1.15 (KHTML, like Gecko) Version/17.6 Mobile/15E148 Safari/604.1"
72.143.205.38 - - [19/Sep/2024:14:45:40 -0400] "GET /wp-content/plugins/woocommerce/assets/css/woocommerce-smallscreen.css?ver=7.8.0 HTTP/1.1" 200 1058 "https://glenbowcollege.ca/" "Mozilla/5.0 (iPhone; CPU iPhone OS 17_6_1 like Mac OS X) AppleWebKit/605.1.15 (KHTML, like Gecko) Version/17.6 Mobile/15E148 Safari/604.1"
72.143.205.38 - - [19/Sep/2024:14:45:40 -0400] "GET /wp-includes/css/classic-themes.min.css?ver=6.2.1 HTTP/1.1" 200 291 "https://glenbowcollege.ca/" "Mozilla/5.0 (iPhone; CPU iPhone OS 17_6_1 like Mac OS X) AppleWebKit/605.1.15 (KHTML, like Gecko) Version/17.6 Mobile/15E148 Safari/604.1"
72.143.205.38 - - [19/Sep/2024:14:45:40 -0400] "GET /wp-content/plugins/coblocks/dist/style-coblocks-extensions.css?ver=3.1.5 HTTP/1.1" 200 304 "https://glenbowcollege.ca/" "Mozilla/5.0 (iPhone; CPU iPhone OS 17_6_1 like Mac OS X) AppleWebKit/605.1.15 (KHTML, like Gecko) Version/17.6 Mobile/15E148 Safari/604.1"
72.143.205.38 - - [19/Sep/2024:14:45:40 -0400] "GET /wp-content/plugins/coblocks/dist/style-coblocks-animation.css?ver=d9b2b27566e6a2a85d1b HTTP/1.1" 200 871 "https://glenbowcollege.ca/" "Mozilla/5.0 (iPhone; CPU iPhone OS 17_6_1 like Mac OS X) AppleWebKit/605.1.15 (KHTML, like Gecko) Version/17.6 Mobile/15E148 Safari/604.1"
72.143.205.38 - - [19/Sep/2024:14:45:40 -0400] "GET /wp-content/plugins/woocommerce-menu-bar-cart/assets/css/wpmenucart-main.min.css?ver=2.14.2 HTTP/1.1" 200 329 "https://glenbowcollege.ca/" "Mozilla/5.0 (iPhone; CPU iPhone OS 17_6_1 like Mac OS X) AppleWebKit/605.1.15 (KHTML, like Gecko) Version/17.6 Mobile/15E148 Safari/604.1"
72.143.205.38 - - [19/Sep/2024:14:45:40 -0400] "GET /wp-content/plugins/contact-form-7/includes/css/styles.css?ver=5.8.6 HTTP/1.1" 200 890 "https://glenbowcollege.ca/" "Mozilla/5.0 (iPhone; CPU iPhone OS 17_6_1 like Mac OS X) AppleWebKit/605.1.15 (KHTML, like Gecko) Version/17.6 Mobile/15E148 Safari/604.1"
72.143.205.38 - - [19/Sep/2024:14:45:40 -0400] "GET /wp-content/plugins/add-to-cart-direct-checkout-for-woocommerce/public/css/pi-dcw-public.css?ver=2.1.64 HTTP/1.1" 200 294 "https://glenbowcollege.ca/" "Mozilla/5.0 (iPhone; CPU iPhone OS 17_6_1 like Mac OS X) AppleWebKit/605.1.15 (KHTML, like Gecko) Version/17.6 Mobile/15E148 Safari/604.1"
72.143.205.38 - - [19/Sep/2024:14:45:40 -0400] "GET /wp-content/plugins/coblocks/dist/style-coblocks-1.css?ver=3.1.5 HTTP/1.1" 200 34606 "https://glenbowcollege.ca/" "Mozilla/5.0 (iPhone; CPU iPhone OS 17_6_1 like Mac OS X) AppleWebKit/605.1.15 (KHTML, like Gecko) Version/17.6 Mobile/15E148 Safari/604.1"
72.143.205.38 - - [19/Sep/2024:14:45:40 -0400] "GET /wp-content/plugins/woocommerce/assets/css/woocommerce-layout.css?ver=7.8.0 HTTP/1.1" 200 2313 "https://glenbowcollege.ca/" "Mozilla/5.0 (iPhone; CPU iPhone OS 17_6_1 like Mac OS X) AppleWebKit/605.1.15 (KHTML, like Gecko) Version/17.6 Mobile/15E148 Safari/604.1"
72.143.205.38 - - [19/Sep/2024:14:45:40 -0400] "GET /wp-includes/js/dist/vendor/wp-polyfill.min.js?ver=3.15.0 HTTP/1.1" 200 7981 "https://glenbowcollege.ca/" "Mozilla/5.0 (iPhone; CPU iPhone OS 17_6_1 like Mac OS X) AppleWebKit/605.1.15 (KHTML, like Gecko) Version/17.6 Mobile/15E148 Safari/604.1"
72.143.205.38 - - [19/Sep/2024:14:45:40 -0400] "GET /wp-includes/js/dist/vendor/regenerator-runtime.min.js?ver=0.13.11 HTTP/1.1" 200 4042 "https://glenbowcollege.ca/" "Mozilla/5.0 (iPhone; CPU iPhone OS 17_6_1 like Mac OS X) AppleWebKit/605.1.15 (KHTML, like Gecko) Version/17.6 Mobile/15E148 Safari/604.1"
72.143.205.38 - - [19/Sep/2024:14:45:40 -0400] "GET /wp-includes/js/jquery/jquery-migrate.min.js?ver=3.4.0 HTTP/1.1" 200 6236 "https://glenbowcollege.ca/" "Mozilla/5.0 (iPhone; CPU iPhone OS 17_6_1 like Mac OS X) AppleWebKit/605.1.15 (KHTML, like Gecko) Version/17.6 Mobile/15E148 Safari/604.1"
72.143.205.38 - - [19/Sep/2024:14:45:40 -0400] "GET /wp-content/plugins/strong-testimonials/public/css/slider-controls-simple-buttons.css?ver=3.1.7 HTTP/1.1" 200 788 "https://glenbowcollege.ca/" "Mozilla/5.0 (iPhone; CPU iPhone OS 17_6_1 like Mac OS X) AppleWebKit/605.1.15 (KHTML, like Gecko) Version/17.6 Mobile/15E148 Safari/604.1"
72.143.205.38 - - [19/Sep/2024:14:45:40 -0400] "GET /wp-includes/js/jquery/jquery.min.js?ver=3.6.4 HTTP/1.1" 200 31997 "https://glenbowcollege.ca/" "Mozilla/5.0 (iPhone; CPU iPhone OS 17_6_1 like Mac OS X) AppleWebKit/605.1.15 (KHTML, like Gecko) Version/17.6 Mobile/15E148 Safari/604.1"
72.143.205.38 - - [19/Sep/2024:14:45:40 -0400] "GET /wp-includes/css/dist/components/style.min.css?ver=6.2.1 HTTP/1.1" 200 11247 "https://glenbowcollege.ca/" "Mozilla/5.0 (iPhone; CPU iPhone OS 17_6_1 like Mac OS X) AppleWebKit/605.1.15 (KHTML, like Gecko) Version/17.6 Mobile/15E148 Safari/604.1"
72.143.205.38 - - [19/Sep/2024:14:45:40 -0400] "GET /wp-content/plugins/if-menu/assets/if-menu-site.css?ver=6.2.1 HTTP/1.1" 200 426 "https://glenbowcollege.ca/" "Mozilla/5.0 (iPhone; CPU iPhone OS 17_6_1 like Mac OS X) AppleWebKit/605.1.15 (KHTML, like Gecko) Version/17.6 Mobile/15E148 Safari/604.1"
72.143.205.38 - - [19/Sep/2024:14:45:40 -0400] "GET /wp-content/plugins/coblocks/includes/Dependencies/GoDaddy/Styles/build/latest.css?ver=2.0.2 HTTP/1.1" 200 1313 "https://glenbowcollege.ca/" "Mozilla/5.0 (iPhone; CPU iPhone OS 17_6_1 like Mac OS X) AppleWebKit/605.1.15 (KHTML, like Gecko) Version/17.6 Mobile/15E148 Safari/604.1"
72.143.205.38 - - [19/Sep/2024:14:45:40 -0400] "GET /wp-content/themes/education-hub-pro/third-party/font-awesome/css/font-awesome.min.css?ver=4.7.0 HTTP/1.1" 200 6658 "https://glenbowcollege.ca/" "Mozilla/5.0 (iPhone; CPU iPhone OS 17_6_1 like Mac OS X) AppleWebKit/605.1.15 (KHTML, like Gecko) Version/17.6 Mobile/15E148 Safari/604.1"
72.143.205.38 - - [19/Sep/2024:14:45:40 -0400] "GET /wp-content/themes/education-hub-pro/style.css?ver=3.4.1 HTTP/1.1" 200 14555 "https://glenbowcollege.ca/" "Mozilla/5.0 (iPhone; CPU iPhone OS 17_6_1 like Mac OS X) AppleWebKit/605.1.15 (KHTML, like Gecko) Version/17.6 Mobile/15E148 Safari/604.1"
72.143.205.38 - - [19/Sep/2024:14:45:40 -0400] "GET /wp-includes/js/dist/vendor/wp-polyfill-inert.min.js?ver=3.1.2 HTTP/1.1" 200 3977 "https://glenbowcollege.ca/" "Mozilla/5.0 (iPhone; CPU iPhone OS 17_6_1 like Mac OS X) AppleWebKit/605.1.15 (KHTML, like Gecko) Version/17.6 Mobile/15E148 Safari/604.1"
72.143.205.38 - - [19/Sep/2024:14:45:40 -0400] "GET /wp-content/plugins/contact-form-7/includes/js/index.js?ver=5.8.6 HTTP/1.1" 200 5589 "https://glenbowcollege.ca/" "Mozilla/5.0 (iPhone; CPU iPhone OS 17_6_1 like Mac OS X) AppleWebKit/605.1.15 (KHTML, like Gecko) Version/17.6 Mobile/15E148 Safari/604.1"
72.143.205.38 - - [19/Sep/2024:14:45:40 -0400] "GET /wp-includes/js/dist/hooks.min.js?ver=4169d3cf8e8d95a3d6d5 HTTP/1.1" 200 3212 "https://glenbowcollege.ca/" "Mozilla/5.0 (iPhone; CPU iPhone OS 17_6_1 like Mac OS X) AppleWebKit/605.1.15 (KHTML, like Gecko) Version/17.6 Mobile/15E148 Safari/604.1"
72.143.205.38 - - [19/Sep/2024:14:45:40 -0400] "GET /wp-content/plugins/add-to-cart-direct-checkout-for-woocommerce/public/js/pi-dcw-public.js?ver=2.1.64 HTTP/1.1" 200 2632 "https://glenbowcollege.ca/" "Mozilla/5.0 (iPhone; CPU iPhone OS 17_6_1 like Mac OS X) AppleWebKit/605.1.15 (KHTML, like Gecko) Version/17.6 Mobile/15E148 Safari/604.1"
72.143.205.38 - - [19/Sep/2024:14:45:40 -0400] "GET /wp-content/plugins/coblocks/dist/js/coblocks-tinyswiper-initializer.js?ver=3.1.5 HTTP/1.1" 200 6831 "https://glenbowcollege.ca/" "Mozilla/5.0 (iPhone; CPU iPhone OS 17_6_1 like Mac OS X) AppleWebKit/605.1.15 (KHTML, like Gecko) Version/17.6 Mobile/15E148 Safari/604.1"
72.143.205.38 - - [19/Sep/2024:14:45:40 -0400] "GET /wp-content/plugins/woocommerce/assets/js/frontend/woocommerce.min.js?ver=7.8.0 HTTP/1.1" 200 2310 "https://glenbowcollege.ca/" "Mozilla/5.0 (iPhone; CPU iPhone OS 17_6_1 like Mac OS X) AppleWebKit/605.1.15 (KHTML, like Gecko) Version/17.6 Mobile/15E148 Safari/604.1"
72.143.205.38 - - [19/Sep/2024:14:45:40 -0400] "GET /wp-content/plugins/woocommerce/assets/js/frontend/add-to-cart.min.js?ver=7.8.0 HTTP/1.1" 200 2603 "https://glenbowcollege.ca/" "Mozilla/5.0 (iPhone; CPU iPhone OS 17_6_1 like Mac OS X) AppleWebKit/605.1.15 (KHTML, like Gecko) Version/17.6 Mobile/15E148 Safari/604.1"
72.143.205.38 - - [19/Sep/2024:14:45:40 -0400] "GET /wp-content/themes/education-hub-pro/js/navigation.min.js?ver=20160421 HTTP/1.1" 200 2592 "https://glenbowcollege.ca/" "Mozilla/5.0 (iPhone; CPU iPhone OS 17_6_1 like Mac OS X) AppleWebKit/605.1.15 (KHTML, like Gecko) Version/17.6 Mobile/15E148 Safari/604.1"
72.143.205.38 - - [19/Sep/2024:14:45:40 -0400] "GET /wp-content/plugins/woocommerce-menu-bar-cart/assets/js/wpmenucart-ajax-assist.min.js?ver=2.14.2 HTTP/1.1" 200 1862 "https://glenbowcollege.ca/" "Mozilla/5.0 (iPhone; CPU iPhone OS 17_6_1 like Mac OS X) AppleWebKit/605.1.15 (KHTML, like Gecko) Version/17.6 Mobile/15E148 Safari/604.1"
72.143.205.38 - - [19/Sep/2024:14:45:40 -0400] "GET /wp-content/plugins/coblocks/dist/js/coblocks-animation.js?ver=3.1.5 HTTP/1.1" 200 1805 "https://glenbowcollege.ca/" "Mozilla/5.0 (iPhone; CPU iPhone OS 17_6_1 like Mac OS X) AppleWebKit/605.1.15 (KHTML, like Gecko) Version/17.6 Mobile/15E148 Safari/604.1"
72.143.205.38 - - [19/Sep/2024:14:45:40 -0400] "GET /wp-content/plugins/coblocks/dist/js/vendors/tiny-swiper.js?ver=3.1.5 HTTP/1.1" 200 5729 "https://glenbowcollege.ca/" "Mozilla/5.0 (iPhone; CPU iPhone OS 17_6_1 like Mac OS X) AppleWebKit/605.1.15 (KHTML, like Gecko) Version/17.6 Mobile/15E148 Safari/604.1"
72.143.205.38 - - [19/Sep/2024:14:45:40 -0400] "GET /wp-content/plugins/strong-testimonials/templates/default/content.css?ver=3.1.7 HTTP/1.1" 200 1833 "https://glenbowcollege.ca/" "Mozilla/5.0 (iPhone; CPU iPhone OS 17_6_1 like Mac OS X) AppleWebKit/605.1.15 (KHTML, like Gecko) Version/17.6 Mobile/15E148 Safari/604.1"
72.143.205.38 - - [19/Sep/2024:14:45:40 -0400] "GET /wp-content/plugins/strong-testimonials/public/js/controller.min.js?ver=3.1.7 HTTP/1.1" 200 3091 "https://glenbowcollege.ca/" "Mozilla/5.0 (iPhone; CPU iPhone OS 17_6_1 like Mac OS X) AppleWebKit/605.1.15 (KHTML, like Gecko) Version/17.6 Mobile/15E148 Safari/604.1"
72.143.205.38 - - [19/Sep/2024:14:45:40 -0400] "GET /wp-content/themes/education-hub-pro/js/custom.min.js?ver=1.0 HTTP/1.1" 200 2047 "https://glenbowcollege.ca/" "Mozilla/5.0 (iPhone; CPU iPhone OS 17_6_1 like Mac OS X) AppleWebKit/605.1.15 (KHTML, like Gecko) Version/17.6 Mobile/15E148 Safari/604.1"
72.143.205.38 - - [19/Sep/2024:14:45:40 -0400] "GET /wp-content/themes/education-hub-pro/js/skip-link-focus-fix.min.js?ver=20130115 HTTP/1.1" 200 1834 "https://glenbowcollege.ca/" "Mozilla/5.0 (iPhone; CPU iPhone OS 17_6_1 like Mac OS X) AppleWebKit/605.1.15 (KHTML, like Gecko) Version/17.6 Mobile/15E148 Safari/604.1"
72.143.205.38 - - [19/Sep/2024:14:45:40 -0400] "GET /wp-content/plugins/strong-testimonials/public/css/rating-display.css?ver=3.1.7 HTTP/1.1" 200 910 "https://glenbowcollege.ca/" "Mozilla/5.0 (iPhone; CPU iPhone OS 17_6_1 like Mac OS X) AppleWebKit/605.1.15 (KHTML, like Gecko) Version/17.6 Mobile/15E148 Safari/604.1"
72.143.205.38 - - [19/Sep/2024:14:45:40 -0400] "GET /wp-content/plugins/contact-form-7/includes/swv/js/index.js?ver=5.8.6 HTTP/1.1" 200 4708 "https://glenbowcollege.ca/" "Mozilla/5.0 (iPhone; CPU iPhone OS 17_6_1 like Mac OS X) AppleWebKit/605.1.15 (KHTML, like Gecko) Version/17.6 Mobile/15E148 Safari/604.1"
72.143.205.38 - - [19/Sep/2024:14:45:40 -0400] "GET /wp-content/plugins/product-open-pricing-name-your-price-for-woocommerce/includes/js/alg-wc-pop-frontend.js?ver=1.7.1 HTTP/1.1" 200 2030 "https://glenbowcollege.ca/" "Mozilla/5.0 (iPhone; CPU iPhone OS 17_6_1 like Mac OS X) AppleWebKit/605.1.15 (KHTML, like Gecko) Version/17.6 Mobile/15E148 Safari/604.1"
72.143.205.38 - - [19/Sep/2024:14:45:40 -0400] "GET /wp-includes/js/imagesloaded.min.js?ver=4.1.4 HTTP/1.1" 200 3379 "https://glenbowcollege.ca/" "Mozilla/5.0 (iPhone; CPU iPhone OS 17_6_1 like Mac OS X) AppleWebKit/605.1.15 (KHTML, like Gecko) Version/17.6 Mobile/15E148 Safari/604.1"
72.143.205.38 - - [19/Sep/2024:14:45:40 -0400] "GET /wp-content/plugins/woocommerce/assets/js/js-cookie/js.cookie.min.js?ver=2.1.4-wc.7.8.0 HTTP/1.1" 200 2491 "https://glenbowcollege.ca/" "Mozilla/5.0 (iPhone; CPU iPhone OS 17_6_1 like Mac OS X) AppleWebKit/605.1.15 (KHTML, like Gecko) Version/17.6 Mobile/15E148 Safari/604.1"
72.143.205.38 - - [19/Sep/2024:14:45:40 -0400] "GET /wp-includes/js/dist/i18n.min.js?ver=9e794f35a71bb98672ae HTTP/1.1" 200 5326 "https://glenbowcollege.ca/" "Mozilla/5.0 (iPhone; CPU iPhone OS 17_6_1 like Mac OS X) AppleWebKit/605.1.15 (KHTML, like Gecko) Version/17.6 Mobile/15E148 Safari/604.1"
72.143.205.38 - - [19/Sep/2024:14:45:40 -0400] "GET /wp-content/plugins/strong-testimonials/public/js/lib/actual/jquery-actual.min.js?ver=1.0.16 HTTP/1.1" 200 2187 "https://glenbowcollege.ca/" "Mozilla/5.0 (iPhone; CPU iPhone OS 17_6_1 like Mac OS X) AppleWebKit/605.1.15 (KHTML, like Gecko) Version/17.6 Mobile/15E148 Safari/604.1"
72.143.205.38 - - [19/Sep/2024:14:45:40 -0400] "GET /wp-content/themes/education-hub-pro/third-party/cycle2/js/jquery.cycle2.min.js?ver=2.1.6 HTTP/1.1" 200 8485 "https://glenbowcollege.ca/" "Mozilla/5.0 (iPhone; CPU iPhone OS 17_6_1 like Mac OS X) AppleWebKit/605.1.15 (KHTML, like Gecko) Version/17.6 Mobile/15E148 Safari/604.1"
72.143.205.38 - - [19/Sep/2024:14:45:40 -0400] "GET /wp-content/plugins/strong-testimonials/public/js/lib/strongslider/jquery-strongslider.min.js?ver=3.1.7 HTTP/1.1" 200 7840 "https://glenbowcollege.ca/" "Mozilla/5.0 (iPhone; CPU iPhone OS 17_6_1 like Mac OS X) AppleWebKit/605.1.15 (KHTML, like Gecko) Version/17.6 Mobile/15E148 Safari/604.1"
72.143.205.38 - - [19/Sep/2024:14:45:40 -0400] "GET /wp-content/plugins/strong-testimonials/public/js/lib/verge/verge.min.js?ver=1.10.2 HTTP/1.1" 200 2152 "https://glenbowcollege.ca/" "Mozilla/5.0 (iPhone; CPU iPhone OS 17_6_1 like Mac OS X) AppleWebKit/605.1.15 (KHTML, like Gecko) Version/17.6 Mobile/15E148 Safari/604.1"
72.143.205.38 - - [19/Sep/2024:14:45:40 -0400] "GET /wp-content/themes/education-hub-pro/third-party/ticker/jquery.easy-ticker.min.js?ver=2.0 HTTP/1.1" 200 2683 "https://glenbowcollege.ca/" "Mozilla/5.0 (iPhone; CPU iPhone OS 17_6_1 like Mac OS X) AppleWebKit/605.1.15 (KHTML, like Gecko) Version/17.6 Mobile/15E148 Safari/604.1"
72.143.205.38 - - [19/Sep/2024:14:45:40 -0400] "GET /wp-includes/js/underscore.min.js?ver=1.13.4 HTTP/1.1" 200 8804 "https://glenbowcollege.ca/" "Mozilla/5.0 (iPhone; CPU iPhone OS 17_6_1 like Mac OS X) AppleWebKit/605.1.15 (KHTML, like Gecko) Version/17.6 Mobile/15E148 Safari/604.1"
72.143.205.38 - - [19/Sep/2024:14:45:40 -0400] "GET /wp-content/themes/education-hub-pro/third-party/font-awesome/fonts/fontawesome-webfont.woff2?v=4.7.0 HTTP/1.1" 200 77160 "https://glenbowcollege.ca/" "Mozilla/5.0 (iPhone; CPU iPhone OS 17_6_1 like Mac OS X) AppleWebKit/605.1.15 (KHTML, like Gecko) Version/17.6 Mobile/15E148 Safari/604.1"
72.143.205.38 - - [19/Sep/2024:14:45:41 -0400] "GET /wp-content/uploads/2020/03/slider-6.jpg HTTP/1.1" 200 578444 "https://glenbowcollege.ca/" "Mozilla/5.0 (iPhone; CPU iPhone OS 17_6_1 like Mac OS X) AppleWebKit/605.1.15 (KHTML, like Gecko) Version/17.6 Mobile/15E148 Safari/604.1"
72.143.205.38 - - [19/Sep/2024:14:45:41 -0400] "GET /wp-content/uploads/2020/02/student_register_1-360x156.jpg HTTP/1.1" 200 13009 "https://glenbowcollege.ca/" "Mozilla/5.0 (iPhone; CPU iPhone OS 17_6_1 like Mac OS X) AppleWebKit/605.1.15 (KHTML, like Gecko) Version/17.6 Mobile/15E148 Safari/604.1"
72.143.205.38 - - [19/Sep/2024:14:45:41 -0400] "GET /wp-content/uploads/2020/02/students1_1-360x158.jpg HTTP/1.1" 200 13848 "https://glenbowcollege.ca/" "Mozilla/5.0 (iPhone; CPU iPhone OS 17_6_1 like Mac OS X) AppleWebKit/605.1.15 (KHTML, like Gecko) Version/17.6 Mobile/15E148 Safari/604.1"
72.143.205.38 - - [19/Sep/2024:14:45:42 -0400] "GET /wp-content/plugins/strong-testimonials/public/svg/chevron-left-solid.svg HTTP/1.1" 200 267 "https://glenbowcollege.ca/" "Mozilla/5.0 (iPhone; CPU iPhone OS 17_6_1 like Mac OS X) AppleWebKit/605.1.15 (KHTML, like Gecko) Version/17.6 Mobile/15E148 Safari/604.1"
72.143.205.38 - - [19/Sep/2024:14:45:42 -0400] "GET /wp-content/plugins/strong-testimonials/public/svg/chevron-right-solid.svg HTTP/1.1" 200 285 "https://glenbowcollege.ca/" "Mozilla/5.0 (iPhone; CPU iPhone OS 17_6_1 like Mac OS X) AppleWebKit/605.1.15 (KHTML, like Gecko) Version/17.6 Mobile/15E148 Safari/604.1"
72.143.205.38 - - [19/Sep/2024:14:45:40 -0400] "GET /wp-content/plugins/woocommerce/assets/js/jquery-blockui/jquery.blockUI.min.js?ver=2.7.0-wc.7.8.0 HTTP/1.1" 200 4871 "https://glenbowcollege.ca/" "Mozilla/5.0 (iPhone; CPU iPhone OS 17_6_1 like Mac OS X) AppleWebKit/605.1.15 (KHTML, like Gecko) Version/17.6 Mobile/15E148 Safari/604.1"
72.143.205.38 - - [19/Sep/2024:14:45:40 -0400] "GET /wp-content/uploads/2020/02/cropped-logo6.png HTTP/1.1" 200 11781 "https://glenbowcollege.ca/" "Mozilla/5.0 (iPhone; CPU iPhone OS 17_6_1 like Mac OS X) AppleWebKit/605.1.15 (KHTML, like Gecko) Version/17.6 Mobile/15E148 Safari/604.1"
72.143.205.38 - - [19/Sep/2024:14:45:41 -0400] "GET /wp-content/uploads/2020/04/slider-education.jpg HTTP/1.1" 200 399060 "https://glenbowcollege.ca/" "Mozilla/5.0 (iPhone; CPU iPhone OS 17_6_1 like Mac OS X) AppleWebKit/605.1.15 (KHTML, like Gecko) Version/17.6 Mobile/15E148 Safari/604.1"
72.143.205.38 - - [19/Sep/2024:14:45:41 -0400] "GET /wp-content/uploads/2020/03/apple-education-slider.jpg HTTP/1.1" 200 584207 "https://glenbowcollege.ca/" "Mozilla/5.0 (iPhone; CPU iPhone OS 17_6_1 like Mac OS X) AppleWebKit/605.1.15 (KHTML, like Gecko) Version/17.6 Mobile/15E148 Safari/604.1"
72.143.205.38 - - [19/Sep/2024:14:45:41 -0400] "GET /wp-content/uploads/2020/03/slider-2.jpg HTTP/1.1" 200 544765 "https://glenbowcollege.ca/" "Mozilla/5.0 (iPhone; CPU iPhone OS 17_6_1 like Mac OS X) AppleWebKit/605.1.15 (KHTML, like Gecko) Version/17.6 Mobile/15E148 Safari/604.1"
72.143.205.38 - - [19/Sep/2024:14:45:41 -0400] "GET /wp-content/uploads/2023/05/mirgul.png HTTP/1.1" 200 8740 "https://glenbowcollege.ca/" "Mozilla/5.0 (iPhone; CPU iPhone OS 17_6_1 like Mac OS X) AppleWebKit/605.1.15 (KHTML, like Gecko) Version/17.6 Mobile/15E148 Safari/604.1"
72.143.205.38 - - [19/Sep/2024:14:45:41 -0400] "GET /wp-content/uploads/2020/02/616x321-ziraat-fakultesi-ogrencisine-burs-1543613768524-2-360x162.jpeg HTTP/1.1" 200 15500 "https://glenbowcollege.ca/" "Mozilla/5.0 (iPhone; CPU iPhone OS 17_6_1 like Mac OS X) AppleWebKit/605.1.15 (KHTML, like Gecko) Version/17.6 Mobile/15E148 Safari/604.1"
72.143.205.38 - - [19/Sep/2024:14:45:41 -0400] "GET /wp-content/uploads/2023/05/Daskalos.png HTTP/1.1" 200 8710 "https://glenbowcollege.ca/" "Mozilla/5.0 (iPhone; CPU iPhone OS 17_6_1 like Mac OS X) AppleWebKit/605.1.15 (KHTML, like Gecko) Version/17.6 Mobile/15E148 Safari/604.1"
72.143.205.38 - - [19/Sep/2024:14:45:41 -0400] "GET /wp-content/plugins/strong-testimonials/templates/default/img/quotes.png HTTP/1.1" 200 335 "https://glenbowcollege.ca/" "Mozilla/5.0 (iPhone; CPU iPhone OS 17_6_1 like Mac OS X) AppleWebKit/605.1.15 (KHTML, like Gecko) Version/17.6 Mobile/15E148 Safari/604.1"
72.143.205.38 - - [19/Sep/2024:14:45:41 -0400] "GET /wp-content/uploads/2020/04/ANA-SAYFA.png HTTP/1.1" 200 1322485 "https://glenbowcollege.ca/" "Mozilla/5.0 (iPhone; CPU iPhone OS 17_6_1 like Mac OS X) AppleWebKit/605.1.15 (KHTML, like Gecko) Version/17.6 Mobile/15E148 Safari/604.1"
72.143.205.38 - - [19/Sep/2024:14:45:43 -0400] "GET /wp-content/uploads/2020/02/cropped-logo11-32x32.png HTTP/1.1" 200 1202 "https://glenbowcollege.ca/" "Mozilla/5.0 (iPhone; CPU iPhone OS 17_6_1 like Mac OS X) AppleWebKit/605.1.15 (KHTML, like Gecko) Version/17.6 Mobile/15E148 Safari/604.1"
72.143.205.38 - - [19/Sep/2024:14:45:54 -0400] "GET /wp-content/uploads/2023/05/comment.png HTTP/1.1" 200 495619 "https://glenbowcollege.ca/" "Mozilla/5.0 (iPhone; CPU iPhone OS 17_6_1 like Mac OS X) AppleWebKit/605.1.15 (KHTML, like Gecko) Version/17.6 Mobile/15E148 Safari/604.1"
72.143.205.38 - - [19/Sep/2024:14:45:54 -0400] "GET /wp-content/uploads/2020/02/pl-300x300.jpg HTTP/1.1" 200 47460 "https://glenbowcollege.ca/" "Mozilla/5.0 (iPhone; CPU iPhone OS 17_6_1 like Mac OS X) AppleWebKit/605.1.15 (KHTML, like Gecko) Version/17.6 Mobile/15E148 Safari/604.1"
72.143.205.38 - - [19/Sep/2024:14:45:54 -0400] "GET /wp-content/uploads/2020/02/logo_white-1536x661.png HTTP/1.1" 200 182109 "https://glenbowcollege.ca/" "Mozilla/5.0 (iPhone; CPU iPhone OS 17_6_1 like Mac OS X) AppleWebKit/605.1.15 (KHTML, like Gecko) Version/17.6 Mobile/15E148 Safari/604.1"
72.143.205.38 - - [19/Sep/2024:14:45:54 -0400] "GET /wp-content/uploads/2024/05/LC-Logo_Colour.png HTTP/1.1" 200 33091 "https://glenbowcollege.ca/" "Mozilla/5.0 (iPhone; CPU iPhone OS 17_6_1 like Mac OS X) AppleWebKit/605.1.15 (KHTML, like Gecko) Version/17.6 Mobile/15E148 Safari/604.1"
66.222.249.180 - - [19/Sep/2024:14:46:52 -0400] "GET /wp-content/uploads/2020/02/616x321-ziraat-fakultesi-ogrencisine-burs-1543613768524-2-360x162.jpeg HTTP/1.1" 200 15500 "https://glenbowcollege.ca/about/" "Mozilla/5.0 (Windows NT 10.0; Win64; x64) AppleWebKit/537.36 (KHTML, like Gecko) Chrome/128.0.0.0 Safari/537.36"
66.222.249.180 - - [19/Sep/2024:14:46:57 -0400] "GET /wp-content/uploads/2020/05/PROGRAMS-2.png HTTP/1.1" 200 821026 "https://glenbowcollege.ca/programs/" "Mozilla/5.0 (Windows NT 10.0; Win64; x64) AppleWebKit/537.36 (KHTML, like Gecko) Chrome/128.0.0.0 Safari/537.36"
66.222.249.180 - - [19/Sep/2024:14:46:59 -0400] "GET /make-payment/ HTTP/1.1" 200 19492 "https://glenbowcollege.ca/programs/" "Mozilla/5.0 (Windows NT 10.0; Win64; x64) AppleWebKit/537.36 (KHTML, like Gecko) Chrome/128.0.0.0 Safari/537.36"
66.222.249.180 - - [19/Sep/2024:14:47:00 -0400] "GET /wp-includes/js/underscore.min.js?ver=1.13.4 HTTP/1.1" 200 8804 "https://glenbowcollege.ca/make-payment/" "Mozilla/5.0 (Windows NT 10.0; Win64; x64) AppleWebKit/537.36 (KHTML, like Gecko) Chrome/128.0.0.0 Safari/537.36"
66.222.249.180 - - [19/Sep/2024:14:47:00 -0400] "GET /wp-includes/js/wp-util.min.js?ver=6.2.1 HTTP/1.1" 200 2313 "https://glenbowcollege.ca/make-payment/" "Mozilla/5.0 (Windows NT 10.0; Win64; x64) AppleWebKit/537.36 (KHTML, like Gecko) Chrome/128.0.0.0 Safari/537.36"
66.222.249.180 - - [19/Sep/2024:14:47:00 -0400] "GET /wp-content/plugins/woocommerce/assets/js/frontend/add-to-cart-variation.min.js?ver=7.8.0 HTTP/1.1" 200 5066 "https://glenbowcollege.ca/make-payment/" "Mozilla/5.0 (Windows NT 10.0; Win64; x64) AppleWebKit/537.36 (KHTML, like Gecko) Chrome/128.0.0.0 Safari/537.36"
66.222.249.180 - - [19/Sep/2024:14:47:19 -0400] "GET /wp-content/plugins/woocommerce/assets/fonts/WooCommerce.woff HTTP/1.1" 200 14176 "https://glenbowcollege.ca/wp-content/plugins/woocommerce/assets/css/woocommerce.css?ver=7.8.0" "Mozilla/5.0 (Windows NT 10.0; Win64; x64) AppleWebKit/537.36 (KHTML, like Gecko) Chrome/128.0.0.0 Safari/537.36"
66.222.249.180 - - [19/Sep/2024:14:47:37 -0400] "GET /wp-content/uploads/2022/11/PHOTO-2-1536x1025.jpg HTTP/1.1" 200 239441 "https://glenbowcollege.ca/current-student/" "Mozilla/5.0 (Windows NT 10.0; Win64; x64) AppleWebKit/537.36 (KHTML, like Gecko) Chrome/128.0.0.0 Safari/537.36"
72.143.205.38 - - [19/Sep/2024:14:45:43 -0400] "GET /wp-content/uploads/2020/02/cropped-logo11-192x192.png HTTP/1.1" 200 11934 "https://glenbowcollege.ca/" "Mozilla/5.0 (iPhone; CPU iPhone OS 17_6_1 like Mac OS X) AppleWebKit/605.1.15 (KHTML, like Gecko) Version/17.6 Mobile/15E148 Safari/604.1"
72.143.205.38 - - [19/Sep/2024:14:45:54 -0400] "GET /wp-content/uploads/2021/06/academic-conferences-2-1-300x300.png HTTP/1.1" 200 84979 "https://glenbowcollege.ca/" "Mozilla/5.0 (iPhone; CPU iPhone OS 17_6_1 like Mac OS X) AppleWebKit/605.1.15 (KHTML, like Gecko) Version/17.6 Mobile/15E148 Safari/604.1"
68.65.122.142 - - [19/Sep/2024:14:46:52 -0400] "POST /wp-cron.php?doing_wp_cron=1726771612.2928199768066406250000 HTTP/1.1" 403 1242 "-" "WordPress/6.2.1; https://glenbowcollege.ca"
66.222.249.180 - - [19/Sep/2024:14:46:51 -0400] "GET /about/ HTTP/1.1" 200 17549 "https://glenbowcollege.ca/programs/education-assistant-diploma/" "Mozilla/5.0 (Windows NT 10.0; Win64; x64) AppleWebKit/537.36 (KHTML, like Gecko) Chrome/128.0.0.0 Safari/537.36"
66.222.249.180 - - [19/Sep/2024:14:46:56 -0400] "GET /programs/ HTTP/1.1" 200 17368 "https://glenbowcollege.ca/about/" "Mozilla/5.0 (Windows NT 10.0; Win64; x64) AppleWebKit/537.36 (KHTML, like Gecko) Chrome/128.0.0.0 Safari/537.36"
66.222.249.180 - - [19/Sep/2024:14:47:00 -0400] "GET /wp-content/plugins/woocommerce/assets/js/frontend/single-product.min.js?ver=7.8.0 HTTP/1.1" 200 3370 "https://glenbowcollege.ca/make-payment/" "Mozilla/5.0 (Windows NT 10.0; Win64; x64) AppleWebKit/537.36 (KHTML, like Gecko) Chrome/128.0.0.0 Safari/537.36"
66.222.249.180 - - [19/Sep/2024:14:47:18 -0400] "POST /make-payment/ HTTP/1.1" 200 16953 "https://glenbowcollege.ca/make-payment/" "Mozilla/5.0 (Windows NT 10.0; Win64; x64) AppleWebKit/537.36 (KHTML, like Gecko) Chrome/128.0.0.0 Safari/537.36"
66.222.249.180 - - [19/Sep/2024:14:47:33 -0400] "GET /current-student/ HTTP/1.1" 200 20104 "https://glenbowcollege.ca/make-payment/" "Mozilla/5.0 (Windows NT 10.0; Win64; x64) AppleWebKit/537.36 (KHTML, like Gecko) Chrome/128.0.0.0 Safari/537.36"
66.222.249.180 - - [19/Sep/2024:14:47:34 -0400] "GET /wp-content/uploads/2020/02/current_students.jpg HTTP/1.1" 200 100817 "https://glenbowcollege.ca/current-student/" "Mozilla/5.0 (Windows NT 10.0; Win64; x64) AppleWebKit/537.36 (KHTML, like Gecko) Chrome/128.0.0.0 Safari/537.36"
66.222.249.180 - - [19/Sep/2024:14:47:37 -0400] "GET /wp-content/uploads/2022/11/PHOTO-1-300x169.png HTTP/1.1" 200 65938 "https://glenbowcollege.ca/current-student/" "Mozilla/5.0 (Windows NT 10.0; Win64; x64) AppleWebKit/537.36 (KHTML, like Gecko) Chrome/128.0.0.0 Safari/537.36"
66.222.249.180 - - [19/Sep/2024:14:47:37 -0400] "GET /wp-content/uploads/2022/11/photo-3-360x120.png HTTP/1.1" 200 62532 "https://glenbowcollege.ca/current-student/" "Mozilla/5.0 (Windows NT 10.0; Win64; x64) AppleWebKit/537.36 (KHTML, like Gecko) Chrome/128.0.0.0 Safari/537.36"
66.222.249.180 - - [19/Sep/2024:14:47:48 -0400] "GET /?s=cost HTTP/1.1" 200 14706 "https://glenbowcollege.ca/current-student/" "Mozilla/5.0 (Windows NT 10.0; Win64; x64) AppleWebKit/537.36 (KHTML, like Gecko) Chrome/128.0.0.0 Safari/537.36"
68.65.122.142 - - [19/Sep/2024:14:48:04 -0400] "POST /wp-cron.php?doing_wp_cron=1726771684.9066278934478759765625 HTTP/1.1" 403 1242 "-" "WordPress/6.2.1; https://glenbowcollege.ca"
66.222.249.180 - - [19/Sep/2024:14:48:03 -0400] "GET /international/prospective-international-students/tuition-fees-and-financials/ HTTP/1.1" 200 17755 "https://glenbowcollege.ca/?s=cost" "Mozilla/5.0 (Windows NT 10.0; Win64; x64) AppleWebKit/537.36 (KHTML, like Gecko) Chrome/128.0.0.0 Safari/537.36"
68.65.122.142 - - [19/Sep/2024:14:49:08 -0400] "POST /wp-cron.php?doing_wp_cron=1726771748.3564550876617431640625 HTTP/1.1" 403 1242 "-" "WordPress/6.2.1; https://glenbowcollege.ca"
66.222.249.180 - - [19/Sep/2024:14:49:08 -0400] "GET /international/international-programs/ HTTP/1.1" 200 16851 "https://glenbowcollege.ca/international/prospective-international-students/tuition-fees-and-financials/" "Mozilla/5.0 (Windows NT 10.0; Win64; x64) AppleWebKit/537.36 (KHTML, like Gecko) Chrome/128.0.0.0 Safari/537.36"
66.222.249.180 - - [19/Sep/2024:14:49:09 -0400] "GET /wp-content/uploads/2020/03/file-20190820-170931-10c1x47.jpg HTTP/1.1" 200 60541 "https://glenbowcollege.ca/international/international-programs/" "Mozilla/5.0 (Windows NT 10.0; Win64; x64) AppleWebKit/537.36 (KHTML, like Gecko) Chrome/128.0.0.0 Safari/537.36"
68.65.122.142 - - [19/Sep/2024:14:50:32 -0400] "POST /wp-cron.php?doing_wp_cron=1726771832.8062191009521484375000 HTTP/1.1" 403 1242 "-" "WordPress/6.2.1; https://glenbowcollege.ca"
68.65.122.142 - - [19/Sep/2024:14:54:06 -0400] "POST /wp-cron.php?doing_wp_cron=1726772046.2512619495391845703125 HTTP/1.1" 403 1242 "-" "WordPress/6.2.1; https://glenbowcollege.ca"
66.222.249.180 - - [19/Sep/2024:14:48:05 -0400] "GET /wp-content/uploads/2020/03/high-school-gen.jpg HTTP/1.1" 200 102684 "https://glenbowcollege.ca/international/prospective-international-students/tuition-fees-and-financials/" "Mozilla/5.0 (Windows NT 10.0; Win64; x64) AppleWebKit/537.36 (KHTML, like Gecko) Chrome/128.0.0.0 Safari/537.36"
66.222.249.180 - - [19/Sep/2024:14:49:07 -0400] "GET /international-programs/ HTTP/1.1" 301 0 "https://glenbowcollege.ca/international/prospective-international-students/tuition-fees-and-financials/" "Mozilla/5.0 (Windows NT 10.0; Win64; x64) AppleWebKit/537.36 (KHTML, like Gecko) Chrome/128.0.0.0 Safari/537.36"
66.222.249.180 - - [19/Sep/2024:14:49:09 -0400] "GET /wp-content/uploads/2020/03/international-programs.jpg HTTP/1.1" 200 44245 "https://glenbowcollege.ca/international/international-programs/" "Mozilla/5.0 (Windows NT 10.0; Win64; x64) AppleWebKit/537.36 (KHTML, like Gecko) Chrome/128.0.0.0 Safari/537.36"
66.222.249.180 - - [19/Sep/2024:14:49:46 -0400] "GET /programs/medical-office-administration-diploma/ HTTP/1.1" 200 20206 "https://glenbowcollege.ca/international/international-programs/" "Mozilla/5.0 (Windows NT 10.0; Win64; x64) AppleWebKit/537.36 (KHTML, like Gecko) Chrome/128.0.0.0 Safari/537.36"
66.222.249.180 - - [19/Sep/2024:14:49:47 -0400] "GET /wp-content/uploads/2020/04/MEDICAL-OFFICE-ADIMINSTRATION.png HTTP/1.1" 200 257150 "https://glenbowcollege.ca/programs/medical-office-administration-diploma/" "Mozilla/5.0 (Windows NT 10.0; Win64; x64) AppleWebKit/537.36 (KHTML, like Gecko) Chrome/128.0.0.0 Safari/537.36"
66.222.249.180 - - [19/Sep/2024:14:50:31 -0400] "GET /?s=fees HTTP/1.1" 200 14540 "https://glenbowcollege.ca/programs/medical-office-administration-diploma/" "Mozilla/5.0 (Windows NT 10.0; Win64; x64) AppleWebKit/537.36 (KHTML, like Gecko) Chrome/128.0.0.0 Safari/537.36"
116.203.62.36 - - [19/Sep/2024:14:54:05 -0400] "GET /international/international-about HTTP/1.1" 301 0 "-" "Mozilla/5.0 (Macintosh; Intel Mac OS X 10_15_7) AppleWebKit/537.36 (KHTML, like Gecko) Chrome/108.0.0.0 Safari/537.36"
116.203.62.36 - - [19/Sep/2024:14:54:06 -0400] "GET /international/international-about/ HTTP/1.1" 200 19878 "-" "Mozilla/5.0 (Macintosh; Intel Mac OS X 10_15_7) AppleWebKit/537.36 (KHTML, like Gecko) Chrome/108.0.0.0 Safari/537.36"
40.77.167.144 - - [19/Sep/2024:15:08:17 -0400] "GET /systemd1d9/feafab700136.htm HTTP/1.1" 404 14967 "-" "Mozilla/5.0 AppleWebKit/537.36 (KHTML, like Gecko; compatible; bingbot/2.0; +http://www.bing.com/bingbot.htm) Chrome/116.0.1938.76 Safari/537.36"
178.156.128.204 - - [19/Sep/2024:15:11:49 -0400] "POST /wp-load.php?bfec52=30406 HTTP/1.1" 403 1242 "-" "Mozilla/5.0 (Windows NT 10.0; Win64; x64) AppleWebKit/537.36 (KHTML, like Gecko) Chrome/104.0.5112.97 Safari/537.36"
40.94.104.46 - - [19/Sep/2024:15:12:00 -0400] "GET / HTTP/1.1" 200 23149 "-" "Mozilla/5.0 (Windows NT 10.0; Win64; x64) AppleWebKit/537.36 (KHTML, like Gecko) Chrome/127.0.6523.4 Safari/537.36"
40.94.104.46 - - [19/Sep/2024:15:12:03 -0400] "GET /wp-includes/css/dist/block-library/style.min.css?ver=6.2.1 HTTP/1.1" 200 11775 "https://glenbowcollege.ca/" "Mozilla/5.0 (Windows NT 10.0; Win64; x64) AppleWebKit/537.36 (KHTML, like Gecko) Chrome/127.0.6523.4 Safari/537.36"
40.94.104.46 - - [19/Sep/2024:15:12:03 -0400] "GET /wp-content/plugins/woocommerce/packages/woocommerce-blocks/build/wc-blocks-style.css?ver=10.2.3 HTTP/1.1" 200 26445 "https://glenbowcollege.ca/" "Mozilla/5.0 (Windows NT 10.0; Win64; x64) AppleWebKit/537.36 (KHTML, like Gecko) Chrome/127.0.6523.4 Safari/537.36"
40.94.104.46 - - [19/Sep/2024:15:12:03 -0400] "GET /wp-content/plugins/woocommerce/packages/woocommerce-blocks/build/wc-blocks-vendors-style.css?ver=10.2.3 HTTP/1.1" 200 1760 "https://glenbowcollege.ca/" "Mozilla/5.0 (Windows NT 10.0; Win64; x64) AppleWebKit/537.36 (KHTML, like Gecko) Chrome/127.0.6523.4 Safari/537.36"
40.94.104.46 - - [19/Sep/2024:15:12:03 -0400] "GET /wp-content/plugins/coblocks/dist/style-coblocks-1.css?ver=3.1.5 HTTP/1.1" 200 34606 "https://glenbowcollege.ca/" "Mozilla/5.0 (Windows NT 10.0; Win64; x64) AppleWebKit/537.36 (KHTML, like Gecko) Chrome/127.0.6523.4 Safari/537.36"
40.94.104.46 - - [19/Sep/2024:15:12:03 -0400] "GET /wp-content/plugins/coblocks/dist/style-coblocks-extensions.css?ver=3.1.5 HTTP/1.1" 200 304 "https://glenbowcollege.ca/" "Mozilla/5.0 (Windows NT 10.0; Win64; x64) AppleWebKit/537.36 (KHTML, like Gecko) Chrome/127.0.6523.4 Safari/537.36"
40.94.104.46 - - [19/Sep/2024:15:12:03 -0400] "GET /wp-content/plugins/coblocks/dist/style-coblocks-animation.css?ver=d9b2b27566e6a2a85d1b HTTP/1.1" 200 871 "https://glenbowcollege.ca/" "Mozilla/5.0 (Windows NT 10.0; Win64; x64) AppleWebKit/537.36 (KHTML, like Gecko) Chrome/127.0.6523.4 Safari/537.36"
40.94.104.46 - - [19/Sep/2024:15:12:03 -0400] "GET /wp-includes/css/classic-themes.min.css?ver=6.2.1 HTTP/1.1" 200 291 "https://glenbowcollege.ca/" "Mozilla/5.0 (Windows NT 10.0; Win64; x64) AppleWebKit/537.36 (KHTML, like Gecko) Chrome/127.0.6523.4 Safari/537.36"
40.94.104.46 - - [19/Sep/2024:15:12:03 -0400] "GET /wp-content/plugins/add-to-cart-direct-checkout-for-woocommerce/public/css/pi-dcw-public.css?ver=2.1.64 HTTP/1.1" 200 294 "https://glenbowcollege.ca/" "Mozilla/5.0 (Windows NT 10.0; Win64; x64) AppleWebKit/537.36 (KHTML, like Gecko) Chrome/127.0.6523.4 Safari/537.36"
40.94.104.46 - - [19/Sep/2024:15:12:03 -0400] "GET /wp-content/plugins/woocommerce-menu-bar-cart/assets/css/wpmenucart-main.min.css?ver=2.14.2 HTTP/1.1" 200 329 "https://glenbowcollege.ca/" "Mozilla/5.0 (Windows NT 10.0; Win64; x64) AppleWebKit/537.36 (KHTML, like Gecko) Chrome/127.0.6523.4 Safari/537.36"
40.94.104.46 - - [19/Sep/2024:15:12:03 -0400] "GET /wp-includes/css/dist/components/style.min.css?ver=6.2.1 HTTP/1.1" 200 11247 "https://glenbowcollege.ca/" "Mozilla/5.0 (Windows NT 10.0; Win64; x64) AppleWebKit/537.36 (KHTML, like Gecko) Chrome/127.0.6523.4 Safari/537.36"
40.94.104.46 - - [19/Sep/2024:15:12:03 -0400] "GET /wp-content/plugins/woocommerce/assets/css/woocommerce.css?ver=7.8.0 HTTP/1.1" 200 8786 "https://glenbowcollege.ca/" "Mozilla/5.0 (Windows NT 10.0; Win64; x64) AppleWebKit/537.36 (KHTML, like Gecko) Chrome/127.0.6523.4 Safari/537.36"
40.94.104.46 - - [19/Sep/2024:15:12:03 -0400] "GET /wp-content/plugins/coblocks/includes/Dependencies/GoDaddy/Styles/build/latest.css?ver=2.0.2 HTTP/1.1" 200 1313 "https://glenbowcollege.ca/" "Mozilla/5.0 (Windows NT 10.0; Win64; x64) AppleWebKit/537.36 (KHTML, like Gecko) Chrome/127.0.6523.4 Safari/537.36"
40.94.104.46 - - [19/Sep/2024:15:12:03 -0400] "GET /wp-content/plugins/if-menu/assets/if-menu-site.css?ver=6.2.1 HTTP/1.1" 200 426 "https://glenbowcollege.ca/" "Mozilla/5.0 (Windows NT 10.0; Win64; x64) AppleWebKit/537.36 (KHTML, like Gecko) Chrome/127.0.6523.4 Safari/537.36"
40.94.104.46 - - [19/Sep/2024:15:12:03 -0400] "GET /wp-includes/js/jquery/jquery.min.js?ver=3.6.4 HTTP/1.1" 200 31997 "https://glenbowcollege.ca/" "Mozilla/5.0 (Windows NT 10.0; Win64; x64) AppleWebKit/537.36 (KHTML, like Gecko) Chrome/127.0.6523.4 Safari/537.36"
40.94.104.46 - - [19/Sep/2024:15:12:03 -0400] "GET /wp-content/uploads/2020/04/slider-education.jpg HTTP/1.1" 200 399060 "https://glenbowcollege.ca/" "Mozilla/5.0 (Windows NT 10.0; Win64; x64) AppleWebKit/537.36 (KHTML, like Gecko) Chrome/127.0.6523.4 Safari/537.36"
40.94.104.46 - - [19/Sep/2024:15:12:03 -0400] "GET /wp-content/uploads/2020/03/slider-6.jpg HTTP/1.1" 200 578444 "https://glenbowcollege.ca/" "Mozilla/5.0 (Windows NT 10.0; Win64; x64) AppleWebKit/537.36 (KHTML, like Gecko) Chrome/127.0.6523.4 Safari/537.36"
40.94.104.46 - - [19/Sep/2024:15:12:03 -0400] "GET /wp-content/plugins/strong-testimonials/templates/default/content.css?ver=3.1.7 HTTP/1.1" 200 1833 "https://glenbowcollege.ca/" "Mozilla/5.0 (Windows NT 10.0; Win64; x64) AppleWebKit/537.36 (KHTML, like Gecko) Chrome/127.0.6523.4 Safari/537.36"
40.94.104.46 - - [19/Sep/2024:15:12:03 -0400] "GET /wp-content/uploads/2020/03/apple-education-slider.jpg HTTP/1.1" 200 584207 "https://glenbowcollege.ca/" "Mozilla/5.0 (Windows NT 10.0; Win64; x64) AppleWebKit/537.36 (KHTML, like Gecko) Chrome/127.0.6523.4 Safari/537.36"
40.94.104.46 - - [19/Sep/2024:15:12:03 -0400] "GET /wp-content/uploads/2020/03/slider-2.jpg HTTP/1.1" 200 544765 "https://glenbowcollege.ca/" "Mozilla/5.0 (Windows NT 10.0; Win64; x64) AppleWebKit/537.36 (KHTML, like Gecko) Chrome/127.0.6523.4 Safari/537.36"
40.94.104.46 - - [19/Sep/2024:15:12:03 -0400] "GET /wp-content/plugins/strong-testimonials/public/css/slider-controls-simple-buttons.css?ver=3.1.7 HTTP/1.1" 200 788 "https://glenbowcollege.ca/" "Mozilla/5.0 (Windows NT 10.0; Win64; x64) AppleWebKit/537.36 (KHTML, like Gecko) Chrome/127.0.6523.4 Safari/537.36"
40.94.104.46 - - [19/Sep/2024:15:12:04 -0400] "GET /wp-content/uploads/2020/02/616x321-ziraat-fakultesi-ogrencisine-burs-1543613768524-2-360x162.jpeg HTTP/1.1" 200 15500 "https://glenbowcollege.ca/" "Mozilla/5.0 (Windows NT 10.0; Win64; x64) AppleWebKit/537.36 (KHTML, like Gecko) Chrome/127.0.6523.4 Safari/537.36"
40.94.104.46 - - [19/Sep/2024:15:12:04 -0400] "GET /wp-content/uploads/2020/02/student_register_1-360x156.jpg HTTP/1.1" 200 13009 "https://glenbowcollege.ca/" "Mozilla/5.0 (Windows NT 10.0; Win64; x64) AppleWebKit/537.36 (KHTML, like Gecko) Chrome/127.0.6523.4 Safari/537.36"
40.94.104.46 - - [19/Sep/2024:15:12:04 -0400] "GET /wp-includes/js/dist/vendor/regenerator-runtime.min.js?ver=0.13.11 HTTP/1.1" 200 4042 "https://glenbowcollege.ca/" "Mozilla/5.0 (Windows NT 10.0; Win64; x64) AppleWebKit/537.36 (KHTML, like Gecko) Chrome/127.0.6523.4 Safari/537.36"
40.94.104.46 - - [19/Sep/2024:15:12:04 -0400] "GET /wp-includes/js/dist/hooks.min.js?ver=4169d3cf8e8d95a3d6d5 HTTP/1.1" 200 3212 "https://glenbowcollege.ca/" "Mozilla/5.0 (Windows NT 10.0; Win64; x64) AppleWebKit/537.36 (KHTML, like Gecko) Chrome/127.0.6523.4 Safari/537.36"
40.94.104.46 - - [19/Sep/2024:15:12:05 -0400] "GET /wp-content/plugins/add-to-cart-direct-checkout-for-woocommerce/public/js/pi-dcw-public.js?ver=2.1.64 HTTP/1.1" 200 2632 "https://glenbowcollege.ca/" "Mozilla/5.0 (Windows NT 10.0; Win64; x64) AppleWebKit/537.36 (KHTML, like Gecko) Chrome/127.0.6523.4 Safari/537.36"
68.65.122.142 - - [19/Sep/2024:15:08:18 -0400] "POST /wp-cron.php?doing_wp_cron=1726772898.7871150970458984375000 HTTP/1.1" 403 1242 "-" "WordPress/6.2.1; https://glenbowcollege.ca"
40.94.104.46 - - [19/Sep/2024:15:11:59 -0400] "GET / HTTP/1.1" 301 0 "-" "Mozilla/5.0 (Windows NT 10.0; Win64; x64) AppleWebKit/537.36 (KHTML, like Gecko) Chrome/127.0.6523.4 Safari/537.36"
40.94.104.46 - - [19/Sep/2024:15:12:03 -0400] "GET /wp-content/plugins/contact-form-7/includes/css/styles.css?ver=5.8.6 HTTP/1.1" 200 890 "https://glenbowcollege.ca/" "Mozilla/5.0 (Windows NT 10.0; Win64; x64) AppleWebKit/537.36 (KHTML, like Gecko) Chrome/127.0.6523.4 Safari/537.36"
40.94.104.46 - - [19/Sep/2024:15:12:03 -0400] "GET /wp-content/plugins/woocommerce-menu-bar-cart/assets/css/wpmenucart-icons.min.css?ver=2.14.2 HTTP/1.1" 200 192 "https://glenbowcollege.ca/" "Mozilla/5.0 (Windows NT 10.0; Win64; x64) AppleWebKit/537.36 (KHTML, like Gecko) Chrome/127.0.6523.4 Safari/537.36"
40.94.104.46 - - [19/Sep/2024:15:12:03 -0400] "GET /wp-content/plugins/woocommerce/assets/css/woocommerce-layout.css?ver=7.8.0 HTTP/1.1" 200 2313 "https://glenbowcollege.ca/" "Mozilla/5.0 (Windows NT 10.0; Win64; x64) AppleWebKit/537.36 (KHTML, like Gecko) Chrome/127.0.6523.4 Safari/537.36"
40.94.104.46 - - [19/Sep/2024:15:12:03 -0400] "GET /wp-content/themes/education-hub-pro/third-party/font-awesome/css/font-awesome.min.css?ver=4.7.0 HTTP/1.1" 200 6658 "https://glenbowcollege.ca/" "Mozilla/5.0 (Windows NT 10.0; Win64; x64) AppleWebKit/537.36 (KHTML, like Gecko) Chrome/127.0.6523.4 Safari/537.36"
40.94.104.46 - - [19/Sep/2024:15:12:03 -0400] "GET /wp-content/themes/education-hub-pro/style.css?ver=3.4.1 HTTP/1.1" 200 14555 "https://glenbowcollege.ca/" "Mozilla/5.0 (Windows NT 10.0; Win64; x64) AppleWebKit/537.36 (KHTML, like Gecko) Chrome/127.0.6523.4 Safari/537.36"
40.94.104.46 - - [19/Sep/2024:15:12:03 -0400] "GET /wp-content/uploads/2020/02/cropped-logo6.png HTTP/1.1" 200 11781 "https://glenbowcollege.ca/" "Mozilla/5.0 (Windows NT 10.0; Win64; x64) AppleWebKit/537.36 (KHTML, like Gecko) Chrome/127.0.6523.4 Safari/537.36"
