70.73.96.118 - - [13/Nov/2024:11:42:46 -0500] "GET /wp-content/plugins/coblocks/dist/js/vendors/tiny-swiper.js?ver=3.1.5 HTTP/1.1" 200 5731 "https://glenbowcollege.ca/" "Mozilla/5.0 (Macintosh; Intel Mac OS X 10_15_7) AppleWebKit/537.36 (KHTML, like Gecko) Chrome/130.0.0.0 Safari/537.36"
70.73.96.118 - - [13/Nov/2024:11:42:46 -0500] "GET /wp-content/plugins/contact-form-7/includes/js/index.js?ver=5.8.6 HTTP/1.1" 200 5587 "https://glenbowcollege.ca/" "Mozilla/5.0 (Macintosh; Intel Mac OS X 10_15_7) AppleWebKit/537.36 (KHTML, like Gecko) Chrome/130.0.0.0 Safari/537.36"
70.73.96.118 - - [13/Nov/2024:11:42:46 -0500] "GET /wp-content/plugins/coblocks/dist/js/coblocks-animation.js?ver=3.1.5 HTTP/1.1" 200 1805 "https://glenbowcollege.ca/" "Mozilla/5.0 (Macintosh; Intel Mac OS X 10_15_7) AppleWebKit/537.36 (KHTML, like Gecko) Chrome/130.0.0.0 Safari/537.36"
70.73.96.118 - - [13/Nov/2024:11:42:46 -0500] "GET /wp-content/plugins/coblocks/dist/js/coblocks-tinyswiper-initializer.js?ver=3.1.5 HTTP/1.1" 200 6836 "https://glenbowcollege.ca/" "Mozilla/5.0 (Macintosh; Intel Mac OS X 10_15_7) AppleWebKit/537.36 (KHTML, like Gecko) Chrome/130.0.0.0 Safari/537.36"
70.73.96.118 - - [13/Nov/2024:11:42:46 -0500] "GET /wp-content/uploads/2020/02/616x321-ziraat-fakultesi-ogrencisine-burs-1543613768524-2-360x162.jpeg HTTP/1.1" 200 15500 "https://glenbowcollege.ca/" "Mozilla/5.0 (Macintosh; Intel Mac OS X 10_15_7) AppleWebKit/537.36 (KHTML, like Gecko) Chrome/130.0.0.0 Safari/537.36"
70.73.96.118 - - [13/Nov/2024:11:42:46 -0500] "GET /wp-content/plugins/woocommerce/assets/js/frontend/woocommerce.min.js?ver=7.8.0 HTTP/1.1" 200 2315 "https://glenbowcollege.ca/" "Mozilla/5.0 (Macintosh; Intel Mac OS X 10_15_7) AppleWebKit/537.36 (KHTML, like Gecko) Chrome/130.0.0.0 Safari/537.36"
70.73.96.118 - - [13/Nov/2024:11:42:46 -0500] "GET /wp-content/plugins/woocommerce-menu-bar-cart/assets/js/wpmenucart-ajax-assist.min.js?ver=2.14.2 HTTP/1.1" 200 1860 "https://glenbowcollege.ca/" "Mozilla/5.0 (Macintosh; Intel Mac OS X 10_15_7) AppleWebKit/537.36 (KHTML, like Gecko) Chrome/130.0.0.0 Safari/537.36"
70.73.96.118 - - [13/Nov/2024:11:42:46 -0500] "GET /wp-includes/js/dist/i18n.min.js?ver=9e794f35a71bb98672ae HTTP/1.1" 200 5325 "https://glenbowcollege.ca/" "Mozilla/5.0 (Macintosh; Intel Mac OS X 10_15_7) AppleWebKit/537.36 (KHTML, like Gecko) Chrome/130.0.0.0 Safari/537.36"
70.73.96.118 - - [13/Nov/2024:11:42:46 -0500] "GET /wp-content/plugins/strong-testimonials/public/js/lib/actual/jquery-actual.min.js?ver=1.0.16 HTTP/1.1" 200 2191 "https://glenbowcollege.ca/" "Mozilla/5.0 (Macintosh; Intel Mac OS X 10_15_7) AppleWebKit/537.36 (KHTML, like Gecko) Chrome/130.0.0.0 Safari/537.36"
70.73.96.118 - - [13/Nov/2024:11:42:46 -0500] "GET /wp-includes/js/imagesloaded.min.js?ver=4.1.4 HTTP/1.1" 200 3380 "https://glenbowcollege.ca/" "Mozilla/5.0 (Macintosh; Intel Mac OS X 10_15_7) AppleWebKit/537.36 (KHTML, like Gecko) Chrome/130.0.0.0 Safari/537.36"
70.73.96.118 - - [13/Nov/2024:11:42:46 -0500] "GET /wp-content/plugins/woocommerce/assets/css/woocommerce-smallscreen.css?ver=7.8.0 HTTP/1.1" 200 1058 "https://glenbowcollege.ca/" "Mozilla/5.0 (Macintosh; Intel Mac OS X 10_15_7) AppleWebKit/537.36 (KHTML, like Gecko) Chrome/130.0.0.0 Safari/537.36"
70.73.96.118 - - [13/Nov/2024:11:42:46 -0500] "GET /wp-content/themes/education-hub-pro/js/custom.min.js?ver=1.0 HTTP/1.1" 200 2049 "https://glenbowcollege.ca/" "Mozilla/5.0 (Macintosh; Intel Mac OS X 10_15_7) AppleWebKit/537.36 (KHTML, like Gecko) Chrome/130.0.0.0 Safari/537.36"
70.73.96.118 - - [13/Nov/2024:11:42:46 -0500] "GET /wp-content/plugins/strong-testimonials/public/js/lib/strongslider/jquery-strongslider.min.js?ver=3.1.7 HTTP/1.1" 200 7840 "https://glenbowcollege.ca/" "Mozilla/5.0 (Macintosh; Intel Mac OS X 10_15_7) AppleWebKit/537.36 (KHTML, like Gecko) Chrome/130.0.0.0 Safari/537.36"
70.73.96.118 - - [13/Nov/2024:11:42:46 -0500] "GET /wp-content/plugins/strong-testimonials/public/js/lib/verge/verge.min.js?ver=1.10.2 HTTP/1.1" 200 2151 "https://glenbowcollege.ca/" "Mozilla/5.0 (Macintosh; Intel Mac OS X 10_15_7) AppleWebKit/537.36 (KHTML, like Gecko) Chrome/130.0.0.0 Safari/537.36"
70.73.96.118 - - [13/Nov/2024:11:42:46 -0500] "GET /wp-includes/js/jquery/jquery-migrate.min.js?ver=3.4.0 HTTP/1.1" 200 6238 "https://glenbowcollege.ca/" "Mozilla/5.0 (Macintosh; Intel Mac OS X 10_15_7) AppleWebKit/537.36 (KHTML, like Gecko) Chrome/130.0.0.0 Safari/537.36"
70.73.96.118 - - [13/Nov/2024:11:42:46 -0500] "GET /wp-content/plugins/add-to-cart-direct-checkout-for-woocommerce/public/js/pi-dcw-public.js?ver=2.1.64 HTTP/1.1" 200 2634 "https://glenbowcollege.ca/" "Mozilla/5.0 (Macintosh; Intel Mac OS X 10_15_7) AppleWebKit/537.36 (KHTML, like Gecko) Chrome/130.0.0.0 Safari/537.36"
70.73.96.118 - - [13/Nov/2024:11:42:46 -0500] "GET /wp-content/plugins/contact-form-7/includes/swv/js/index.js?ver=5.8.6 HTTP/1.1" 200 4707 "https://glenbowcollege.ca/" "Mozilla/5.0 (Macintosh; Intel Mac OS X 10_15_7) AppleWebKit/537.36 (KHTML, like Gecko) Chrome/130.0.0.0 Safari/537.36"
70.73.96.118 - - [13/Nov/2024:11:42:46 -0500] "GET /wp-content/plugins/woocommerce/assets/js/jquery-blockui/jquery.blockUI.min.js?ver=2.7.0-wc.7.8.0 HTTP/1.1" 200 4871 "https://glenbowcollege.ca/" "Mozilla/5.0 (Macintosh; Intel Mac OS X 10_15_7) AppleWebKit/537.36 (KHTML, like Gecko) Chrome/130.0.0.0 Safari/537.36"
70.73.96.118 - - [13/Nov/2024:11:42:46 -0500] "GET /wp-content/plugins/product-open-pricing-name-your-price-for-woocommerce/includes/js/alg-wc-pop-frontend.js?ver=1.7.1 HTTP/1.1" 200 2030 "https://glenbowcollege.ca/" "Mozilla/5.0 (Macintosh; Intel Mac OS X 10_15_7) AppleWebKit/537.36 (KHTML, like Gecko) Chrome/130.0.0.0 Safari/537.36"
70.73.96.118 - - [13/Nov/2024:11:42:46 -0500] "GET /wp-content/plugins/strong-testimonials/public/js/controller.min.js?ver=3.1.7 HTTP/1.1" 200 3094 "https://glenbowcollege.ca/" "Mozilla/5.0 (Macintosh; Intel Mac OS X 10_15_7) AppleWebKit/537.36 (KHTML, like Gecko) Chrome/130.0.0.0 Safari/537.36"
70.73.96.118 - - [13/Nov/2024:11:42:46 -0500] "GET /wp-content/themes/education-hub-pro/js/navigation.min.js?ver=20160421 HTTP/1.1" 200 2592 "https://glenbowcollege.ca/" "Mozilla/5.0 (Macintosh; Intel Mac OS X 10_15_7) AppleWebKit/537.36 (KHTML, like Gecko) Chrome/130.0.0.0 Safari/537.36"
70.73.96.118 - - [13/Nov/2024:11:42:46 -0500] "GET /wp-content/themes/education-hub-pro/js/skip-link-focus-fix.min.js?ver=20130115 HTTP/1.1" 200 1840 "https://glenbowcollege.ca/" "Mozilla/5.0 (Macintosh; Intel Mac OS X 10_15_7) AppleWebKit/537.36 (KHTML, like Gecko) Chrome/130.0.0.0 Safari/537.36"
70.73.96.118 - - [13/Nov/2024:11:42:46 -0500] "GET /wp-content/uploads/2020/03/slider-2.jpg HTTP/1.1" 200 544765 "https://glenbowcollege.ca/" "Mozilla/5.0 (Macintosh; Intel Mac OS X 10_15_7) AppleWebKit/537.36 (KHTML, like Gecko) Chrome/130.0.0.0 Safari/537.36"
70.73.96.118 - - [13/Nov/2024:11:42:46 -0500] "GET /wp-content/plugins/strong-testimonials/templates/default/img/quotes.png HTTP/1.1" 200 335 "https://glenbowcollege.ca/wp-content/plugins/strong-testimonials/templates/default/content.css?ver=3.1.7" "Mozilla/5.0 (Macintosh; Intel Mac OS X 10_15_7) AppleWebKit/537.36 (KHTML, like Gecko) Chrome/130.0.0.0 Safari/537.36"
70.73.96.118 - - [13/Nov/2024:11:42:47 -0500] "GET /wp-content/uploads/2021/06/academic-conferences-2-1-150x150.png HTTP/1.1" 200 29415 "https://glenbowcollege.ca/" "Mozilla/5.0 (Macintosh; Intel Mac OS X 10_15_7) AppleWebKit/537.36 (KHTML, like Gecko) Chrome/130.0.0.0 Safari/537.36"
70.73.96.118 - - [13/Nov/2024:11:42:47 -0500] "GET /wp-content/uploads/2023/05/mirgul.png HTTP/1.1" 200 8740 "https://glenbowcollege.ca/" "Mozilla/5.0 (Macintosh; Intel Mac OS X 10_15_7) AppleWebKit/537.36 (KHTML, like Gecko) Chrome/130.0.0.0 Safari/537.36"
70.73.96.118 - - [13/Nov/2024:11:42:47 -0500] "GET /wp-content/uploads/2023/05/comment.png HTTP/1.1" 200 495619 "https://glenbowcollege.ca/" "Mozilla/5.0 (Macintosh; Intel Mac OS X 10_15_7) AppleWebKit/537.36 (KHTML, like Gecko) Chrome/130.0.0.0 Safari/537.36"
70.73.96.118 - - [13/Nov/2024:11:42:46 -0500] "GET /wp-content/themes/education-hub-pro/third-party/ticker/jquery.easy-ticker.min.js?ver=2.0 HTTP/1.1" 200 2686 "https://glenbowcollege.ca/" "Mozilla/5.0 (Macintosh; Intel Mac OS X 10_15_7) AppleWebKit/537.36 (KHTML, like Gecko) Chrome/130.0.0.0 Safari/537.36"
70.73.96.118 - - [13/Nov/2024:11:42:46 -0500] "GET /wp-content/plugins/woocommerce/assets/js/js-cookie/js.cookie.min.js?ver=2.1.4-wc.7.8.0 HTTP/1.1" 200 2490 "https://glenbowcollege.ca/" "Mozilla/5.0 (Macintosh; Intel Mac OS X 10_15_7) AppleWebKit/537.36 (KHTML, like Gecko) Chrome/130.0.0.0 Safari/537.36"
70.73.96.118 - - [13/Nov/2024:11:42:46 -0500] "GET /wp-content/themes/education-hub-pro/third-party/cycle2/js/jquery.cycle2.min.js?ver=2.1.6 HTTP/1.1" 200 8488 "https://glenbowcollege.ca/" "Mozilla/5.0 (Macintosh; Intel Mac OS X 10_15_7) AppleWebKit/537.36 (KHTML, like Gecko) Chrome/130.0.0.0 Safari/537.36"
70.73.96.118 - - [13/Nov/2024:11:42:46 -0500] "GET /wp-includes/js/underscore.min.js?ver=1.13.4 HTTP/1.1" 200 8801 "https://glenbowcollege.ca/" "Mozilla/5.0 (Macintosh; Intel Mac OS X 10_15_7) AppleWebKit/537.36 (KHTML, like Gecko) Chrome/130.0.0.0 Safari/537.36"
70.73.96.118 - - [13/Nov/2024:11:42:46 -0500] "GET /wp-content/themes/education-hub-pro/third-party/font-awesome/fonts/fontawesome-webfont.woff2?v=4.7.0 HTTP/1.1" 200 77160 "https://glenbowcollege.ca/wp-content/themes/education-hub-pro/third-party/font-awesome/css/font-awesome.min.css?ver=4.7.0" "Mozilla/5.0 (Macintosh; Intel Mac OS X 10_15_7) AppleWebKit/537.36 (KHTML, like Gecko) Chrome/130.0.0.0 Safari/537.36"
70.73.96.118 - - [13/Nov/2024:11:42:46 -0500] "GET /wp-content/uploads/2020/04/ANA-SAYFA.png HTTP/1.1" 200 1322485 "https://glenbowcollege.ca/" "Mozilla/5.0 (Macintosh; Intel Mac OS X 10_15_7) AppleWebKit/537.36 (KHTML, like Gecko) Chrome/130.0.0.0 Safari/537.36"
70.73.96.118 - - [13/Nov/2024:11:42:47 -0500] "GET /wp-content/uploads/2023/05/Daskalos.png HTTP/1.1" 200 8710 "https://glenbowcollege.ca/" "Mozilla/5.0 (Macintosh; Intel Mac OS X 10_15_7) AppleWebKit/537.36 (KHTML, like Gecko) Chrome/130.0.0.0 Safari/537.36"
70.73.96.118 - - [13/Nov/2024:11:42:47 -0500] "GET /wp-content/plugins/strong-testimonials/public/svg/chevron-right-solid.svg HTTP/1.1" 200 285 "https://glenbowcollege.ca/wp-content/plugins/strong-testimonials/public/css/slider-controls-simple-buttons.css?ver=3.1.7" "Mozilla/5.0 (Macintosh; Intel Mac OS X 10_15_7) AppleWebKit/537.36 (KHTML, like Gecko) Chrome/130.0.0.0 Safari/537.36"
70.73.96.118 - - [13/Nov/2024:11:42:47 -0500] "GET /wp-content/plugins/strong-testimonials/public/svg/chevron-left-solid.svg HTTP/1.1" 200 267 "https://glenbowcollege.ca/wp-content/plugins/strong-testimonials/public/css/slider-controls-simple-buttons.css?ver=3.1.7" "Mozilla/5.0 (Macintosh; Intel Mac OS X 10_15_7) AppleWebKit/537.36 (KHTML, like Gecko) Chrome/130.0.0.0 Safari/537.36"
70.73.96.118 - - [13/Nov/2024:11:42:47 -0500] "GET /wp-content/uploads/2020/02/cropped-logo11-32x32.png HTTP/1.1" 200 1202 "https://glenbowcollege.ca/" "Mozilla/5.0 (Macintosh; Intel Mac OS X 10_15_7) AppleWebKit/537.36 (KHTML, like Gecko) Chrome/130.0.0.0 Safari/537.36"
70.73.96.118 - - [13/Nov/2024:11:45:06 -0500] "GET /wp-content/uploads/2021/06/academic-conferences-2-1-300x300.png HTTP/1.1" 200 84979 "https://glenbowcollege.ca/" "Mozilla/5.0 (Macintosh; Intel Mac OS X 10_15_7) AppleWebKit/537.36 (KHTML, like Gecko) Chrome/130.0.0.0 Safari/537.36"
68.65.122.142 - - [13/Nov/2024:11:45:25 -0500] "POST /wp-cron.php?doing_wp_cron=1731516325.8444919586181640625000 HTTP/1.1" 403 1242 "-" "WordPress/6.2.1; https://glenbowcollege.ca"
70.73.96.118 - - [13/Nov/2024:11:45:26 -0500] "GET /wp-content/uploads/2020/02/education_asistan.jpg HTTP/1.1" 200 123610 "https://glenbowcollege.ca/programs/education-assistant-diploma/" "Mozilla/5.0 (Macintosh; Intel Mac OS X 10_15_7) AppleWebKit/537.36 (KHTML, like Gecko) Chrome/130.0.0.0 Safari/537.36"
70.73.96.118 - - [13/Nov/2024:11:47:08 -0500] "GET /wp-content/uploads/2020/02/logo_white.png HTTP/1.1" 200 106614 "https://glenbowcollege.ca/programs/education-assistant-diploma/" "Mozilla/5.0 (Macintosh; Intel Mac OS X 10_15_7) AppleWebKit/537.36 (KHTML, like Gecko) Chrome/130.0.0.0 Safari/537.36"
68.65.122.142 - - [13/Nov/2024:11:47:54 -0500] "POST /wp-cron.php?doing_wp_cron=1731516474.5074129104614257812500 HTTP/1.1" 403 1242 "-" "WordPress/6.2.1; https://glenbowcollege.ca"
70.73.96.118 - - [13/Nov/2024:11:47:54 -0500] "GET /wp-content/uploads/2020/04/english_as_a_second_language.jpg HTTP/1.1" 200 36750 "https://glenbowcollege.ca/certifications-esl/" "Mozilla/5.0 (Macintosh; Intel Mac OS X 10_15_7) AppleWebKit/537.36 (KHTML, like Gecko) Chrome/130.0.0.0 Safari/537.36"
70.73.96.118 - - [13/Nov/2024:11:47:54 -0500] "GET /wp-content/plugins/pdf-embedder/assets/css/pdfemb-embed-pdf.css?ver=4.6.4 HTTP/1.1" 200 1770 "https://glenbowcollege.ca/certifications-esl/" "Mozilla/5.0 (Macintosh; Intel Mac OS X 10_15_7) AppleWebKit/537.36 (KHTML, like Gecko) Chrome/130.0.0.0 Safari/537.36"
70.73.96.118 - - [13/Nov/2024:11:47:54 -0500] "GET /wp-content/plugins/pdf-embedder/assets/js/min/all-pdfemb-min.js?ver=6.2.1 HTTP/1.1" 200 7596 "https://glenbowcollege.ca/certifications-esl/" "Mozilla/5.0 (Macintosh; Intel Mac OS X 10_15_7) AppleWebKit/537.36 (KHTML, like Gecko) Chrome/130.0.0.0 Safari/537.36"
70.73.96.118 - - [13/Nov/2024:11:47:54 -0500] "GET /wp-content/plugins/pdf-embedder/assets/js/pdfjs/pdf.min.js?ver=4.6.4 HTTP/1.1" 200 85478 "https://glenbowcollege.ca/certifications-esl/" "Mozilla/5.0 (Macintosh; Intel Mac OS X 10_15_7) AppleWebKit/537.36 (KHTML, like Gecko) Chrome/130.0.0.0 Safari/537.36"
70.73.96.118 - - [13/Nov/2024:11:47:54 -0500] "GET /wp-content/uploads/2024/05/LC-Logo_Colour.png HTTP/1.1" 200 33091 "https://glenbowcollege.ca/certifications-esl/" "Mozilla/5.0 (Macintosh; Intel Mac OS X 10_15_7) AppleWebKit/537.36 (KHTML, like Gecko) Chrome/130.0.0.0 Safari/537.36"
70.73.96.118 - - [13/Nov/2024:11:47:55 -0500] "GET /wp-content/plugins/pdf-embedder/assets/js/pdfjs/pdf.worker.min.js?ver=4.6.4 HTTP/1.1" 200 211679 "https://glenbowcollege.ca/certifications-esl/" "Mozilla/5.0 (Macintosh; Intel Mac OS X 10_15_7) AppleWebKit/537.36 (KHTML, like Gecko) Chrome/130.0.0.0 Safari/537.36"
70.73.96.118 - - [13/Nov/2024:11:47:55 -0500] "GET /wp-content/uploads/2024/03/HEALTH-INSURANCE-POLICY.pdf HTTP/1.1" 200 634966 "https://glenbowcollege.ca/certifications-esl/" "Mozilla/5.0 (Macintosh; Intel Mac OS X 10_15_7) AppleWebKit/537.36 (KHTML, like Gecko) Chrome/130.0.0.0 Safari/537.36"
70.73.96.118 - - [13/Nov/2024:11:47:58 -0500] "GET /wp-content/uploads/2024/03/programs1.jpg HTTP/1.1" 200 94671 "https://glenbowcollege.ca/certifications-esl/" "Mozilla/5.0 (Macintosh; Intel Mac OS X 10_15_7) AppleWebKit/537.36 (KHTML, like Gecko) Chrome/130.0.0.0 Safari/537.36"
70.73.96.118 - - [13/Nov/2024:11:47:58 -0500] "GET /wp-content/uploads/2024/03/programs2.jpg HTTP/1.1" 200 75999 "https://glenbowcollege.ca/certifications-esl/" "Mozilla/5.0 (Macintosh; Intel Mac OS X 10_15_7) AppleWebKit/537.36 (KHTML, like Gecko) Chrome/130.0.0.0 Safari/537.36"
70.73.96.118 - - [13/Nov/2024:11:45:24 -0500] "GET /programs/education-assistant-diploma/ HTTP/1.1" 200 18980 "https://glenbowcollege.ca/" "Mozilla/5.0 (Macintosh; Intel Mac OS X 10_15_7) AppleWebKit/537.36 (KHTML, like Gecko) Chrome/130.0.0.0 Safari/537.36"
143.198.117.131 - - [13/Nov/2024:11:47:24 -0500] "POST /wp-load.php?edaa28=66812 HTTP/1.1" 403 1242 "-" "Mozilla/5.0 (Windows NT 10.0; Win64; x64) AppleWebKit/537.36 (KHTML, like Gecko) Chrome/104.0.5112.97 Safari/537.36"
70.73.96.118 - - [13/Nov/2024:11:47:53 -0500] "GET /certifications-esl/ HTTP/1.1" 200 20523 "https://glenbowcollege.ca/programs/education-assistant-diploma/" "Mozilla/5.0 (Macintosh; Intel Mac OS X 10_15_7) AppleWebKit/537.36 (KHTML, like Gecko) Chrome/130.0.0.0 Safari/537.36"
70.73.96.118 - - [13/Nov/2024:11:47:55 -0500] "GET /wp-content/uploads/2024/03/FEES-AND-REFUND-POLICY.pdf HTTP/1.1" 200 631895 "https://glenbowcollege.ca/certifications-esl/" "Mozilla/5.0 (Macintosh; Intel Mac OS X 10_15_7) AppleWebKit/537.36 (KHTML, like Gecko) Chrome/130.0.0.0 Safari/537.36"
70.73.96.118 - - [13/Nov/2024:11:47:55 -0500] "GET /wp-content/uploads/2024/03/PROBLEM-RESOLUTION-POLICY-PROCEDURE-FOR-COMPLAINTS.pdf HTTP/1.1" 200 656890 "https://glenbowcollege.ca/certifications-esl/" "Mozilla/5.0 (Macintosh; Intel Mac OS X 10_15_7) AppleWebKit/537.36 (KHTML, like Gecko) Chrome/130.0.0.0 Safari/537.36"
70.73.96.118 - - [13/Nov/2024:11:47:55 -0500] "GET /wp-content/uploads/2024/03/student_handbook.pdf HTTP/1.1" 200 1599211 "https://glenbowcollege.ca/certifications-esl/" "Mozilla/5.0 (Macintosh; Intel Mac OS X 10_15_7) AppleWebKit/537.36 (KHTML, like Gecko) Chrome/130.0.0.0 Safari/537.36"
68.65.122.142 - - [13/Nov/2024:11:49:50 -0500] "POST /wp-cron.php?doing_wp_cron=1731516590.3636980056762695312500 HTTP/1.1" 403 1242 "-" "WordPress/6.2.1; https://glenbowcollege.ca"
207.46.13.153 - - [13/Nov/2024:11:49:49 -0500] "GET /selfrepressionnnb.xml HTTP/1.1" 404 14987 "-" "Mozilla/5.0 AppleWebKit/537.36 (KHTML, like Gecko; compatible; bingbot/2.0; +http://www.bing.com/bingbot.htm) Chrome/116.0.1938.76 Safari/537.36"
70.73.96.118 - - [13/Nov/2024:11:50:28 -0500] "GET /programs/education-assistant-diploma/ HTTP/1.1" 200 18985 "https://glenbowcollege.ca/certifications-esl/" "Mozilla/5.0 (Macintosh; Intel Mac OS X 10_15_7) AppleWebKit/537.36 (KHTML, like Gecko) Chrome/130.0.0.0 Safari/537.36"
68.65.122.142 - - [13/Nov/2024:11:53:49 -0500] "POST /wp-cron.php?doing_wp_cron=1731516829.8532400131225585937500 HTTP/1.1" 403 1242 "-" "WordPress/6.2.1; https://glenbowcollege.ca"
68.65.122.142 - - [13/Nov/2024:11:54:59 -0500] "POST /wp-cron.php?doing_wp_cron=1731516899.3870289325714111328125 HTTP/1.1" 403 1242 "-" "WordPress/6.2.1; https://glenbowcollege.ca"
70.73.96.118 - - [13/Nov/2024:11:54:59 -0500] "GET /wp-content/uploads/2020/02/hospitality_management_diploma_program.jpg HTTP/1.1" 200 143378 "https://glenbowcollege.ca/programs/hospitality-management-diploma-program/" "Mozilla/5.0 (Macintosh; Intel Mac OS X 10_15_7) AppleWebKit/537.36 (KHTML, like Gecko) Chrome/130.0.0.0 Safari/537.36"
70.73.96.118 - - [13/Nov/2024:11:47:58 -0500] "GET /wp-content/uploads/2024/03/general_english.jpg HTTP/1.1" 200 14600 "https://glenbowcollege.ca/certifications-esl/" "Mozilla/5.0 (Macintosh; Intel Mac OS X 10_15_7) AppleWebKit/537.36 (KHTML, like Gecko) Chrome/130.0.0.0 Safari/537.36"
70.73.96.118 - - [13/Nov/2024:11:48:01 -0500] "GET /wp-content/uploads/2024/05/LC-Logo_Colour-2.jpg HTTP/1.1" 200 164935 "https://glenbowcollege.ca/certifications-esl/" "Mozilla/5.0 (Macintosh; Intel Mac OS X 10_15_7) AppleWebKit/537.36 (KHTML, like Gecko) Chrome/130.0.0.0 Safari/537.36"
70.73.96.118 - - [13/Nov/2024:11:53:48 -0500] "GET /programs/computerized-accounting-and-payroll-diploma/ HTTP/1.1" 200 18985 "https://glenbowcollege.ca/programs/education-assistant-diploma/" "Mozilla/5.0 (Macintosh; Intel Mac OS X 10_15_7) AppleWebKit/537.36 (KHTML, like Gecko) Chrome/130.0.0.0 Safari/537.36"
70.73.96.118 - - [13/Nov/2024:11:53:50 -0500] "GET /wp-content/uploads/2020/02/accounting.jpg HTTP/1.1" 200 87575 "https://glenbowcollege.ca/programs/computerized-accounting-and-payroll-diploma/" "Mozilla/5.0 (Macintosh; Intel Mac OS X 10_15_7) AppleWebKit/537.36 (KHTML, like Gecko) Chrome/130.0.0.0 Safari/537.36"
70.73.96.118 - - [13/Nov/2024:11:54:41 -0500] "GET /programs/medical-office-administration-diploma/ HTTP/1.1" 200 20264 "https://glenbowcollege.ca/programs/computerized-accounting-and-payroll-diploma/" "Mozilla/5.0 (Macintosh; Intel Mac OS X 10_15_7) AppleWebKit/537.36 (KHTML, like Gecko) Chrome/130.0.0.0 Safari/537.36"
70.73.96.118 - - [13/Nov/2024:11:54:42 -0500] "GET /wp-content/uploads/2020/04/MEDICAL-OFFICE-ADIMINSTRATION.png HTTP/1.1" 200 257150 "https://glenbowcollege.ca/programs/medical-office-administration-diploma/" "Mozilla/5.0 (Macintosh; Intel Mac OS X 10_15_7) AppleWebKit/537.36 (KHTML, like Gecko) Chrome/130.0.0.0 Safari/537.36"
70.73.96.118 - - [13/Nov/2024:11:54:58 -0500] "GET /programs/hospitality-management-diploma-program/ HTTP/1.1" 200 19503 "https://glenbowcollege.ca/programs/medical-office-administration-diploma/" "Mozilla/5.0 (Macintosh; Intel Mac OS X 10_15_7) AppleWebKit/537.36 (KHTML, like Gecko) Chrome/130.0.0.0 Safari/537.36"
68.65.122.142 - - [13/Nov/2024:12:01:40 -0500] "POST /wp-cron.php?doing_wp_cron=1731517300.1503260135650634765625 HTTP/1.1" 403 1242 "-" "WordPress/6.2.1; https://glenbowcollege.ca"
40.77.167.50 - - [13/Nov/2024:12:02:31 -0500] "GET /harpyeagleiki.xml HTTP/1.1" 404 14990 "-" "Mozilla/5.0 AppleWebKit/537.36 (KHTML, like Gecko; compatible; bingbot/2.0; +http://www.bing.com/bingbot.htm) Chrome/116.0.1938.76 Safari/537.36"
68.65.122.142 - - [13/Nov/2024:12:08:45 -0500] "POST /wp-cron.php?doing_wp_cron=1731517725.1858770847320556640625 HTTP/1.1" 403 1242 "-" "WordPress/6.2.1; https://glenbowcollege.ca"
52.167.144.211 - - [13/Nov/2024:12:01:39 -0500] "GET /healthcare2aff/ HTTP/1.1" 301 0 "-" "Mozilla/5.0 AppleWebKit/537.36 (KHTML, like Gecko; compatible; bingbot/2.0; +http://www.bing.com/bingbot.htm) Chrome/116.0.1938.76 Safari/537.36"
68.65.122.142 - - [13/Nov/2024:12:08:43 -0500] "POST /?wordfence_syncAttackData=1731517723.8517 HTTP/1.1" 200 0 "-" "WordPress/6.2.1; https://glenbowcollege.ca"
51.222.253.1 - - [13/Nov/2024:12:08:42 -0500] "GET /international/current-international-students/tuition-collection-and-refund-policy/ HTTP/1.1" 200 18559 "-" "Mozilla/5.0 (compatible; AhrefsBot/7.0; +http://ahrefs.com/robot/)"
68.147.82.9 - - [13/Nov/2024:12:09:03 -0500] "GET /certifications/english-as-a-second-language-esl/ HTTP/1.1" 200 19723 "https://www.google.com/" "Mozilla/5.0 (iPhone; CPU iPhone OS 17_4_1 like Mac OS X) AppleWebKit/605.1.15 (KHTML, like Gecko) Version/17.4.1 Mobile/15E148 Safari/604.1"
68.147.82.9 - - [13/Nov/2024:12:09:04 -0500] "GET /wp-content/plugins/coblocks/dist/style-coblocks-extensions.css?ver=3.1.5 HTTP/1.1" 200 304 "https://glenbowcollege.ca/certifications/english-as-a-second-language-esl/" "Mozilla/5.0 (iPhone; CPU iPhone OS 17_4_1 like Mac OS X) AppleWebKit/605.1.15 (KHTML, like Gecko) Version/17.4.1 Mobile/15E148 Safari/604.1"
68.147.82.9 - - [13/Nov/2024:12:09:04 -0500] "GET /wp-content/plugins/add-to-cart-direct-checkout-for-woocommerce/public/css/pi-dcw-public.css?ver=2.1.64 HTTP/1.1" 200 294 "https://glenbowcollege.ca/certifications/english-as-a-second-language-esl/" "Mozilla/5.0 (iPhone; CPU iPhone OS 17_4_1 like Mac OS X) AppleWebKit/605.1.15 (KHTML, like Gecko) Version/17.4.1 Mobile/15E148 Safari/604.1"
68.147.82.9 - - [13/Nov/2024:12:09:04 -0500] "GET /wp-content/plugins/woocommerce-menu-bar-cart/assets/css/wpmenucart-main.min.css?ver=2.14.2 HTTP/1.1" 200 329 "https://glenbowcollege.ca/certifications/english-as-a-second-language-esl/" "Mozilla/5.0 (iPhone; CPU iPhone OS 17_4_1 like Mac OS X) AppleWebKit/605.1.15 (KHTML, like Gecko) Version/17.4.1 Mobile/15E148 Safari/604.1"
68.147.82.9 - - [13/Nov/2024:12:09:04 -0500] "GET /wp-content/plugins/woocommerce/assets/css/woocommerce-layout.css?ver=7.8.0 HTTP/1.1" 200 2313 "https://glenbowcollege.ca/certifications/english-as-a-second-language-esl/" "Mozilla/5.0 (iPhone; CPU iPhone OS 17_4_1 like Mac OS X) AppleWebKit/605.1.15 (KHTML, like Gecko) Version/17.4.1 Mobile/15E148 Safari/604.1"
68.147.82.9 - - [13/Nov/2024:12:09:04 -0500] "GET /wp-content/plugins/woocommerce/assets/css/woocommerce.css?ver=7.8.0 HTTP/1.1" 200 8786 "https://glenbowcollege.ca/certifications/english-as-a-second-language-esl/" "Mozilla/5.0 (iPhone; CPU iPhone OS 17_4_1 like Mac OS X) AppleWebKit/605.1.15 (KHTML, like Gecko) Version/17.4.1 Mobile/15E148 Safari/604.1"
68.147.82.9 - - [13/Nov/2024:12:09:04 -0500] "GET /wp-content/themes/education-hub-pro/style.css?ver=3.4.1 HTTP/1.1" 200 14555 "https://glenbowcollege.ca/certifications/english-as-a-second-language-esl/" "Mozilla/5.0 (iPhone; CPU iPhone OS 17_4_1 like Mac OS X) AppleWebKit/605.1.15 (KHTML, like Gecko) Version/17.4.1 Mobile/15E148 Safari/604.1"
68.147.82.9 - - [13/Nov/2024:12:09:04 -0500] "GET /wp-includes/js/dist/vendor/wp-polyfill-inert.min.js?ver=3.1.2 HTTP/1.1" 200 3978 "https://glenbowcollege.ca/certifications/english-as-a-second-language-esl/" "Mozilla/5.0 (iPhone; CPU iPhone OS 17_4_1 like Mac OS X) AppleWebKit/605.1.15 (KHTML, like Gecko) Version/17.4.1 Mobile/15E148 Safari/604.1"
68.147.82.9 - - [13/Nov/2024:12:09:04 -0500] "GET /wp-includes/js/dist/vendor/regenerator-runtime.min.js?ver=0.13.11 HTTP/1.1" 200 4046 "https://glenbowcollege.ca/certifications/english-as-a-second-language-esl/" "Mozilla/5.0 (iPhone; CPU iPhone OS 17_4_1 like Mac OS X) AppleWebKit/605.1.15 (KHTML, like Gecko) Version/17.4.1 Mobile/15E148 Safari/604.1"
68.147.82.9 - - [13/Nov/2024:12:09:04 -0500] "GET /wp-includes/js/jquery/jquery-migrate.min.js?ver=3.4.0 HTTP/1.1" 200 6238 "https://glenbowcollege.ca/certifications/english-as-a-second-language-esl/" "Mozilla/5.0 (iPhone; CPU iPhone OS 17_4_1 like Mac OS X) AppleWebKit/605.1.15 (KHTML, like Gecko) Version/17.4.1 Mobile/15E148 Safari/604.1"
68.147.82.9 - - [13/Nov/2024:12:09:04 -0500] "GET /wp-includes/js/jquery/jquery.min.js?ver=3.6.4 HTTP/1.1" 200 31997 "https://glenbowcollege.ca/certifications/english-as-a-second-language-esl/" "Mozilla/5.0 (iPhone; CPU iPhone OS 17_4_1 like Mac OS X) AppleWebKit/605.1.15 (KHTML, like Gecko) Version/17.4.1 Mobile/15E148 Safari/604.1"
68.147.82.9 - - [13/Nov/2024:12:09:04 -0500] "GET /wp-content/plugins/woocommerce/packages/woocommerce-blocks/build/wc-blocks-vendors-style.css?ver=10.2.3 HTTP/1.1" 200 1760 "https://glenbowcollege.ca/certifications/english-as-a-second-language-esl/" "Mozilla/5.0 (iPhone; CPU iPhone OS 17_4_1 like Mac OS X) AppleWebKit/605.1.15 (KHTML, like Gecko) Version/17.4.1 Mobile/15E148 Safari/604.1"
68.147.82.9 - - [13/Nov/2024:12:09:04 -0500] "GET /wp-content/plugins/coblocks/dist/style-coblocks-1.css?ver=3.1.5 HTTP/1.1" 200 34606 "https://glenbowcollege.ca/certifications/english-as-a-second-language-esl/" "Mozilla/5.0 (iPhone; CPU iPhone OS 17_4_1 like Mac OS X) AppleWebKit/605.1.15 (KHTML, like Gecko) Version/17.4.1 Mobile/15E148 Safari/604.1"
68.147.82.9 - - [13/Nov/2024:12:09:04 -0500] "GET /wp-content/plugins/coblocks/dist/style-coblocks-animation.css?ver=d9b2b27566e6a2a85d1b HTTP/1.1" 200 871 "https://glenbowcollege.ca/certifications/english-as-a-second-language-esl/" "Mozilla/5.0 (iPhone; CPU iPhone OS 17_4_1 like Mac OS X) AppleWebKit/605.1.15 (KHTML, like Gecko) Version/17.4.1 Mobile/15E148 Safari/604.1"
68.147.82.9 - - [13/Nov/2024:12:09:04 -0500] "GET /wp-content/plugins/woocommerce/packages/woocommerce-blocks/build/wc-blocks-style.css?ver=10.2.3 HTTP/1.1" 200 26445 "https://glenbowcollege.ca/certifications/english-as-a-second-language-esl/" "Mozilla/5.0 (iPhone; CPU iPhone OS 17_4_1 like Mac OS X) AppleWebKit/605.1.15 (KHTML, like Gecko) Version/17.4.1 Mobile/15E148 Safari/604.1"
68.147.82.9 - - [13/Nov/2024:12:09:04 -0500] "GET /wp-content/plugins/contact-form-7/includes/css/styles.css?ver=5.8.6 HTTP/1.1" 200 890 "https://glenbowcollege.ca/certifications/english-as-a-second-language-esl/" "Mozilla/5.0 (iPhone; CPU iPhone OS 17_4_1 like Mac OS X) AppleWebKit/605.1.15 (KHTML, like Gecko) Version/17.4.1 Mobile/15E148 Safari/604.1"
68.147.82.9 - - [13/Nov/2024:12:09:04 -0500] "GET /wp-content/plugins/woocommerce-menu-bar-cart/assets/css/wpmenucart-icons.min.css?ver=2.14.2 HTTP/1.1" 200 192 "https://glenbowcollege.ca/certifications/english-as-a-second-language-esl/" "Mozilla/5.0 (iPhone; CPU iPhone OS 17_4_1 like Mac OS X) AppleWebKit/605.1.15 (KHTML, like Gecko) Version/17.4.1 Mobile/15E148 Safari/604.1"
68.147.82.9 - - [13/Nov/2024:12:09:04 -0500] "GET /wp-content/plugins/woocommerce/assets/css/woocommerce-smallscreen.css?ver=7.8.0 HTTP/1.1" 200 1058 "https://glenbowcollege.ca/certifications/english-as-a-second-language-esl/" "Mozilla/5.0 (iPhone; CPU iPhone OS 17_4_1 like Mac OS X) AppleWebKit/605.1.15 (KHTML, like Gecko) Version/17.4.1 Mobile/15E148 Safari/604.1"
68.147.82.9 - - [13/Nov/2024:12:09:04 -0500] "GET /wp-content/plugins/coblocks/includes/Dependencies/GoDaddy/Styles/build/latest.css?ver=2.0.2 HTTP/1.1" 200 1313 "https://glenbowcollege.ca/certifications/english-as-a-second-language-esl/" "Mozilla/5.0 (iPhone; CPU iPhone OS 17_4_1 like Mac OS X) AppleWebKit/605.1.15 (KHTML, like Gecko) Version/17.4.1 Mobile/15E148 Safari/604.1"
68.147.82.9 - - [13/Nov/2024:12:09:04 -0500] "GET /wp-content/themes/education-hub-pro/third-party/font-awesome/css/font-awesome.min.css?ver=4.7.0 HTTP/1.1" 200 6658 "https://glenbowcollege.ca/certifications/english-as-a-second-language-esl/" "Mozilla/5.0 (iPhone; CPU iPhone OS 17_4_1 like Mac OS X) AppleWebKit/605.1.15 (KHTML, like Gecko) Version/17.4.1 Mobile/15E148 Safari/604.1"
68.147.82.9 - - [13/Nov/2024:12:09:04 -0500] "GET /wp-includes/js/dist/vendor/wp-polyfill.min.js?ver=3.15.0 HTTP/1.1" 200 7980 "https://glenbowcollege.ca/certifications/english-as-a-second-language-esl/" "Mozilla/5.0 (iPhone; CPU iPhone OS 17_4_1 like Mac OS X) AppleWebKit/605.1.15 (KHTML, like Gecko) Version/17.4.1 Mobile/15E148 Safari/604.1"
68.147.82.9 - - [13/Nov/2024:12:09:04 -0500] "GET /wp-content/plugins/woocommerce-menu-bar-cart/assets/js/wpmenucart-ajax-assist.min.js?ver=2.14.2 HTTP/1.1" 200 1860 "https://glenbowcollege.ca/certifications/english-as-a-second-language-esl/" "Mozilla/5.0 (iPhone; CPU iPhone OS 17_4_1 like Mac OS X) AppleWebKit/605.1.15 (KHTML, like Gecko) Version/17.4.1 Mobile/15E148 Safari/604.1"
68.147.82.9 - - [13/Nov/2024:12:09:04 -0500] "GET /wp-content/plugins/contact-form-7/includes/swv/js/index.js?ver=5.8.6 HTTP/1.1" 200 4707 "https://glenbowcollege.ca/certifications/english-as-a-second-language-esl/" "Mozilla/5.0 (iPhone; CPU iPhone OS 17_4_1 like Mac OS X) AppleWebKit/605.1.15 (KHTML, like Gecko) Version/17.4.1 Mobile/15E148 Safari/604.1"
68.147.82.9 - - [13/Nov/2024:12:09:04 -0500] "GET /wp-content/plugins/coblocks/dist/js/coblocks-tinyswiper-initializer.js?ver=3.1.5 HTTP/1.1" 200 6836 "https://glenbowcollege.ca/certifications/english-as-a-second-language-esl/" "Mozilla/5.0 (iPhone; CPU iPhone OS 17_4_1 like Mac OS X) AppleWebKit/605.1.15 (KHTML, like Gecko) Version/17.4.1 Mobile/15E148 Safari/604.1"
68.147.82.9 - - [13/Nov/2024:12:09:04 -0500] "GET /wp-content/plugins/contact-form-7/includes/js/index.js?ver=5.8.6 HTTP/1.1" 200 5587 "https://glenbowcollege.ca/certifications/english-as-a-second-language-esl/" "Mozilla/5.0 (iPhone; CPU iPhone OS 17_4_1 like Mac OS X) AppleWebKit/605.1.15 (KHTML, like Gecko) Version/17.4.1 Mobile/15E148 Safari/604.1"
68.147.82.9 - - [13/Nov/2024:12:09:04 -0500] "GET /wp-content/themes/education-hub-pro/js/navigation.min.js?ver=20160421 HTTP/1.1" 200 2592 "https://glenbowcollege.ca/certifications/english-as-a-second-language-esl/" "Mozilla/5.0 (iPhone; CPU iPhone OS 17_4_1 like Mac OS X) AppleWebKit/605.1.15 (KHTML, like Gecko) Version/17.4.1 Mobile/15E148 Safari/604.1"
68.65.122.142 - - [13/Nov/2024:12:12:22 -0500] "POST /wp-cron.php?doing_wp_cron=1731517942.0991940498352050781250 HTTP/1.1" 403 1242 "-" "WordPress/6.2.1; https://glenbowcollege.ca"
68.65.122.142 - - [13/Nov/2024:12:12:22 -0500] "POST /wp-cron.php?doing_wp_cron=1731517942.1408200263977050781250 HTTP/1.1" 403 1242 "-" "WordPress/6.2.1; https://glenbowcollege.ca"
50.18.68.75 - - [13/Nov/2024:12:12:21 -0500] "GET /jip HTTP/1.1" 404 60072 "-" "Mozilla/5.0 (Macintosh; Intel Mac OS X 10_10_5) AppleWebKit/537.36 (KHTML, like Gecko) Chrome/52.0.2743.116 Safari/537.36"
50.18.68.75 - - [13/Nov/2024:12:12:21 -0500] "GET /martin-x1bish-v8ff-r2mid-x1ms-x1g-v8v HTTP/1.1" 404 60062 "-" "Mozilla/5.0 (Macintosh; Intel Mac OS X 10_10_5) AppleWebKit/537.36 (KHTML, like Gecko) Chrome/52.0.2743.116 Safari/537.36"
68.147.82.9 - - [13/Nov/2024:12:09:04 -0500] "GET /wp-content/plugins/product-open-pricing-name-your-price-for-woocommerce/includes/js/alg-wc-pop-frontend.js?ver=1.7.1 HTTP/1.1" 200 2030 "https://glenbowcollege.ca/certifications/english-as-a-second-language-esl/" "Mozilla/5.0 (iPhone; CPU iPhone OS 17_4_1 like Mac OS X) AppleWebKit/605.1.15 (KHTML, like Gecko) Version/17.4.1 Mobile/15E148 Safari/604.1"
68.147.82.9 - - [13/Nov/2024:12:09:04 -0500] "GET /wp-content/plugins/woocommerce/assets/js/frontend/add-to-cart.min.js?ver=7.8.0 HTTP/1.1" 200 2605 "https://glenbowcollege.ca/certifications/english-as-a-second-language-esl/" "Mozilla/5.0 (iPhone; CPU iPhone OS 17_4_1 like Mac OS X) AppleWebKit/605.1.15 (KHTML, like Gecko) Version/17.4.1 Mobile/15E148 Safari/604.1"
68.147.82.9 - - [13/Nov/2024:12:09:04 -0500] "GET /wp-content/themes/education-hub-pro/js/custom.min.js?ver=1.0 HTTP/1.1" 200 2049 "https://glenbowcollege.ca/certifications/english-as-a-second-language-esl/" "Mozilla/5.0 (iPhone; CPU iPhone OS 17_4_1 like Mac OS X) AppleWebKit/605.1.15 (KHTML, like Gecko) Version/17.4.1 Mobile/15E148 Safari/604.1"
68.147.82.9 - - [13/Nov/2024:12:09:04 -0500] "GET /wp-content/themes/education-hub-pro/js/skip-link-focus-fix.min.js?ver=20130115 HTTP/1.1" 200 1840 "https://glenbowcollege.ca/certifications/english-as-a-second-language-esl/" "Mozilla/5.0 (iPhone; CPU iPhone OS 17_4_1 like Mac OS X) AppleWebKit/605.1.15 (KHTML, like Gecko) Version/17.4.1 Mobile/15E148 Safari/604.1"
68.147.82.9 - - [13/Nov/2024:12:09:04 -0500] "GET /wp-content/uploads/2020/02/cropped-logo6.png HTTP/1.1" 200 11781 "https://glenbowcollege.ca/certifications/english-as-a-second-language-esl/" "Mozilla/5.0 (iPhone; CPU iPhone OS 17_4_1 like Mac OS X) AppleWebKit/605.1.15 (KHTML, like Gecko) Version/17.4.1 Mobile/15E148 Safari/604.1"
68.147.82.9 - - [13/Nov/2024:12:09:04 -0500] "GET /wp-content/uploads/2020/02/english_as_a_second_language.jpg HTTP/1.1" 200 36750 "https://glenbowcollege.ca/certifications/english-as-a-second-language-esl/" "Mozilla/5.0 (iPhone; CPU iPhone OS 17_4_1 like Mac OS X) AppleWebKit/605.1.15 (KHTML, like Gecko) Version/17.4.1 Mobile/15E148 Safari/604.1"
68.65.122.142 - - [13/Nov/2024:12:22:08 -0500] "POST /wp-cron.php?doing_wp_cron=1731518528.0261850357055664062500 HTTP/1.1" 403 1242 "-" "WordPress/6.2.1; https://glenbowcollege.ca"
68.65.122.142 - - [13/Nov/2024:12:28:25 -0500] "POST /wp-cron.php?doing_wp_cron=1731518905.9635949134826660156250 HTTP/1.1" 403 1242 "-" "WordPress/6.2.1; https://glenbowcollege.ca"
157.55.39.62 - - [13/Nov/2024:12:28:24 -0500] "GET /certifications/data-analysis-biomedical-health HTTP/1.1" 301 0 "-" "Mozilla/5.0 AppleWebKit/537.36 (KHTML, like Gecko; compatible; bingbot/2.0; +http://www.bing.com/bingbot.htm) Chrome/116.0.1938.76 Safari/537.36"
157.55.39.62 - - [13/Nov/2024:12:28:26 -0500] "GET /certifications/data-analysis-biomedical-health/ HTTP/1.1" 200 18902 "-" "Mozilla/5.0 AppleWebKit/537.36 (KHTML, like Gecko; compatible; bingbot/2.0; +http://www.bing.com/bingbot.htm) Chrome/116.0.1938.76 Safari/537.36"
68.65.122.142 - - [13/Nov/2024:12:33:45 -0500] "POST /wp-cron.php?doing_wp_cron=1731519225.6057488918304443359375 HTTP/1.1" 403 1242 "-" "WordPress/6.2.1; https://glenbowcollege.ca"
68.65.122.142 - - [13/Nov/2024:12:20:02 -0500] "POST /wp-cron.php?doing_wp_cron=1731518402.6795039176940917968750 HTTP/1.1" 403 1242 "-" "WordPress/6.2.1; https://glenbowcollege.ca"
187.86.75.18 - - [13/Nov/2024:12:20:01 -0500] "GET /about/why-us/ HTTP/1.1" 200 20867 "-" "Mozilla/5.0 (Windows NT 6.1) AppleWebKit/537.36 (KHTML, like Gecko) Chrome/97.0.4692.99 Safari/537.36"
40.77.167.79 - - [13/Nov/2024:12:22:07 -0500] "GET /charming6d/eabb2269412.htm HTTP/1.1" 404 14981 "-" "Mozilla/5.0 AppleWebKit/537.36 (KHTML, like Gecko; compatible; bingbot/2.0; +http://www.bing.com/bingbot.htm) Chrome/116.0.1938.76 Safari/537.36"
68.65.122.142 - - [13/Nov/2024:12:25:15 -0500] "POST /wp-cron.php?doing_wp_cron=1731518715.3853108882904052734375 HTTP/1.1" 403 1242 "-" "WordPress/6.2.1; https://glenbowcollege.ca"
87.120.116.219 - - [13/Nov/2024:12:25:14 -0500] "GET //example.com/ HTTP/1.1" 301 0 "-" "Mozilla/5.0 (Macintosh; Intel Mac OS X 10_15_7) AppleWebKit/605.1.15 (KHTML, like Gecko) Version/17 Safari/605.1.15"
147.45.68.31 - - [13/Nov/2024:12:28:29 -0500] "GET /wp-json/wp/v2/users HTTP/1.1" 401 108 "https://www.google.com" "Mozilla/5.0 (X11; Linux x86_64) AppleWebKit/537.36 (KHTML, like Gecko) Chrome/119.0.0.0 Safari/537.36"
147.45.68.31 - - [13/Nov/2024:12:28:31 -0500] "GET /?author=1 HTTP/1.1" 404 0 "https://www.google.com" "Mozilla/5.0 (X11; Linux x86_64) AppleWebKit/537.36 (KHTML, like Gecko) Chrome/119.0.0.0 Safari/537.36"
147.45.68.31 - - [13/Nov/2024:12:28:33 -0500] "POST /xmlrpc.php HTTP/1.1" 403 1242 "-" "Apache-HttpClient/4.5.13 (Java/11.0.25)"
147.45.68.31 - - [13/Nov/2024:12:28:34 -0500] "GET /wp-login.php HTTP/1.1" 404 41 "https://www.google.com" "Mozilla/5.0 (X11; Linux x86_64) AppleWebKit/537.36 (KHTML, like Gecko) Chrome/119.0.0.0 Safari/537.36"
147.45.68.31 - - [13/Nov/2024:12:28:35 -0500] "GET /wp-login.php HTTP/1.1" 404 41 "https://www.google.com" "Mozilla/5.0 (X11; Linux x86_64) AppleWebKit/537.36 (KHTML, like Gecko) Chrome/119.0.0.0 Safari/537.36"
157.55.39.62 - - [13/Nov/2024:12:28:55 -0500] "GET /sitemap.xml HTTP/1.1" 301 0 "-" "Mozilla/5.0 AppleWebKit/537.36 (KHTML, like Gecko; compatible; bingbot/2.0; +http://www.bing.com/bingbot.htm) Chrome/116.0.1938.76 Safari/537.36"
157.55.39.62 - - [13/Nov/2024:12:29:05 -0500] "GET /sitemap_index.xml HTTP/1.1" 200 381 "-" "Mozilla/5.0 AppleWebKit/537.36 (KHTML, like Gecko; compatible; bingbot/2.0; +http://www.bing.com/bingbot.htm) Chrome/116.0.1938.76 Safari/537.36"
72.47.238.247 - - [13/Nov/2024:12:31:23 -0500] "GET /about/contact-us/ HTTP/1.0" 200 76005 "https://glenbowcollege.ca/about/contact-us/" "Mozilla/5.0 (Windows NT 10.0; Win64; x64) AppleWebKit/537.36 (KHTML, like Gecko) Chrome/121.0.0.0 Safari/537.36"
111.119.35.64 - - [13/Nov/2024:12:33:44 -0500] "GET /2020/02/22/enroll-our-programs/ HTTP/1.1" 200 20419 "-" "Mozilla/5.0 (Windows NT 6.1; Win64; x64) AppleWebKit/537.36 (KHTML, like Gecko) Chrome/79.0.3945.117 Safari/537.36"
17.241.75.54 - - [13/Nov/2024:12:34:36 -0500] "GET /2024/08/22/dyslexia-awareness-conference-2/ HTTP/1.1" 200 19836 "-" "Mozilla/5.0 (Macintosh; Intel Mac OS X 10_15_7) AppleWebKit/605.1.15 (KHTML, like Gecko) Version/17.4 Safari/605.1.15 (Applebot/0.1; +http://www.apple.com/go/applebot)"
77.221.157.196 - - [13/Nov/2024:12:35:29 -0500] "GET /wp-json/wp/v2/users HTTP/1.1" 401 108 "https://www.google.com" "Mozilla/5.0 (X11; Linux x86_64) AppleWebKit/537.36 (KHTML, like Gecko) Chrome/119.0.0.0 Safari/537.36"
77.221.157.196 - - [13/Nov/2024:12:35:32 -0500] "POST /xmlrpc.php HTTP/1.1" 403 1242 "-" "Apache-HttpClient/4.5.13 (Java/11.0.25)"
17.22.237.200 - - [13/Nov/2024:12:36:32 -0500] "GET /wp-includes/js/dist/vendor/regenerator-runtime.min.js?ver=0.13.11 HTTP/1.1" 200 4406 "https://glenbowcollege.ca/2024/08/22/dyslexia-awareness-conference-2/" "Mozilla/5.0 (Macintosh; Intel Mac OS X 10_15_7) AppleWebKit/605.1.15 (KHTML, like Gecko) Version/17.4 Safari/605.1.15 (Applebot/0.1; +http://www.apple.com/go/applebot)"
17.22.245.252 - - [13/Nov/2024:12:36:33 -0500] "GET /wp-includes/js/dist/vendor/wp-polyfill-inert.min.js?ver=3.1.2 HTTP/1.1" 200 4487 "https://glenbowcollege.ca/2024/08/22/dyslexia-awareness-conference-2/" "Mozilla/5.0 (Macintosh; Intel Mac OS X 10_15_7) AppleWebKit/605.1.15 (KHTML, like Gecko) Version/17.4 Safari/605.1.15 (Applebot/0.1; +http://www.apple.com/go/applebot)"
17.22.237.22 - - [13/Nov/2024:12:36:33 -0500] "GET /wp-includes/js/dist/vendor/wp-polyfill.min.js?ver=3.15.0 HTTP/1.1" 200 8920 "https://glenbowcollege.ca/2024/08/22/dyslexia-awareness-conference-2/" "Mozilla/5.0 (Macintosh; Intel Mac OS X 10_15_7) AppleWebKit/605.1.15 (KHTML, like Gecko) Version/17.4 Safari/605.1.15 (Applebot/0.1; +http://www.apple.com/go/applebot)"
17.22.245.73 - - [13/Nov/2024:12:36:34 -0500] "GET /wp-includes/js/dist/hooks.min.js?ver=4169d3cf8e8d95a3d6d5 HTTP/1.1" 200 3499 "https://glenbowcollege.ca/2024/08/22/dyslexia-awareness-conference-2/" "Mozilla/5.0 (Macintosh; Intel Mac OS X 10_15_7) AppleWebKit/605.1.15 (KHTML, like Gecko) Version/17.4 Safari/605.1.15 (Applebot/0.1; +http://www.apple.com/go/applebot)"
17.22.237.242 - - [13/Nov/2024:12:36:35 -0500] "GET /wp-content/plugins/add-to-cart-direct-checkout-for-woocommerce/public/js/pi-dcw-public.js?ver=2.1.64 HTTP/1.1" 200 2962 "https://glenbowcollege.ca/2024/08/22/dyslexia-awareness-conference-2/" "Mozilla/5.0 (Macintosh; Intel Mac OS X 10_15_7) AppleWebKit/605.1.15 (KHTML, like Gecko) Version/17.4 Safari/605.1.15 (Applebot/0.1; +http://www.apple.com/go/applebot)"
17.22.253.252 - - [13/Nov/2024:12:36:37 -0500] "GET /wp-content/plugins/contact-form-7/includes/swv/js/index.js?ver=5.8.6 HTTP/1.1" 200 5276 "https://glenbowcollege.ca/2024/08/22/dyslexia-awareness-conference-2/" "Mozilla/5.0 (Macintosh; Intel Mac OS X 10_15_7) AppleWebKit/605.1.15 (KHTML, like Gecko) Version/17.4 Safari/605.1.15 (Applebot/0.1; +http://www.apple.com/go/applebot)"
17.22.237.239 - - [13/Nov/2024:12:36:37 -0500] "GET /wp-content/plugins/coblocks/dist/js/coblocks-tinyswiper-initializer.js?ver=3.1.5 HTTP/1.1" 200 7498 "https://glenbowcollege.ca/2024/08/22/dyslexia-awareness-conference-2/" "Mozilla/5.0 (Macintosh; Intel Mac OS X 10_15_7) AppleWebKit/605.1.15 (KHTML, like Gecko) Version/17.4 Safari/605.1.15 (Applebot/0.1; +http://www.apple.com/go/applebot)"
17.22.253.67 - - [13/Nov/2024:12:36:39 -0500] "GET /wp-content/plugins/woocommerce/assets/js/jquery-blockui/jquery.blockUI.min.js?ver=2.7.0-wc.7.8.0 HTTP/1.1" 200 5411 "https://glenbowcollege.ca/2024/08/22/dyslexia-awareness-conference-2/" "Mozilla/5.0 (Macintosh; Intel Mac OS X 10_15_7) AppleWebKit/605.1.15 (KHTML, like Gecko) Version/17.4 Safari/605.1.15 (Applebot/0.1; +http://www.apple.com/go/applebot)"
17.22.245.47 - - [13/Nov/2024:12:36:40 -0500] "GET /wp-content/plugins/woocommerce/assets/js/frontend/add-to-cart.min.js?ver=7.8.0 HTTP/1.1" 200 2888 "https://glenbowcollege.ca/2024/08/22/dyslexia-awareness-conference-2/" "Mozilla/5.0 (Macintosh; Intel Mac OS X 10_15_7) AppleWebKit/605.1.15 (KHTML, like Gecko) Version/17.4 Safari/605.1.15 (Applebot/0.1; +http://www.apple.com/go/applebot)"
68.65.122.142 - - [13/Nov/2024:12:35:30 -0500] "POST /wp-cron.php?doing_wp_cron=1731519330.1022729873657226562500 HTTP/1.1" 403 1242 "-" "WordPress/6.2.1; https://glenbowcollege.ca"
77.221.157.196 - - [13/Nov/2024:12:35:31 -0500] "GET /?author=1 HTTP/1.1" 404 0 "https://www.google.com" "Mozilla/5.0 (X11; Linux x86_64) AppleWebKit/537.36 (KHTML, like Gecko) Chrome/119.0.0.0 Safari/537.36"
77.221.157.196 - - [13/Nov/2024:12:35:33 -0500] "GET /wp-login.php HTTP/1.1" 404 41 "https://www.google.com" "Mozilla/5.0 (X11; Linux x86_64) AppleWebKit/537.36 (KHTML, like Gecko) Chrome/119.0.0.0 Safari/537.36"
77.221.157.196 - - [13/Nov/2024:12:35:34 -0500] "GET /wp-login.php HTTP/1.1" 404 41 "https://www.google.com" "Mozilla/5.0 (X11; Linux x86_64) AppleWebKit/537.36 (KHTML, like Gecko) Chrome/119.0.0.0 Safari/537.36"
17.22.253.212 - - [13/Nov/2024:12:36:34 -0500] "GET /wp-includes/js/jquery/jquery.min.js?ver=3.6.4 HTTP/1.1" 200 36727 "https://glenbowcollege.ca/2024/08/22/dyslexia-awareness-conference-2/" "Mozilla/5.0 (Macintosh; Intel Mac OS X 10_15_7) AppleWebKit/605.1.15 (KHTML, like Gecko) Version/17.4 Safari/605.1.15 (Applebot/0.1; +http://www.apple.com/go/applebot)"
17.22.253.252 - - [13/Nov/2024:12:36:35 -0500] "GET /wp-includes/js/jquery/jquery-migrate.min.js?ver=3.4.0 HTTP/1.1" 200 6917 "https://glenbowcollege.ca/2024/08/22/dyslexia-awareness-conference-2/" "Mozilla/5.0 (Macintosh; Intel Mac OS X 10_15_7) AppleWebKit/605.1.15 (KHTML, like Gecko) Version/17.4 Safari/605.1.15 (Applebot/0.1; +http://www.apple.com/go/applebot)"
17.22.253.79 - - [13/Nov/2024:12:36:36 -0500] "GET /wp-content/plugins/woocommerce-menu-bar-cart/assets/js/wpmenucart-ajax-assist.min.js?ver=2.14.2 HTTP/1.1" 200 2040 "https://glenbowcollege.ca/2024/08/22/dyslexia-awareness-conference-2/" "Mozilla/5.0 (Macintosh; Intel Mac OS X 10_15_7) AppleWebKit/605.1.15 (KHTML, like Gecko) Version/17.4 Safari/605.1.15 (Applebot/0.1; +http://www.apple.com/go/applebot)"
17.22.253.110 - - [13/Nov/2024:12:36:37 -0500] "GET /wp-content/plugins/coblocks/dist/js/coblocks-animation.js?ver=3.1.5 HTTP/1.1" 200 1957 "https://glenbowcollege.ca/2024/08/22/dyslexia-awareness-conference-2/" "Mozilla/5.0 (Macintosh; Intel Mac OS X 10_15_7) AppleWebKit/605.1.15 (KHTML, like Gecko) Version/17.4 Safari/605.1.15 (Applebot/0.1; +http://www.apple.com/go/applebot)"
17.22.253.119 - - [13/Nov/2024:12:36:37 -0500] "GET /wp-content/plugins/coblocks/dist/js/vendors/tiny-swiper.js?ver=3.1.5 HTTP/1.1" 200 6225 "https://glenbowcollege.ca/2024/08/22/dyslexia-awareness-conference-2/" "Mozilla/5.0 (Macintosh; Intel Mac OS X 10_15_7) AppleWebKit/605.1.15 (KHTML, like Gecko) Version/17.4 Safari/605.1.15 (Applebot/0.1; +http://www.apple.com/go/applebot)"
17.22.253.79 - - [13/Nov/2024:12:36:38 -0500] "GET /wp-content/plugins/product-open-pricing-name-your-price-for-woocommerce/includes/js/alg-wc-pop-frontend.js?ver=1.7.1 HTTP/1.1" 200 2211 "https://glenbowcollege.ca/2024/08/22/dyslexia-awareness-conference-2/" "Mozilla/5.0 (Macintosh; Intel Mac OS X 10_15_7) AppleWebKit/605.1.15 (KHTML, like Gecko) Version/17.4 Safari/605.1.15 (Applebot/0.1; +http://www.apple.com/go/applebot)"
17.22.237.147 - - [13/Nov/2024:12:36:38 -0500] "GET /wp-content/plugins/contact-form-7/includes/js/index.js?ver=5.8.6 HTTP/1.1" 200 6334 "https://glenbowcollege.ca/2024/08/22/dyslexia-awareness-conference-2/" "Mozilla/5.0 (Macintosh; Intel Mac OS X 10_15_7) AppleWebKit/605.1.15 (KHTML, like Gecko) Version/17.4 Safari/605.1.15 (Applebot/0.1; +http://www.apple.com/go/applebot)"
17.22.253.186 - - [13/Nov/2024:12:36:41 -0500] "GET /wp-content/themes/education-hub-pro/js/skip-link-focus-fix.min.js?ver=20130115 HTTP/1.1" 200 2024 "https://glenbowcollege.ca/2024/08/22/dyslexia-awareness-conference-2/" "Mozilla/5.0 (Macintosh; Intel Mac OS X 10_15_7) AppleWebKit/605.1.15 (KHTML, like Gecko) Version/17.4 Safari/605.1.15 (Applebot/0.1; +http://www.apple.com/go/applebot)"
17.22.245.252 - - [13/Nov/2024:12:36:42 -0500] "GET /wp-content/themes/education-hub-pro/third-party/ticker/jquery.easy-ticker.min.js?ver=2.0 HTTP/1.1" 200 2918 "https://glenbowcollege.ca/2024/08/22/dyslexia-awareness-conference-2/" "Mozilla/5.0 (Macintosh; Intel Mac OS X 10_15_7) AppleWebKit/605.1.15 (KHTML, like Gecko) Version/17.4 Safari/605.1.15 (Applebot/0.1; +http://www.apple.com/go/applebot)"
17.22.237.77 - - [13/Nov/2024:12:36:42 -0500] "GET /wp-content/themes/education-hub-pro/third-party/cycle2/js/jquery.cycle2.min.js?ver=2.1.6 HTTP/1.1" 200 9702 "https://glenbowcollege.ca/2024/08/22/dyslexia-awareness-conference-2/" "Mozilla/5.0 (Macintosh; Intel Mac OS X 10_15_7) AppleWebKit/605.1.15 (KHTML, like Gecko) Version/17.4 Safari/605.1.15 (Applebot/0.1; +http://www.apple.com/go/applebot)"
17.22.237.142 - - [13/Nov/2024:12:36:43 -0500] "GET /wp-content/themes/education-hub-pro/js/navigation.min.js?ver=20160421 HTTP/1.1" 200 2920 "https://glenbowcollege.ca/2024/08/22/dyslexia-awareness-conference-2/" "Mozilla/5.0 (Macintosh; Intel Mac OS X 10_15_7) AppleWebKit/605.1.15 (KHTML, like Gecko) Version/17.4 Safari/605.1.15 (Applebot/0.1; +http://www.apple.com/go/applebot)"
17.22.245.100 - - [13/Nov/2024:12:36:44 -0500] "GET /wp-includes/js/wp-emoji-release.min.js?ver=6.2.1 HTTP/1.1" 200 7506 "https://glenbowcollege.ca/2024/08/22/dyslexia-awareness-conference-2/" "Mozilla/5.0 (Macintosh; Intel Mac OS X 10_15_7) AppleWebKit/605.1.15 (KHTML, like Gecko) Version/17.4 Safari/605.1.15 (Applebot/0.1; +http://www.apple.com/go/applebot)"
68.65.122.142 - - [13/Nov/2024:12:38:30 -0500] "POST /wp-cron.php?doing_wp_cron=1731519510.1441960334777832031250 HTTP/1.1" 403 1242 "-" "WordPress/6.2.1; https://glenbowcollege.ca"
62.60.154.105 - - [13/Nov/2024:12:38:29 -0500] "GET /wp-json/wp/v2/users HTTP/1.1" 401 108 "https://www.google.com" "Mozilla/5.0 (X11; Linux x86_64) AppleWebKit/537.36 (KHTML, like Gecko) Chrome/119.0.0.0 Safari/537.36"
62.60.154.105 - - [13/Nov/2024:12:38:31 -0500] "POST /xmlrpc.php HTTP/1.1" 403 1242 "-" "Apache-HttpClient/4.5.13 (Java/11.0.25)"
62.60.154.105 - - [13/Nov/2024:12:38:32 -0500] "GET /wp-login.php HTTP/1.1" 404 41 "https://www.google.com" "Mozilla/5.0 (X11; Linux x86_64) AppleWebKit/537.36 (KHTML, like Gecko) Chrome/119.0.0.0 Safari/537.36"
5.161.44.164 - - [13/Nov/2024:12:47:36 -0500] "POST /wp-load.php?1fe541=55796 HTTP/1.1" 403 1242 "-" "Mozilla/5.0 (Windows NT 10.0; Win64; x64) AppleWebKit/537.36 (KHTML, like Gecko) Chrome/104.0.5112.97 Safari/537.36"
68.65.122.142 - - [13/Nov/2024:12:49:02 -0500] "POST /wp-cron.php?doing_wp_cron=1731520142.2964229583740234375000 HTTP/1.1" 403 1242 "-" "WordPress/6.2.1; https://glenbowcollege.ca"
62.60.154.105 - - [13/Nov/2024:12:49:01 -0500] "GET /wp-json/wp/v2/users HTTP/1.1" 401 108 "https://www.google.com" "Mozilla/5.0 (X11; Linux x86_64) AppleWebKit/537.36 (KHTML, like Gecko) Chrome/119.0.0.0 Safari/537.36"
62.60.154.105 - - [13/Nov/2024:12:49:03 -0500] "GET /?author=1 HTTP/1.1" 404 0 "https://www.google.com" "Mozilla/5.0 (X11; Linux x86_64) AppleWebKit/537.36 (KHTML, like Gecko) Chrome/119.0.0.0 Safari/537.36"
62.60.154.105 - - [13/Nov/2024:12:49:04 -0500] "POST /xmlrpc.php HTTP/1.1" 403 1242 "-" "Apache-HttpClient/4.5.13 (Java/11.0.25)"
62.60.154.105 - - [13/Nov/2024:12:49:05 -0500] "GET /wp-login.php HTTP/1.1" 404 41 "https://www.google.com" "Mozilla/5.0 (X11; Linux x86_64) AppleWebKit/537.36 (KHTML, like Gecko) Chrome/119.0.0.0 Safari/537.36"
62.60.245.236 - - [13/Nov/2024:12:49:34 -0500] "GET /?author=1 HTTP/1.1" 404 0 "https://www.google.com" "Mozilla/5.0 (X11; Linux x86_64) AppleWebKit/537.36 (KHTML, like Gecko) Chrome/119.0.0.0 Safari/537.36"
62.60.245.236 - - [13/Nov/2024:12:49:36 -0500] "GET /wp-login.php HTTP/1.1" 404 41 "https://www.google.com" "Mozilla/5.0 (X11; Linux x86_64) AppleWebKit/537.36 (KHTML, like Gecko) Chrome/119.0.0.0 Safari/537.36"
