Server IP : 68.65.122.142  /  Your IP : 3.133.109.169
Web Server : LiteSpeed
System : Linux server167.web-hosting.com 4.18.0-513.18.1.lve.el8.x86_64 #1 SMP Thu Feb 22 12:55:50 UTC 2024 x86_64
User : glenirhm ( 1318)
PHP Version : 7.4.33
Disable Function : NONE
MySQL : OFF  |  cURL : ON  |  WGET : ON  |  Perl : ON  |  Python : ON
Directory (0750) :  /home/glenirhm/myglenbow.ca/vereion/mantis/../../../access-logs/

[  Home  ][  C0mmand  ][  Upload File  ]

Current File : /home/glenirhm/myglenbow.ca/vereion/mantis/../../..///access-logs/glenbowcollege.ca-ssl_log
69.171.230.116 - - [13/Nov/2024:07:08:17 -0500] "GET /robots.txt HTTP/1.1" 200 841 "-" "facebookexternalhit/1.1 (+http://www.facebook.com/externalhit_uatext.php)"
68.65.122.142 - - [13/Nov/2024:07:11:16 -0500] "POST /wp-cron.php?doing_wp_cron=1731499876.2110259532928466796875 HTTP/1.1" 403 1242 "-" "WordPress/6.2.1; https://glenbowcollege.ca"
178.236.246.153 - - [13/Nov/2024:07:11:17 -0500] "GET /?author=1 HTTP/1.1" 404 0 "https://www.google.com" "Mozilla/5.0 (X11; Linux x86_64) AppleWebKit/537.36 (KHTML, like Gecko) Chrome/119.0.0.0 Safari/537.36"
178.236.246.153 - - [13/Nov/2024:07:11:18 -0500] "POST /xmlrpc.php HTTP/1.1" 403 1242 "-" "Apache-HttpClient/4.5.13 (Java/11.0.25)"
178.236.246.153 - - [13/Nov/2024:07:11:19 -0500] "GET /wp-login.php HTTP/1.1" 404 41 "https://www.google.com" "Mozilla/5.0 (X11; Linux x86_64) AppleWebKit/537.36 (KHTML, like Gecko) Chrome/119.0.0.0 Safari/537.36"
178.236.246.153 - - [13/Nov/2024:07:11:20 -0500] "GET /wp-login.php HTTP/1.1" 404 41 "https://www.google.com" "Mozilla/5.0 (X11; Linux x86_64) AppleWebKit/537.36 (KHTML, like Gecko) Chrome/119.0.0.0 Safari/537.36"
68.65.122.142 - - [13/Nov/2024:07:15:18 -0500] "POST /wp-cron.php?doing_wp_cron=1731500118.2340650558471679687500 HTTP/1.1" 403 1242 "-" "WordPress/6.2.1; https://glenbowcollege.ca"
69.171.230.10 - - [13/Nov/2024:07:15:17 -0500] "GET / HTTP/1.1" 200 88799 "-" "facebookexternalhit/1.1 (+http://www.facebook.com/externalhit_uatext.php)"
85.192.27.24 - - [13/Nov/2024:07:16:15 -0500] "GET /wp-json/wp/v2/users HTTP/1.1" 401 108 "https://www.google.com" "Mozilla/5.0 (X11; Linux x86_64) AppleWebKit/537.36 (KHTML, like Gecko) Chrome/119.0.0.0 Safari/537.36"
178.236.246.153 - - [13/Nov/2024:07:11:15 -0500] "GET /wp-json/wp/v2/users HTTP/1.1" 401 108 "https://www.google.com" "Mozilla/5.0 (X11; Linux x86_64) AppleWebKit/537.36 (KHTML, like Gecko) Chrome/119.0.0.0 Safari/537.36"
68.65.122.142 - - [13/Nov/2024:07:13:11 -0500] "POST /wp-cron.php?doing_wp_cron=1731499991.7616319656372070312500 HTTP/1.1" 403 1242 "-" "WordPress/6.2.1; https://glenbowcollege.ca"
178.236.246.153 - - [13/Nov/2024:07:13:10 -0500] "GET /wp-json/wp/v2/users HTTP/1.1" 401 108 "https://www.google.com" "Mozilla/5.0 (X11; Linux x86_64) AppleWebKit/537.36 (KHTML, like Gecko) Chrome/119.0.0.0 Safari/537.36"
178.236.246.153 - - [13/Nov/2024:07:13:12 -0500] "GET /?author=1 HTTP/1.1" 404 0 "https://www.google.com" "Mozilla/5.0 (X11; Linux x86_64) AppleWebKit/537.36 (KHTML, like Gecko) Chrome/119.0.0.0 Safari/537.36"
178.236.246.153 - - [13/Nov/2024:07:13:14 -0500] "POST /xmlrpc.php HTTP/1.1" 403 1242 "-" "Apache-HttpClient/4.5.13 (Java/11.0.25)"
178.236.246.153 - - [13/Nov/2024:07:13:15 -0500] "GET /wp-login.php HTTP/1.1" 404 41 "https://www.google.com" "Mozilla/5.0 (X11; Linux x86_64) AppleWebKit/537.36 (KHTML, like Gecko) Chrome/119.0.0.0 Safari/537.36"
178.236.246.153 - - [13/Nov/2024:07:13:17 -0500] "GET /wp-login.php HTTP/1.1" 404 41 "https://www.google.com" "Mozilla/5.0 (X11; Linux x86_64) AppleWebKit/537.36 (KHTML, like Gecko) Chrome/119.0.0.0 Safari/537.36"
85.192.27.24 - - [13/Nov/2024:07:16:16 -0500] "GET /?author=1 HTTP/1.1" 404 0 "https://www.google.com" "Mozilla/5.0 (X11; Linux x86_64) AppleWebKit/537.36 (KHTML, like Gecko) Chrome/119.0.0.0 Safari/537.36"
85.192.27.24 - - [13/Nov/2024:07:16:18 -0500] "POST /xmlrpc.php HTTP/1.1" 403 1242 "-" "Apache-HttpClient/4.5.13 (Java/11.0.25)"
85.192.27.24 - - [13/Nov/2024:07:16:19 -0500] "GET /wp-login.php HTTP/1.1" 404 41 "https://www.google.com" "Mozilla/5.0 (X11; Linux x86_64) AppleWebKit/537.36 (KHTML, like Gecko) Chrome/119.0.0.0 Safari/537.36"
85.192.27.24 - - [13/Nov/2024:07:16:20 -0500] "GET /wp-login.php HTTP/1.1" 404 41 "https://www.google.com" "Mozilla/5.0 (X11; Linux x86_64) AppleWebKit/537.36 (KHTML, like Gecko) Chrome/119.0.0.0 Safari/537.36"
66.249.68.32 - - [13/Nov/2024:07:23:11 -0500] "GET /feed/ HTTP/1.1" 200 5041 "-" "Mozilla/5.0 (compatible; Googlebot/2.1; +http://www.google.com/bot.html)"
52.167.144.236 - - [13/Nov/2024:07:27:55 -0500] "GET /aquacultured0/befa575242.htm HTTP/1.1" 404 14960 "-" "Mozilla/5.0 AppleWebKit/537.36 (KHTML, like Gecko; compatible; bingbot/2.0; +http://www.bing.com/bingbot.htm) Chrome/116.0.1938.76 Safari/537.36"
66.249.68.38 - - [13/Nov/2024:07:36:08 -0500] "GET / HTTP/1.1" 200 20446 "-" "Mozilla/5.0 (compatible; Googlebot/2.1; +http://www.google.com/bot.html)"
66.249.68.38 - - [13/Nov/2024:07:36:11 -0500] "GET /wp-content/plugins/add-to-cart-direct-checkout-for-woocommerce/public/js/pi-dcw-public.js?ver=2.1.64 HTTP/1.1" 200 2634 "https://glenbowcollege.ca/" "Mozilla/5.0 AppleWebKit/537.36 (KHTML, like Gecko; compatible; Googlebot/2.1; +http://www.google.com/bot.html) Chrome/130.0.6723.69 Safari/537.36"
66.249.68.39 - - [13/Nov/2024:07:36:12 -0500] "GET /wp-content/themes/education-hub-pro/js/navigation.min.js?ver=20160421 HTTP/1.1" 200 2592 "https://glenbowcollege.ca/" "Mozilla/5.0 AppleWebKit/537.36 (KHTML, like Gecko; compatible; Googlebot/2.1; +http://www.google.com/bot.html) Chrome/130.0.6723.69 Safari/537.36"
40.77.167.151 - - [13/Nov/2024:07:38:09 -0500] "GET /soundtracks6627d/fcfac311209.htm HTTP/1.1" 404 14994 "-" "Mozilla/5.0 AppleWebKit/537.36 (KHTML, like Gecko; compatible; bingbot/2.0; +http://www.bing.com/bingbot.htm) Chrome/116.0.1938.76 Safari/537.36"
68.65.122.142 - - [13/Nov/2024:07:41:48 -0500] "POST /wp-cron.php?doing_wp_cron=1731501708.8630690574645996093750 HTTP/1.1" 403 1242 "-" "WordPress/6.2.1; https://glenbowcollege.ca"
66.249.68.39 - - [13/Nov/2024:07:42:42 -0500] "GET / HTTP/1.1" 200 20457 "-" "Mozilla/5.0 (compatible; Googlebot/2.1; +http://www.google.com/bot.html)"
40.77.167.151 - - [13/Nov/2024:07:43:12 -0500] "GET /branch25/ HTTP/1.1" 404 14976 "-" "Mozilla/5.0 AppleWebKit/537.36 (KHTML, like Gecko; compatible; bingbot/2.0; +http://www.bing.com/bingbot.htm) Chrome/116.0.1938.76 Safari/537.36"
68.65.122.142 - - [13/Nov/2024:07:23:12 -0500] "POST /wp-cron.php?doing_wp_cron=1731500592.0660669803619384765625 HTTP/1.1" 403 1242 "-" "WordPress/6.2.1; https://glenbowcollege.ca"
68.65.122.142 - - [13/Nov/2024:07:27:56 -0500] "POST /wp-cron.php?doing_wp_cron=1731500876.9698560237884521484375 HTTP/1.1" 403 1242 "-" "WordPress/6.2.1; https://glenbowcollege.ca"
68.65.122.142 - - [13/Nov/2024:07:38:10 -0500] "POST /wp-cron.php?doing_wp_cron=1731501490.9138200283050537109375 HTTP/1.1" 403 1242 "-" "WordPress/6.2.1; https://glenbowcollege.ca"
40.77.167.151 - - [13/Nov/2024:07:38:11 -0500] "GET /australasiaba/ba556390.htm HTTP/1.1" 404 14984 "-" "Mozilla/5.0 AppleWebKit/537.36 (KHTML, like Gecko; compatible; bingbot/2.0; +http://www.bing.com/bingbot.htm) Chrome/116.0.1938.76 Safari/537.36"
52.167.144.171 - - [13/Nov/2024:07:41:47 -0500] "GET /slidesc4/bf1088020.htm HTTP/1.1" 404 14958 "-" "Mozilla/5.0 AppleWebKit/537.36 (KHTML, like Gecko; compatible; bingbot/2.0; +http://www.bing.com/bingbot.htm) Chrome/116.0.1938.76 Safari/537.36"
68.65.122.142 - - [13/Nov/2024:07:42:49 -0500] "POST /wp-cron.php?doing_wp_cron=1731501769.8505818843841552734375 HTTP/1.1" 403 1242 "-" "WordPress/6.2.1; https://glenbowcollege.ca"
5.161.127.210 - - [13/Nov/2024:07:42:48 -0500] "GET /2020/02/22/career-day/ HTTP/1.1" 200 19412 "-" "Mozilla/5.0 (Macintosh; Intel Mac OS X 10_15_7) AppleWebKit/537.36 (KHTML, like Gecko) Chrome/124.0.0.0 Safari/537.36"
68.65.122.142 - - [13/Nov/2024:07:57:16 -0500] "POST /wp-cron.php?doing_wp_cron=1731502636.7148129940032958984375 HTTP/1.1" 403 1242 "-" "WordPress/6.2.1; https://glenbowcollege.ca"
213.232.207.253 - - [13/Nov/2024:07:57:15 -0500] "GET /comment/?success&formid=1 HTTP/1.0" 200 84972 "https://glenbowcollege.ca/comment/?success&formid=1" "Mozilla/5.0 (Windows NT 10.0.0; Win64; x64; ) AppleWebKit/537.36 (KHTML, like Gecko) Chrome/124.0.6367.63 Chrome/124.0.6367.63 Not-A.Brand/99  Safari/537.36"
213.232.207.253 - - [13/Nov/2024:07:57:20 -0500] "GET /category/blog/ HTTP/1.0" 200 70470 "https://glenbowcollege.ca/category/blog/" "Mozilla/5.0 (Windows NT 10.0.0; Win64; x64; ) AppleWebKit/537.36 (KHTML, like Gecko) Chrome/124.0.6367.63 Chrome/124.0.6367.63 Not-A.Brand/99  Safari/537.36"
213.232.207.253 - - [13/Nov/2024:07:57:22 -0500] "GET /comment/ HTTP/1.0" 200 95506 "https://glenbowcollege.ca/comment/" "Mozilla/5.0 (Windows NT 10.0.0; Win64; x64; ) AppleWebKit/537.36 (KHTML, like Gecko) Chrome/124.0.6367.63 Chrome/124.0.6367.63 Not-A.Brand/99  Safari/537.36"
213.232.207.253 - - [13/Nov/2024:07:57:24 -0500] "POST /comment/ HTTP/1.0" 302 0 "https://glenbowcollege.ca/comment/" "Mozilla/5.0 (Windows NT 10.0.0; Win64; x64; ) AppleWebKit/537.36 (KHTML, like Gecko) Chrome/124.0.6367.63 Chrome/124.0.6367.63 Not-A.Brand/99  Safari/537.36"
213.232.207.253 - - [13/Nov/2024:07:57:26 -0500] "GET /comment/?success&formid=1 HTTP/1.0" 200 84987 "https://glenbowcollege.ca/?success&formid=1" "Mozilla/5.0 (Windows NT 10.0.0; Win64; x64; ) AppleWebKit/537.36 (KHTML, like Gecko) Chrome/124.0.6367.63 Chrome/124.0.6367.63 Not-A.Brand/99  Safari/537.36"
213.232.207.253 - - [13/Nov/2024:07:57:30 -0500] "GET /comment/ HTTP/1.0" 200 95486 "https://glenbowcollege.ca/comment/" "Mozilla/5.0 (Windows NT 10.0.0; Win64; x64; ) AppleWebKit/537.36 (KHTML, like Gecko) Chrome/124.0.6367.63 Chrome/124.0.6367.63 Not-A.Brand/99  Safari/537.36"
213.232.207.253 - - [13/Nov/2024:07:57:33 -0500] "GET /2020/02/23/blog/ HTTP/1.0" 200 83395 "https://glenbowcollege.ca/2020/02/23/blog/" "Mozilla/5.0 (Windows NT 10.0.0; Win64; x64; ) AppleWebKit/537.36 (KHTML, like Gecko) Chrome/124.0.6367.63 Chrome/124.0.6367.63 Not-A.Brand/99  Safari/537.36"
104.167.28.120 - - [13/Nov/2024:08:00:28 -0500] "GET /wp-json/wp/v2/users HTTP/1.1" 401 108 "https://www.google.com" "Mozilla/5.0 (X11; Linux x86_64) AppleWebKit/537.36 (KHTML, like Gecko) Chrome/119.0.0.0 Safari/537.36"
104.167.28.120 - - [13/Nov/2024:08:00:30 -0500] "GET /?author=1 HTTP/1.1" 404 0 "https://www.google.com" "Mozilla/5.0 (X11; Linux x86_64) AppleWebKit/537.36 (KHTML, like Gecko) Chrome/119.0.0.0 Safari/537.36"
104.167.28.120 - - [13/Nov/2024:08:00:32 -0500] "GET /wp-json/wp/v2/users HTTP/1.1" 401 108 "https://www.google.com" "Mozilla/5.0 (X11; Linux x86_64) AppleWebKit/537.36 (KHTML, like Gecko) Chrome/119.0.0.0 Safari/537.36"
104.167.28.120 - - [13/Nov/2024:08:00:36 -0500] "POST /xmlrpc.php HTTP/1.1" 403 1242 "-" "Apache-HttpClient/4.5.13 (Java/11.0.24)"
104.167.28.120 - - [13/Nov/2024:08:00:41 -0500] "GET /wp-login.php HTTP/1.1" 404 41 "https://www.google.com" "Mozilla/5.0 (X11; Linux x86_64) AppleWebKit/537.36 (KHTML, like Gecko) Chrome/119.0.0.0 Safari/537.36"
5.161.252.168 - - [13/Nov/2024:07:47:03 -0500] "POST /wp-load.php?ec4fcc=8214 HTTP/1.1" 403 1242 "-" "Mozilla/5.0 (Windows NT 10.0; Win64; x64) AppleWebKit/537.36 (KHTML, like Gecko) Chrome/104.0.5112.97 Safari/537.36"
213.232.207.253 - - [13/Nov/2024:07:57:18 -0500] "GET /2020/02/23/blog/ HTTP/1.0" 200 83430 "https://glenbowcollege.ca/2020/02/23/blog/" "Mozilla/5.0 (Windows NT 10.0.0; Win64; x64; ) AppleWebKit/537.36 (KHTML, like Gecko) Chrome/124.0.6367.63 Chrome/124.0.6367.63 Not-A.Brand/99  Safari/537.36"
213.232.207.253 - - [13/Nov/2024:07:57:28 -0500] "GET /comment/ HTTP/1.0" 200 95501 "https://glenbowcollege.ca/comment/" "Mozilla/5.0 (Windows NT 10.0.0; Win64; x64; ) AppleWebKit/537.36 (KHTML, like Gecko) Chrome/124.0.6367.63 Chrome/124.0.6367.63 Not-A.Brand/99  Safari/537.36"
104.167.28.120 - - [13/Nov/2024:08:00:34 -0500] "GET /?author=1 HTTP/1.1" 404 0 "https://www.google.com" "Mozilla/5.0 (X11; Linux x86_64) AppleWebKit/537.36 (KHTML, like Gecko) Chrome/119.0.0.0 Safari/537.36"
104.167.28.120 - - [13/Nov/2024:08:00:36 -0500] "GET /wp-login.php HTTP/1.1" 404 41 "https://www.google.com" "Mozilla/5.0 (X11; Linux x86_64) AppleWebKit/537.36 (KHTML, like Gecko) Chrome/119.0.0.0 Safari/537.36"
104.167.28.120 - - [13/Nov/2024:08:00:38 -0500] "GET /wp-login.php HTTP/1.1" 404 41 "https://www.google.com" "Mozilla/5.0 (X11; Linux x86_64) AppleWebKit/537.36 (KHTML, like Gecko) Chrome/119.0.0.0 Safari/537.36"
104.167.28.120 - - [13/Nov/2024:08:00:40 -0500] "POST /xmlrpc.php HTTP/1.1" 403 1242 "-" "Apache-HttpClient/4.5.13 (Java/11.0.24)"
104.167.28.120 - - [13/Nov/2024:08:00:43 -0500] "GET /wp-login.php HTTP/1.1" 404 41 "https://www.google.com" "Mozilla/5.0 (X11; Linux x86_64) AppleWebKit/537.36 (KHTML, like Gecko) Chrome/119.0.0.0 Safari/537.36"
68.65.122.142 - - [13/Nov/2024:08:02:10 -0500] "POST /wp-cron.php?doing_wp_cron=1731502930.6158859729766845703125 HTTP/1.1" 403 1242 "-" "WordPress/6.2.1; https://glenbowcollege.ca"
40.77.167.37 - - [13/Nov/2024:08:02:09 -0500] "GET /cambridgeshire514/ HTTP/1.1" 404 14995 "-" "Mozilla/5.0 AppleWebKit/537.36 (KHTML, like Gecko; compatible; bingbot/2.0; +http://www.bing.com/bingbot.htm) Chrome/116.0.1938.76 Safari/537.36"
94.103.87.196 - - [13/Nov/2024:08:14:11 -0500] "GET /international/international-about/apply/ HTTP/1.1" 200 20407 "-" "Mozilla/5.0 (Windows NT 10.0; Win64; x64) AppleWebKit/537.36 (KHTML, like Gecko) Chrome/120.0.0.0 Safari/537.36"
196.201.80.159 - - [13/Nov/2024:08:14:14 -0500] "POST /international/international-about/apply/ HTTP/1.1" 200 18388 "-" "Mozilla/5.0 (Windows NT 10.0; Win64; x64) AppleWebKit/537.36 (KHTML, like Gecko) Chrome/120.0.0.0 Safari/537.36"
94.103.87.196 - - [13/Nov/2024:08:14:35 -0500] "GET /programs/computerized-accounting-and-payroll-diploma/ HTTP/1.1" 200 21535 "-" "Mozilla/5.0 (Windows NT 10.0; Win64; x64) AppleWebKit/537.36 (KHTML, like Gecko) Chrome/120.0.0.0 Safari/537.36"
94.103.87.196 - - [13/Nov/2024:08:14:59 -0500] "GET /international/prospective-international-students/how-to-apply/ HTTP/1.1" 200 20748 "-" "Mozilla/5.0 (Windows NT 10.0; Win64; x64) AppleWebKit/537.36 (KHTML, like Gecko) Chrome/120.0.0.0 Safari/537.36"
94.103.87.196 - - [13/Nov/2024:08:15:01 -0500] "GET /international/international-prospective-students/how-to-apply/ HTTP/1.1" 301 0 "-" "Mozilla/5.0 (Windows NT 10.0; Win64; x64) AppleWebKit/537.36 (KHTML, like Gecko) Chrome/120.0.0.0 Safari/537.36"
94.103.87.196 - - [13/Nov/2024:08:15:03 -0500] "GET /international/prospective-international-students/how-to-apply/ HTTP/1.1" 200 20744 "https://glenbowcollege.ca/international/international-prospective-students/how-to-apply/#1" "Mozilla/5.0 (Windows NT 10.0; Win64; x64) AppleWebKit/537.36 (KHTML, like Gecko) Chrome/120.0.0.0 Safari/537.36"
94.103.87.196 - - [13/Nov/2024:08:15:45 -0500] "GET /testimonial/daskalos/ HTTP/1.1" 200 19443 "-" "Mozilla/5.0 (Windows NT 10.0; Win64; x64) AppleWebKit/537.36 (KHTML, like Gecko) Chrome/120.0.0.0 Safari/537.36"
94.103.87.196 - - [13/Nov/2024:08:15:47 -0500] "GET /comment/ HTTP/1.1" 200 23152 "-" "Mozilla/5.0 (Windows NT 10.0; Win64; x64) AppleWebKit/537.36 (KHTML, like Gecko) Chrome/120.0.0.0 Safari/537.36"
196.201.80.159 - - [13/Nov/2024:08:15:58 -0500] "POST /comment/ HTTP/1.1" 200 20740 "-" "Mozilla/5.0 (Windows NT 10.0; Win64; x64) AppleWebKit/537.36 (KHTML, like Gecko) Chrome/120.0.0.0 Safari/537.36"
196.201.80.159 - - [13/Nov/2024:08:16:01 -0500] "POST /comment/ HTTP/1.1" 200 20696 "-" "Mozilla/5.0 (Windows NT 10.0; Win64; x64) AppleWebKit/537.36 (KHTML, like Gecko) Chrome/120.0.0.0 Safari/537.36"
94.103.87.196 - - [13/Nov/2024:08:16:03 -0500] "GET /2024/08/21/newcomers-career-journey/ HTTP/1.1" 200 19641 "-" "Mozilla/5.0 (Windows NT 10.0; Win64; x64) AppleWebKit/537.36 (KHTML, like Gecko) Chrome/120.0.0.0 Safari/537.36"
68.65.122.142 - - [13/Nov/2024:08:14:02 -0500] "POST /wp-cron.php?doing_wp_cron=1731503642.8082110881805419921875 HTTP/1.1" 403 1242 "-" "WordPress/6.2.1; https://glenbowcollege.ca"
94.103.87.196 - - [13/Nov/2024:08:14:01 -0500] "GET / HTTP/1.1" 200 23170 "-" "Mozilla/5.0 (Windows NT 10.0; Win64; x64) AppleWebKit/537.36 (KHTML, like Gecko) Chrome/120.0.0.0 Safari/537.36"
94.103.87.196 - - [13/Nov/2024:08:14:03 -0500] "GET /about/contact-us/ HTTP/1.1" 200 20293 "-" "Mozilla/5.0 (Windows NT 10.0; Win64; x64) AppleWebKit/537.36 (KHTML, like Gecko) Chrome/120.0.0.0 Safari/537.36"
196.201.80.159 - - [13/Nov/2024:08:14:07 -0500] "POST /about/contact-us/ HTTP/1.1" 200 18281 "-" "Mozilla/5.0 (Windows NT 10.0; Win64; x64) AppleWebKit/537.36 (KHTML, like Gecko) Chrome/120.0.0.0 Safari/537.36"
196.201.80.159 - - [13/Nov/2024:08:14:09 -0500] "POST /about/contact-us/ HTTP/1.1" 200 18216 "-" "Mozilla/5.0 (Windows NT 10.0; Win64; x64) AppleWebKit/537.36 (KHTML, like Gecko) Chrome/120.0.0.0 Safari/537.36"
196.201.80.159 - - [13/Nov/2024:08:14:25 -0500] "POST /international/international-about/apply/ HTTP/1.1" 200 18316 "-" "Mozilla/5.0 (Windows NT 10.0; Win64; x64) AppleWebKit/537.36 (KHTML, like Gecko) Chrome/120.0.0.0 Safari/537.36"
94.103.87.196 - - [13/Nov/2024:08:14:27 -0500] "GET /special-request/ HTTP/1.1" 200 20321 "-" "Mozilla/5.0 (Windows NT 10.0; Win64; x64) AppleWebKit/537.36 (KHTML, like Gecko) Chrome/120.0.0.0 Safari/537.36"
196.201.80.159 - - [13/Nov/2024:08:14:30 -0500] "POST /special-request/ HTTP/1.1" 200 18324 "-" "Mozilla/5.0 (Windows NT 10.0; Win64; x64) AppleWebKit/537.36 (KHTML, like Gecko) Chrome/120.0.0.0 Safari/537.36"
196.201.80.159 - - [13/Nov/2024:08:14:33 -0500] "POST /special-request/ HTTP/1.1" 200 18240 "-" "Mozilla/5.0 (Windows NT 10.0; Win64; x64) AppleWebKit/537.36 (KHTML, like Gecko) Chrome/120.0.0.0 Safari/537.36"
94.103.87.196 - - [13/Nov/2024:08:14:57 -0500] "GET /international/international-programs/computerized-accounting-payroll-diploma-program/ HTTP/1.1" 200 19980 "-" "Mozilla/5.0 (Windows NT 10.0; Win64; x64) AppleWebKit/537.36 (KHTML, like Gecko) Chrome/120.0.0.0 Safari/537.36"
68.65.122.142 - - [13/Nov/2024:08:15:04 -0500] "POST /wp-cron.php?doing_wp_cron=1731503704.1574060916900634765625 HTTP/1.1" 403 1242 "-" "WordPress/6.2.1; https://glenbowcollege.ca"
94.103.87.196 - - [13/Nov/2024:08:15:09 -0500] "GET /2020/02/23/blog/ HTTP/1.1" 200 21994 "-" "Mozilla/5.0 (Windows NT 10.0; Win64; x64) AppleWebKit/537.36 (KHTML, like Gecko) Chrome/120.0.0.0 Safari/537.36"
196.201.80.159 - - [13/Nov/2024:08:15:23 -0500] "POST / HTTP/1.1" 200 20807 "-" "Mozilla/5.0 (Windows NT 10.0; Win64; x64) AppleWebKit/537.36 (KHTML, like Gecko) Chrome/120.0.0.0 Safari/537.36"
196.201.80.159 - - [13/Nov/2024:08:15:26 -0500] "POST / HTTP/1.1" 200 20855 "-" "Mozilla/5.0 (Windows NT 10.0; Win64; x64) AppleWebKit/537.36 (KHTML, like Gecko) Chrome/120.0.0.0 Safari/537.36"
94.103.87.196 - - [13/Nov/2024:08:15:28 -0500] "GET /category/blog/ HTTP/1.1" 200 18574 "-" "Mozilla/5.0 (Windows NT 10.0; Win64; x64) AppleWebKit/537.36 (KHTML, like Gecko) Chrome/120.0.0.0 Safari/537.36"
68.65.122.142 - - [13/Nov/2024:08:16:04 -0500] "POST /wp-cron.php?doing_wp_cron=1731503764.3726999759674072265625 HTTP/1.1" 403 1242 "-" "WordPress/6.2.1; https://glenbowcollege.ca"
94.103.87.196 - - [13/Nov/2024:08:16:05 -0500] "GET /category/news/ HTTP/1.1" 200 18591 "-" "Mozilla/5.0 (Windows NT 10.0; Win64; x64) AppleWebKit/537.36 (KHTML, like Gecko) Chrome/120.0.0.0 Safari/537.36"
52.167.144.147 - - [13/Nov/2024:08:23:24 -0500] "GET /sli1351/abdbca37826.htm HTTP/1.1" 404 14977 "-" "Mozilla/5.0 AppleWebKit/537.36 (KHTML, like Gecko; compatible; bingbot/2.0; +http://www.bing.com/bingbot.htm) Chrome/116.0.1938.76 Safari/537.36"
117.62.235.53 - - [13/Nov/2024:08:23:41 -0500] "GET / HTTP/1.1" 200 23171 "http://glenbowcollege.ca/" "Mozilla/5.0 (iPhone; CPU iPhone OS 13_2_3 like Mac OS X) AppleWebKit/605.1.15 (KHTML, like Gecko) Version/13.0.3 Mobile/15E148 Safari/604.1"
89.248.172.183 - - [13/Nov/2024:08:25:23 -0500] "GET / HTTP/1.1" 200 23164 "-" "Mozilla/5.0 (Windows NT 10.0; Win64; x64) AppleWebKit/537.36 (KHTML, like Gecko) Chrome/122.0.0.0 Safari/537.36"
66.249.68.32 - - [13/Nov/2024:08:30:29 -0500] "GET /2024/08/22/2176/ HTTP/1.1" 200 17307 "-" "Mozilla/5.0 (Linux; Android 6.0.1; Nexus 5X Build/MMB29P) AppleWebKit/537.36 (KHTML, like Gecko) Chrome/130.0.6723.116 Mobile Safari/537.36 (compatible; Googlebot/2.1; +http://www.google.com/bot.html)"
178.236.246.203 - - [13/Nov/2024:08:31:51 -0500] "GET /wp-login.php HTTP/1.1" 404 41 "https://www.google.com" "Mozilla/5.0 (X11; Linux x86_64) AppleWebKit/537.36 (KHTML, like Gecko) Chrome/119.0.0.0 Safari/537.36"
68.65.122.142 - - [13/Nov/2024:08:33:05 -0500] "POST /wp-cron.php?doing_wp_cron=1731504785.4879350662231445312500 HTTP/1.1" 403 1242 "-" "WordPress/6.2.1; https://glenbowcollege.ca"
178.236.246.153 - - [13/Nov/2024:08:33:04 -0500] "GET /wp-json/wp/v2/users HTTP/1.1" 401 108 "https://www.google.com" "Mozilla/5.0 (X11; Linux x86_64) AppleWebKit/537.36 (KHTML, like Gecko) Chrome/119.0.0.0 Safari/537.36"
178.236.246.153 - - [13/Nov/2024:08:33:06 -0500] "GET /?author=1 HTTP/1.1" 404 0 "https://www.google.com" "Mozilla/5.0 (X11; Linux x86_64) AppleWebKit/537.36 (KHTML, like Gecko) Chrome/119.0.0.0 Safari/537.36"
178.236.246.153 - - [13/Nov/2024:08:33:07 -0500] "POST /xmlrpc.php HTTP/1.1" 403 1242 "-" "Apache-HttpClient/4.5.13 (Java/11.0.25)"
178.236.246.153 - - [13/Nov/2024:08:33:08 -0500] "GET /wp-login.php HTTP/1.1" 404 41 "https://www.google.com" "Mozilla/5.0 (X11; Linux x86_64) AppleWebKit/537.36 (KHTML, like Gecko) Chrome/119.0.0.0 Safari/537.36"
85.192.24.4 - - [13/Nov/2024:08:34:42 -0500] "GET /wp-login.php HTTP/1.1" 404 41 "https://www.google.com" "Mozilla/5.0 (X11; Linux x86_64) AppleWebKit/537.36 (KHTML, like Gecko) Chrome/119.0.0.0 Safari/537.36"
85.192.24.4 - - [13/Nov/2024:08:34:44 -0500] "GET /wp-login.php HTTP/1.1" 404 41 "https://www.google.com" "Mozilla/5.0 (X11; Linux x86_64) AppleWebKit/537.36 (KHTML, like Gecko) Chrome/119.0.0.0 Safari/537.36"
68.65.122.142 - - [13/Nov/2024:08:23:25 -0500] "POST /wp-cron.php?doing_wp_cron=1731504205.6107990741729736328125 HTTP/1.1" 403 1242 "-" "WordPress/6.2.1; https://glenbowcollege.ca"
89.248.172.183 - - [13/Nov/2024:08:25:23 -0500] "GET / HTTP/1.1" 200 23176 "-" "Mozilla/5.0 (iPhone; CPU iPhone OS 17_0_2 like Mac OS X) AppleWebKit/605.1.15 (KHTML, like Gecko) Version/17.0 Mobile/15E148 Safari/604.1"
68.65.122.142 - - [13/Nov/2024:08:30:30 -0500] "POST /wp-cron.php?doing_wp_cron=1731504630.7947030067443847656250 HTTP/1.1" 403 1242 "-" "WordPress/6.2.1; https://glenbowcollege.ca"
66.249.68.32 - - [13/Nov/2024:08:30:33 -0500] "GET /wp-content/plugins/contact-form-7/includes/css/styles.css?ver=5.8.6 HTTP/1.1" 200 890 "https://glenbowcollege.ca/2024/08/22/2176/" "Mozilla/5.0 (Linux; Android 6.0.1; Nexus 5X Build/MMB29P) AppleWebKit/537.36 (KHTML, like Gecko) Chrome/130.0.6723.69 Mobile Safari/537.36 (compatible; Googlebot/2.1; +http://www.google.com/bot.html)"
68.65.122.142 - - [13/Nov/2024:08:31:49 -0500] "POST /wp-cron.php?doing_wp_cron=1731504709.6945021152496337890625 HTTP/1.1" 403 1242 "-" "WordPress/6.2.1; https://glenbowcollege.ca"
178.236.246.203 - - [13/Nov/2024:08:31:48 -0500] "GET /wp-json/wp/v2/users HTTP/1.1" 401 108 "https://www.google.com" "Mozilla/5.0 (X11; Linux x86_64) AppleWebKit/537.36 (KHTML, like Gecko) Chrome/119.0.0.0 Safari/537.36"
178.236.246.203 - - [13/Nov/2024:08:31:50 -0500] "GET /?author=1 HTTP/1.1" 404 0 "https://www.google.com" "Mozilla/5.0 (X11; Linux x86_64) AppleWebKit/537.36 (KHTML, like Gecko) Chrome/119.0.0.0 Safari/537.36"
178.236.246.203 - - [13/Nov/2024:08:31:51 -0500] "POST /xmlrpc.php HTTP/1.1" 403 1242 "-" "Apache-HttpClient/4.5.13 (Java/11.0.25)"
178.236.246.203 - - [13/Nov/2024:08:31:52 -0500] "GET /wp-login.php HTTP/1.1" 404 41 "https://www.google.com" "Mozilla/5.0 (X11; Linux x86_64) AppleWebKit/537.36 (KHTML, like Gecko) Chrome/119.0.0.0 Safari/537.36"
178.236.246.153 - - [13/Nov/2024:08:33:09 -0500] "GET /wp-login.php HTTP/1.1" 404 41 "https://www.google.com" "Mozilla/5.0 (X11; Linux x86_64) AppleWebKit/537.36 (KHTML, like Gecko) Chrome/119.0.0.0 Safari/537.36"
68.65.122.142 - - [13/Nov/2024:08:34:39 -0500] "POST /wp-cron.php?doing_wp_cron=1731504879.4285039901733398437500 HTTP/1.1" 403 1242 "-" "WordPress/6.2.1; https://glenbowcollege.ca"
85.192.24.4 - - [13/Nov/2024:08:34:38 -0500] "GET /wp-json/wp/v2/users HTTP/1.1" 401 108 "https://www.google.com" "Mozilla/5.0 (X11; Linux x86_64) AppleWebKit/537.36 (KHTML, like Gecko) Chrome/119.0.0.0 Safari/537.36"
85.192.24.4 - - [13/Nov/2024:08:34:40 -0500] "GET /?author=1 HTTP/1.1" 404 0 "https://www.google.com" "Mozilla/5.0 (X11; Linux x86_64) AppleWebKit/537.36 (KHTML, like Gecko) Chrome/119.0.0.0 Safari/537.36"
85.192.24.4 - - [13/Nov/2024:08:34:42 -0500] "POST /xmlrpc.php HTTP/1.1" 403 1242 "-" "Apache-HttpClient/4.5.13 (Java/11.0.25)"
68.65.122.142 - - [13/Nov/2024:08:39:17 -0500] "POST /wp-cron.php?doing_wp_cron=1731505157.1752989292144775390625 HTTP/1.1" 403 1242 "-" "WordPress/6.2.1; https://glenbowcollege.ca"
85.192.24.156 - - [13/Nov/2024:08:39:16 -0500] "GET /wp-json/wp/v2/users HTTP/1.1" 401 108 "https://www.google.com" "Mozilla/5.0 (X11; Linux x86_64) AppleWebKit/537.36 (KHTML, like Gecko) Chrome/119.0.0.0 Safari/537.36"
85.192.24.156 - - [13/Nov/2024:08:39:19 -0500] "POST /xmlrpc.php HTTP/1.1" 403 1242 "-" "Apache-HttpClient/4.5.13 (Java/11.0.25)"
85.192.24.156 - - [13/Nov/2024:08:39:20 -0500] "GET /wp-login.php HTTP/1.1" 404 41 "https://www.google.com" "Mozilla/5.0 (X11; Linux x86_64) AppleWebKit/537.36 (KHTML, like Gecko) Chrome/119.0.0.0 Safari/537.36"
66.249.68.39 - - [13/Nov/2024:08:40:42 -0500] "GET /feed/ HTTP/1.1" 304 0 "-" "Mozilla/5.0 (compatible; Googlebot/2.1; +http://www.google.com/bot.html)"
40.77.167.42 - - [13/Nov/2024:08:43:03 -0500] "GET /creed3b743/ebad912818.htm HTTP/1.1" 404 14960 "-" "Mozilla/5.0 AppleWebKit/537.36 (KHTML, like Gecko; compatible; bingbot/2.0; +http://www.bing.com/bingbot.htm) Chrome/116.0.1938.76 Safari/537.36"
193.202.81.223 - - [13/Nov/2024:08:44:40 -0500] "GET / HTTP/1.1" 200 23173 "-" "Mozilla/5.0 (Macintosh; Intel Mac OS X 10_15_7) AppleWebKit/537.36 (KHTML, like Gecko) Chrome/127.0.0.0 Safari/537.36"
5.161.252.168 - - [13/Nov/2024:08:47:05 -0500] "POST /wp-load.php?d9e39a=5809 HTTP/1.1" 403 1242 "-" "Mozilla/5.0 (Windows NT 10.0; Win64; x64) AppleWebKit/537.36 (KHTML, like Gecko) Chrome/104.0.5112.97 Safari/537.36"
68.65.122.142 - - [13/Nov/2024:08:48:41 -0500] "POST /wp-cron.php?doing_wp_cron=1731505721.9615080356597900390625 HTTP/1.1" 403 1242 "-" "WordPress/6.2.1; https://glenbowcollege.ca"
85.192.24.156 - - [13/Nov/2024:08:49:12 -0500] "GET /wp-json/wp/v2/users HTTP/1.1" 401 108 "https://www.google.com" "Mozilla/5.0 (X11; Linux x86_64) AppleWebKit/537.36 (KHTML, like Gecko) Chrome/119.0.0.0 Safari/537.36"
85.192.24.156 - - [13/Nov/2024:08:49:14 -0500] "GET /?author=1 HTTP/1.1" 404 0 "https://www.google.com" "Mozilla/5.0 (X11; Linux x86_64) AppleWebKit/537.36 (KHTML, like Gecko) Chrome/119.0.0.0 Safari/537.36"
85.192.24.156 - - [13/Nov/2024:08:49:16 -0500] "GET /wp-login.php HTTP/1.1" 404 41 "https://www.google.com" "Mozilla/5.0 (X11; Linux x86_64) AppleWebKit/537.36 (KHTML, like Gecko) Chrome/119.0.0.0 Safari/537.36"
85.192.24.156 - - [13/Nov/2024:08:49:18 -0500] "GET /wp-login.php HTTP/1.1" 404 41 "https://www.google.com" "Mozilla/5.0 (X11; Linux x86_64) AppleWebKit/537.36 (KHTML, like Gecko) Chrome/119.0.0.0 Safari/537.36"
147.45.79.17 - - [13/Nov/2024:08:51:23 -0500] "GET /wp-json/wp/v2/users HTTP/1.1" 401 108 "https://www.google.com" "Mozilla/5.0 (X11; Linux x86_64) AppleWebKit/537.36 (KHTML, like Gecko) Chrome/119.0.0.0 Safari/537.36"
147.45.79.17 - - [13/Nov/2024:08:51:26 -0500] "GET /wp-login.php HTTP/1.1" 404 41 "https://www.google.com" "Mozilla/5.0 (X11; Linux x86_64) AppleWebKit/537.36 (KHTML, like Gecko) Chrome/119.0.0.0 Safari/537.36"
147.45.79.17 - - [13/Nov/2024:08:51:27 -0500] "GET /wp-login.php HTTP/1.1" 404 41 "https://www.google.com" "Mozilla/5.0 (X11; Linux x86_64) AppleWebKit/537.36 (KHTML, like Gecko) Chrome/119.0.0.0 Safari/537.36"
85.192.24.156 - - [13/Nov/2024:08:39:18 -0500] "GET /?author=1 HTTP/1.1" 404 0 "https://www.google.com" "Mozilla/5.0 (X11; Linux x86_64) AppleWebKit/537.36 (KHTML, like Gecko) Chrome/119.0.0.0 Safari/537.36"
85.192.24.156 - - [13/Nov/2024:08:39:21 -0500] "GET /wp-login.php HTTP/1.1" 404 41 "https://www.google.com" "Mozilla/5.0 (X11; Linux x86_64) AppleWebKit/537.36 (KHTML, like Gecko) Chrome/119.0.0.0 Safari/537.36"
68.65.122.142 - - [13/Nov/2024:08:40:43 -0500] "POST /wp-cron.php?doing_wp_cron=1731505243.1500670909881591796875 HTTP/1.1" 403 1242 "-" "WordPress/6.2.1; https://glenbowcollege.ca"
68.65.122.142 - - [13/Nov/2024:08:43:04 -0500] "POST /wp-cron.php?doing_wp_cron=1731505384.4510729312896728515625 HTTP/1.1" 403 1242 "-" "WordPress/6.2.1; https://glenbowcollege.ca"
52.167.144.222 - - [13/Nov/2024:08:48:40 -0500] "GET /antenna53/bec225371.htm HTTP/1.1" 404 14959 "-" "Mozilla/5.0 AppleWebKit/537.36 (KHTML, like Gecko; compatible; bingbot/2.0; +http://www.bing.com/bingbot.htm) Chrome/116.0.1938.76 Safari/537.36"
85.192.24.156 - - [13/Nov/2024:08:49:15 -0500] "POST /xmlrpc.php HTTP/1.1" 403 1242 "-" "Apache-HttpClient/4.5.13 (Java/11.0.25)"
68.65.122.142 - - [13/Nov/2024:08:51:24 -0500] "POST /wp-cron.php?doing_wp_cron=1731505884.6646680831909179687500 HTTP/1.1" 403 1242 "-" "WordPress/6.2.1; https://glenbowcollege.ca"
147.45.79.17 - - [13/Nov/2024:08:51:25 -0500] "GET /?author=1 HTTP/1.1" 404 0 "https://www.google.com" "Mozilla/5.0 (X11; Linux x86_64) AppleWebKit/537.36 (KHTML, like Gecko) Chrome/119.0.0.0 Safari/537.36"
147.45.79.17 - - [13/Nov/2024:08:51:26 -0500] "POST /xmlrpc.php HTTP/1.1" 403 1242 "-" "Apache-HttpClient/4.5.13 (Java/11.0.25)"
68.65.122.142 - - [13/Nov/2024:08:56:55 -0500] "POST /wp-cron.php?doing_wp_cron=1731506215.6850209236145019531250 HTTP/1.1" 403 1242 "-" "WordPress/6.2.1; https://glenbowcollege.ca"
68.65.122.142 - - [13/Nov/2024:09:07:16 -0500] "POST /wp-cron.php?doing_wp_cron=1731506836.6260728836059570312500 HTTP/1.1" 403 1242 "-" "WordPress/6.2.1; https://glenbowcollege.ca"
66.249.68.38 - - [13/Nov/2024:09:07:33 -0500] "GET /2024/08/21/newcomers-career-journey/ HTTP/1.1" 200 17348 "-" "Mozilla/5.0 (Linux; Android 6.0.1; Nexus 5X Build/MMB29P) AppleWebKit/537.36 (KHTML, like Gecko) Chrome/130.0.6723.116 Mobile Safari/537.36 (compatible; Googlebot/2.1; +http://www.google.com/bot.html)"
66.249.68.39 - - [13/Nov/2024:09:07:36 -0500] "GET /wp-content/plugins/coblocks/dist/style-coblocks-extensions.css?ver=3.1.5 HTTP/1.1" 200 304 "https://glenbowcollege.ca/2024/08/21/newcomers-career-journey/" "Mozilla/5.0 (Linux; Android 6.0.1; Nexus 5X Build/MMB29P) AppleWebKit/537.36 (KHTML, like Gecko) Chrome/130.0.6723.69 Mobile Safari/537.36 (compatible; Googlebot/2.1; +http://www.google.com/bot.html)"
66.249.68.32 - - [13/Nov/2024:09:07:36 -0500] "GET /wp-content/plugins/if-menu/assets/if-menu-site.css?ver=6.2.1 HTTP/1.1" 200 426 "https://glenbowcollege.ca/2024/08/21/newcomers-career-journey/" "Mozilla/5.0 (Linux; Android 6.0.1; Nexus 5X Build/MMB29P) AppleWebKit/537.36 (KHTML, like Gecko) Chrome/130.0.6723.69 Mobile Safari/537.36 (compatible; Googlebot/2.1; +http://www.google.com/bot.html)"
178.236.246.203 - - [13/Nov/2024:09:11:40 -0500] "GET /?author=1 HTTP/1.1" 404 0 "https://www.google.com" "Mozilla/5.0 (X11; Linux x86_64) AppleWebKit/537.36 (KHTML, like Gecko) Chrome/119.0.0.0 Safari/537.36"
178.236.246.203 - - [13/Nov/2024:09:11:42 -0500] "GET /wp-login.php HTTP/1.1" 404 41 "https://www.google.com" "Mozilla/5.0 (X11; Linux x86_64) AppleWebKit/537.36 (KHTML, like Gecko) Chrome/119.0.0.0 Safari/537.36"
40.77.167.24 - - [13/Nov/2024:08:56:54 -0500] "GET /neoidiym.xml HTTP/1.1" 404 14983 "-" "Mozilla/5.0 AppleWebKit/537.36 (KHTML, like Gecko; compatible; bingbot/2.0; +http://www.bing.com/bingbot.htm) Chrome/116.0.1938.76 Safari/537.36"
68.65.122.142 - - [13/Nov/2024:09:03:27 -0500] "POST /wp-cron.php?doing_wp_cron=1731506607.6836409568786621093750 HTTP/1.1" 403 1242 "-" "WordPress/6.2.1; https://glenbowcollege.ca"
40.77.167.24 - - [13/Nov/2024:09:03:26 -0500] "GET /splittingd52d/bffaea2594526.htm HTTP/1.1" 404 14997 "-" "Mozilla/5.0 AppleWebKit/537.36 (KHTML, like Gecko; compatible; bingbot/2.0; +http://www.bing.com/bingbot.htm) Chrome/116.0.1938.76 Safari/537.36"
52.167.144.145 - - [13/Nov/2024:09:07:15 -0500] "GET /tutorialsaa7/ HTTP/1.1" 404 14988 "-" "Mozilla/5.0 AppleWebKit/537.36 (KHTML, like Gecko; compatible; bingbot/2.0; +http://www.bing.com/bingbot.htm) Chrome/116.0.1938.76 Safari/537.36"
68.65.122.142 - - [13/Nov/2024:09:11:16 -0500] "POST /wp-cron.php?doing_wp_cron=1731507076.7196550369262695312500 HTTP/1.1" 403 1242 "-" "WordPress/6.2.1; https://glenbowcollege.ca"
165.227.124.129 - - [13/Nov/2024:09:11:15 -0500] "GET /programs/english-as-a-second-language/ HTTP/1.1" 301 0 "-" "Mozilla/5.0 (Windows NT 10.0; Win64; x64) AppleWebKit/537.36 (KHTML, like Gecko) Chrome/124.0.0.0 Safari/537.36"
178.236.246.203 - - [13/Nov/2024:09:11:38 -0500] "GET /wp-json/wp/v2/users HTTP/1.1" 401 108 "https://www.google.com" "Mozilla/5.0 (X11; Linux x86_64) AppleWebKit/537.36 (KHTML, like Gecko) Chrome/119.0.0.0 Safari/537.36"
178.236.246.203 - - [13/Nov/2024:09:11:41 -0500] "POST /xmlrpc.php HTTP/1.1" 403 1242 "-" "Apache-HttpClient/4.5.13 (Java/11.0.25)"
178.236.246.203 - - [13/Nov/2024:09:11:41 -0500] "GET /wp-login.php HTTP/1.1" 404 41 "https://www.google.com" "Mozilla/5.0 (X11; Linux x86_64) AppleWebKit/537.36 (KHTML, like Gecko) Chrome/119.0.0.0 Safari/537.36"
68.65.122.142 - - [13/Nov/2024:09:15:49 -0500] "POST /wp-cron.php?doing_wp_cron=1731507349.1175789833068847656250 HTTP/1.1" 403 1242 "-" "WordPress/6.2.1; https://glenbowcollege.ca"
40.77.167.156 - - [13/Nov/2024:09:16:37 -0500] "GET /raf30d/dbaae78473.htm HTTP/1.1" 404 14981 "-" "Mozilla/5.0 AppleWebKit/537.36 (KHTML, like Gecko; compatible; bingbot/2.0; +http://www.bing.com/bingbot.htm) Chrome/116.0.1938.76 Safari/537.36"
40.77.167.235 - - [13/Nov/2024:09:15:48 -0500] "GET /efficaciouslyknz.xml HTTP/1.1" 404 14956 "-" "Mozilla/5.0 AppleWebKit/537.36 (KHTML, like Gecko; compatible; bingbot/2.0; +http://www.bing.com/bingbot.htm) Chrome/116.0.1938.76 Safari/537.36"
124.237.181.151 - - [13/Nov/2024:09:31:12 -0500] "GET / HTTP/1.1" 200 23171 "http://m.baidu.com/s?wd=battlefy8" "Mozilla/5.0 (Windows NT 6.1; WOW64; rv:43.0) Gecko/20100101 Firefox/43.0"
124.237.181.151 - - [13/Nov/2024:09:31:16 -0500] "GET /wp-includes/css/dist/block-library/style.min.css?ver=6.2.1 HTTP/1.1" 200 16042 "https://glenbowcollege.ca/" "Mozilla/5.0 (Windows NT 6.1; WOW64; rv:43.0) Gecko/20100101 Firefox/43.0"
124.237.181.216 - - [13/Nov/2024:09:31:17 -0500] "GET /wp-content/plugins/woocommerce/packages/woocommerce-blocks/build/wc-blocks-vendors-style.css?ver=10.2.3 HTTP/1.1" 200 2231 "https://glenbowcollege.ca/" "Mozilla/5.0 (Windows NT 6.1; WOW64; rv:43.0) Gecko/20100101 Firefox/43.0"
124.237.181.217 - - [13/Nov/2024:09:31:17 -0500] "GET /wp-content/plugins/coblocks/dist/style-coblocks-1.css?ver=3.1.5 HTTP/1.1" 200 45724 "https://glenbowcollege.ca/" "Mozilla/5.0 (Windows NT 6.1; WOW64; rv:43.0) Gecko/20100101 Firefox/43.0"
124.237.181.216 - - [13/Nov/2024:09:31:17 -0500] "GET /wp-includes/css/classic-themes.min.css?ver=6.2.1 HTTP/1.1" 200 291 "https://glenbowcollege.ca/" "Mozilla/5.0 (Windows NT 6.1; WOW64; rv:43.0) Gecko/20100101 Firefox/43.0"
124.237.181.88 - - [13/Nov/2024:09:31:17 -0500] "GET /wp-content/plugins/contact-form-7/includes/css/styles.css?ver=5.8.6 HTTP/1.1" 200 1090 "https://glenbowcollege.ca/" "Mozilla/5.0 (Windows NT 6.1; WOW64; rv:43.0) Gecko/20100101 Firefox/43.0"
124.237.181.216 - - [13/Nov/2024:09:31:17 -0500] "GET /wp-content/plugins/woocommerce-menu-bar-cart/assets/css/wpmenucart-icons.min.css?ver=2.14.2 HTTP/1.1" 200 255 "https://glenbowcollege.ca/" "Mozilla/5.0 (Windows NT 6.1; WOW64; rv:43.0) Gecko/20100101 Firefox/43.0"
124.237.181.89 - - [13/Nov/2024:09:31:17 -0500] "GET /wp-content/plugins/woocommerce/assets/css/woocommerce-layout.css?ver=7.8.0 HTTP/1.1" 200 2993 "https://glenbowcollege.ca/" "Mozilla/5.0 (Windows NT 6.1; WOW64; rv:43.0) Gecko/20100101 Firefox/43.0"
124.237.181.151 - - [13/Nov/2024:09:31:17 -0500] "GET /wp-content/plugins/woocommerce/assets/css/woocommerce.css?ver=7.8.0 HTTP/1.1" 200 11442 "https://glenbowcollege.ca/" "Mozilla/5.0 (Windows NT 6.1; WOW64; rv:43.0) Gecko/20100101 Firefox/43.0"
124.237.181.88 - - [13/Nov/2024:09:31:17 -0500] "GET /wp-includes/css/dist/components/style.min.css?ver=6.2.1 HTTP/1.1" 200 15338 "https://glenbowcollege.ca/" "Mozilla/5.0 (Windows NT 6.1; WOW64; rv:43.0) Gecko/20100101 Firefox/43.0"
124.237.181.216 - - [13/Nov/2024:09:31:18 -0500] "GET /wp-content/plugins/coblocks/includes/Dependencies/GoDaddy/Styles/build/latest.css?ver=2.0.2 HTTP/1.1" 200 1843 "https://glenbowcollege.ca/" "Mozilla/5.0 (Windows NT 6.1; WOW64; rv:43.0) Gecko/20100101 Firefox/43.0"
124.237.181.217 - - [13/Nov/2024:09:31:18 -0500] "GET /wp-content/plugins/if-menu/assets/if-menu-site.css?ver=6.2.1 HTTP/1.1" 200 497 "https://glenbowcollege.ca/" "Mozilla/5.0 (Windows NT 6.1; WOW64; rv:43.0) Gecko/20100101 Firefox/43.0"
124.237.181.217 - - [13/Nov/2024:09:31:18 -0500] "GET /wp-content/themes/education-hub-pro/style.css?ver=3.4.1 HTTP/1.1" 200 19333 "https://glenbowcollege.ca/" "Mozilla/5.0 (Windows NT 6.1; WOW64; rv:43.0) Gecko/20100101 Firefox/43.0"
124.237.181.216 - - [13/Nov/2024:09:31:18 -0500] "GET /wp-includes/js/dist/vendor/wp-polyfill-inert.min.js?ver=3.1.2 HTTP/1.1" 200 4487 "https://glenbowcollege.ca/" "Mozilla/5.0 (Windows NT 6.1; WOW64; rv:43.0) Gecko/20100101 Firefox/43.0"
124.237.181.89 - - [13/Nov/2024:09:31:18 -0500] "GET /wp-includes/js/dist/vendor/wp-polyfill.min.js?ver=3.15.0 HTTP/1.1" 200 8920 "https://glenbowcollege.ca/" "Mozilla/5.0 (Windows NT 6.1; WOW64; rv:43.0) Gecko/20100101 Firefox/43.0"
124.237.181.217 - - [13/Nov/2024:09:31:18 -0500] "GET /wp-includes/js/dist/vendor/regenerator-runtime.min.js?ver=0.13.11 HTTP/1.1" 200 4406 "https://glenbowcollege.ca/" "Mozilla/5.0 (Windows NT 6.1; WOW64; rv:43.0) Gecko/20100101 Firefox/43.0"
124.237.181.88 - - [13/Nov/2024:09:31:17 -0500] "GET /wp-content/plugins/woocommerce/packages/woocommerce-blocks/build/wc-blocks-style.css?ver=10.2.3 HTTP/1.1" 200 37888 "https://glenbowcollege.ca/" "Mozilla/5.0 (Windows NT 6.1; WOW64; rv:43.0) Gecko/20100101 Firefox/43.0"
124.237.181.88 - - [13/Nov/2024:09:31:17 -0500] "GET /wp-content/plugins/coblocks/dist/style-coblocks-animation.css?ver=d9b2b27566e6a2a85d1b HTTP/1.1" 200 1046 "https://glenbowcollege.ca/" "Mozilla/5.0 (Windows NT 6.1; WOW64; rv:43.0) Gecko/20100101 Firefox/43.0"
124.237.181.89 - - [13/Nov/2024:09:31:17 -0500] "GET /wp-content/plugins/coblocks/dist/style-coblocks-extensions.css?ver=3.1.5 HTTP/1.1" 200 374 "https://glenbowcollege.ca/" "Mozilla/5.0 (Windows NT 6.1; WOW64; rv:43.0) Gecko/20100101 Firefox/43.0"
124.237.181.89 - - [13/Nov/2024:09:31:17 -0500] "GET /wp-content/plugins/add-to-cart-direct-checkout-for-woocommerce/public/css/pi-dcw-public.css?ver=2.1.64 HTTP/1.1" 200 384 "https://glenbowcollege.ca/" "Mozilla/5.0 (Windows NT 6.1; WOW64; rv:43.0) Gecko/20100101 Firefox/43.0"
124.237.181.217 - - [13/Nov/2024:09:31:17 -0500] "GET /wp-content/plugins/woocommerce-menu-bar-cart/assets/css/wpmenucart-main.min.css?ver=2.14.2 HTTP/1.1" 200 438 "https://glenbowcollege.ca/" "Mozilla/5.0 (Windows NT 6.1; WOW64; rv:43.0) Gecko/20100101 Firefox/43.0"
124.237.181.88 - - [13/Nov/2024:09:31:18 -0500] "GET /wp-content/themes/education-hub-pro/third-party/font-awesome/css/font-awesome.min.css?ver=4.7.0 HTTP/1.1" 200 7749 "https://glenbowcollege.ca/" "Mozilla/5.0 (Windows NT 6.1; WOW64; rv:43.0) Gecko/20100101 Firefox/43.0"
124.237.181.217 - - [13/Nov/2024:09:31:19 -0500] "GET /wp-includes/js/jquery/jquery.min.js?ver=3.6.4 HTTP/1.1" 200 36727 "https://glenbowcollege.ca/" "Mozilla/5.0 (Windows NT 6.1; WOW64; rv:43.0) Gecko/20100101 Firefox/43.0"
124.237.181.88 - - [13/Nov/2024:09:31:19 -0500] "GET /wp-includes/js/jquery/jquery-migrate.min.js?ver=3.4.0 HTTP/1.1" 200 6917 "https://glenbowcollege.ca/" "Mozilla/5.0 (Windows NT 6.1; WOW64; rv:43.0) Gecko/20100101 Firefox/43.0"
124.237.181.151 - - [13/Nov/2024:09:31:19 -0500] "GET /wp-content/plugins/add-to-cart-direct-checkout-for-woocommerce/public/js/pi-dcw-public.js?ver=2.1.64 HTTP/1.1" 200 2962 "https://glenbowcollege.ca/" "Mozilla/5.0 (Windows NT 6.1; WOW64; rv:43.0) Gecko/20100101 Firefox/43.0"
124.237.181.216 - - [13/Nov/2024:09:31:19 -0500] "GET /wp-content/plugins/strong-testimonials/templates/default/content.css?ver=3.1.7 HTTP/1.1" 200 2268 "https://glenbowcollege.ca/" "Mozilla/5.0 (Windows NT 6.1; WOW64; rv:43.0) Gecko/20100101 Firefox/43.0"
124.237.181.151 - - [13/Nov/2024:09:31:19 -0500] "GET /wp-content/plugins/woocommerce-menu-bar-cart/assets/js/wpmenucart-ajax-assist.min.js?ver=2.14.2 HTTP/1.1" 200 2040 "https://glenbowcollege.ca/" "Mozilla/5.0 (Windows NT 6.1; WOW64; rv:43.0) Gecko/20100101 Firefox/43.0"
124.237.181.217 - - [13/Nov/2024:09:31:20 -0500] "GET /wp-content/plugins/coblocks/dist/js/coblocks-animation.js?ver=3.1.5 HTTP/1.1" 200 1957 "https://glenbowcollege.ca/" "Mozilla/5.0 (Windows NT 6.1; WOW64; rv:43.0) Gecko/20100101 Firefox/43.0"
124.237.181.88 - - [13/Nov/2024:09:31:20 -0500] "GET /wp-content/plugins/coblocks/dist/js/coblocks-tinyswiper-initializer.js?ver=3.1.5 HTTP/1.1" 200 7498 "https://glenbowcollege.ca/" "Mozilla/5.0 (Windows NT 6.1; WOW64; rv:43.0) Gecko/20100101 Firefox/43.0"
124.237.181.88 - - [13/Nov/2024:09:31:20 -0500] "GET /wp-content/plugins/product-open-pricing-name-your-price-for-woocommerce/includes/js/alg-wc-pop-frontend.js?ver=1.7.1 HTTP/1.1" 200 2211 "https://glenbowcollege.ca/" "Mozilla/5.0 (Windows NT 6.1; WOW64; rv:43.0) Gecko/20100101 Firefox/43.0"
124.237.181.89 - - [13/Nov/2024:09:31:20 -0500] "GET /wp-content/plugins/woocommerce/assets/js/js-cookie/js.cookie.min.js?ver=2.1.4-wc.7.8.0 HTTP/1.1" 200 2677 "https://glenbowcollege.ca/" "Mozilla/5.0 (Windows NT 6.1; WOW64; rv:43.0) Gecko/20100101 Firefox/43.0"
124.237.181.88 - - [13/Nov/2024:09:31:21 -0500] "GET /wp-content/themes/education-hub-pro/third-party/cycle2/js/jquery.cycle2.min.js?ver=2.1.6 HTTP/1.1" 200 9702 "https://glenbowcollege.ca/" "Mozilla/5.0 (Windows NT 6.1; WOW64; rv:43.0) Gecko/20100101 Firefox/43.0"
124.237.181.88 - - [13/Nov/2024:09:31:21 -0500] "GET /wp-content/themes/education-hub-pro/js/custom.min.js?ver=1.0 HTTP/1.1" 200 2260 "https://glenbowcollege.ca/" "Mozilla/5.0 (Windows NT 6.1; WOW64; rv:43.0) Gecko/20100101 Firefox/43.0"
124.237.181.89 - - [13/Nov/2024:09:31:21 -0500] "GET /wp-content/plugins/strong-testimonials/public/js/lib/actual/jquery-actual.min.js?ver=1.0.16 HTTP/1.1" 200 2410 "https://glenbowcollege.ca/" "Mozilla/5.0 (Windows NT 6.1; WOW64; rv:43.0) Gecko/20100101 Firefox/43.0"
124.237.181.89 - - [13/Nov/2024:09:31:21 -0500] "GET /wp-includes/js/underscore.min.js?ver=1.13.4 HTTP/1.1" 200 9642 "https://glenbowcollege.ca/" "Mozilla/5.0 (Windows NT 6.1; WOW64; rv:43.0) Gecko/20100101 Firefox/43.0"
124.237.181.88 - - [13/Nov/2024:09:31:21 -0500] "GET /wp-content/plugins/strong-testimonials/public/js/lib/verge/verge.min.js?ver=1.10.2 HTTP/1.1" 200 2327 "https://glenbowcollege.ca/" "Mozilla/5.0 (Windows NT 6.1; WOW64; rv:43.0) Gecko/20100101 Firefox/43.0"
124.237.181.216 - - [13/Nov/2024:09:31:21 -0500] "GET /wp-includes/js/dist/i18n.min.js?ver=9e794f35a71bb98672ae HTTP/1.1" 200 5824 "https://glenbowcollege.ca/" "Mozilla/5.0 (Windows NT 6.1; WOW64; rv:43.0) Gecko/20100101 Firefox/43.0"
124.237.181.88 - - [13/Nov/2024:09:31:22 -0500] "GET /wp-includes/js/wp-emoji-release.min.js?ver=6.2.1 HTTP/1.1" 200 7506 "https://glenbowcollege.ca/" "Mozilla/5.0 (Windows NT 6.1; WOW64; rv:43.0) Gecko/20100101 Firefox/43.0"
124.237.181.151 - - [13/Nov/2024:09:31:28 -0500] "GET /wp-content/plugins/woocommerce/assets/css/woocommerce-smallscreen.css?ver=7.8.0 HTTP/1.1" 200 1319 "https://glenbowcollege.ca/" "Mozilla/5.0 (Windows NT 6.1; WOW64; rv:43.0) Gecko/20100101 Firefox/43.0"
124.237.181.88 - - [13/Nov/2024:09:31:19 -0500] "GET /wp-includes/js/dist/hooks.min.js?ver=4169d3cf8e8d95a3d6d5 HTTP/1.1" 200 3499 "https://glenbowcollege.ca/" "Mozilla/5.0 (Windows NT 6.1; WOW64; rv:43.0) Gecko/20100101 Firefox/43.0"
124.237.181.217 - - [13/Nov/2024:09:31:19 -0500] "GET /wp-content/plugins/strong-testimonials/public/css/slider-controls-simple-buttons.css?ver=3.1.7 HTTP/1.1" 200 980 "https://glenbowcollege.ca/" "Mozilla/5.0 (Windows NT 6.1; WOW64; rv:43.0) Gecko/20100101 Firefox/43.0"
124.237.181.216 - - [13/Nov/2024:09:31:20 -0500] "GET /wp-content/plugins/strong-testimonials/public/css/rating-display.css?ver=3.1.7 HTTP/1.1" 200 1096 "https://glenbowcollege.ca/" "Mozilla/5.0 (Windows NT 6.1; WOW64; rv:43.0) Gecko/20100101 Firefox/43.0"
124.237.181.89 - - [13/Nov/2024:09:31:20 -0500] "GET /wp-content/plugins/coblocks/dist/js/vendors/tiny-swiper.js?ver=3.1.5 HTTP/1.1" 200 6225 "https://glenbowcollege.ca/" "Mozilla/5.0 (Windows NT 6.1; WOW64; rv:43.0) Gecko/20100101 Firefox/43.0"
124.237.181.88 - - [13/Nov/2024:09:31:20 -0500] "GET /wp-content/plugins/contact-form-7/includes/swv/js/index.js?ver=5.8.6 HTTP/1.1" 200 5276 "https://glenbowcollege.ca/" "Mozilla/5.0 (Windows NT 6.1; WOW64; rv:43.0) Gecko/20100101 Firefox/43.0"
124.237.181.88 - - [13/Nov/2024:09:31:20 -0500] "GET /wp-content/plugins/contact-form-7/includes/js/index.js?ver=5.8.6 HTTP/1.1" 200 6334 "https://glenbowcollege.ca/" "Mozilla/5.0 (Windows NT 6.1; WOW64; rv:43.0) Gecko/20100101 Firefox/43.0"
124.237.181.216 - - [13/Nov/2024:09:31:20 -0500] "GET /wp-content/plugins/woocommerce/assets/js/jquery-blockui/jquery.blockUI.min.js?ver=2.7.0-wc.7.8.0 HTTP/1.1" 200 5411 "https://glenbowcollege.ca/" "Mozilla/5.0 (Windows NT 6.1; WOW64; rv:43.0) Gecko/20100101 Firefox/43.0"
124.237.181.217 - - [13/Nov/2024:09:31:20 -0500] "GET /wp-content/plugins/woocommerce/assets/js/frontend/add-to-cart.min.js?ver=7.8.0 HTTP/1.1" 200 2888 "https://glenbowcollege.ca/" "Mozilla/5.0 (Windows NT 6.1; WOW64; rv:43.0) Gecko/20100101 Firefox/43.0"
124.237.181.88 - - [13/Nov/2024:09:31:20 -0500] "GET /wp-content/plugins/woocommerce/assets/js/frontend/woocommerce.min.js?ver=7.8.0 HTTP/1.1" 200 2580 "https://glenbowcollege.ca/" "Mozilla/5.0 (Windows NT 6.1; WOW64; rv:43.0) Gecko/20100101 Firefox/43.0"
124.237.181.151 - - [13/Nov/2024:09:31:20 -0500] "GET /wp-content/themes/education-hub-pro/js/skip-link-focus-fix.min.js?ver=20130115 HTTP/1.1" 200 2024 "https://glenbowcollege.ca/" "Mozilla/5.0 (Windows NT 6.1; WOW64; rv:43.0) Gecko/20100101 Firefox/43.0"
124.237.181.89 - - [13/Nov/2024:09:31:21 -0500] "GET /wp-content/themes/education-hub-pro/third-party/ticker/jquery.easy-ticker.min.js?ver=2.0 HTTP/1.1" 200 2918 "https://glenbowcollege.ca/" "Mozilla/5.0 (Windows NT 6.1; WOW64; rv:43.0) Gecko/20100101 Firefox/43.0"
124.237.181.216 - - [13/Nov/2024:09:31:21 -0500] "GET /wp-content/themes/education-hub-pro/js/navigation.min.js?ver=20160421 HTTP/1.1" 200 2920 "https://glenbowcollege.ca/" "Mozilla/5.0 (Windows NT 6.1; WOW64; rv:43.0) Gecko/20100101 Firefox/43.0"
124.237.181.217 - - [13/Nov/2024:09:31:21 -0500] "GET /wp-includes/js/imagesloaded.min.js?ver=4.1.4 HTTP/1.1" 200 3738 "https://glenbowcollege.ca/" "Mozilla/5.0 (Windows NT 6.1; WOW64; rv:43.0) Gecko/20100101 Firefox/43.0"
124.237.181.88 - - [13/Nov/2024:09:31:21 -0500] "GET /wp-content/plugins/strong-testimonials/public/js/lib/strongslider/jquery-strongslider.min.js?ver=3.1.7 HTTP/1.1" 200 9167 "https://glenbowcollege.ca/" "Mozilla/5.0 (Windows NT 6.1; WOW64; rv:43.0) Gecko/20100101 Firefox/43.0"
124.237.181.88 - - [13/Nov/2024:09:31:22 -0500] "GET /wp-content/plugins/strong-testimonials/public/js/controller.min.js?ver=3.1.7 HTTP/1.1" 200 3453 "https://glenbowcollege.ca/" "Mozilla/5.0 (Windows NT 6.1; WOW64; rv:43.0) Gecko/20100101 Firefox/43.0"
124.237.181.217 - - [13/Nov/2024:09:31:22 -0500] "GET /wp-content/themes/education-hub-pro/third-party/font-awesome/fonts/fontawesome-webfont.woff?v=4.7.0 HTTP/1.1" 200 98024 "https://glenbowcollege.ca/" "Mozilla/5.0 (Windows NT 6.1; WOW64; rv:43.0) Gecko/20100101 Firefox/43.0"
68.65.122.142 - - [13/Nov/2024:09:45:18 -0500] "POST /wp-cron.php?doing_wp_cron=1731509118.5787520408630371093750 HTTP/1.1" 403 1242 "-" "WordPress/6.2.1; https://glenbowcollege.ca"
5.161.106.94 - - [13/Nov/2024:09:47:08 -0500] "POST /wp-load.php?859e16=16919 HTTP/1.1" 403 1242 "-" "Mozilla/5.0 (Windows NT 10.0; Win64; x64) AppleWebKit/537.36 (KHTML, like Gecko) Chrome/104.0.5112.97 Safari/537.36"
68.65.122.142 - - [13/Nov/2024:09:47:32 -0500] "POST /wp-cron.php?doing_wp_cron=1731509252.2479529380798339843750 HTTP/1.1" 403 1242 "-" "WordPress/6.2.1; https://glenbowcollege.ca"
64.233.172.168 - - [13/Nov/2024:09:47:31 -0500] "GET /.well-known/traffic-advice HTTP/1.1" 404 14581 "-" "Chrome Privacy Preserving Prefetch Proxy"
68.65.122.142 - - [13/Nov/2024:09:47:32 -0500] "POST /wp-cron.php?doing_wp_cron=1731509252.4328138828277587890625 HTTP/1.1" 403 1242 "-" "WordPress/6.2.1; https://glenbowcollege.ca"
193.186.4.215 - - [13/Nov/2024:09:47:31 -0500] "GET / HTTP/1.1" 200 20472 "https://www.google.com/" "Mozilla/5.0 (Windows NT 10.0; Win64; x64) AppleWebKit/537.36 (KHTML, like Gecko) Chrome/130.0.0.0 Safari/537.36"
17.246.19.107 - - [13/Nov/2024:09:48:34 -0500] "GET /wp-includes/js/dist/vendor/wp-polyfill-inert.min.js?ver=3.1.2 HTTP/1.1" 200 4487 "https://glenbowcollege.ca/about/glenbow-college-covid-19-questionnaire/" "Mozilla/5.0 (Macintosh; Intel Mac OS X 10_15_7) AppleWebKit/605.1.15 (KHTML, like Gecko) Version/17.4 Safari/605.1.15 (Applebot/0.1; +http://www.apple.com/go/applebot)"
