165.225.210.253 - - [13/Nov/2024:16:23:17 -0500] "GET /wp-content/uploads/2020/02/students1_1-360x158.jpg HTTP/1.1" 200 13848 "https://glenbowcollege.ca/" "Mozilla/5.0 (Windows NT 10.0; Win64; x64) AppleWebKit/537.36 (KHTML, like Gecko) Chrome/130.0.0.0 Safari/537.36"
165.225.210.253 - - [13/Nov/2024:16:23:17 -0500] "GET /wp-content/plugins/woocommerce-menu-bar-cart/assets/js/wpmenucart-ajax-assist.min.js?ver=2.14.2 HTTP/1.1" 200 1860 "https://glenbowcollege.ca/" "Mozilla/5.0 (Windows NT 10.0; Win64; x64) AppleWebKit/537.36 (KHTML, like Gecko) Chrome/130.0.0.0 Safari/537.36"
165.225.210.253 - - [13/Nov/2024:16:23:17 -0500] "GET /wp-content/plugins/coblocks/dist/js/vendors/tiny-swiper.js?ver=3.1.5 HTTP/1.1" 200 5731 "https://glenbowcollege.ca/" "Mozilla/5.0 (Windows NT 10.0; Win64; x64) AppleWebKit/537.36 (KHTML, like Gecko) Chrome/130.0.0.0 Safari/537.36"
165.225.210.253 - - [13/Nov/2024:16:23:17 -0500] "GET /wp-content/plugins/contact-form-7/includes/swv/js/index.js?ver=5.8.6 HTTP/1.1" 200 4707 "https://glenbowcollege.ca/" "Mozilla/5.0 (Windows NT 10.0; Win64; x64) AppleWebKit/537.36 (KHTML, like Gecko) Chrome/130.0.0.0 Safari/537.36"
165.225.210.253 - - [13/Nov/2024:16:23:17 -0500] "GET /wp-content/plugins/product-open-pricing-name-your-price-for-woocommerce/includes/js/alg-wc-pop-frontend.js?ver=1.7.1 HTTP/1.1" 200 2030 "https://glenbowcollege.ca/" "Mozilla/5.0 (Windows NT 10.0; Win64; x64) AppleWebKit/537.36 (KHTML, like Gecko) Chrome/130.0.0.0 Safari/537.36"
165.225.210.253 - - [13/Nov/2024:16:23:17 -0500] "GET /wp-content/plugins/woocommerce/assets/js/jquery-blockui/jquery.blockUI.min.js?ver=2.7.0-wc.7.8.0 HTTP/1.1" 200 4871 "https://glenbowcollege.ca/" "Mozilla/5.0 (Windows NT 10.0; Win64; x64) AppleWebKit/537.36 (KHTML, like Gecko) Chrome/130.0.0.0 Safari/537.36"
165.225.210.253 - - [13/Nov/2024:16:23:17 -0500] "GET /wp-content/plugins/woocommerce/assets/js/frontend/woocommerce.min.js?ver=7.8.0 HTTP/1.1" 200 2315 "https://glenbowcollege.ca/" "Mozilla/5.0 (Windows NT 10.0; Win64; x64) AppleWebKit/537.36 (KHTML, like Gecko) Chrome/130.0.0.0 Safari/537.36"
165.225.210.253 - - [13/Nov/2024:16:23:18 -0500] "GET /wp-content/themes/education-hub-pro/js/custom.min.js?ver=1.0 HTTP/1.1" 200 2049 "https://glenbowcollege.ca/" "Mozilla/5.0 (Windows NT 10.0; Win64; x64) AppleWebKit/537.36 (KHTML, like Gecko) Chrome/130.0.0.0 Safari/537.36"
165.225.210.253 - - [13/Nov/2024:16:23:18 -0500] "GET /wp-content/plugins/strong-testimonials/public/js/lib/verge/verge.min.js?ver=1.10.2 HTTP/1.1" 200 2151 "https://glenbowcollege.ca/" "Mozilla/5.0 (Windows NT 10.0; Win64; x64) AppleWebKit/537.36 (KHTML, like Gecko) Chrome/130.0.0.0 Safari/537.36"
165.225.210.253 - - [13/Nov/2024:16:23:17 -0500] "GET /wp-content/themes/education-hub-pro/js/skip-link-focus-fix.min.js?ver=20130115 HTTP/1.1" 200 1840 "https://glenbowcollege.ca/" "Mozilla/5.0 (Windows NT 10.0; Win64; x64) AppleWebKit/537.36 (KHTML, like Gecko) Chrome/130.0.0.0 Safari/537.36"
165.225.210.253 - - [13/Nov/2024:16:23:18 -0500] "GET /wp-content/themes/education-hub-pro/third-party/cycle2/js/jquery.cycle2.min.js?ver=2.1.6 HTTP/1.1" 200 8488 "https://glenbowcollege.ca/" "Mozilla/5.0 (Windows NT 10.0; Win64; x64) AppleWebKit/537.36 (KHTML, like Gecko) Chrome/130.0.0.0 Safari/537.36"
165.225.210.253 - - [13/Nov/2024:16:23:18 -0500] "GET /wp-content/themes/education-hub-pro/third-party/ticker/jquery.easy-ticker.min.js?ver=2.0 HTTP/1.1" 200 2686 "https://glenbowcollege.ca/" "Mozilla/5.0 (Windows NT 10.0; Win64; x64) AppleWebKit/537.36 (KHTML, like Gecko) Chrome/130.0.0.0 Safari/537.36"
165.225.210.253 - - [13/Nov/2024:16:23:18 -0500] "GET /wp-content/themes/education-hub-pro/js/navigation.min.js?ver=20160421 HTTP/1.1" 200 2592 "https://glenbowcollege.ca/" "Mozilla/5.0 (Windows NT 10.0; Win64; x64) AppleWebKit/537.36 (KHTML, like Gecko) Chrome/130.0.0.0 Safari/537.36"
165.225.210.253 - - [13/Nov/2024:16:23:18 -0500] "GET /wp-content/plugins/strong-testimonials/public/js/lib/actual/jquery-actual.min.js?ver=1.0.16 HTTP/1.1" 200 2191 "https://glenbowcollege.ca/" "Mozilla/5.0 (Windows NT 10.0; Win64; x64) AppleWebKit/537.36 (KHTML, like Gecko) Chrome/130.0.0.0 Safari/537.36"
165.225.210.253 - - [13/Nov/2024:16:23:18 -0500] "GET /wp-includes/js/underscore.min.js?ver=1.13.4 HTTP/1.1" 200 8801 "https://glenbowcollege.ca/" "Mozilla/5.0 (Windows NT 10.0; Win64; x64) AppleWebKit/537.36 (KHTML, like Gecko) Chrome/130.0.0.0 Safari/537.36"
165.225.210.253 - - [13/Nov/2024:16:23:18 -0500] "GET /wp-includes/js/imagesloaded.min.js?ver=4.1.4 HTTP/1.1" 200 3380 "https://glenbowcollege.ca/" "Mozilla/5.0 (Windows NT 10.0; Win64; x64) AppleWebKit/537.36 (KHTML, like Gecko) Chrome/130.0.0.0 Safari/537.36"
165.225.210.253 - - [13/Nov/2024:16:23:18 -0500] "GET /wp-content/uploads/2020/04/ANA-SAYFA.png HTTP/1.1" 200 1322485 "https://glenbowcollege.ca/" "Mozilla/5.0 (Windows NT 10.0; Win64; x64) AppleWebKit/537.36 (KHTML, like Gecko) Chrome/130.0.0.0 Safari/537.36"
165.225.210.253 - - [13/Nov/2024:16:23:18 -0500] "GET /wp-content/plugins/woocommerce/assets/css/woocommerce-smallscreen.css?ver=7.8.0 HTTP/1.1" 200 1058 "https://glenbowcollege.ca/" "Mozilla/5.0 (Windows NT 10.0; Win64; x64) AppleWebKit/537.36 (KHTML, like Gecko) Chrome/130.0.0.0 Safari/537.36"
37.139.53.124 - - [13/Nov/2024:16:23:36 -0500] "GET /about/contact-us/ HTTP/1.0" 200 75980 "https://glenbowcollege.ca/about/contact-us/" "Mozilla/5.0 (Windows NT 10.0.0; Win64; x64; ) AppleWebKit/537.36 (KHTML, like Gecko) Chrome/124.0.6367.119 Chrome/124.0.6367.119 Not-A.Brand/99  Safari/537.36"
37.139.53.124 - - [13/Nov/2024:16:23:39 -0500] "POST /about/contact-us/ HTTP/1.0" 200 73440 "https://glenbowcollege.ca/about/contact-us/" "Mozilla/5.0 (Windows NT 10.0.0; Win64; x64; ) AppleWebKit/537.36 (KHTML, like Gecko) Chrome/124.0.6367.119 Chrome/124.0.6367.119 Not-A.Brand/99  Safari/537.36"
37.139.53.124 - - [13/Nov/2024:16:23:41 -0500] "GET /about/contact-us/ HTTP/1.0" 200 76005 "https://glenbowcollege.ca/about/contact-us/" "Mozilla/5.0 (Windows NT 10.0.0; Win64; x64; ) AppleWebKit/537.36 (KHTML, like Gecko) Chrome/124.0.6367.119 Chrome/124.0.6367.119 Not-A.Brand/99  Safari/537.36"
52.167.144.192 - - [13/Nov/2024:16:28:47 -0500] "GET /yorkshire08/ HTTP/1.1" 404 14998 "-" "Mozilla/5.0 AppleWebKit/537.36 (KHTML, like Gecko; compatible; bingbot/2.0; +http://www.bing.com/bingbot.htm) Chrome/116.0.1938.76 Safari/537.36"
165.225.210.253 - - [13/Nov/2024:16:23:18 -0500] "GET /wp-includes/js/dist/i18n.min.js?ver=9e794f35a71bb98672ae HTTP/1.1" 200 5325 "https://glenbowcollege.ca/" "Mozilla/5.0 (Windows NT 10.0; Win64; x64) AppleWebKit/537.36 (KHTML, like Gecko) Chrome/130.0.0.0 Safari/537.36"
165.225.210.253 - - [13/Nov/2024:16:23:18 -0500] "GET /wp-content/plugins/strong-testimonials/public/js/controller.min.js?ver=3.1.7 HTTP/1.1" 200 3094 "https://glenbowcollege.ca/" "Mozilla/5.0 (Windows NT 10.0; Win64; x64) AppleWebKit/537.36 (KHTML, like Gecko) Chrome/130.0.0.0 Safari/537.36"
165.225.210.253 - - [13/Nov/2024:16:23:18 -0500] "GET /wp-content/plugins/strong-testimonials/public/js/lib/strongslider/jquery-strongslider.min.js?ver=3.1.7 HTTP/1.1" 200 7840 "https://glenbowcollege.ca/" "Mozilla/5.0 (Windows NT 10.0; Win64; x64) AppleWebKit/537.36 (KHTML, like Gecko) Chrome/130.0.0.0 Safari/537.36"
165.225.210.253 - - [13/Nov/2024:16:23:18 -0500] "GET /wp-content/plugins/strong-testimonials/templates/default/img/quotes.png HTTP/1.1" 200 335 "https://glenbowcollege.ca/wp-content/plugins/strong-testimonials/templates/default/content.css?ver=3.1.7" "Mozilla/5.0 (Windows NT 10.0; Win64; x64) AppleWebKit/537.36 (KHTML, like Gecko) Chrome/130.0.0.0 Safari/537.36"
165.225.210.253 - - [13/Nov/2024:16:23:18 -0500] "GET /wp-includes/js/wp-emoji-release.min.js?ver=6.2.1 HTTP/1.1" 200 6289 "https://glenbowcollege.ca/" "Mozilla/5.0 (Windows NT 10.0; Win64; x64) AppleWebKit/537.36 (KHTML, like Gecko) Chrome/130.0.0.0 Safari/537.36"
165.225.210.253 - - [13/Nov/2024:16:23:18 -0500] "GET /wp-content/uploads/2020/02/cropped-logo11-32x32.png HTTP/1.1" 200 1202 "https://glenbowcollege.ca/" "Mozilla/5.0 (Windows NT 10.0; Win64; x64) AppleWebKit/537.36 (KHTML, like Gecko) Chrome/130.0.0.0 Safari/537.36"
68.65.122.142 - - [13/Nov/2024:16:28:48 -0500] "POST /wp-cron.php?doing_wp_cron=1731533328.2951369285583496093750 HTTP/1.1" 403 1242 "-" "WordPress/6.2.1; https://glenbowcollege.ca"
34.230.83.64 - - [13/Nov/2024:16:41:49 -0500] "GET /feed/ HTTP/1.1" 200 5632 "-" "Rome Client (http://tinyurl.com/64t5n) Ver: UNKNOWN"
185.147.125.16 - - [13/Nov/2024:16:42:07 -0500] "GET /about/contact-us/ HTTP/1.0" 200 75980 "https://glenbowcollege.ca/about/contact-us/" "Mozilla/5.0 (Windows NT 10.0.0; Win64; x64; ) AppleWebKit/537.36 (KHTML, like Gecko) Chrome/124.0.6367.91 Chrome/124.0.6367.91 Not-A.Brand/99  Safari/537.36"
185.147.125.16 - - [13/Nov/2024:16:42:09 -0500] "POST /about/contact-us/ HTTP/1.0" 200 73632 "https://glenbowcollege.ca/about/contact-us/" "Mozilla/5.0 (Windows NT 10.0.0; Win64; x64; ) AppleWebKit/537.36 (KHTML, like Gecko) Chrome/124.0.6367.91 Chrome/124.0.6367.91 Not-A.Brand/99  Safari/537.36"
34.230.83.64 - - [13/Nov/2024:16:41:47 -0500] "GET /robots.txt HTTP/1.1" 200 242 "https://www.google.com/" "Mozilla/5.0 (Windows NT 10.0; Win64; x64) AppleWebKit/537.36 (KHTML, like Gecko) Chrome/129.0.0.0 Safari/537.3  32.43"
68.65.122.142 - - [13/Nov/2024:16:41:49 -0500] "POST /wp-cron.php?doing_wp_cron=1731534109.2570540904998779296875 HTTP/1.1" 403 1242 "-" "WordPress/6.2.1; https://glenbowcollege.ca"
34.230.83.64 - - [13/Nov/2024:16:41:48 -0500] "GET /feed HTTP/1.1" 301 0 "-" "Rome Client (http://tinyurl.com/64t5n) Ver: UNKNOWN"
185.147.125.16 - - [13/Nov/2024:16:42:05 -0500] "GET / HTTP/1.0" 200 88829 "https://glenbowcollege.ca/" "Mozilla/5.0 (Windows NT 10.0.0; Win64; x64; ) AppleWebKit/537.36 (KHTML, like Gecko) Chrome/124.0.6367.91 Chrome/124.0.6367.91 Not-A.Brand/99  Safari/537.36"
5.161.217.158 - - [13/Nov/2024:16:48:15 -0500] "POST /wp-load.php?15a177=95306 HTTP/1.1" 403 1242 "-" "Mozilla/5.0 (Windows NT 10.0; Win64; x64) AppleWebKit/537.36 (KHTML, like Gecko) Chrome/104.0.5112.97 Safari/537.36"
43.163.6.124 - - [13/Nov/2024:17:13:28 -0500] "GET / HTTP/1.1" 200 23168 "http://glenbowcollege.ca" "Mozilla/5.0 (iPhone; CPU iPhone OS 13_2_3 like Mac OS X) AppleWebKit/605.1.15 (KHTML, like Gecko) Version/13.0.3 Mobile/15E148 Safari/604.1"
68.65.122.142 - - [13/Nov/2024:17:14:56 -0500] "POST /wp-cron.php?doing_wp_cron=1731536096.1862950325012207031250 HTTP/1.1" 403 1242 "-" "WordPress/6.2.1; https://glenbowcollege.ca"
66.249.68.38 - - [13/Nov/2024:17:14:55 -0500] "GET /programs/administrative-assistant-diploma/ HTTP/1.1" 200 20381 "-" "Mozilla/5.0 (Linux; Android 6.0.1; Nexus 5X Build/MMB29P) AppleWebKit/537.36 (KHTML, like Gecko) Chrome/130.0.6723.116 Mobile Safari/537.36 (compatible; Googlebot/2.1; +http://www.google.com/bot.html)"
157.55.39.15 - - [13/Nov/2024:17:15:38 -0500] "GET /bulgarian324db/ HTTP/1.1" 404 15000 "-" "Mozilla/5.0 AppleWebKit/537.36 (KHTML, like Gecko; compatible; bingbot/2.0; +http://www.bing.com/bingbot.htm) Chrome/116.0.1938.76 Safari/537.36"
68.65.122.142 - - [13/Nov/2024:17:26:57 -0500] "POST /wp-cron.php?doing_wp_cron=1731536817.7360129356384277343750 HTTP/1.1" 403 1242 "-" "WordPress/6.2.1; https://glenbowcollege.ca"
66.249.68.38 - - [13/Nov/2024:17:26:57 -0500] "GET /international/prospective-international-students/how-to-apply/ HTTP/1.1" 200 18350 "-" "Mozilla/5.0 (Linux; Android 6.0.1; Nexus 5X Build/MMB29P) AppleWebKit/537.36 (KHTML, like Gecko) Chrome/130.0.6723.116 Mobile Safari/537.36 (compatible; Googlebot/2.1; +http://www.google.com/bot.html)"
66.249.68.39 - - [13/Nov/2024:17:27:01 -0500] "GET /wp-content/plugins/woocommerce/packages/woocommerce-blocks/build/wc-blocks-style.css?ver=10.2.3 HTTP/1.1" 200 26445 "https://glenbowcollege.ca/international/prospective-international-students/how-to-apply/" "Mozilla/5.0 (Linux; Android 6.0.1; Nexus 5X Build/MMB29P) AppleWebKit/537.36 (KHTML, like Gecko) Chrome/130.0.6723.69 Mobile Safari/537.36 (compatible; Googlebot/2.1; +http://www.google.com/bot.html)"
66.249.68.39 - - [13/Nov/2024:17:27:02 -0500] "GET /wp-content/plugins/woocommerce/packages/woocommerce-blocks/build/wc-blocks-vendors-style.css?ver=10.2.3 HTTP/1.1" 200 1760 "https://glenbowcollege.ca/international/prospective-international-students/how-to-apply/" "Mozilla/5.0 (Linux; Android 6.0.1; Nexus 5X Build/MMB29P) AppleWebKit/537.36 (KHTML, like Gecko) Chrome/130.0.6723.69 Mobile Safari/537.36 (compatible; Googlebot/2.1; +http://www.google.com/bot.html)"
66.249.68.32 - - [13/Nov/2024:17:27:02 -0500] "GET /wp-content/themes/education-hub-pro/third-party/ticker/jquery.easy-ticker.min.js?ver=2.0 HTTP/1.1" 200 2686 "https://glenbowcollege.ca/international/prospective-international-students/how-to-apply/" "Mozilla/5.0 (Linux; Android 6.0.1; Nexus 5X Build/MMB29P) AppleWebKit/537.36 (KHTML, like Gecko) Chrome/130.0.6723.69 Mobile Safari/537.36 (compatible; Googlebot/2.1; +http://www.google.com/bot.html)"
68.65.122.142 - - [13/Nov/2024:17:29:23 -0500] "POST /wp-cron.php?doing_wp_cron=1731536963.6981050968170166015625 HTTP/1.1" 403 1242 "-" "WordPress/6.2.1; https://glenbowcollege.ca"
68.65.122.142 - - [13/Nov/2024:17:32:59 -0500] "POST /wp-cron.php?doing_wp_cron=1731537179.9319119453430175781250 HTTP/1.1" 403 1242 "-" "WordPress/6.2.1; https://glenbowcollege.ca"
66.249.68.39 - - [13/Nov/2024:17:26:56 -0500] "GET /international/international-prospective-students/how-to-apply/ HTTP/1.1" 301 0 "-" "Mozilla/5.0 (Linux; Android 6.0.1; Nexus 5X Build/MMB29P) AppleWebKit/537.36 (KHTML, like Gecko) Chrome/130.0.6723.116 Mobile Safari/537.36 (compatible; Googlebot/2.1; +http://www.google.com/bot.html)"
66.249.68.32 - - [13/Nov/2024:17:27:02 -0500] "GET /wp-includes/js/jquery/jquery-migrate.min.js?ver=3.4.0 HTTP/1.1" 200 6238 "https://glenbowcollege.ca/international/prospective-international-students/how-to-apply/" "Mozilla/5.0 (Linux; Android 6.0.1; Nexus 5X Build/MMB29P) AppleWebKit/537.36 (KHTML, like Gecko) Chrome/130.0.6723.69 Mobile Safari/537.36 (compatible; Googlebot/2.1; +http://www.google.com/bot.html)"
66.249.68.38 - - [13/Nov/2024:17:27:02 -0500] "GET /wp-content/plugins/coblocks/dist/js/coblocks-tinyswiper-initializer.js?ver=3.1.5 HTTP/1.1" 200 6836 "https://glenbowcollege.ca/international/prospective-international-students/how-to-apply/" "Mozilla/5.0 (Linux; Android 6.0.1; Nexus 5X Build/MMB29P) AppleWebKit/537.36 (KHTML, like Gecko) Chrome/130.0.6723.69 Mobile Safari/537.36 (compatible; Googlebot/2.1; +http://www.google.com/bot.html)"
66.249.68.39 - - [13/Nov/2024:17:27:03 -0500] "GET /wp-content/plugins/contact-form-7/includes/js/index.js?ver=5.8.6 HTTP/1.1" 200 5587 "https://glenbowcollege.ca/international/prospective-international-students/how-to-apply/" "Mozilla/5.0 (Linux; Android 6.0.1; Nexus 5X Build/MMB29P) AppleWebKit/537.36 (KHTML, like Gecko) Chrome/130.0.6723.69 Mobile Safari/537.36 (compatible; Googlebot/2.1; +http://www.google.com/bot.html)"
207.46.13.116 - - [13/Nov/2024:17:29:22 -0500] "GET /neurologya4e/ HTTP/1.1" 404 14967 "-" "Mozilla/5.0 AppleWebKit/537.36 (KHTML, like Gecko; compatible; bingbot/2.0; +http://www.bing.com/bingbot.htm) Chrome/116.0.1938.76 Safari/537.36"
173.183.231.107 - - [13/Nov/2024:17:32:58 -0500] "GET / HTTP/1.1" 200 20444 "-" "Mozilla/5.0 (iPhone; CPU iPhone OS 17_6_1 like Mac OS X) AppleWebKit/605.1.15 (KHTML, like Gecko) Version/17.6 Mobile/15E148 Safari/604.1"
5.161.106.94 - - [13/Nov/2024:17:48:26 -0500] "POST /wp-load.php?51316d=56437 HTTP/1.1" 403 1242 "-" "Mozilla/5.0 (Windows NT 10.0; Win64; x64) AppleWebKit/537.36 (KHTML, like Gecko) Chrome/104.0.5112.97 Safari/537.36"
74.176.45.129 - - [13/Nov/2024:18:10:03 -0500] "HEAD /wordpress HTTP/1.1" 404 0 "http://glenbowcollege.ca/wordpress" "Mozilla/5.0 (Windows NT 10.0; Win64; x64) AppleWebKit/537.36 (KHTML, like Gecko) Chrome/74.0.3729.169 Safari/537.36"
74.176.45.129 - - [13/Nov/2024:18:10:06 -0500] "HEAD / HTTP/1.1" 200 0 "http://glenbowcollege.ca/" "Mozilla/5.0 (Windows NT 10.0; Win64; x64) AppleWebKit/537.36 (KHTML, like Gecko) Chrome/74.0.3729.169 Safari/537.36"
74.176.45.129 - - [13/Nov/2024:18:10:08 -0500] "HEAD /wp HTTP/1.1" 404 0 "http://glenbowcollege.ca/wp" "Mozilla/5.0 (Windows NT 10.0; Win64; x64) AppleWebKit/537.36 (KHTML, like Gecko) Chrome/74.0.3729.169 Safari/537.36"
74.176.45.129 - - [13/Nov/2024:18:10:10 -0500] "HEAD /bc HTTP/1.1" 404 0 "http://glenbowcollege.ca/bc" "Mozilla/5.0 (Windows NT 10.0; Win64; x64) AppleWebKit/537.36 (KHTML, like Gecko) Chrome/74.0.3729.169 Safari/537.36"
74.176.45.129 - - [13/Nov/2024:18:10:13 -0500] "HEAD /bk HTTP/1.1" 404 0 "http://glenbowcollege.ca/bk" "Mozilla/5.0 (Windows NT 10.0; Win64; x64) AppleWebKit/537.36 (KHTML, like Gecko) Chrome/74.0.3729.169 Safari/537.36"
74.176.45.129 - - [13/Nov/2024:18:10:15 -0500] "HEAD /backup HTTP/1.1" 404 0 "http://glenbowcollege.ca/backup" "Mozilla/5.0 (Windows NT 10.0; Win64; x64) AppleWebKit/537.36 (KHTML, like Gecko) Chrome/74.0.3729.169 Safari/537.36"
74.176.45.129 - - [13/Nov/2024:18:10:18 -0500] "HEAD /old HTTP/1.1" 404 0 "http://glenbowcollege.ca/old" "Mozilla/5.0 (Windows NT 10.0; Win64; x64) AppleWebKit/537.36 (KHTML, like Gecko) Chrome/74.0.3729.169 Safari/537.36"
74.176.45.129 - - [13/Nov/2024:18:10:18 -0500] "HEAD /new HTTP/1.1" 301 0 "http://glenbowcollege.ca/new" "Mozilla/5.0 (Windows NT 10.0; Win64; x64) AppleWebKit/537.36 (KHTML, like Gecko) Chrome/74.0.3729.169 Safari/537.36"
74.176.45.129 - - [13/Nov/2024:18:10:19 -0500] "HEAD /2024/08/21/newcomers-career-journey/ HTTP/1.1" 200 0 "https://glenbowcollege.ca/new" "Mozilla/5.0 (Windows NT 10.0; Win64; x64) AppleWebKit/537.36 (KHTML, like Gecko) Chrome/74.0.3729.169 Safari/537.36"
74.176.45.129 - - [13/Nov/2024:18:10:21 -0500] "HEAD /2024/08/21/newcomers-career-journey/ HTTP/1.1" 200 0 "https://glenbowcollege.ca/new" "Mozilla/5.0 (Windows NT 10.0; Win64; x64) AppleWebKit/537.36 (KHTML, like Gecko) Chrome/74.0.3729.169 Safari/537.36"
74.176.45.129 - - [13/Nov/2024:18:10:21 -0500] "HEAD /main HTTP/1.1" 404 0 "http://glenbowcollege.ca/main" "Mozilla/5.0 (Windows NT 10.0; Win64; x64) AppleWebKit/537.36 (KHTML, like Gecko) Chrome/74.0.3729.169 Safari/537.36"
74.176.45.129 - - [13/Nov/2024:18:10:23 -0500] "HEAD /main HTTP/1.1" 404 0 "http://glenbowcollege.ca/main" "Mozilla/5.0 (Windows NT 10.0; Win64; x64) AppleWebKit/537.36 (KHTML, like Gecko) Chrome/74.0.3729.169 Safari/537.36"
74.176.45.129 - - [13/Nov/2024:18:10:25 -0500] "HEAD /popupbuilder/home-stay/ HTTP/1.1" 302 0 "https://glenbowcollege.ca/home" "Mozilla/5.0 (Windows NT 10.0; Win64; x64) AppleWebKit/537.36 (KHTML, like Gecko) Chrome/74.0.3729.169 Safari/537.36"
74.176.45.129 - - [13/Nov/2024:18:10:26 -0500] "HEAD / HTTP/1.1" 200 0 "https://glenbowcollege.ca/popupbuilder/home-stay/" "Mozilla/5.0 (Windows NT 10.0; Win64; x64) AppleWebKit/537.36 (KHTML, like Gecko) Chrome/74.0.3729.169 Safari/537.36"
74.176.45.129 - - [13/Nov/2024:18:10:27 -0500] "HEAD /popupbuilder/home-stay/ HTTP/1.1" 302 0 "https://glenbowcollege.ca/home" "Mozilla/5.0 (Windows NT 10.0; Win64; x64) AppleWebKit/537.36 (KHTML, like Gecko) Chrome/74.0.3729.169 Safari/537.36"
74.176.45.129 - - [13/Nov/2024:18:10:28 -0500] "HEAD / HTTP/1.1" 200 0 "https://glenbowcollege.ca/popupbuilder/home-stay/" "Mozilla/5.0 (Windows NT 10.0; Win64; x64) AppleWebKit/537.36 (KHTML, like Gecko) Chrome/74.0.3729.169 Safari/537.36"
68.65.122.142 - - [13/Nov/2024:18:11:59 -0500] "POST /wp-cron.php?doing_wp_cron=1731539519.1394929885864257812500 HTTP/1.1" 403 1242 "-" "WordPress/6.2.1; https://glenbowcollege.ca"
68.65.122.142 - - [13/Nov/2024:18:11:59 -0500] "POST /wp-cron.php?doing_wp_cron=1731539519.1528298854827880859375 HTTP/1.1" 403 1242 "-" "WordPress/6.2.1; https://glenbowcollege.ca"
54.241.105.227 - - [13/Nov/2024:18:11:58 -0500] "GET /jip HTTP/1.1" 404 60062 "-" "Mozilla/5.0 (Macintosh; Intel Mac OS X 10_10_5) AppleWebKit/537.36 (KHTML, like Gecko) Chrome/52.0.2743.116 Safari/537.36"
54.241.105.227 - - [13/Nov/2024:18:11:58 -0500] "GET /martin-x1bish-v8ff-r2mid-x1ms-x1g-v8v HTTP/1.1" 404 60082 "-" "Mozilla/5.0 (Macintosh; Intel Mac OS X 10_10_5) AppleWebKit/537.36 (KHTML, like Gecko) Chrome/52.0.2743.116 Safari/537.36"
66.249.68.38 - - [13/Nov/2024:18:12:43 -0500] "GET / HTTP/1.1" 200 20450 "-" "Mozilla/5.0 (compatible; Googlebot/2.1; +http://www.google.com/bot.html)"
68.65.122.142 - - [13/Nov/2024:18:05:08 -0500] "POST /wp-cron.php?doing_wp_cron=1731539108.2716538906097412109375 HTTP/1.1" 403 1242 "-" "WordPress/6.2.1; https://glenbowcollege.ca"
51.222.253.16 - - [13/Nov/2024:18:05:07 -0500] "GET /category/events/ HTTP/1.1" 200 17171 "-" "Mozilla/5.0 (compatible; AhrefsBot/7.0; +http://ahrefs.com/robot/)"
74.176.45.129 - - [13/Nov/2024:18:10:03 -0500] "HEAD /wordpress HTTP/1.1" 404 0 "http://glenbowcollege.ca/wordpress" "Mozilla/5.0 (Windows NT 10.0; Win64; x64) AppleWebKit/537.36 (KHTML, like Gecko) Chrome/74.0.3729.169 Safari/537.36"
74.176.45.129 - - [13/Nov/2024:18:10:06 -0500] "HEAD / HTTP/1.1" 200 0 "http://glenbowcollege.ca/" "Mozilla/5.0 (Windows NT 10.0; Win64; x64) AppleWebKit/537.36 (KHTML, like Gecko) Chrome/74.0.3729.169 Safari/537.36"
74.176.45.129 - - [13/Nov/2024:18:10:08 -0500] "HEAD /wp HTTP/1.1" 404 0 "http://glenbowcollege.ca/wp" "Mozilla/5.0 (Windows NT 10.0; Win64; x64) AppleWebKit/537.36 (KHTML, like Gecko) Chrome/74.0.3729.169 Safari/537.36"
74.176.45.129 - - [13/Nov/2024:18:10:11 -0500] "HEAD /bc HTTP/1.1" 404 0 "http://glenbowcollege.ca/bc" "Mozilla/5.0 (Windows NT 10.0; Win64; x64) AppleWebKit/537.36 (KHTML, like Gecko) Chrome/74.0.3729.169 Safari/537.36"
74.176.45.129 - - [13/Nov/2024:18:10:12 -0500] "HEAD /bk HTTP/1.1" 404 0 "http://glenbowcollege.ca/bk" "Mozilla/5.0 (Windows NT 10.0; Win64; x64) AppleWebKit/537.36 (KHTML, like Gecko) Chrome/74.0.3729.169 Safari/537.36"
74.176.45.129 - - [13/Nov/2024:18:10:14 -0500] "HEAD /backup HTTP/1.1" 404 0 "http://glenbowcollege.ca/backup" "Mozilla/5.0 (Windows NT 10.0; Win64; x64) AppleWebKit/537.36 (KHTML, like Gecko) Chrome/74.0.3729.169 Safari/537.36"
74.176.45.129 - - [13/Nov/2024:18:10:16 -0500] "HEAD /old HTTP/1.1" 404 0 "http://glenbowcollege.ca/old" "Mozilla/5.0 (Windows NT 10.0; Win64; x64) AppleWebKit/537.36 (KHTML, like Gecko) Chrome/74.0.3729.169 Safari/537.36"
74.176.45.129 - - [13/Nov/2024:18:10:20 -0500] "HEAD /new HTTP/1.1" 301 0 "http://glenbowcollege.ca/new" "Mozilla/5.0 (Windows NT 10.0; Win64; x64) AppleWebKit/537.36 (KHTML, like Gecko) Chrome/74.0.3729.169 Safari/537.36"
74.176.45.129 - - [13/Nov/2024:18:10:24 -0500] "HEAD /home HTTP/1.1" 301 0 "http://glenbowcollege.ca/home" "Mozilla/5.0 (Windows NT 10.0; Win64; x64) AppleWebKit/537.36 (KHTML, like Gecko) Chrome/74.0.3729.169 Safari/537.36"
74.176.45.129 - - [13/Nov/2024:18:10:26 -0500] "HEAD /home HTTP/1.1" 301 0 "http://glenbowcollege.ca/home" "Mozilla/5.0 (Windows NT 10.0; Win64; x64) AppleWebKit/537.36 (KHTML, like Gecko) Chrome/74.0.3729.169 Safari/537.36"
68.65.122.142 - - [13/Nov/2024:18:12:44 -0500] "POST /wp-admin/admin-post.php HTTP/1.1" 403 1242 "-" "WordPress/6.2.1; https://glenbowcollege.ca"
66.249.68.38 - - [13/Nov/2024:18:18:45 -0500] "GET / HTTP/1.1" 200 20464 "-" "Mozilla/5.0 (compatible; Googlebot/2.1; +http://www.google.com/bot.html)"
50.99.181.69 - - [13/Nov/2024:18:19:35 -0500] "GET /wp-content/plugins/woocommerce-menu-bar-cart/assets/css/wpmenucart-icons.min.css?ver=2.14.2 HTTP/1.1" 200 192 "https://glenbowcollege.ca/" "Mozilla/5.0 (iPhone; CPU iPhone OS 17_6_1 like Mac OS X) AppleWebKit/605.1.15 (KHTML, like Gecko) Version/17.6 Mobile/15E148 Safari/604.1"
50.99.181.69 - - [13/Nov/2024:18:19:35 -0500] "GET /wp-content/plugins/woocommerce/packages/woocommerce-blocks/build/wc-blocks-vendors-style.css?ver=10.2.3 HTTP/1.1" 200 1760 "https://glenbowcollege.ca/" "Mozilla/5.0 (iPhone; CPU iPhone OS 17_6_1 like Mac OS X) AppleWebKit/605.1.15 (KHTML, like Gecko) Version/17.6 Mobile/15E148 Safari/604.1"
50.99.181.69 - - [13/Nov/2024:18:19:35 -0500] "GET /wp-content/plugins/coblocks/includes/Dependencies/GoDaddy/Styles/build/latest.css?ver=2.0.2 HTTP/1.1" 200 1313 "https://glenbowcollege.ca/" "Mozilla/5.0 (iPhone; CPU iPhone OS 17_6_1 like Mac OS X) AppleWebKit/605.1.15 (KHTML, like Gecko) Version/17.6 Mobile/15E148 Safari/604.1"
50.99.181.69 - - [13/Nov/2024:18:19:35 -0500] "GET /wp-content/plugins/woocommerce-menu-bar-cart/assets/css/wpmenucart-main.min.css?ver=2.14.2 HTTP/1.1" 200 329 "https://glenbowcollege.ca/" "Mozilla/5.0 (iPhone; CPU iPhone OS 17_6_1 like Mac OS X) AppleWebKit/605.1.15 (KHTML, like Gecko) Version/17.6 Mobile/15E148 Safari/604.1"
50.99.181.69 - - [13/Nov/2024:18:19:35 -0500] "GET /wp-includes/js/dist/vendor/regenerator-runtime.min.js?ver=0.13.11 HTTP/1.1" 200 4046 "https://glenbowcollege.ca/" "Mozilla/5.0 (iPhone; CPU iPhone OS 17_6_1 like Mac OS X) AppleWebKit/605.1.15 (KHTML, like Gecko) Version/17.6 Mobile/15E148 Safari/604.1"
50.99.181.69 - - [13/Nov/2024:18:19:35 -0500] "GET /wp-includes/js/dist/hooks.min.js?ver=4169d3cf8e8d95a3d6d5 HTTP/1.1" 200 3211 "https://glenbowcollege.ca/" "Mozilla/5.0 (iPhone; CPU iPhone OS 17_6_1 like Mac OS X) AppleWebKit/605.1.15 (KHTML, like Gecko) Version/17.6 Mobile/15E148 Safari/604.1"
50.99.181.69 - - [13/Nov/2024:18:19:35 -0500] "GET /wp-content/plugins/woocommerce/assets/js/js-cookie/js.cookie.min.js?ver=2.1.4-wc.7.8.0 HTTP/1.1" 200 2490 "https://glenbowcollege.ca/" "Mozilla/5.0 (iPhone; CPU iPhone OS 17_6_1 like Mac OS X) AppleWebKit/605.1.15 (KHTML, like Gecko) Version/17.6 Mobile/15E148 Safari/604.1"
50.99.181.69 - - [13/Nov/2024:18:19:35 -0500] "GET /wp-content/themes/education-hub-pro/third-party/ticker/jquery.easy-ticker.min.js?ver=2.0 HTTP/1.1" 200 2686 "https://glenbowcollege.ca/" "Mozilla/5.0 (iPhone; CPU iPhone OS 17_6_1 like Mac OS X) AppleWebKit/605.1.15 (KHTML, like Gecko) Version/17.6 Mobile/15E148 Safari/604.1"
50.99.181.69 - - [13/Nov/2024:18:19:35 -0500] "GET /wp-content/plugins/strong-testimonials/public/js/lib/verge/verge.min.js?ver=1.10.2 HTTP/1.1" 200 2151 "https://glenbowcollege.ca/" "Mozilla/5.0 (iPhone; CPU iPhone OS 17_6_1 like Mac OS X) AppleWebKit/605.1.15 (KHTML, like Gecko) Version/17.6 Mobile/15E148 Safari/604.1"
50.99.181.69 - - [13/Nov/2024:18:19:35 -0500] "GET /wp-content/themes/education-hub-pro/js/navigation.min.js?ver=20160421 HTTP/1.1" 200 2592 "https://glenbowcollege.ca/" "Mozilla/5.0 (iPhone; CPU iPhone OS 17_6_1 like Mac OS X) AppleWebKit/605.1.15 (KHTML, like Gecko) Version/17.6 Mobile/15E148 Safari/604.1"
50.99.181.69 - - [13/Nov/2024:18:19:35 -0500] "GET /wp-includes/css/dist/block-library/style.min.css?ver=6.2.1 HTTP/1.1" 200 11775 "https://glenbowcollege.ca/" "Mozilla/5.0 (iPhone; CPU iPhone OS 17_6_1 like Mac OS X) AppleWebKit/605.1.15 (KHTML, like Gecko) Version/17.6 Mobile/15E148 Safari/604.1"
50.99.181.69 - - [13/Nov/2024:18:19:35 -0500] "GET /wp-content/plugins/woocommerce/assets/css/woocommerce.css?ver=7.8.0 HTTP/1.1" 200 8786 "https://glenbowcollege.ca/" "Mozilla/5.0 (iPhone; CPU iPhone OS 17_6_1 like Mac OS X) AppleWebKit/605.1.15 (KHTML, like Gecko) Version/17.6 Mobile/15E148 Safari/604.1"
50.99.181.69 - - [13/Nov/2024:18:19:36 -0500] "GET /wp-content/uploads/2020/02/student_register_1-360x156.jpg HTTP/1.1" 200 13009 "https://glenbowcollege.ca/" "Mozilla/5.0 (iPhone; CPU iPhone OS 17_6_1 like Mac OS X) AppleWebKit/605.1.15 (KHTML, like Gecko) Version/17.6 Mobile/15E148 Safari/604.1"
50.99.181.69 - - [13/Nov/2024:18:19:36 -0500] "GET /wp-content/uploads/2020/02/students1_1-360x158.jpg HTTP/1.1" 200 13848 "https://glenbowcollege.ca/" "Mozilla/5.0 (iPhone; CPU iPhone OS 17_6_1 like Mac OS X) AppleWebKit/605.1.15 (KHTML, like Gecko) Version/17.6 Mobile/15E148 Safari/604.1"
157.55.39.9 - - [13/Nov/2024:18:21:00 -0500] "GET /adolescentfbe8/bedade2049386.htm HTTP/1.1" 404 14954 "-" "Mozilla/5.0 AppleWebKit/537.36 (KHTML, like Gecko; compatible; bingbot/2.0; +http://www.bing.com/bingbot.htm) Chrome/116.0.1938.76 Safari/537.36"
68.65.122.142 - - [13/Nov/2024:18:14:12 -0500] "POST /wp-cron.php?doing_wp_cron=1731539652.8877480030059814453125 HTTP/1.1" 403 1242 "-" "WordPress/6.2.1; https://glenbowcollege.ca"
66.249.68.32 - - [13/Nov/2024:18:14:11 -0500] "GET /dictionary53eb/dbebc2201985.htm HTTP/1.1" 404 14988 "-" "Mozilla/5.0 (Linux; Android 6.0.1; Nexus 5X Build/MMB29P) AppleWebKit/537.36 (KHTML, like Gecko) Chrome/130.0.6723.116 Mobile Safari/537.36 (compatible; Googlebot/2.1; +http://www.google.com/bot.html)"
68.65.122.142 - - [13/Nov/2024:18:18:46 -0500] "POST /wp-cron.php?doing_wp_cron=1731539926.8726930618286132812500 HTTP/1.1" 403 1242 "-" "WordPress/6.2.1; https://glenbowcollege.ca"
50.99.181.69 - - [13/Nov/2024:18:19:35 -0500] "GET /wp-includes/js/jquery/jquery-migrate.min.js?ver=3.4.0 HTTP/1.1" 200 6238 "https://glenbowcollege.ca/" "Mozilla/5.0 (iPhone; CPU iPhone OS 17_6_1 like Mac OS X) AppleWebKit/605.1.15 (KHTML, like Gecko) Version/17.6 Mobile/15E148 Safari/604.1"
50.99.181.69 - - [13/Nov/2024:18:19:35 -0500] "GET /wp-content/plugins/coblocks/dist/style-coblocks-extensions.css?ver=3.1.5 HTTP/1.1" 200 304 "https://glenbowcollege.ca/" "Mozilla/5.0 (iPhone; CPU iPhone OS 17_6_1 like Mac OS X) AppleWebKit/605.1.15 (KHTML, like Gecko) Version/17.6 Mobile/15E148 Safari/604.1"
50.99.181.69 - - [13/Nov/2024:18:19:35 -0500] "GET /wp-content/plugins/strong-testimonials/templates/default/content.css?ver=3.1.7 HTTP/1.1" 200 1833 "https://glenbowcollege.ca/" "Mozilla/5.0 (iPhone; CPU iPhone OS 17_6_1 like Mac OS X) AppleWebKit/605.1.15 (KHTML, like Gecko) Version/17.6 Mobile/15E148 Safari/604.1"
50.99.181.69 - - [13/Nov/2024:18:19:35 -0500] "GET /wp-content/plugins/strong-testimonials/public/css/rating-display.css?ver=3.1.7 HTTP/1.1" 200 910 "https://glenbowcollege.ca/" "Mozilla/5.0 (iPhone; CPU iPhone OS 17_6_1 like Mac OS X) AppleWebKit/605.1.15 (KHTML, like Gecko) Version/17.6 Mobile/15E148 Safari/604.1"
50.99.181.69 - - [13/Nov/2024:18:19:35 -0500] "GET /wp-content/plugins/woocommerce/assets/css/woocommerce-layout.css?ver=7.8.0 HTTP/1.1" 200 2313 "https://glenbowcollege.ca/" "Mozilla/5.0 (iPhone; CPU iPhone OS 17_6_1 like Mac OS X) AppleWebKit/605.1.15 (KHTML, like Gecko) Version/17.6 Mobile/15E148 Safari/604.1"
50.99.181.69 - - [13/Nov/2024:18:19:35 -0500] "GET /wp-content/themes/education-hub-pro/js/skip-link-focus-fix.min.js?ver=20130115 HTTP/1.1" 200 1840 "https://glenbowcollege.ca/" "Mozilla/5.0 (iPhone; CPU iPhone OS 17_6_1 like Mac OS X) AppleWebKit/605.1.15 (KHTML, like Gecko) Version/17.6 Mobile/15E148 Safari/604.1"
50.99.181.69 - - [13/Nov/2024:18:19:35 -0500] "GET /wp-includes/js/jquery/jquery.min.js?ver=3.6.4 HTTP/1.1" 200 31997 "https://glenbowcollege.ca/" "Mozilla/5.0 (iPhone; CPU iPhone OS 17_6_1 like Mac OS X) AppleWebKit/605.1.15 (KHTML, like Gecko) Version/17.6 Mobile/15E148 Safari/604.1"
50.99.181.69 - - [13/Nov/2024:18:19:36 -0500] "GET /wp-content/uploads/2020/03/apple-education-slider.jpg HTTP/1.1" 200 584207 "https://glenbowcollege.ca/" "Mozilla/5.0 (iPhone; CPU iPhone OS 17_6_1 like Mac OS X) AppleWebKit/605.1.15 (KHTML, like Gecko) Version/17.6 Mobile/15E148 Safari/604.1"
50.99.181.69 - - [13/Nov/2024:18:19:36 -0500] "GET /wp-content/plugins/strong-testimonials/templates/default/img/quotes.png HTTP/1.1" 200 335 "https://glenbowcollege.ca/" "Mozilla/5.0 (iPhone; CPU iPhone OS 17_6_1 like Mac OS X) AppleWebKit/605.1.15 (KHTML, like Gecko) Version/17.6 Mobile/15E148 Safari/604.1"
68.65.122.142 - - [13/Nov/2024:18:21:01 -0500] "POST /wp-cron.php?doing_wp_cron=1731540061.1695420742034912109375 HTTP/1.1" 403 1242 "-" "WordPress/6.2.1; https://glenbowcollege.ca"
157.55.39.204 - - [13/Nov/2024:18:37:25 -0500] "GET /portsmouth98e16/ HTTP/1.1" 404 14986 "-" "Mozilla/5.0 AppleWebKit/537.36 (KHTML, like Gecko; compatible; bingbot/2.0; +http://www.bing.com/bingbot.htm) Chrome/116.0.1938.76 Safari/537.36"
68.65.122.142 - - [13/Nov/2024:18:43:32 -0500] "POST /wp-cron.php?doing_wp_cron=1731541412.8447020053863525390625 HTTP/1.1" 403 1242 "-" "WordPress/6.2.1; https://glenbowcollege.ca"
68.65.122.142 - - [13/Nov/2024:18:46:08 -0500] "POST /wp-cron.php?doing_wp_cron=1731541568.0686590671539306640625 HTTP/1.1" 403 1242 "-" "WordPress/6.2.1; https://glenbowcollege.ca"
37.139.53.11 - - [13/Nov/2024:18:46:07 -0500] "GET /comment/?success&formid=1 HTTP/1.0" 200 84967 "https://glenbowcollege.ca/comment/?success&formid=1" "Mozilla/5.0 (Windows NT 10.0.0; Win64; x64; ) AppleWebKit/537.36 (KHTML, like Gecko) Chrome/124.0.6367.93 Chrome/124.0.6367.93 Not-A.Brand/99  Safari/537.36"
37.139.53.11 - - [13/Nov/2024:18:46:14 -0500] "GET /comment/ HTTP/1.0" 200 95501 "https://glenbowcollege.ca/comment/" "Mozilla/5.0 (Windows NT 10.0.0; Win64; x64; ) AppleWebKit/537.36 (KHTML, like Gecko) Chrome/124.0.6367.93 Chrome/124.0.6367.93 Not-A.Brand/99  Safari/537.36"
37.139.53.11 - - [13/Nov/2024:18:46:16 -0500] "POST /comment/ HTTP/1.0" 302 0 "https://glenbowcollege.ca/comment/" "Mozilla/5.0 (Windows NT 10.0.0; Win64; x64; ) AppleWebKit/537.36 (KHTML, like Gecko) Chrome/124.0.6367.93 Chrome/124.0.6367.93 Not-A.Brand/99  Safari/537.36"
173.183.231.107 - - [13/Nov/2024:18:43:31 -0500] "GET / HTTP/1.1" 200 0 "-" "WhatsApp/2.23.20.0"
37.139.53.11 - - [13/Nov/2024:18:46:09 -0500] "GET /2020/02/23/blog/ HTTP/1.0" 200 83390 "https://glenbowcollege.ca/2020/02/23/blog/" "Mozilla/5.0 (Windows NT 10.0.0; Win64; x64; ) AppleWebKit/537.36 (KHTML, like Gecko) Chrome/124.0.6367.93 Chrome/124.0.6367.93 Not-A.Brand/99  Safari/537.36"
37.139.53.11 - - [13/Nov/2024:18:46:11 -0500] "GET /category/blog/ HTTP/1.0" 200 70470 "https://glenbowcollege.ca/category/blog/" "Mozilla/5.0 (Windows NT 10.0.0; Win64; x64; ) AppleWebKit/537.36 (KHTML, like Gecko) Chrome/124.0.6367.93 Chrome/124.0.6367.93 Not-A.Brand/99  Safari/537.36"
157.55.39.55 - - [13/Nov/2024:18:48:37 -0500] "GET /selfrepressionnnb.xml HTTP/1.1" 404 14996 "-" "Mozilla/5.0 AppleWebKit/537.36 (KHTML, like Gecko; compatible; bingbot/2.0; +http://www.bing.com/bingbot.htm) Chrome/116.0.1938.76 Safari/537.36"
157.55.39.55 - - [13/Nov/2024:18:48:39 -0500] "GET /preimagerrv.xml HTTP/1.1" 404 15009 "-" "Mozilla/5.0 AppleWebKit/537.36 (KHTML, like Gecko; compatible; bingbot/2.0; +http://www.bing.com/bingbot.htm) Chrome/116.0.1938.76 Safari/537.36"
157.55.39.55 - - [13/Nov/2024:18:48:47 -0500] "GET /neoidiym.xml HTTP/1.1" 404 14986 "-" "Mozilla/5.0 AppleWebKit/537.36 (KHTML, like Gecko; compatible; bingbot/2.0; +http://www.bing.com/bingbot.htm) Chrome/116.0.1938.76 Safari/537.36"
52.167.144.208 - - [13/Nov/2024:18:48:47 -0500] "GET /nantzeti.xml HTTP/1.1" 404 14952 "-" "Mozilla/5.0 AppleWebKit/537.36 (KHTML, like Gecko; compatible; bingbot/2.0; +http://www.bing.com/bingbot.htm) Chrome/116.0.1938.76 Safari/537.36"
157.55.39.55 - - [13/Nov/2024:18:48:48 -0500] "GET /laoighisolw.xml HTTP/1.1" 404 14990 "-" "Mozilla/5.0 AppleWebKit/537.36 (KHTML, like Gecko; compatible; bingbot/2.0; +http://www.bing.com/bingbot.htm) Chrome/116.0.1938.76 Safari/537.36"
157.55.39.55 - - [13/Nov/2024:18:48:50 -0500] "GET /efficaciouslyknz.xml HTTP/1.1" 404 14974 "-" "Mozilla/5.0 AppleWebKit/537.36 (KHTML, like Gecko; compatible; bingbot/2.0; +http://www.bing.com/bingbot.htm) Chrome/116.0.1938.76 Safari/537.36"
52.167.144.145 - - [13/Nov/2024:18:49:00 -0500] "GET /aestheticbfp.xml HTTP/1.1" 404 14994 "-" "Mozilla/5.0 AppleWebKit/537.36 (KHTML, like Gecko; compatible; bingbot/2.0; +http://www.bing.com/bingbot.htm) Chrome/116.0.1938.76 Safari/537.36"
52.167.144.145 - - [13/Nov/2024:18:49:02 -0500] "GET /harpyeagleiki.xml HTTP/1.1" 404 14981 "-" "Mozilla/5.0 AppleWebKit/537.36 (KHTML, like Gecko; compatible; bingbot/2.0; +http://www.bing.com/bingbot.htm) Chrome/116.0.1938.76 Safari/537.36"
52.167.144.145 - - [13/Nov/2024:18:49:08 -0500] "GET /reprehendingzxj.xml HTTP/1.1" 404 15006 "-" "Mozilla/5.0 AppleWebKit/537.36 (KHTML, like Gecko; compatible; bingbot/2.0; +http://www.bing.com/bingbot.htm) Chrome/116.0.1938.76 Safari/537.36"
106.11.32.68 - - [13/Nov/2024:18:58:21 -0500] "GET /wp-content/uploads/2020/02/cropped-logo6.png HTTP/1.1" 200 11781 "-" "Mozilla/5.0 (Windows NT 10.0; Win64; x64) AppleWebKit/537.36 (KHTML, like Gecko) Chrome/103.0.0.0 Safari/537.36"
68.65.122.142 - - [13/Nov/2024:19:00:04 -0500] "POST /?wordfence_syncAttackData=1731542404.4362 HTTP/1.1" 200 0 "-" "WordPress/6.2.1; https://glenbowcollege.ca"
68.65.122.142 - - [13/Nov/2024:19:00:05 -0500] "POST /wp-cron.php?doing_wp_cron=1731542405.7713809013366699218750 HTTP/1.1" 403 1242 "-" "WordPress/6.2.1; https://glenbowcollege.ca"
68.65.122.142 - - [13/Nov/2024:19:00:19 -0500] "POST /?wordfence_syncAttackData=1731542419.756 HTTP/1.1" 200 0 "-" "WordPress/6.2.1; https://glenbowcollege.ca"
66.249.68.38 - - [13/Nov/2024:19:00:19 -0500] "GET /feed/ HTTP/1.1" 304 0 "-" "Mozilla/5.0 (compatible; Googlebot/2.1; +http://www.google.com/bot.html)"
107.191.63.117 - - [13/Nov/2024:19:00:21 -0500] "GET /wp-content/themes/wplms/style.css HTTP/1.1" 404 15007 "-" "Mozilla/5.0 (iPhone; CPU iPhone OS 17_2 like Mac OS X) AppleWebKit/605.1.15 (KHTML, like Gecko) Version/17.2 Mobile/15E148 Safari/604.1"
68.65.122.142 - - [13/Nov/2024:19:00:40 -0500] "POST /?wordfence_syncAttackData=1731542440.4739 HTTP/1.1" 200 0 "-" "WordPress/6.2.1; https://glenbowcollege.ca"
107.191.63.117 - - [13/Nov/2024:19:00:42 -0500] "GET /wp-content/themes/wplms/style.css HTTP/1.1" 404 14979 "-" "Mozilla/5.0 (iPhone; CPU iPhone OS 17_2 like Mac OS X) AppleWebKit/605.1.15 (KHTML, like Gecko) Version/17.2 Mobile/15E148 Safari/604.1"
68.65.122.142 - - [13/Nov/2024:19:02:09 -0500] "POST /?wordfence_syncAttackData=1731542529.5453 HTTP/1.1" 200 0 "-" "WordPress/6.2.1; https://glenbowcollege.ca"
37.139.53.11 - - [13/Nov/2024:18:46:18 -0500] "GET /comment/?success&formid=1 HTTP/1.0" 200 84987 "https://glenbowcollege.ca/?success&formid=1" "Mozilla/5.0 (Windows NT 10.0.0; Win64; x64; ) AppleWebKit/537.36 (KHTML, like Gecko) Chrome/124.0.6367.93 Chrome/124.0.6367.93 Not-A.Brand/99  Safari/537.36"
5.161.201.188 - - [13/Nov/2024:18:48:24 -0500] "POST /wp-load.php?9e4798=11457 HTTP/1.1" 403 1242 "-" "Mozilla/5.0 (Windows NT 10.0; Win64; x64) AppleWebKit/537.36 (KHTML, like Gecko) Chrome/104.0.5112.97 Safari/537.36"
157.55.39.55 - - [13/Nov/2024:18:48:40 -0500] "GET /likinckn.xml HTTP/1.1" 404 14995 "-" "Mozilla/5.0 AppleWebKit/537.36 (KHTML, like Gecko; compatible; bingbot/2.0; +http://www.bing.com/bingbot.htm) Chrome/116.0.1938.76 Safari/537.36"
157.55.39.55 - - [13/Nov/2024:18:48:42 -0500] "GET /declinometerjsq.xml HTTP/1.1" 404 14988 "-" "Mozilla/5.0 AppleWebKit/537.36 (KHTML, like Gecko; compatible; bingbot/2.0; +http://www.bing.com/bingbot.htm) Chrome/116.0.1938.76 Safari/537.36"
157.55.39.55 - - [13/Nov/2024:18:48:43 -0500] "GET /rusesezy.xml HTTP/1.1" 404 14988 "-" "Mozilla/5.0 AppleWebKit/537.36 (KHTML, like Gecko; compatible; bingbot/2.0; +http://www.bing.com/bingbot.htm) Chrome/116.0.1938.76 Safari/537.36"
157.55.39.55 - - [13/Nov/2024:18:48:44 -0500] "GET /sitemap.xml HTTP/1.1" 301 0 "-" "Mozilla/5.0 AppleWebKit/537.36 (KHTML, like Gecko; compatible; bingbot/2.0; +http://www.bing.com/bingbot.htm) Chrome/116.0.1938.76 Safari/537.36"
157.55.39.55 - - [13/Nov/2024:18:48:45 -0500] "GET /sitemap_index.xml HTTP/1.1" 200 381 "-" "Mozilla/5.0 AppleWebKit/537.36 (KHTML, like Gecko; compatible; bingbot/2.0; +http://www.bing.com/bingbot.htm) Chrome/116.0.1938.76 Safari/537.36"
52.167.144.208 - - [13/Nov/2024:18:48:46 -0500] "GET /dicalcicxkl.xml HTTP/1.1" 404 14986 "-" "Mozilla/5.0 AppleWebKit/537.36 (KHTML, like Gecko; compatible; bingbot/2.0; +http://www.bing.com/bingbot.htm) Chrome/116.0.1938.76 Safari/537.36"
68.65.122.142 - - [13/Nov/2024:18:48:49 -0500] "POST /wp-cron.php?doing_wp_cron=1731541729.4418559074401855468750 HTTP/1.1" 403 1242 "-" "WordPress/6.2.1; https://glenbowcollege.ca"
52.167.144.208 - - [13/Nov/2024:18:48:48 -0500] "GET /setsyxr.xml HTTP/1.1" 404 14956 "-" "Mozilla/5.0 AppleWebKit/537.36 (KHTML, like Gecko; compatible; bingbot/2.0; +http://www.bing.com/bingbot.htm) Chrome/116.0.1938.76 Safari/537.36"
52.167.144.145 - - [13/Nov/2024:18:49:05 -0500] "GET /derotremadlo.xml HTTP/1.1" 404 14992 "-" "Mozilla/5.0 AppleWebKit/537.36 (KHTML, like Gecko; compatible; bingbot/2.0; +http://www.bing.com/bingbot.htm) Chrome/116.0.1938.76 Safari/537.36"
138.246.253.24 - - [13/Nov/2024:18:59:34 -0500] "GET /robots.txt HTTP/1.1" 200 841 "-" "Mozilla/5.0 (Windows NT 10.0; Win64; x64) AppleWebKit/537.36 (KHTML, like Gecko) Chrome/103.0.5060.134 Safari/537.36"
66.249.68.32 - - [13/Nov/2024:19:00:03 -0500] "GET /feed/ HTTP/1.1" 200 5041 "-" "Mozilla/5.0 (compatible; Googlebot/2.1; +http://www.google.com/bot.html)"
68.65.122.142 - - [13/Nov/2024:19:00:19 -0500] "POST /?wordfence_syncAttackData=1731542419.8806 HTTP/1.1" 200 0 "-" "WordPress/6.2.1; https://glenbowcollege.ca"
68.65.122.142 - - [13/Nov/2024:19:02:10 -0500] "POST /wp-cron.php?doing_wp_cron=1731542530.7262539863586425781250 HTTP/1.1" 403 1242 "-" "WordPress/6.2.1; https://glenbowcollege.ca"
51.222.253.10 - - [13/Nov/2024:19:02:08 -0500] "GET /international/international-about/apply/ HTTP/1.1" 200 18020 "-" "Mozilla/5.0 (compatible; AhrefsBot/7.0; +http://ahrefs.com/robot/)"
68.65.122.142 - - [13/Nov/2024:19:04:19 -0500] "POST /wp-cron.php?doing_wp_cron=1731542659.2773320674896240234375 HTTP/1.1" 403 1242 "-" "WordPress/6.2.1; https://glenbowcollege.ca"
66.249.68.39 - - [13/Nov/2024:19:04:18 -0500] "GET /certifications/chaplaincy/ HTTP/1.1" 200 17766 "-" "Mozilla/5.0 (Linux; Android 6.0.1; Nexus 5X Build/MMB29P) AppleWebKit/537.36 (KHTML, like Gecko) Chrome/130.0.6723.116 Mobile Safari/537.36 (compatible; Googlebot/2.1; +http://www.google.com/bot.html)"
68.65.122.142 - - [13/Nov/2024:19:05:51 -0500] "POST /wp-cron.php?doing_wp_cron=1731542751.1135420799255371093750 HTTP/1.1" 403 1242 "-" "WordPress/6.2.1; https://glenbowcollege.ca"
52.167.144.139 - - [13/Nov/2024:19:05:50 -0500] "GET /?s=2025 HTTP/1.1" 200 14735 "-" "Mozilla/5.0 AppleWebKit/537.36 (KHTML, like Gecko; compatible; bingbot/2.0; +http://www.bing.com/bingbot.htm) Chrome/116.0.1938.76 Safari/537.36"
66.249.68.38 - - [13/Nov/2024:19:07:12 -0500] "GET / HTTP/1.1" 200 20468 "-" "Mozilla/5.0 (compatible; Googlebot/2.1; +http://www.google.com/bot.html)"
66.249.68.39 - - [13/Nov/2024:19:07:16 -0500] "GET /wp-content/plugins/add-to-cart-direct-checkout-for-woocommerce/public/js/pi-dcw-public.js?ver=2.1.64 HTTP/1.1" 200 2634 "https://glenbowcollege.ca/" "Mozilla/5.0 AppleWebKit/537.36 (KHTML, like Gecko; compatible; Googlebot/2.1; +http://www.google.com/bot.html) Chrome/130.0.6723.69 Safari/537.36"
138.229.99.38 - - [13/Nov/2024:19:08:48 -0500] "GET /wp-content/plugins/coblocks/dist/style-coblocks-animation.css?ver=d9b2b27566e6a2a85d1b HTTP/1.1" 200 871 "https://glenbowcollege.ca/about.php" "Mozilla/5.0 (X11; Linux x86_64) AppleWebKit/537.36 (KHTML, like Gecko) Chrome/125.0.0.0 Safari/537.36"
138.229.99.38 - - [13/Nov/2024:19:08:48 -0500] "GET /wp-content/plugins/coblocks/dist/style-coblocks-extensions.css?ver=3.1.5 HTTP/1.1" 200 304 "https://glenbowcollege.ca/about.php" "Mozilla/5.0 (X11; Linux x86_64) AppleWebKit/537.36 (KHTML, like Gecko) Chrome/125.0.0.0 Safari/537.36"
138.229.99.38 - - [13/Nov/2024:19:08:48 -0500] "GET /wp-includes/css/classic-themes.min.css?ver=6.2.1 HTTP/1.1" 200 291 "https://glenbowcollege.ca/about.php" "Mozilla/5.0 (X11; Linux x86_64) AppleWebKit/537.36 (KHTML, like Gecko) Chrome/125.0.0.0 Safari/537.36"
138.229.99.38 - - [13/Nov/2024:19:08:48 -0500] "GET /wp-content/plugins/woocommerce-menu-bar-cart/assets/css/wpmenucart-icons.min.css?ver=2.14.2 HTTP/1.1" 200 192 "https://glenbowcollege.ca/about.php" "Mozilla/5.0 (X11; Linux x86_64) AppleWebKit/537.36 (KHTML, like Gecko) Chrome/125.0.0.0 Safari/537.36"
138.229.99.38 - - [13/Nov/2024:19:08:48 -0500] "GET /wp-includes/css/dist/block-library/style.min.css?ver=6.2.1 HTTP/1.1" 200 11775 "https://glenbowcollege.ca/about.php" "Mozilla/5.0 (X11; Linux x86_64) AppleWebKit/537.36 (KHTML, like Gecko) Chrome/125.0.0.0 Safari/537.36"
138.229.99.38 - - [13/Nov/2024:19:08:49 -0500] "GET /wp-content/plugins/woocommerce/assets/css/woocommerce-layout.css?ver=7.8.0 HTTP/1.1" 200 2313 "https://glenbowcollege.ca/about.php" "Mozilla/5.0 (X11; Linux x86_64) AppleWebKit/537.36 (KHTML, like Gecko) Chrome/125.0.0.0 Safari/537.36"
138.229.99.38 - - [13/Nov/2024:19:08:49 -0500] "GET /wp-content/uploads/2020/02/cropped-logo6.png HTTP/1.1" 200 11781 "https://glenbowcollege.ca/about.php" "Mozilla/5.0 (X11; Linux x86_64) AppleWebKit/537.36 (KHTML, like Gecko) Chrome/125.0.0.0 Safari/537.36"
138.229.99.38 - - [13/Nov/2024:19:08:49 -0500] "GET /wp-content/plugins/if-menu/assets/if-menu-site.css?ver=6.2.1 HTTP/1.1" 200 426 "https://glenbowcollege.ca/about.php" "Mozilla/5.0 (X11; Linux x86_64) AppleWebKit/537.36 (KHTML, like Gecko) Chrome/125.0.0.0 Safari/537.36"
138.229.99.38 - - [13/Nov/2024:19:08:49 -0500] "GET /wp-content/plugins/woocommerce/assets/css/woocommerce.css?ver=7.8.0 HTTP/1.1" 200 8786 "https://glenbowcollege.ca/about.php" "Mozilla/5.0 (X11; Linux x86_64) AppleWebKit/537.36 (KHTML, like Gecko) Chrome/125.0.0.0 Safari/537.36"
66.249.68.39 - - [13/Nov/2024:19:04:21 -0500] "GET /wp-content/plugins/woocommerce/assets/js/frontend/add-to-cart.min.js?ver=7.8.0 HTTP/1.1" 200 2605 "https://glenbowcollege.ca/certifications/chaplaincy/" "Mozilla/5.0 (Linux; Android 6.0.1; Nexus 5X Build/MMB29P) AppleWebKit/537.36 (KHTML, like Gecko) Chrome/130.0.6723.69 Mobile Safari/537.36 (compatible; Googlebot/2.1; +http://www.google.com/bot.html)"
66.249.68.38 - - [13/Nov/2024:19:07:33 -0500] "GET / HTTP/1.1" 200 20459 "-" "Mozilla/5.0 (compatible; Googlebot/2.1; +http://www.google.com/bot.html)"
68.65.122.142 - - [13/Nov/2024:19:08:48 -0500] "POST /wp-cron.php?doing_wp_cron=1731542928.4146749973297119140625 HTTP/1.1" 403 1242 "-" "WordPress/6.2.1; https://glenbowcollege.ca"
138.229.99.38 - - [13/Nov/2024:19:08:47 -0500] "GET /about.php HTTP/1.1" 404 14993 "-" "Mozilla/5.0 (X11; Linux x86_64) AppleWebKit/537.36 (KHTML, like Gecko) Chrome/125.0.0.0 Safari/537.36"
138.229.99.38 - - [13/Nov/2024:19:08:48 -0500] "GET /wp-content/plugins/woocommerce/packages/woocommerce-blocks/build/wc-blocks-vendors-style.css?ver=10.2.3 HTTP/1.1" 200 1760 "https://glenbowcollege.ca/about.php" "Mozilla/5.0 (X11; Linux x86_64) AppleWebKit/537.36 (KHTML, like Gecko) Chrome/125.0.0.0 Safari/537.36"
138.229.99.38 - - [13/Nov/2024:19:08:48 -0500] "GET /wp-content/plugins/woocommerce/packages/woocommerce-blocks/build/wc-blocks-style.css?ver=10.2.3 HTTP/1.1" 200 26445 "https://glenbowcollege.ca/about.php" "Mozilla/5.0 (X11; Linux x86_64) AppleWebKit/537.36 (KHTML, like Gecko) Chrome/125.0.0.0 Safari/537.36"
138.229.99.38 - - [13/Nov/2024:19:08:48 -0500] "GET /wp-content/plugins/add-to-cart-direct-checkout-for-woocommerce/public/css/pi-dcw-public.css?ver=2.1.64 HTTP/1.1" 200 294 "https://glenbowcollege.ca/about.php" "Mozilla/5.0 (X11; Linux x86_64) AppleWebKit/537.36 (KHTML, like Gecko) Chrome/125.0.0.0 Safari/537.36"
138.229.99.38 - - [13/Nov/2024:19:08:48 -0500] "GET /wp-content/plugins/coblocks/dist/style-coblocks-1.css?ver=3.1.5 HTTP/1.1" 200 34606 "https://glenbowcollege.ca/about.php" "Mozilla/5.0 (X11; Linux x86_64) AppleWebKit/537.36 (KHTML, like Gecko) Chrome/125.0.0.0 Safari/537.36"
138.229.99.38 - - [13/Nov/2024:19:08:48 -0500] "GET /wp-content/plugins/contact-form-7/includes/css/styles.css?ver=5.8.6 HTTP/1.1" 200 890 "https://glenbowcollege.ca/about.php" "Mozilla/5.0 (X11; Linux x86_64) AppleWebKit/537.36 (KHTML, like Gecko) Chrome/125.0.0.0 Safari/537.36"
138.229.99.38 - - [13/Nov/2024:19:08:49 -0500] "GET /wp-content/plugins/woocommerce-menu-bar-cart/assets/css/wpmenucart-main.min.css?ver=2.14.2 HTTP/1.1" 200 329 "https://glenbowcollege.ca/about.php" "Mozilla/5.0 (X11; Linux x86_64) AppleWebKit/537.36 (KHTML, like Gecko) Chrome/125.0.0.0 Safari/537.36"
138.229.99.38 - - [13/Nov/2024:19:08:49 -0500] "GET /wp-content/plugins/coblocks/includes/Dependencies/GoDaddy/Styles/build/latest.css?ver=2.0.2 HTTP/1.1" 200 1313 "https://glenbowcollege.ca/about.php" "Mozilla/5.0 (X11; Linux x86_64) AppleWebKit/537.36 (KHTML, like Gecko) Chrome/125.0.0.0 Safari/537.36"
138.229.99.38 - - [13/Nov/2024:19:08:49 -0500] "GET /wp-includes/css/dist/components/style.min.css?ver=6.2.1 HTTP/1.1" 200 11247 "https://glenbowcollege.ca/about.php" "Mozilla/5.0 (X11; Linux x86_64) AppleWebKit/537.36 (KHTML, like Gecko) Chrome/125.0.0.0 Safari/537.36"
138.229.99.38 - - [13/Nov/2024:19:08:49 -0500] "GET /wp-content/themes/education-hub-pro/third-party/font-awesome/css/font-awesome.min.css?ver=4.7.0 HTTP/1.1" 200 6658 "https://glenbowcollege.ca/about.php" "Mozilla/5.0 (X11; Linux x86_64) AppleWebKit/537.36 (KHTML, like Gecko) Chrome/125.0.0.0 Safari/537.36"
138.229.99.38 - - [13/Nov/2024:19:08:49 -0500] "GET /wp-includes/js/dist/hooks.min.js?ver=4169d3cf8e8d95a3d6d5 HTTP/1.1" 200 3211 "https://glenbowcollege.ca/about.php" "Mozilla/5.0 (X11; Linux x86_64) AppleWebKit/537.36 (KHTML, like Gecko) Chrome/125.0.0.0 Safari/537.36"
138.229.99.38 - - [13/Nov/2024:19:08:49 -0500] "GET /wp-content/themes/education-hub-pro/style.css?ver=3.4.1 HTTP/1.1" 200 14555 "https://glenbowcollege.ca/about.php" "Mozilla/5.0 (X11; Linux x86_64) AppleWebKit/537.36 (KHTML, like Gecko) Chrome/125.0.0.0 Safari/537.36"
138.229.99.38 - - [13/Nov/2024:19:08:49 -0500] "GET /wp-includes/js/jquery/jquery.min.js?ver=3.6.4 HTTP/1.1" 200 31997 "https://glenbowcollege.ca/about.php" "Mozilla/5.0 (X11; Linux x86_64) AppleWebKit/537.36 (KHTML, like Gecko) Chrome/125.0.0.0 Safari/537.36"
138.229.99.38 - - [13/Nov/2024:19:08:49 -0500] "GET /wp-includes/js/dist/vendor/wp-polyfill-inert.min.js?ver=3.1.2 HTTP/1.1" 200 3978 "https://glenbowcollege.ca/about.php" "Mozilla/5.0 (X11; Linux x86_64) AppleWebKit/537.36 (KHTML, like Gecko) Chrome/125.0.0.0 Safari/537.36"
