83.99.151.66 - - [13/Nov/2024:22:57:53 -0500] "GET /author/infoglenbowcollege-ca/ HTTP/1.1" 200 16969 "-" "Mozilla/5.0 AppleWebKit/537.36 (KHTML, like Gecko; compatible; GeedoProductSearch; +http://www.geedo.com/product-search.html) Chrome/79.0.3945.88 Safari/537.36"
83.99.151.67 - - [13/Nov/2024:22:58:27 -0500] "GET /tag/education-assistant/ HTTP/1.1" 200 16908 "-" "Mozilla/5.0 AppleWebKit/537.36 (KHTML, like Gecko; compatible; GeedoProductSearch; +http://www.geedo.com/product-search.html) Chrome/79.0.3945.88 Safari/537.36"
83.99.151.66 - - [13/Nov/2024:22:58:43 -0500] "GET /international/ HTTP/1.1" 200 17443 "-" "Mozilla/5.0 AppleWebKit/537.36 (KHTML, like Gecko; compatible; GeedoProductSearch; +http://www.geedo.com/product-search.html) Chrome/79.0.3945.88 Safari/537.36"
83.99.151.66 - - [13/Nov/2024:22:59:12 -0500] "GET /2020/02/22/potluck/ HTTP/1.1" 200 17191 "-" "Mozilla/5.0 AppleWebKit/537.36 (KHTML, like Gecko; compatible; GeedoProductSearch; +http://www.geedo.com/product-search.html) Chrome/79.0.3945.88 Safari/537.36"
83.99.151.66 - - [13/Nov/2024:22:59:27 -0500] "GET /international/prospective-international-students/how-to-apply/ HTTP/1.1" 200 18376 "-" "Mozilla/5.0 AppleWebKit/537.36 (KHTML, like Gecko; compatible; GeedoProductSearch; +http://www.geedo.com/product-search.html) Chrome/79.0.3945.88 Safari/537.36"
83.99.151.66 - - [13/Nov/2024:22:59:35 -0500] "GET /international/international-programs/computerized-accounting-payroll-diploma-program/ HTTP/1.1" 200 17580 "-" "Mozilla/5.0 AppleWebKit/537.36 (KHTML, like Gecko; compatible; GeedoProductSearch; +http://www.geedo.com/product-search.html) Chrome/79.0.3945.88 Safari/537.36"
83.99.151.66 - - [13/Nov/2024:22:59:42 -0500] "GET /admissions/ HTTP/1.1" 200 18395 "-" "Mozilla/5.0 AppleWebKit/537.36 (KHTML, like Gecko; compatible; GeedoProductSearch; +http://www.geedo.com/product-search.html) Chrome/79.0.3945.88 Safari/537.36"
83.99.151.66 - - [13/Nov/2024:22:59:56 -0500] "GET /product/manual-payment/ HTTP/1.1" 200 19268 "-" "Mozilla/5.0 AppleWebKit/537.36 (KHTML, like Gecko; compatible; GeedoProductSearch; +http://www.geedo.com/product-search.html) Chrome/79.0.3945.88 Safari/537.36"
83.99.151.66 - - [13/Nov/2024:23:00:02 -0500] "GET /2024/08/22/2176/ HTTP/1.1" 200 17314 "-" "Mozilla/5.0 AppleWebKit/537.36 (KHTML, like Gecko; compatible; GeedoProductSearch; +http://www.geedo.com/product-search.html) Chrome/79.0.3945.88 Safari/537.36"
83.99.151.66 - - [13/Nov/2024:23:00:27 -0500] "GET /international/prospective-international-students/admission-requirements/ HTTP/1.1" 200 17458 "-" "Mozilla/5.0 AppleWebKit/537.36 (KHTML, like Gecko; compatible; GeedoProductSearch; +http://www.geedo.com/product-search.html) Chrome/79.0.3945.88 Safari/537.36"
83.99.151.66 - - [13/Nov/2024:23:00:42 -0500] "GET /about/ HTTP/1.1" 200 17499 "-" "Mozilla/5.0 AppleWebKit/537.36 (KHTML, like Gecko; compatible; GeedoProductSearch; +http://www.geedo.com/product-search.html) Chrome/79.0.3945.88 Safari/537.36"
83.99.151.66 - - [13/Nov/2024:23:00:50 -0500] "GET /special-request/ HTTP/1.1" 200 18030 "-" "Mozilla/5.0 AppleWebKit/537.36 (KHTML, like Gecko; compatible; GeedoProductSearch; +http://www.geedo.com/product-search.html) Chrome/79.0.3945.88 Safari/537.36"
68.65.122.142 - - [13/Nov/2024:23:01:05 -0500] "POST /wp-cron.php?doing_wp_cron=1731556865.4094910621643066406250 HTTP/1.1" 403 1242 "-" "WordPress/6.2.1; https://glenbowcollege.ca"
83.99.151.68 - - [13/Nov/2024:23:01:04 -0500] "GET /international/international-programs/ HTTP/1.1" 200 16907 "-" "Mozilla/5.0 AppleWebKit/537.36 (KHTML, like Gecko; compatible; GeedoProductSearch; +http://www.geedo.com/product-search.html) Chrome/79.0.3945.88 Safari/537.36"
68.65.122.142 - - [13/Nov/2024:23:02:18 -0500] "POST /wp-cron.php?doing_wp_cron=1731556938.2576808929443359375000 HTTP/1.1" 403 1242 "-" "WordPress/6.2.1; https://glenbowcollege.ca"
83.99.151.68 - - [13/Nov/2024:23:02:17 -0500] "GET /programs/education-assistant-diploma/ HTTP/1.1" 200 18979 "-" "Mozilla/5.0 AppleWebKit/537.36 (KHTML, like Gecko; compatible; GeedoProductSearch; +http://www.geedo.com/product-search.html) Chrome/79.0.3945.88 Safari/537.36"
83.99.151.67 - - [13/Nov/2024:23:02:57 -0500] "GET /about/get-in-touch/ HTTP/1.1" 200 18088 "-" "Mozilla/5.0 AppleWebKit/537.36 (KHTML, like Gecko; compatible; GeedoProductSearch; +http://www.geedo.com/product-search.html) Chrome/79.0.3945.88 Safari/537.36"
83.99.151.67 - - [13/Nov/2024:23:03:16 -0500] "GET /tag/accounting/ HTTP/1.1" 200 16937 "-" "Mozilla/5.0 AppleWebKit/537.36 (KHTML, like Gecko; compatible; GeedoProductSearch; +http://www.geedo.com/product-search.html) Chrome/79.0.3945.88 Safari/537.36"
68.65.122.142 - - [13/Nov/2024:23:03:26 -0500] "POST /wp-cron.php?doing_wp_cron=1731557006.8495130538940429687500 HTTP/1.1" 403 1242 "-" "WordPress/6.2.1; https://glenbowcollege.ca"
83.99.151.67 - - [13/Nov/2024:23:03:25 -0500] "GET /international/current-international-students/academic-policies/ HTTP/1.1" 200 21960 "-" "Mozilla/5.0 AppleWebKit/537.36 (KHTML, like Gecko; compatible; GeedoProductSearch; +http://www.geedo.com/product-search.html) Chrome/79.0.3945.88 Safari/537.36"
83.99.151.67 - - [13/Nov/2024:23:04:01 -0500] "GET /about/why-us/ HTTP/1.1" 200 18399 "-" "Mozilla/5.0 AppleWebKit/537.36 (KHTML, like Gecko; compatible; GeedoProductSearch; +http://www.geedo.com/product-search.html) Chrome/79.0.3945.88 Safari/537.36"
83.99.151.67 - - [13/Nov/2024:23:04:11 -0500] "GET /programs/teaching-english-to-speakers-of-other-languages-tesol/ HTTP/1.1" 404 14973 "-" "Mozilla/5.0 AppleWebKit/537.36 (KHTML, like Gecko; compatible; GeedoProductSearch; +http://www.geedo.com/product-search.html) Chrome/79.0.3945.88 Safari/537.36"
83.99.151.66 - - [13/Nov/2024:22:59:50 -0500] "GET /testimonial/strazimiri-yang/ HTTP/1.1" 200 16982 "-" "Mozilla/5.0 AppleWebKit/537.36 (KHTML, like Gecko; compatible; GeedoProductSearch; +http://www.geedo.com/product-search.html) Chrome/79.0.3945.88 Safari/537.36"
68.65.122.142 - - [13/Nov/2024:22:59:57 -0500] "POST /wp-cron.php?doing_wp_cron=1731556797.8400599956512451171875 HTTP/1.1" 403 1242 "-" "WordPress/6.2.1; https://glenbowcollege.ca"
83.99.151.68 - - [13/Nov/2024:23:00:10 -0500] "GET /international/international-prospective-students/how-to-apply/ HTTP/1.1" 301 0 "-" "Mozilla/5.0 AppleWebKit/537.36 (KHTML, like Gecko; compatible; GeedoProductSearch; +http://www.geedo.com/product-search.html) Chrome/79.0.3945.88 Safari/537.36"
83.99.151.68 - - [13/Nov/2024:23:00:11 -0500] "GET /international/prospective-international-students/how-to-apply/ HTTP/1.1" 200 18364 "-" "Mozilla/5.0 AppleWebKit/537.36 (KHTML, like Gecko; compatible; GeedoProductSearch; +http://www.geedo.com/product-search.html) Chrome/79.0.3945.88 Safari/537.36"
83.99.151.66 - - [13/Nov/2024:23:00:20 -0500] "GET /2024/08/22/dyslexia-awareness-conference-2/ HTTP/1.1" 200 17502 "-" "Mozilla/5.0 AppleWebKit/537.36 (KHTML, like Gecko; compatible; GeedoProductSearch; +http://www.geedo.com/product-search.html) Chrome/79.0.3945.88 Safari/537.36"
83.99.151.66 - - [13/Nov/2024:23:00:34 -0500] "GET /international/international-programs/medical-office-administration-diploma-program/ HTTP/1.1" 200 18024 "-" "Mozilla/5.0 AppleWebKit/537.36 (KHTML, like Gecko; compatible; GeedoProductSearch; +http://www.geedo.com/product-search.html) Chrome/79.0.3945.88 Safari/537.36"
83.99.151.68 - - [13/Nov/2024:23:01:17 -0500] "GET /author/infoglenbowcollege-ca/page/2/ HTTP/1.1" 200 16668 "-" "Mozilla/5.0 AppleWebKit/537.36 (KHTML, like Gecko; compatible; GeedoProductSearch; +http://www.geedo.com/product-search.html) Chrome/79.0.3945.88 Safari/537.36"
83.99.151.68 - - [13/Nov/2024:23:01:32 -0500] "GET /certifications-esl/ HTTP/1.1" 200 20555 "-" "Mozilla/5.0 AppleWebKit/537.36 (KHTML, like Gecko; compatible; GeedoProductSearch; +http://www.geedo.com/product-search.html) Chrome/79.0.3945.88 Safari/537.36"
83.99.151.68 - - [13/Nov/2024:23:01:47 -0500] "GET /author/ HTTP/1.1" 404 14976 "-" "Mozilla/5.0 AppleWebKit/537.36 (KHTML, like Gecko; compatible; GeedoProductSearch; +http://www.geedo.com/product-search.html) Chrome/79.0.3945.88 Safari/537.36"
83.99.151.68 - - [13/Nov/2024:23:02:02 -0500] "GET /international/international-programs/administrative-professional-diploma-program/ HTTP/1.1" 200 18136 "-" "Mozilla/5.0 AppleWebKit/537.36 (KHTML, like Gecko; compatible; GeedoProductSearch; +http://www.geedo.com/product-search.html) Chrome/79.0.3945.88 Safari/537.36"
83.99.151.67 - - [13/Nov/2024:23:02:30 -0500] "GET /programs/medical-office-administration-diploma/ HTTP/1.1" 200 20282 "-" "Mozilla/5.0 AppleWebKit/537.36 (KHTML, like Gecko; compatible; GeedoProductSearch; +http://www.geedo.com/product-search.html) Chrome/79.0.3945.88 Safari/537.36"
83.99.151.67 - - [13/Nov/2024:23:02:40 -0500] "GET /programs/ HTTP/1.1" 200 17379 "-" "Mozilla/5.0 AppleWebKit/537.36 (KHTML, like Gecko; compatible; GeedoProductSearch; +http://www.geedo.com/product-search.html) Chrome/79.0.3945.88 Safari/537.36"
83.99.151.67 - - [13/Nov/2024:23:03:06 -0500] "GET / HTTP/1.1" 200 20457 "-" "Mozilla/5.0 AppleWebKit/537.36 (KHTML, like Gecko; compatible; GeedoProductSearch; +http://www.geedo.com/product-search.html) Chrome/79.0.3945.88 Safari/537.36"
83.99.151.64 - - [13/Nov/2024:23:03:41 -0500] "GET /covid-19-information/ HTTP/1.1" 200 19007 "-" "Mozilla/5.0 AppleWebKit/537.36 (KHTML, like Gecko; compatible; GeedoProductSearch; +http://www.geedo.com/product-search.html) Chrome/79.0.3945.88 Safari/537.36"
83.99.151.69 - - [13/Nov/2024:23:03:51 -0500] "GET /about/glenbow-college-covid-19-questionnaire/ HTTP/1.1" 200 20560 "-" "Mozilla/5.0 AppleWebKit/537.36 (KHTML, like Gecko; compatible; GeedoProductSearch; +http://www.geedo.com/product-search.html) Chrome/79.0.3945.88 Safari/537.36"
157.55.39.223 - - [13/Nov/2024:23:04:28 -0500] "GET /robots.txt HTTP/1.1" 200 233 "-" "Mozilla/5.0 AppleWebKit/537.36 (KHTML, like Gecko; compatible; bingbot/2.0; +http://www.bing.com/bingbot.htm) Chrome/116.0.1938.76 Safari/537.36"
83.99.151.67 - - [13/Nov/2024:23:04:28 -0500] "GET /certifications/data-analysis-biomedical-health/ HTTP/1.1" 200 18865 "-" "Mozilla/5.0 AppleWebKit/537.36 (KHTML, like Gecko; compatible; GeedoProductSearch; +http://www.geedo.com/product-search.html) Chrome/79.0.3945.88 Safari/537.36"
52.167.144.209 - - [13/Nov/2024:23:04:32 -0500] "GET /continuancesscogpat925531.html HTTP/1.1" 301 0 "-" "Mozilla/5.0 AppleWebKit/537.36 (KHTML, like Gecko; compatible; bingbot/2.0; +http://www.bing.com/bingbot.htm) Chrome/116.0.1938.76 Safari/537.36"
83.99.151.65 - - [13/Nov/2024:23:04:42 -0500] "GET /international/prospective-international-students/tuition-fees-and-financials/ HTTP/1.1" 200 17795 "-" "Mozilla/5.0 AppleWebKit/537.36 (KHTML, like Gecko; compatible; GeedoProductSearch; +http://www.geedo.com/product-search.html) Chrome/79.0.3945.88 Safari/537.36"
83.99.151.65 - - [13/Nov/2024:23:04:54 -0500] "GET /international/international-about/apply/ HTTP/1.1" 200 18002 "-" "Mozilla/5.0 AppleWebKit/537.36 (KHTML, like Gecko; compatible; GeedoProductSearch; +http://www.geedo.com/product-search.html) Chrome/79.0.3945.88 Safari/537.36"
83.99.151.71 - - [13/Nov/2024:23:05:54 -0500] "GET /glenbow-college-COVID-19-questionnaire/ HTTP/1.1" 301 0 "-" "Mozilla/5.0 AppleWebKit/537.36 (KHTML, like Gecko; compatible; GeedoProductSearch; +http://www.geedo.com/product-search.html) Chrome/79.0.3945.88 Safari/537.36"
83.99.151.71 - - [13/Nov/2024:23:05:57 -0500] "GET /about/glenbow-college-covid-19-questionnaire/ HTTP/1.1" 200 20564 "-" "Mozilla/5.0 AppleWebKit/537.36 (KHTML, like Gecko; compatible; GeedoProductSearch; +http://www.geedo.com/product-search.html) Chrome/79.0.3945.88 Safari/537.36"
83.99.151.64 - - [13/Nov/2024:23:06:07 -0500] "GET /international-programs/ HTTP/1.1" 301 0 "-" "Mozilla/5.0 AppleWebKit/537.36 (KHTML, like Gecko; compatible; GeedoProductSearch; +http://www.geedo.com/product-search.html) Chrome/79.0.3945.88 Safari/537.36"
83.99.151.64 - - [13/Nov/2024:23:06:09 -0500] "GET /international/international-programs/ HTTP/1.1" 200 16880 "-" "Mozilla/5.0 AppleWebKit/537.36 (KHTML, like Gecko; compatible; GeedoProductSearch; +http://www.geedo.com/product-search.html) Chrome/79.0.3945.88 Safari/537.36"
182.44.67.97 - - [13/Nov/2024:23:07:32 -0500] "GET / HTTP/1.1" 200 23171 "http://glenbowcollege.ca" "Mozilla/5.0 (iPhone; CPU iPhone OS 13_2_3 like Mac OS X) AppleWebKit/605.1.15 (KHTML, like Gecko) Version/13.0.3 Mobile/15E148 Safari/604.1"
198.53.247.131 - - [13/Nov/2024:23:08:00 -0500] "GET / HTTP/1.1" 200 20467 "https://www.google.com/" "Mozilla/5.0 (Linux; Android 10; K) AppleWebKit/537.36 (KHTML, like Gecko) Chrome/130.0.0.0 Mobile Safari/537.36"
198.53.247.131 - - [13/Nov/2024:23:08:22 -0500] "GET /2020/02/22/potluck/ HTTP/1.1" 200 17205 "https://glenbowcollege.ca/" "Mozilla/5.0 (Linux; Android 10; K) AppleWebKit/537.36 (KHTML, like Gecko) Chrome/130.0.0.0 Mobile Safari/537.36"
198.53.247.131 - - [13/Nov/2024:23:08:23 -0500] "GET /wp-content/uploads/2020/02/pl.jpg HTTP/1.1" 200 156733 "https://glenbowcollege.ca/2020/02/22/potluck/" "Mozilla/5.0 (Linux; Android 10; K) AppleWebKit/537.36 (KHTML, like Gecko) Chrome/130.0.0.0 Mobile Safari/537.36"
198.53.247.131 - - [13/Nov/2024:23:08:44 -0500] "GET /wp-content/uploads/2020/02/616x321-ziraat-fakultesi-ogrencisine-burs-1543613768524-2-1024x461.jpeg HTTP/1.1" 200 71612 "https://glenbowcollege.ca/about/" "Mozilla/5.0 (Linux; Android 10; K) AppleWebKit/537.36 (KHTML, like Gecko) Chrome/130.0.0.0 Mobile Safari/537.36"
198.53.247.131 - - [13/Nov/2024:23:09:10 -0500] "GET /?s=Career HTTP/1.1" 200 14746 "https://glenbowcollege.ca/about/" "Mozilla/5.0 (Linux; Android 10; K) AppleWebKit/537.36 (KHTML, like Gecko) Chrome/130.0.0.0 Mobile Safari/537.36"
83.99.151.67 - - [13/Nov/2024:23:04:19 -0500] "GET /2020/02/22/career-day/ HTTP/1.1" 200 17182 "-" "Mozilla/5.0 AppleWebKit/537.36 (KHTML, like Gecko; compatible; GeedoProductSearch; +http://www.geedo.com/product-search.html) Chrome/79.0.3945.88 Safari/537.36"
68.65.122.142 - - [13/Nov/2024:23:04:29 -0500] "POST /wp-cron.php?doing_wp_cron=1731557069.1306529045104980468750 HTTP/1.1" 403 1242 "-" "WordPress/6.2.1; https://glenbowcollege.ca"
68.65.122.142 - - [13/Nov/2024:23:05:46 -0500] "POST /wp-cron.php?doing_wp_cron=1731557146.1458699703216552734375 HTTP/1.1" 403 1242 "-" "WordPress/6.2.1; https://glenbowcollege.ca"
83.99.151.64 - - [13/Nov/2024:23:05:45 -0500] "GET /programs/administrative-assistant-diploma/ HTTP/1.1" 200 20385 "-" "Mozilla/5.0 AppleWebKit/537.36 (KHTML, like Gecko; compatible; GeedoProductSearch; +http://www.geedo.com/product-search.html) Chrome/79.0.3945.88 Safari/537.36"
198.53.247.131 - - [13/Nov/2024:23:08:06 -0500] "GET /wp-content/uploads/2023/05/comment.png HTTP/1.1" 200 495619 "https://glenbowcollege.ca/" "Mozilla/5.0 (Linux; Android 10; K) AppleWebKit/537.36 (KHTML, like Gecko) Chrome/130.0.0.0 Mobile Safari/537.36"
198.53.247.131 - - [13/Nov/2024:23:08:13 -0500] "GET /wp-content/uploads/2021/06/academic-conferences-2-1-300x300.png HTTP/1.1" 200 84979 "https://glenbowcollege.ca/" "Mozilla/5.0 (Linux; Android 10; K) AppleWebKit/537.36 (KHTML, like Gecko) Chrome/130.0.0.0 Mobile Safari/537.36"
198.53.247.131 - - [13/Nov/2024:23:08:14 -0500] "GET /wp-content/uploads/2020/02/pl-300x300.jpg HTTP/1.1" 200 47460 "https://glenbowcollege.ca/" "Mozilla/5.0 (Linux; Android 10; K) AppleWebKit/537.36 (KHTML, like Gecko) Chrome/130.0.0.0 Mobile Safari/537.36"
68.65.122.142 - - [13/Nov/2024:23:08:44 -0500] "POST /wp-cron.php?doing_wp_cron=1731557324.1442539691925048828125 HTTP/1.1" 403 1242 "-" "WordPress/6.2.1; https://glenbowcollege.ca"
198.53.247.131 - - [13/Nov/2024:23:08:43 -0500] "GET /about/ HTTP/1.1" 200 17525 "https://glenbowcollege.ca/2020/02/22/potluck/" "Mozilla/5.0 (Linux; Android 10; K) AppleWebKit/537.36 (KHTML, like Gecko) Chrome/130.0.0.0 Mobile Safari/537.36"
198.53.247.131 - - [13/Nov/2024:23:09:29 -0500] "GET /certifications/data-analysis-biomedical-health/ HTTP/1.1" 200 18905 "https://glenbowcollege.ca/?s=Career" "Mozilla/5.0 (Linux; Android 10; K) AppleWebKit/537.36 (KHTML, like Gecko) Chrome/130.0.0.0 Mobile Safari/537.36"
68.65.122.142 - - [13/Nov/2024:23:09:57 -0500] "POST /wp-cron.php?doing_wp_cron=1731557397.2824881076812744140625 HTTP/1.1" 403 1242 "-" "WordPress/6.2.1; https://glenbowcollege.ca"
198.53.247.131 - - [13/Nov/2024:23:09:58 -0500] "GET /wp-json/contact-form-7/v1/contact-forms/53/refill HTTP/1.1" 200 2 "https://glenbowcollege.ca/international/international-about/apply/" "Mozilla/5.0 (Linux; Android 10; K) AppleWebKit/537.36 (KHTML, like Gecko) Chrome/130.0.0.0 Mobile Safari/537.36"
198.53.247.131 - - [13/Nov/2024:23:10:03 -0500] "GET /international/international-about/apply/ HTTP/1.1" 200 17995 "https://glenbowcollege.ca/certifications/data-analysis-biomedical-health/" "Mozilla/5.0 (Linux; Android 10; K) AppleWebKit/537.36 (KHTML, like Gecko) Chrome/130.0.0.0 Mobile Safari/537.36"
198.53.247.131 - - [13/Nov/2024:23:10:05 -0500] "GET /wp-json/contact-form-7/v1/contact-forms/53/feedback/schema HTTP/1.1" 200 1024 "https://glenbowcollege.ca/international/international-about/apply/" "Mozilla/5.0 (Linux; Android 10; K) AppleWebKit/537.36 (KHTML, like Gecko) Chrome/130.0.0.0 Mobile Safari/537.36"
198.53.247.131 - - [13/Nov/2024:23:10:05 -0500] "GET /wp-json/contact-form-7/v1/contact-forms/53/refill HTTP/1.1" 200 2 "https://glenbowcollege.ca/international/international-about/apply/" "Mozilla/5.0 (Linux; Android 10; K) AppleWebKit/537.36 (KHTML, like Gecko) Chrome/130.0.0.0 Mobile Safari/537.36"
74.176.45.129 - - [13/Nov/2024:23:10:10 -0500] "HEAD /wordpress HTTP/1.1" 404 0 "http://glenbowcollege.ca/wordpress" "Mozilla/5.0 (Windows NT 10.0; Win64; x64) AppleWebKit/537.36 (KHTML, like Gecko) Chrome/74.0.3729.169 Safari/537.36"
74.176.45.129 - - [13/Nov/2024:23:10:12 -0500] "HEAD / HTTP/1.1" 200 0 "http://glenbowcollege.ca/" "Mozilla/5.0 (Windows NT 10.0; Win64; x64) AppleWebKit/537.36 (KHTML, like Gecko) Chrome/74.0.3729.169 Safari/537.36"
74.176.45.129 - - [13/Nov/2024:23:10:12 -0500] "HEAD / HTTP/1.1" 200 0 "http://glenbowcollege.ca/" "Mozilla/5.0 (Windows NT 10.0; Win64; x64) AppleWebKit/537.36 (KHTML, like Gecko) Chrome/74.0.3729.169 Safari/537.36"
74.176.45.129 - - [13/Nov/2024:23:10:14 -0500] "HEAD /wp HTTP/1.1" 404 0 "http://glenbowcollege.ca/wp" "Mozilla/5.0 (Windows NT 10.0; Win64; x64) AppleWebKit/537.36 (KHTML, like Gecko) Chrome/74.0.3729.169 Safari/537.36"
74.176.45.129 - - [13/Nov/2024:23:10:15 -0500] "HEAD /wp HTTP/1.1" 404 0 "http://glenbowcollege.ca/wp" "Mozilla/5.0 (Windows NT 10.0; Win64; x64) AppleWebKit/537.36 (KHTML, like Gecko) Chrome/74.0.3729.169 Safari/537.36"
198.53.247.131 - - [13/Nov/2024:23:10:15 -0500] "GET /international/prospective-international-students/tuition-fees-and-financials/ HTTP/1.1" 200 17802 "https://glenbowcollege.ca/certifications/data-analysis-biomedical-health/" "Mozilla/5.0 (Linux; Android 10; K) AppleWebKit/537.36 (KHTML, like Gecko) Chrome/130.0.0.0 Mobile Safari/537.36"
198.53.247.131 - - [13/Nov/2024:23:10:17 -0500] "GET /wp-content/uploads/2020/03/high-school-gen.jpg HTTP/1.1" 200 102684 "https://glenbowcollege.ca/international/prospective-international-students/tuition-fees-and-financials/" "Mozilla/5.0 (Linux; Android 10; K) AppleWebKit/537.36 (KHTML, like Gecko) Chrome/130.0.0.0 Mobile Safari/537.36"
74.176.45.129 - - [13/Nov/2024:23:10:17 -0500] "HEAD /bc HTTP/1.1" 404 0 "http://glenbowcollege.ca/bc" "Mozilla/5.0 (Windows NT 10.0; Win64; x64) AppleWebKit/537.36 (KHTML, like Gecko) Chrome/74.0.3729.169 Safari/537.36"
74.176.45.129 - - [13/Nov/2024:23:10:21 -0500] "HEAD /backup HTTP/1.1" 404 0 "http://glenbowcollege.ca/backup" "Mozilla/5.0 (Windows NT 10.0; Win64; x64) AppleWebKit/537.36 (KHTML, like Gecko) Chrome/74.0.3729.169 Safari/537.36"
74.176.45.129 - - [13/Nov/2024:23:10:22 -0500] "HEAD /backup HTTP/1.1" 404 0 "http://glenbowcollege.ca/backup" "Mozilla/5.0 (Windows NT 10.0; Win64; x64) AppleWebKit/537.36 (KHTML, like Gecko) Chrome/74.0.3729.169 Safari/537.36"
74.176.45.129 - - [13/Nov/2024:23:10:27 -0500] "HEAD /2024/08/21/newcomers-career-journey/ HTTP/1.1" 200 0 "https://glenbowcollege.ca/new" "Mozilla/5.0 (Windows NT 10.0; Win64; x64) AppleWebKit/537.36 (KHTML, like Gecko) Chrome/74.0.3729.169 Safari/537.36"
74.176.45.129 - - [13/Nov/2024:23:10:27 -0500] "HEAD /new HTTP/1.1" 301 0 "http://glenbowcollege.ca/new" "Mozilla/5.0 (Windows NT 10.0; Win64; x64) AppleWebKit/537.36 (KHTML, like Gecko) Chrome/74.0.3729.169 Safari/537.36"
74.176.45.129 - - [13/Nov/2024:23:10:29 -0500] "HEAD /main HTTP/1.1" 404 0 "http://glenbowcollege.ca/main" "Mozilla/5.0 (Windows NT 10.0; Win64; x64) AppleWebKit/537.36 (KHTML, like Gecko) Chrome/74.0.3729.169 Safari/537.36"
74.176.45.129 - - [13/Nov/2024:23:10:31 -0500] "HEAD /main HTTP/1.1" 404 0 "http://glenbowcollege.ca/main" "Mozilla/5.0 (Windows NT 10.0; Win64; x64) AppleWebKit/537.36 (KHTML, like Gecko) Chrome/74.0.3729.169 Safari/537.36"
74.176.45.129 - - [13/Nov/2024:23:10:32 -0500] "HEAD /popupbuilder/home-stay/ HTTP/1.1" 302 0 "https://glenbowcollege.ca/home" "Mozilla/5.0 (Windows NT 10.0; Win64; x64) AppleWebKit/537.36 (KHTML, like Gecko) Chrome/74.0.3729.169 Safari/537.36"
74.176.45.129 - - [13/Nov/2024:23:10:33 -0500] "HEAD / HTTP/1.1" 200 0 "https://glenbowcollege.ca/popupbuilder/home-stay/" "Mozilla/5.0 (Windows NT 10.0; Win64; x64) AppleWebKit/537.36 (KHTML, like Gecko) Chrome/74.0.3729.169 Safari/537.36"
74.176.45.129 - - [13/Nov/2024:23:10:35 -0500] "HEAD / HTTP/1.1" 200 0 "https://glenbowcollege.ca/popupbuilder/home-stay/" "Mozilla/5.0 (Windows NT 10.0; Win64; x64) AppleWebKit/537.36 (KHTML, like Gecko) Chrome/74.0.3729.169 Safari/537.36"
68.65.122.142 - - [13/Nov/2024:23:15:15 -0500] "POST /wp-cron.php?doing_wp_cron=1731557715.8146960735321044921875 HTTP/1.1" 403 1242 "-" "WordPress/6.2.1; https://glenbowcollege.ca"
198.53.247.131 - - [13/Nov/2024:23:09:56 -0500] "GET /international/international-about/apply/ HTTP/1.1" 200 18024 "https://glenbowcollege.ca/certifications/data-analysis-biomedical-health/" "Mozilla/5.0 (Linux; Android 10; K) AppleWebKit/537.36 (KHTML, like Gecko) Chrome/130.0.0.0 Mobile Safari/537.36"
198.53.247.131 - - [13/Nov/2024:23:09:58 -0500] "GET /wp-json/contact-form-7/v1/contact-forms/53/feedback/schema HTTP/1.1" 200 1024 "https://glenbowcollege.ca/international/international-about/apply/" "Mozilla/5.0 (Linux; Android 10; K) AppleWebKit/537.36 (KHTML, like Gecko) Chrome/130.0.0.0 Mobile Safari/537.36"
74.176.45.129 - - [13/Nov/2024:23:10:10 -0500] "HEAD /wordpress HTTP/1.1" 404 0 "http://glenbowcollege.ca/wordpress" "Mozilla/5.0 (Windows NT 10.0; Win64; x64) AppleWebKit/537.36 (KHTML, like Gecko) Chrome/74.0.3729.169 Safari/537.36"
74.176.45.129 - - [13/Nov/2024:23:10:18 -0500] "HEAD /bc HTTP/1.1" 404 0 "http://glenbowcollege.ca/bc" "Mozilla/5.0 (Windows NT 10.0; Win64; x64) AppleWebKit/537.36 (KHTML, like Gecko) Chrome/74.0.3729.169 Safari/537.36"
74.176.45.129 - - [13/Nov/2024:23:10:19 -0500] "HEAD /bk HTTP/1.1" 404 0 "http://glenbowcollege.ca/bk" "Mozilla/5.0 (Windows NT 10.0; Win64; x64) AppleWebKit/537.36 (KHTML, like Gecko) Chrome/74.0.3729.169 Safari/537.36"
74.176.45.129 - - [13/Nov/2024:23:10:20 -0500] "HEAD /bk HTTP/1.1" 404 0 "http://glenbowcollege.ca/bk" "Mozilla/5.0 (Windows NT 10.0; Win64; x64) AppleWebKit/537.36 (KHTML, like Gecko) Chrome/74.0.3729.169 Safari/537.36"
74.176.45.129 - - [13/Nov/2024:23:10:23 -0500] "HEAD /old HTTP/1.1" 404 0 "http://glenbowcollege.ca/old" "Mozilla/5.0 (Windows NT 10.0; Win64; x64) AppleWebKit/537.36 (KHTML, like Gecko) Chrome/74.0.3729.169 Safari/537.36"
74.176.45.129 - - [13/Nov/2024:23:10:25 -0500] "HEAD /old HTTP/1.1" 404 0 "http://glenbowcollege.ca/old" "Mozilla/5.0 (Windows NT 10.0; Win64; x64) AppleWebKit/537.36 (KHTML, like Gecko) Chrome/74.0.3729.169 Safari/537.36"
74.176.45.129 - - [13/Nov/2024:23:10:26 -0500] "HEAD /new HTTP/1.1" 301 0 "http://glenbowcollege.ca/new" "Mozilla/5.0 (Windows NT 10.0; Win64; x64) AppleWebKit/537.36 (KHTML, like Gecko) Chrome/74.0.3729.169 Safari/537.36"
74.176.45.129 - - [13/Nov/2024:23:10:28 -0500] "HEAD /2024/08/21/newcomers-career-journey/ HTTP/1.1" 200 0 "https://glenbowcollege.ca/new" "Mozilla/5.0 (Windows NT 10.0; Win64; x64) AppleWebKit/537.36 (KHTML, like Gecko) Chrome/74.0.3729.169 Safari/537.36"
74.176.45.129 - - [13/Nov/2024:23:10:31 -0500] "HEAD /home HTTP/1.1" 301 0 "http://glenbowcollege.ca/home" "Mozilla/5.0 (Windows NT 10.0; Win64; x64) AppleWebKit/537.36 (KHTML, like Gecko) Chrome/74.0.3729.169 Safari/537.36"
74.176.45.129 - - [13/Nov/2024:23:10:33 -0500] "HEAD /home HTTP/1.1" 301 0 "http://glenbowcollege.ca/home" "Mozilla/5.0 (Windows NT 10.0; Win64; x64) AppleWebKit/537.36 (KHTML, like Gecko) Chrome/74.0.3729.169 Safari/537.36"
74.176.45.129 - - [13/Nov/2024:23:10:34 -0500] "HEAD /popupbuilder/home-stay/ HTTP/1.1" 302 0 "https://glenbowcollege.ca/home" "Mozilla/5.0 (Windows NT 10.0; Win64; x64) AppleWebKit/537.36 (KHTML, like Gecko) Chrome/74.0.3729.169 Safari/537.36"
52.167.144.19 - - [13/Nov/2024:23:15:14 -0500] "GET /stripefc3c/ HTTP/1.1" 301 0 "-" "Mozilla/5.0 AppleWebKit/537.36 (KHTML, like Gecko; compatible; bingbot/2.0; +http://www.bing.com/bingbot.htm) Chrome/116.0.1938.76 Safari/537.36"