Server IP : 68.65.122.142 / Your IP : 18.221.112.248 Web Server : LiteSpeed System : Linux server167.web-hosting.com 4.18.0-513.18.1.lve.el8.x86_64 #1 SMP Thu Feb 22 12:55:50 UTC 2024 x86_64 User : glenirhm ( 1318) PHP Version : 7.4.33 Disable Function : NONE MySQL : OFF | cURL : ON | WGET : ON | Perl : ON | Python : ON Directory (0750) : /home/glenirhm/myglenbow.ca/../access-logs/ |
[ Home ] | [ C0mmand ] | [ Upload File ] |
---|
216.244.66.247 - - [09/Nov/2024:07:18:14 -0500] "GET /robots.txt HTTP/1.1" 200 841 "-" "Mozilla/5.0 (compatible; DotBot/1.2; +https://opensiteexplorer.org/dotbot; help@moz.com)"
68.65.122.142 - - [09/Nov/2024:07:38:40 -0500] "POST /wp-cron.php?doing_wp_cron=1731155920.5766010284423828125000 HTTP/1.1" 403 1242 "-" "WordPress/6.2.1; https://glenbowcollege.ca"
31.58.19.172 - - [09/Nov/2024:07:38:39 -0500] "GET / HTTP/1.1" 301 0 "-" "Mozilla/5.0 (Macintosh; Intel Mac OS X 10_15_7) AppleWebKit/605.1.15 (KHTML, like Gecko) Version/16.1 Safari/605.1.15"
216.244.66.247 - - [09/Nov/2024:07:18:14 -0500] "GET /robots.txt HTTP/1.1" 200 841 "-" "Mozilla/5.0 (compatible; DotBot/1.2; +https://opensiteexplorer.org/dotbot; help@moz.com)"
68.65.122.142 - - [09/Nov/2024:07:25:34 -0500] "POST /wp-cron.php?doing_wp_cron=1731155134.7135341167449951171875 HTTP/1.1" 403 1242 "-" "WordPress/6.2.1; https://glenbowcollege.ca"
216.244.66.247 - - [09/Nov/2024:07:25:33 -0500] "GET /login/ HTTP/1.1" 301 0 "-" "Mozilla/5.0 (compatible; DotBot/1.2; +https://opensiteexplorer.org/dotbot; help@moz.com)"
216.244.66.247 - - [09/Nov/2024:07:25:46 -0500] "GET /author/admin/page/3/ HTTP/1.1" 301 0 "-" "Mozilla/5.0 (compatible; DotBot/1.2; +https://opensiteexplorer.org/dotbot; help@moz.com)"
68.65.122.142 - - [09/Nov/2024:08:05:10 -0500] "POST /wp-cron.php?doing_wp_cron=1731157510.6500260829925537109375 HTTP/1.1" 403 1242 "-" "WordPress/6.2.1; https://glenbowcollege.ca"
68.65.122.142 - - [09/Nov/2024:08:06:38 -0500] "POST /wp-cron.php?doing_wp_cron=1731157598.1031820774078369140625 HTTP/1.1" 403 1242 "-" "WordPress/6.2.1; https://glenbowcollege.ca"
51.255.196.88 - - [09/Nov/2024:08:05:09 -0500] "GET /index.php HTTP/1.1" 301 0 "glenbowcollege.ca" "Mozilla/5.1 (Windows NT 6.0; WOW64) AppleWebKit/537.37 (KHTML, like Gecko) Chrome/58.0.1145.75 Safari/537.37"
51.255.196.88 - - [09/Nov/2024:08:06:37 -0500] "GET /wp-content/mu-plugins/test-mu-plugin.php HTTP/1.1" 301 0 "glenbowcollege.ca" "Mozilla/5.1 (Windows NT 6.0; WOW64) AppleWebKit/537.37 (KHTML, like Gecko) Chrome/58.0.1145.75 Safari/537.37"
216.244.66.247 - - [09/Nov/2024:08:08:18 -0500] "GET /robots.txt HTTP/1.1" 200 841 "-" "Mozilla/5.0 (compatible; DotBot/1.2; +https://opensiteexplorer.org/dotbot; help@moz.com)"
216.244.66.247 - - [09/Nov/2024:08:08:18 -0500] "GET /robots.txt HTTP/1.1" 200 841 "-" "Mozilla/5.0 (compatible; DotBot/1.2; +https://opensiteexplorer.org/dotbot; help@moz.com)"
51.159.18.207 - - [09/Nov/2024:08:15:24 -0500] "POST /wp-confiq.php HTTP/1.1" 301 0 "-" "Mozilla/5.0 (Windows NT 6.0; Win64; x64) AppleWebKit/537.36 (KHTML, like Gecko) Chrome/65.0.3152.119 Safari/537.36"
216.244.66.247 - - [09/Nov/2024:08:15:44 -0500] "GET /international/current-international-students/dispute-resolution-policy/ HTTP/1.1" 301 0 "-" "Mozilla/5.0 (compatible; DotBot/1.2; +https://opensiteexplorer.org/dotbot; help@moz.com)"
216.244.66.247 - - [09/Nov/2024:08:16:11 -0500] "GET /tag/esl/feed/ HTTP/1.1" 301 0 "-" "Mozilla/5.0 (compatible; DotBot/1.2; +https://opensiteexplorer.org/dotbot; help@moz.com)"
13.38.7.93 - - [09/Nov/2024:08:34:42 -0500] "GET /sftp-config.json HTTP/1.1" 403 1242 "-" "Mozilla/5.0 (Macintosh; Intel Mac OS X 10.15; rv:77.0) Gecko/20100101 Firefox/77.0"
13.38.7.93 - - [09/Nov/2024:08:34:43 -0500] "GET /.vscode/sftp.json HTTP/1.1" 301 0 "-" "Mozilla/5.0 (Macintosh; Intel Mac OS X 10.15; rv:77.0) Gecko/20100101 Firefox/77.0"
68.65.122.142 - - [09/Nov/2024:08:34:44 -0500] "POST /wp-cron.php?doing_wp_cron=1731159284.2346010208129882812500 HTTP/1.1" 403 1242 "-" "WordPress/6.2.1; https://glenbowcollege.ca"
216.244.66.247 - - [09/Nov/2024:08:59:04 -0500] "GET /robots.txt HTTP/1.1" 200 841 "-" "Mozilla/5.0 (compatible; DotBot/1.2; +https://opensiteexplorer.org/dotbot; help@moz.com)"
68.65.122.142 - - [09/Nov/2024:09:14:27 -0500] "POST /wp-cron.php?doing_wp_cron=1731161667.0400569438934326171875 HTTP/1.1" 403 1242 "-" "WordPress/6.2.1; https://glenbowcollege.ca"
43.159.128.68 - - [09/Nov/2024:09:14:26 -0500] "GET / HTTP/1.1" 301 0 "http://www.glenbowcollege.com" "Mozilla/5.0 (iPhone; CPU iPhone OS 13_2_3 like Mac OS X) AppleWebKit/605.1.15 (KHTML, like Gecko) Version/13.0.3 Mobile/15E148 Safari/604.1"
216.244.66.247 - - [09/Nov/2024:09:06:59 -0500] "GET /tag/education-assistant/ HTTP/1.1" 301 0 "-" "Mozilla/5.0 (compatible; DotBot/1.2; +https://opensiteexplorer.org/dotbot; help@moz.com)"
66.249.68.35 - - [09/Nov/2024:09:39:47 -0500] "GET / HTTP/1.1" 301 0 "-" "Mozilla/5.0 (compatible; Googlebot/2.1; +http://www.google.com/bot.html)"
194.38.23.16 - - [09/Nov/2024:09:40:06 -0500] "GET /wp-content/plugins/page-flip-image-gallery/upload.php HTTP/1.1" 403 1242 "-" "ALittle Client"
216.244.66.247 - - [09/Nov/2024:09:47:32 -0500] "GET /robots.txt HTTP/1.1" 200 841 "-" "Mozilla/5.0 (compatible; DotBot/1.2; +https://opensiteexplorer.org/dotbot; help@moz.com)"
216.244.66.247 - - [09/Nov/2024:09:55:09 -0500] "GET /international/prospective-international-students/studying-in-canada/ HTTP/1.1" 301 0 "-" "Mozilla/5.0 (compatible; DotBot/1.2; +https://opensiteexplorer.org/dotbot; help@moz.com)"
216.244.66.247 - - [09/Nov/2024:09:55:23 -0500] "GET /tag/tesol/feed/ HTTP/1.1" 301 0 "-" "Mozilla/5.0 (compatible; DotBot/1.2; +https://opensiteexplorer.org/dotbot; help@moz.com)"
216.244.66.247 - - [09/Nov/2024:09:55:29 -0500] "GET /tag/accounting/feed/ HTTP/1.1" 301 0 "-" "Mozilla/5.0 (compatible; DotBot/1.2; +https://opensiteexplorer.org/dotbot; help@moz.com)"
89.149.200.26 - - [09/Nov/2024:10:29:23 -0500] "GET / HTTP/1.1" 301 0 "-" "Mozilla/5.0 (Windows NT 10.0; Win64; x64) AppleWebKit/537.36 (KHTML, like Gecko) Chrome/60.0.3112.113 Safari/537.36"
216.244.66.247 - - [09/Nov/2024:10:44:52 -0500] "GET /international/prospective-international-students/admission-requirements/ HTTP/1.1" 301 0 "-" "Mozilla/5.0 (compatible; DotBot/1.2; +https://opensiteexplorer.org/dotbot; help@moz.com)"
68.65.122.142 - - [09/Nov/2024:10:29:24 -0500] "POST /wp-cron.php?doing_wp_cron=1731166164.4344270229339599609375 HTTP/1.1" 403 1242 "-" "WordPress/6.2.1; https://glenbowcollege.ca"
216.244.66.247 - - [09/Nov/2024:10:37:07 -0500] "GET /robots.txt HTTP/1.1" 200 841 "-" "Mozilla/5.0 (compatible; DotBot/1.2; +https://opensiteexplorer.org/dotbot; help@moz.com)"
68.65.122.142 - - [09/Nov/2024:10:44:53 -0500] "POST /wp-cron.php?doing_wp_cron=1731167093.6726100444793701171875 HTTP/1.1" 403 1242 "-" "WordPress/6.2.1; https://glenbowcollege.ca"
216.244.66.247 - - [09/Nov/2024:10:44:58 -0500] "GET /certifications/ HTTP/1.1" 301 0 "-" "Mozilla/5.0 (compatible; DotBot/1.2; +https://opensiteexplorer.org/dotbot; help@moz.com)"
5.181.188.149 - - [09/Nov/2024:10:45:48 -0500] "GET /hehehehe.php HTTP/1.1" 403 6989 "-" "Mozlila/5.0 (Linux; Android 7.0; SM-G892A Bulid/NRD90M; wv) AppleWebKit/537.36 (KHTML, like Gecko) Version/4.0 Chrome/60.0.3112.107 Moblie Safari/537.36"
5.181.188.149 - - [09/Nov/2024:10:45:51 -0500] "GET /admin.php HTTP/1.1" 403 6989 "-" "Mozlila/5.0 (Linux; Android 7.0; SM-G892A Bulid/NRD90M; wv) AppleWebKit/537.36 (KHTML, like Gecko) Version/4.0 Chrome/60.0.3112.107 Moblie Safari/537.36"
43.130.16.140 - - [09/Nov/2024:11:03:17 -0500] "GET / HTTP/1.1" 301 0 "-" "Mozilla/5.0 (iPhone; CPU iPhone OS 13_2_3 like Mac OS X) AppleWebKit/605.1.15 (KHTML, like Gecko) Version/13.0.3 Mobile/15E148 Safari/604.1"
216.244.66.247 - - [09/Nov/2024:11:28:47 -0500] "GET /robots.txt HTTP/1.1" 200 841 "-" "Mozilla/5.0 (compatible; DotBot/1.2; +https://opensiteexplorer.org/dotbot; help@moz.com)"
68.65.122.142 - - [09/Nov/2024:11:36:49 -0500] "POST /wp-cron.php?doing_wp_cron=1731170209.7688291072845458984375 HTTP/1.1" 403 1242 "-" "WordPress/6.2.1; https://glenbowcollege.ca"
216.244.66.247 - - [09/Nov/2024:11:36:48 -0500] "GET /international/international-about/world-class-education/ HTTP/1.1" 301 0 "-" "Mozilla/5.0 (compatible; DotBot/1.2; +https://opensiteexplorer.org/dotbot; help@moz.com)"
34.23.88.144 - - [09/Nov/2024:11:49:34 -0500] "GET /robots.txt HTTP/1.0" 200 242 "-" "ZoominfoBot (zoominfobot at zoominfo dot com)"
68.65.122.142 - - [09/Nov/2024:11:49:35 -0500] "POST /wp-cron.php?doing_wp_cron=1731170975.7320079803466796875000 HTTP/1.1" 403 1242 "-" "WordPress/6.2.1; https://glenbowcollege.ca"
34.23.88.144 - - [09/Nov/2024:11:49:34 -0500] "GET / HTTP/1.0" 301 0 "-" "ZoominfoBot (zoominfobot at zoominfo dot com)"
216.244.66.247 - - [09/Nov/2024:12:17:33 -0500] "GET /robots.txt HTTP/1.1" 200 841 "-" "Mozilla/5.0 (compatible; DotBot/1.2; +https://opensiteexplorer.org/dotbot; help@moz.com)"
68.65.122.142 - - [09/Nov/2024:12:23:41 -0500] "POST /wp-cron.php?doing_wp_cron=1731173021.3862769603729248046875 HTTP/1.1" 403 1242 "-" "WordPress/6.2.1; https://glenbowcollege.ca"
216.244.66.247 - - [09/Nov/2024:12:23:40 -0500] "GET /international/work-with-pipa/ HTTP/1.1" 301 0 "-" "Mozilla/5.0 (compatible; DotBot/1.2; +https://opensiteexplorer.org/dotbot; help@moz.com)"
68.65.122.142 - - [09/Nov/2024:12:26:07 -0500] "POST /wp-cron.php?doing_wp_cron=1731173167.6263771057128906250000 HTTP/1.1" 403 1242 "-" "WordPress/6.2.1; https://glenbowcollege.ca"
20.191.200.216 - - [09/Nov/2024:12:26:06 -0500] "HEAD /wordpress HTTP/1.1" 301 0 "-" "Mozilla/5.0 (Windows NT 10.0; Win64; x64) AppleWebKit/537.36 (KHTML, like Gecko) Chrome/74.0.3729.169 Safari/537.36"
68.65.122.142 - - [09/Nov/2024:12:26:08 -0500] "POST /wp-cron.php?doing_wp_cron=1731173168.0015990734100341796875 HTTP/1.1" 403 1242 "-" "WordPress/6.2.1; https://glenbowcollege.ca"
20.191.200.216 - - [09/Nov/2024:12:26:09 -0500] "HEAD / HTTP/1.1" 301 0 "-" "Mozilla/5.0 (Windows NT 10.0; Win64; x64) AppleWebKit/537.36 (KHTML, like Gecko) Chrome/74.0.3729.169 Safari/537.36"
20.191.200.216 - - [09/Nov/2024:12:26:10 -0500] "HEAD / HTTP/1.1" 301 0 "http://glenbowcollege.com/" "Mozilla/5.0 (Windows NT 10.0; Win64; x64) AppleWebKit/537.36 (KHTML, like Gecko) Chrome/74.0.3729.169 Safari/537.36"
20.191.200.216 - - [09/Nov/2024:12:26:12 -0500] "HEAD /wp HTTP/1.1" 301 0 "http://glenbowcollege.com/wp" "Mozilla/5.0 (Windows NT 10.0; Win64; x64) AppleWebKit/537.36 (KHTML, like Gecko) Chrome/74.0.3729.169 Safari/537.36"
20.191.200.216 - - [09/Nov/2024:12:26:15 -0500] "HEAD /bc HTTP/1.1" 301 0 "http://glenbowcollege.com/bc" "Mozilla/5.0 (Windows NT 10.0; Win64; x64) AppleWebKit/537.36 (KHTML, like Gecko) Chrome/74.0.3729.169 Safari/537.36"
20.191.200.216 - - [09/Nov/2024:12:26:18 -0500] "HEAD /bk HTTP/1.1" 301 0 "http://glenbowcollege.com/bk" "Mozilla/5.0 (Windows NT 10.0; Win64; x64) AppleWebKit/537.36 (KHTML, like Gecko) Chrome/74.0.3729.169 Safari/537.36"
20.191.200.216 - - [09/Nov/2024:12:26:23 -0500] "HEAD /old HTTP/1.1" 301 0 "http://glenbowcollege.com/old" "Mozilla/5.0 (Windows NT 10.0; Win64; x64) AppleWebKit/537.36 (KHTML, like Gecko) Chrome/74.0.3729.169 Safari/537.36"
20.191.200.216 - - [09/Nov/2024:12:26:23 -0500] "HEAD /new HTTP/1.1" 301 0 "-" "Mozilla/5.0 (Windows NT 10.0; Win64; x64) AppleWebKit/537.36 (KHTML, like Gecko) Chrome/74.0.3729.169 Safari/537.36"
20.191.200.216 - - [09/Nov/2024:12:26:27 -0500] "HEAD /main HTTP/1.1" 301 0 "-" "Mozilla/5.0 (Windows NT 10.0; Win64; x64) AppleWebKit/537.36 (KHTML, like Gecko) Chrome/74.0.3729.169 Safari/537.36"
20.191.200.216 - - [09/Nov/2024:12:26:29 -0500] "HEAD /home HTTP/1.1" 301 0 "-" "Mozilla/5.0 (Windows NT 10.0; Win64; x64) AppleWebKit/537.36 (KHTML, like Gecko) Chrome/74.0.3729.169 Safari/537.36"
128.199.23.239 - - [09/Nov/2024:12:20:36 -0500] "GET /wp-admin/css/ HTTP/1.1" 403 1242 "binance.com" "Mozilla/5.0 (Windows NT 10.0; Win64; x64) AppleWebKit/537.36 (KHTML, like Gecko) Chrome/90.0.4430.85 Safari/537.36"
20.191.200.216 - - [09/Nov/2024:12:26:07 -0500] "HEAD /wordpress HTTP/1.1" 301 0 "http://glenbowcollege.com/wordpress" "Mozilla/5.0 (Windows NT 10.0; Win64; x64) AppleWebKit/537.36 (KHTML, like Gecko) Chrome/74.0.3729.169 Safari/537.36"
20.191.200.216 - - [09/Nov/2024:12:26:12 -0500] "HEAD /wp HTTP/1.1" 301 0 "-" "Mozilla/5.0 (Windows NT 10.0; Win64; x64) AppleWebKit/537.36 (KHTML, like Gecko) Chrome/74.0.3729.169 Safari/537.36"
20.191.200.216 - - [09/Nov/2024:12:26:14 -0500] "HEAD /bc HTTP/1.1" 301 0 "-" "Mozilla/5.0 (Windows NT 10.0; Win64; x64) AppleWebKit/537.36 (KHTML, like Gecko) Chrome/74.0.3729.169 Safari/537.36"
20.191.200.216 - - [09/Nov/2024:12:26:17 -0500] "HEAD /bk HTTP/1.1" 301 0 "-" "Mozilla/5.0 (Windows NT 10.0; Win64; x64) AppleWebKit/537.36 (KHTML, like Gecko) Chrome/74.0.3729.169 Safari/537.36"
20.191.200.216 - - [09/Nov/2024:12:26:19 -0500] "HEAD /backup HTTP/1.1" 301 0 "-" "Mozilla/5.0 (Windows NT 10.0; Win64; x64) AppleWebKit/537.36 (KHTML, like Gecko) Chrome/74.0.3729.169 Safari/537.36"
20.191.200.216 - - [09/Nov/2024:12:26:20 -0500] "HEAD /backup HTTP/1.1" 301 0 "http://glenbowcollege.com/backup" "Mozilla/5.0 (Windows NT 10.0; Win64; x64) AppleWebKit/537.36 (KHTML, like Gecko) Chrome/74.0.3729.169 Safari/537.36"
20.191.200.216 - - [09/Nov/2024:12:26:21 -0500] "HEAD /old HTTP/1.1" 301 0 "-" "Mozilla/5.0 (Windows NT 10.0; Win64; x64) AppleWebKit/537.36 (KHTML, like Gecko) Chrome/74.0.3729.169 Safari/537.36"
20.191.200.216 - - [09/Nov/2024:12:26:25 -0500] "HEAD /new HTTP/1.1" 301 0 "http://glenbowcollege.com/new" "Mozilla/5.0 (Windows NT 10.0; Win64; x64) AppleWebKit/537.36 (KHTML, like Gecko) Chrome/74.0.3729.169 Safari/537.36"
20.191.200.216 - - [09/Nov/2024:12:26:29 -0500] "HEAD /main HTTP/1.1" 301 0 "http://glenbowcollege.com/main" "Mozilla/5.0 (Windows NT 10.0; Win64; x64) AppleWebKit/537.36 (KHTML, like Gecko) Chrome/74.0.3729.169 Safari/537.36"
20.191.200.216 - - [09/Nov/2024:12:26:32 -0500] "HEAD /home HTTP/1.1" 301 0 "http://glenbowcollege.com/home" "Mozilla/5.0 (Windows NT 10.0; Win64; x64) AppleWebKit/537.36 (KHTML, like Gecko) Chrome/74.0.3729.169 Safari/537.36"
216.244.66.247 - - [09/Nov/2024:13:09:11 -0500] "GET /robots.txt HTTP/1.1" 200 841 "-" "Mozilla/5.0 (compatible; DotBot/1.2; +https://opensiteexplorer.org/dotbot; help@moz.com)"
216.244.66.247 - - [09/Nov/2024:13:16:44 -0500] "GET /international/prospective-international-students/tuition-fees-and-financials/ HTTP/1.1" 301 0 "-" "Mozilla/5.0 (compatible; DotBot/1.2; +https://opensiteexplorer.org/dotbot; help@moz.com)"
216.244.66.247 - - [09/Nov/2024:13:16:53 -0500] "GET /international/prospective-international-students/application-processing-time/ HTTP/1.1" 301 0 "-" "Mozilla/5.0 (compatible; DotBot/1.2; +https://opensiteexplorer.org/dotbot; help@moz.com)"
216.244.66.247 - - [09/Nov/2024:13:09:11 -0500] "GET /robots.txt HTTP/1.1" 200 841 "-" "Mozilla/5.0 (compatible; DotBot/1.2; +https://opensiteexplorer.org/dotbot; help@moz.com)"
68.65.122.142 - - [09/Nov/2024:13:16:45 -0500] "POST /wp-cron.php?doing_wp_cron=1731176205.5033879280090332031250 HTTP/1.1" 403 1242 "-" "WordPress/6.2.1; https://glenbowcollege.ca"
34.23.88.144 - - [09/Nov/2024:13:37:57 -0500] "GET /robots.txt HTTP/1.0" 200 242 "-" "ZoominfoBot (zoominfobot at zoominfo dot com)"
68.65.122.142 - - [09/Nov/2024:13:37:58 -0500] "POST /wp-cron.php?doing_wp_cron=1731177478.8317389488220214843750 HTTP/1.1" 403 1242 "-" "WordPress/6.2.1; https://glenbowcollege.ca"
34.23.88.144 - - [09/Nov/2024:13:37:57 -0500] "GET / HTTP/1.0" 301 0 "-" "ZoominfoBot (zoominfobot at zoominfo dot com)"
216.244.66.247 - - [09/Nov/2024:13:59:52 -0500] "GET /robots.txt HTTP/1.1" 200 841 "-" "Mozilla/5.0 (compatible; DotBot/1.2; +https://opensiteexplorer.org/dotbot; help@moz.com)"
68.65.122.142 - - [09/Nov/2024:14:07:21 -0500] "POST /wp-cron.php?doing_wp_cron=1731179241.5180120468139648437500 HTTP/1.1" 403 1242 "-" "WordPress/6.2.1; https://glenbowcollege.ca"
216.244.66.247 - - [09/Nov/2024:14:07:19 -0500] "GET /privacy-policy/ HTTP/1.1" 301 0 "-" "Mozilla/5.0 (compatible; DotBot/1.2; +https://opensiteexplorer.org/dotbot; help@moz.com)"
216.244.66.247 - - [09/Nov/2024:14:07:28 -0500] "GET /product-category/payment/ HTTP/1.1" 301 0 "-" "Mozilla/5.0 (compatible; DotBot/1.2; +https://opensiteexplorer.org/dotbot; help@moz.com)"
216.244.66.247 - - [09/Nov/2024:14:07:33 -0500] "GET /product/manual-payment/ HTTP/1.1" 301 0 "-" "Mozilla/5.0 (compatible; DotBot/1.2; +https://opensiteexplorer.org/dotbot; help@moz.com)"
122.9.168.109 - - [09/Nov/2024:14:13:14 -0500] "GET /wp-content/uploads/2019/08/blog.jpg HTTP/1.1" 200 37404 "-" "Mozilla/5.0 (X11; Ubuntu; Linux x86_64; rv:72.0) Gecko/20100101 Firefox/72.0"
114.119.155.210 - - [09/Nov/2024:14:28:13 -0500] "GET /robots.txt HTTP/1.1" 200 242 "-" "Mozilla/5.0 (compatible;PetalBot;+https://webmaster.petalsearch.com/site/petalbot)"
66.249.68.34 - - [09/Nov/2024:14:36:44 -0500] "GET / HTTP/1.1" 301 0 "-" "Mozilla/5.0 (compatible; Googlebot/2.1; +http://www.google.com/bot.html)"
216.244.66.247 - - [09/Nov/2024:15:42:13 -0500] "GET /robots.txt HTTP/1.1" 200 841 "-" "Mozilla/5.0 (compatible; DotBot/1.2; +https://opensiteexplorer.org/dotbot; help@moz.com)"
68.65.122.142 - - [09/Nov/2024:15:48:19 -0500] "POST /wp-cron.php?doing_wp_cron=1731185299.5748109817504882812500 HTTP/1.1" 403 1242 "-" "WordPress/6.2.1; https://glenbowcollege.ca"
216.244.66.247 - - [09/Nov/2024:15:48:18 -0500] "GET /category/events/feed/ HTTP/1.1" 301 0 "-" "Mozilla/5.0 (compatible; DotBot/1.2; +https://opensiteexplorer.org/dotbot; help@moz.com)"
68.65.122.142 - - [09/Nov/2024:16:11:04 -0500] "POST /wp-cron.php?doing_wp_cron=1731186664.7305049896240234375000 HTTP/1.1" 403 1242 "-" "WordPress/6.2.1; https://glenbowcollege.ca"
128.14.239.38 - - [09/Nov/2024:16:11:03 -0500] "GET / HTTP/1.1" 301 0 "-" "Mozilla/5.0 (Macintosh; Intel Mac OS X 10_15_7) AppleWebKit/537.36 (KHTML, like Gecko) Chrome/120.0.0.0 Safari/537.36 Edg/120.0.0.0"
128.14.239.38 - - [09/Nov/2024:16:11:28 -0500] "GET /config.json HTTP/1.1" 301 0 "-" "Mozilla/5.0 (Macintosh; Intel Mac OS X 10_7_0) AppleWebKit/535.11 (KHTML, like Gecko) Chrome/17.0.963.56 Safari/535.11"
128.14.239.38 - - [09/Nov/2024:16:11:33 -0500] "GET /wp-content/plugins/woocommerce-menu-bar-cart/readme.txt HTTP/1.1" 403 1242 "-" "python-requests/2.31.0"
128.14.239.38 - - [09/Nov/2024:16:11:33 -0500] "GET /wp-content/plugins/product-open-pricing-name-your-price-for-woocommerce/readme.txt HTTP/1.1" 403 1242 "-" "python-requests/2.31.0"
128.14.239.38 - - [09/Nov/2024:16:11:33 -0500] "GET /wp-content/plugins/coblocks/readme.txt HTTP/1.1" 403 1242 "-" "python-requests/2.31.0"
128.14.239.38 - - [09/Nov/2024:16:11:34 -0500] "GET /wp-content/plugins/add-to-cart-direct-checkout-for-woocommerce/readme.txt HTTP/1.1" 301 0 "-" "python-requests/2.31.0"
128.14.239.38 - - [09/Nov/2024:16:11:39 -0500] "GET /wp-content/plugins/contact-form-7/readme.txt HTTP/1.1" 403 1242 "-" "python-requests/2.31.0"
128.14.239.38 - - [09/Nov/2024:16:11:39 -0500] "GET /wp-content/themes/education-hub-pro/readme.txt HTTP/1.1" 403 1242 "-" "python-requests/2.31.0"
128.14.239.38 - - [09/Nov/2024:16:11:24 -0500] "GET /robots.txt HTTP/1.1" 200 242 "-" "Mozilla/5.0 (Macintosh; Intel Mac OS X 10_7_0) AppleWebKit/535.11 (KHTML, like Gecko) Chrome/17.0.963.56 Safari/535.11"
128.14.239.38 - - [09/Nov/2024:16:11:24 -0500] "GET /sitemap.xml HTTP/1.1" 301 0 "-" "Mozilla/5.0 (Macintosh; Intel Mac OS X 10_7_0) AppleWebKit/535.11 (KHTML, like Gecko) Chrome/17.0.963.56 Safari/535.11"
128.14.239.38 - - [09/Nov/2024:16:11:32 -0500] "GET /wp-content/plugins/woocommerce/readme.txt HTTP/1.1" 403 1242 "-" "python-requests/2.31.0"
128.14.239.38 - - [09/Nov/2024:16:11:34 -0500] "GET /wp-content/plugins/strong-testimonials/readme.txt HTTP/1.1" 403 1242 "-" "python-requests/2.31.0"
128.14.239.38 - - [09/Nov/2024:16:11:38 -0500] "GET /wp-content/plugins/if-menu/readme.txt HTTP/1.1" 403 1242 "-" "python-requests/2.31.0"
216.244.66.247 - - [09/Nov/2024:16:32:13 -0500] "GET /robots.txt HTTP/1.1" 200 841 "-" "Mozilla/5.0 (compatible; DotBot/1.2; +https://opensiteexplorer.org/dotbot; help@moz.com)"
216.244.66.247 - - [09/Nov/2024:16:39:05 -0500] "GET /tag/accounting/ HTTP/1.1" 301 0 "-" "Mozilla/5.0 (compatible; DotBot/1.2; +https://opensiteexplorer.org/dotbot; help@moz.com)"
216.244.66.247 - - [09/Nov/2024:16:32:13 -0500] "GET /robots.txt HTTP/1.1" 200 841 "-" "Mozilla/5.0 (compatible; DotBot/1.2; +https://opensiteexplorer.org/dotbot; help@moz.com)"
68.65.122.142 - - [09/Nov/2024:16:39:01 -0500] "POST /wp-cron.php?doing_wp_cron=1731188341.3091928958892822265625 HTTP/1.1" 403 1242 "-" "WordPress/6.2.1; https://glenbowcollege.ca"
216.244.66.247 - - [09/Nov/2024:16:39:00 -0500] "GET /about/get-in-touch/ HTTP/1.1" 301 0 "-" "Mozilla/5.0 (compatible; DotBot/1.2; +https://opensiteexplorer.org/dotbot; help@moz.com)"
216.244.66.247 - - [09/Nov/2024:16:39:10 -0500] "GET /about/get-in-touch/ HTTP/1.1" 301 0 "-" "Mozilla/5.0 (compatible; DotBot/1.2; +https://opensiteexplorer.org/dotbot; help@moz.com)"
216.244.66.247 - - [09/Nov/2024:16:39:15 -0500] "GET /category/blog/ HTTP/1.1" 301 0 "-" "Mozilla/5.0 (compatible; DotBot/1.2; +https://opensiteexplorer.org/dotbot; help@moz.com)"
188.130.128.18 - - [09/Nov/2024:16:44:56 -0500] "GET /about/contact-us/ HTTP/1.0" 301 0 "http://glenbowcollege.ca/about/contact-us/" "Mozilla/5.0 (Windows NT 10.0.0; Win64; x64; ) AppleWebKit/537.36 (KHTML, like Gecko) Chrome/124.0.6367.119 Chrome/124.0.6367.119 Not-A.Brand/99 Safari/537.36"
68.65.122.142 - - [09/Nov/2024:16:44:57 -0500] "POST /wp-cron.php?doing_wp_cron=1731188697.6317980289459228515625 HTTP/1.1" 403 1242 "-" "WordPress/6.2.1; https://glenbowcollege.ca"
194.38.23.16 - - [09/Nov/2024:16:45:45 -0500] "GET /wp-content/plugins/page-flip-image-gallery/upload.php HTTP/1.1" 403 1242 "-" "ALittle Client"
66.249.79.198 - - [09/Nov/2024:17:04:28 -0500] "GET /robots.txt HTTP/1.1" 200 233 "-" "Mozilla/5.0 (compatible; Googlebot/2.1; +http://www.google.com/bot.html)"
68.65.122.142 - - [09/Nov/2024:17:04:56 -0500] "POST /wp-cron.php?doing_wp_cron=1731189896.7758040428161621093750 HTTP/1.1" 403 1242 "-" "WordPress/6.2.1; https://glenbowcollege.ca"
66.249.79.199 - - [09/Nov/2024:17:04:55 -0500] "GET /international/international-current-students/student-resources/ HTTP/1.1" 301 0 "-" "Mozilla/5.0 (Linux; Android 6.0.1; Nexus 5X Build/MMB29P) AppleWebKit/537.36 (KHTML, like Gecko) Chrome/130.0.6723.69 Mobile Safari/537.36 (compatible; Googlebot/2.1; +http://www.google.com/bot.html)"
84.246.85.11 - - [09/Nov/2024:17:05:06 -0500] "GET / HTTP/1.1" 301 0 "-" "2ip bot/1.1 (+http://2ip.io)"
84.246.85.11 - - [09/Nov/2024:17:05:30 -0500] "GET / HTTP/1.1" 301 0 "-" "2ip bot/1.1 (+http://2ip.io)"
68.65.122.142 - - [09/Nov/2024:17:21:13 -0500] "POST /wp-cron.php?doing_wp_cron=1731190873.7303650379180908203125 HTTP/1.1" 403 1242 "-" "WordPress/6.2.1; https://glenbowcollege.ca"
87.120.113.172 - - [09/Nov/2024:17:21:12 -0500] "GET / HTTP/1.1" 301 0 "-" "-"
216.244.66.247 - - [09/Nov/2024:17:24:00 -0500] "GET /robots.txt HTTP/1.1" 200 841 "-" "Mozilla/5.0 (compatible; DotBot/1.2; +https://opensiteexplorer.org/dotbot; help@moz.com)"
216.244.66.247 - - [09/Nov/2024:17:24:00 -0500] "GET /robots.txt HTTP/1.1" 200 841 "-" "Mozilla/5.0 (compatible; DotBot/1.2; +https://opensiteexplorer.org/dotbot; help@moz.com)"
68.65.122.142 - - [09/Nov/2024:17:30:48 -0500] "POST /wp-cron.php?doing_wp_cron=1731191448.0758659839630126953125 HTTP/1.1" 403 1242 "-" "WordPress/6.2.1; https://glenbowcollege.ca"
216.244.66.247 - - [09/Nov/2024:17:30:46 -0500] "GET /tag/tesol/ HTTP/1.1" 301 0 "-" "Mozilla/5.0 (compatible; DotBot/1.2; +https://opensiteexplorer.org/dotbot; help@moz.com)"
216.244.66.247 - - [09/Nov/2024:17:30:52 -0500] "GET /admissions/ HTTP/1.1" 301 0 "-" "Mozilla/5.0 (compatible; DotBot/1.2; +https://opensiteexplorer.org/dotbot; help@moz.com)"
20.191.200.216 - - [09/Nov/2024:18:03:49 -0500] "HEAD /wordpress HTTP/1.1" 301 0 "-" "Mozilla/5.0 (Windows NT 10.0; Win64; x64) AppleWebKit/537.36 (KHTML, like Gecko) Chrome/74.0.3729.169 Safari/537.36"
20.191.200.216 - - [09/Nov/2024:18:03:50 -0500] "HEAD /wordpress HTTP/1.1" 301 0 "http://glenbowcollege.com/wordpress" "Mozilla/5.0 (Windows NT 10.0; Win64; x64) AppleWebKit/537.36 (KHTML, like Gecko) Chrome/74.0.3729.169 Safari/537.36"
20.191.200.216 - - [09/Nov/2024:18:03:59 -0500] "HEAD /bc HTTP/1.1" 301 0 "http://glenbowcollege.com/bc" "Mozilla/5.0 (Windows NT 10.0; Win64; x64) AppleWebKit/537.36 (KHTML, like Gecko) Chrome/74.0.3729.169 Safari/537.36"
20.191.200.216 - - [09/Nov/2024:18:04:01 -0500] "HEAD /bk HTTP/1.1" 301 0 "http://glenbowcollege.com/bk" "Mozilla/5.0 (Windows NT 10.0; Win64; x64) AppleWebKit/537.36 (KHTML, like Gecko) Chrome/74.0.3729.169 Safari/537.36"
20.191.200.216 - - [09/Nov/2024:18:04:04 -0500] "HEAD /backup HTTP/1.1" 301 0 "-" "Mozilla/5.0 (Windows NT 10.0; Win64; x64) AppleWebKit/537.36 (KHTML, like Gecko) Chrome/74.0.3729.169 Safari/537.36"
20.191.200.216 - - [09/Nov/2024:18:04:04 -0500] "HEAD /backup HTTP/1.1" 301 0 "http://glenbowcollege.com/backup" "Mozilla/5.0 (Windows NT 10.0; Win64; x64) AppleWebKit/537.36 (KHTML, like Gecko) Chrome/74.0.3729.169 Safari/537.36"
20.191.200.216 - - [09/Nov/2024:18:04:06 -0500] "HEAD /old HTTP/1.1" 301 0 "-" "Mozilla/5.0 (Windows NT 10.0; Win64; x64) AppleWebKit/537.36 (KHTML, like Gecko) Chrome/74.0.3729.169 Safari/537.36"
20.191.200.216 - - [09/Nov/2024:18:04:09 -0500] "HEAD /new HTTP/1.1" 301 0 "-" "Mozilla/5.0 (Windows NT 10.0; Win64; x64) AppleWebKit/537.36 (KHTML, like Gecko) Chrome/74.0.3729.169 Safari/537.36"
20.191.200.216 - - [09/Nov/2024:18:04:16 -0500] "HEAD /home HTTP/1.1" 301 0 "-" "Mozilla/5.0 (Windows NT 10.0; Win64; x64) AppleWebKit/537.36 (KHTML, like Gecko) Chrome/74.0.3729.169 Safari/537.36"
20.191.200.216 - - [09/Nov/2024:18:03:52 -0500] "HEAD / HTTP/1.1" 301 0 "-" "Mozilla/5.0 (Windows NT 10.0; Win64; x64) AppleWebKit/537.36 (KHTML, like Gecko) Chrome/74.0.3729.169 Safari/537.36"
20.191.200.216 - - [09/Nov/2024:18:03:53 -0500] "HEAD / HTTP/1.1" 301 0 "http://glenbowcollege.com/" "Mozilla/5.0 (Windows NT 10.0; Win64; x64) AppleWebKit/537.36 (KHTML, like Gecko) Chrome/74.0.3729.169 Safari/537.36"
20.191.200.216 - - [09/Nov/2024:18:03:55 -0500] "HEAD /wp HTTP/1.1" 301 0 "-" "Mozilla/5.0 (Windows NT 10.0; Win64; x64) AppleWebKit/537.36 (KHTML, like Gecko) Chrome/74.0.3729.169 Safari/537.36"
20.191.200.216 - - [09/Nov/2024:18:03:56 -0500] "HEAD /wp HTTP/1.1" 301 0 "http://glenbowcollege.com/wp" "Mozilla/5.0 (Windows NT 10.0; Win64; x64) AppleWebKit/537.36 (KHTML, like Gecko) Chrome/74.0.3729.169 Safari/537.36"
20.191.200.216 - - [09/Nov/2024:18:03:58 -0500] "HEAD /bc HTTP/1.1" 301 0 "-" "Mozilla/5.0 (Windows NT 10.0; Win64; x64) AppleWebKit/537.36 (KHTML, like Gecko) Chrome/74.0.3729.169 Safari/537.36"
20.191.200.216 - - [09/Nov/2024:18:04:01 -0500] "HEAD /bk HTTP/1.1" 301 0 "-" "Mozilla/5.0 (Windows NT 10.0; Win64; x64) AppleWebKit/537.36 (KHTML, like Gecko) Chrome/74.0.3729.169 Safari/537.36"
20.191.200.216 - - [09/Nov/2024:18:04:07 -0500] "HEAD /old HTTP/1.1" 301 0 "http://glenbowcollege.com/old" "Mozilla/5.0 (Windows NT 10.0; Win64; x64) AppleWebKit/537.36 (KHTML, like Gecko) Chrome/74.0.3729.169 Safari/537.36"
68.65.122.142 - - [09/Nov/2024:18:04:10 -0500] "POST /wp-cron.php?doing_wp_cron=1731193450.3191790580749511718750 HTTP/1.1" 403 1242 "-" "WordPress/6.2.1; https://glenbowcollege.ca"
20.191.200.216 - - [09/Nov/2024:18:04:10 -0500] "HEAD /new HTTP/1.1" 301 0 "http://glenbowcollege.com/new" "Mozilla/5.0 (Windows NT 10.0; Win64; x64) AppleWebKit/537.36 (KHTML, like Gecko) Chrome/74.0.3729.169 Safari/537.36"
20.191.200.216 - - [09/Nov/2024:18:04:13 -0500] "HEAD /main HTTP/1.1" 301 0 "-" "Mozilla/5.0 (Windows NT 10.0; Win64; x64) AppleWebKit/537.36 (KHTML, like Gecko) Chrome/74.0.3729.169 Safari/537.36"
20.191.200.216 - - [09/Nov/2024:18:04:15 -0500] "HEAD /main HTTP/1.1" 301 0 "http://glenbowcollege.com/main" "Mozilla/5.0 (Windows NT 10.0; Win64; x64) AppleWebKit/537.36 (KHTML, like Gecko) Chrome/74.0.3729.169 Safari/537.36"
20.191.200.216 - - [09/Nov/2024:18:04:18 -0500] "HEAD /home HTTP/1.1" 301 0 "http://glenbowcollege.com/home" "Mozilla/5.0 (Windows NT 10.0; Win64; x64) AppleWebKit/537.36 (KHTML, like Gecko) Chrome/74.0.3729.169 Safari/537.36"
216.244.66.247 - - [09/Nov/2024:18:18:16 -0500] "GET /robots.txt HTTP/1.1" 200 841 "-" "Mozilla/5.0 (compatible; DotBot/1.2; +https://opensiteexplorer.org/dotbot; help@moz.com)"
216.244.66.247 - - [09/Nov/2024:18:25:03 -0500] "GET /2024/08/21/newcomers-career-journey/ HTTP/1.1" 301 0 "-" "Mozilla/5.0 (compatible; DotBot/1.2; +https://opensiteexplorer.org/dotbot; help@moz.com)"
68.65.122.142 - - [09/Nov/2024:18:25:04 -0500] "POST /wp-cron.php?doing_wp_cron=1731194704.5310809612274169921875 HTTP/1.1" 403 1242 "-" "WordPress/6.2.1; https://glenbowcollege.ca"