Server IP : 68.65.122.142 / Your IP : 3.136.22.145 Web Server : LiteSpeed System : Linux server167.web-hosting.com 4.18.0-513.18.1.lve.el8.x86_64 #1 SMP Thu Feb 22 12:55:50 UTC 2024 x86_64 User : glenirhm ( 1318) PHP Version : 7.4.33 Disable Function : NONE MySQL : OFF | cURL : ON | WGET : ON | Perl : ON | Python : ON Directory (0750) : /home/glenirhm/new/../.cpanel/../access-logs/ |
[ Home ] | [ C0mmand ] | [ Upload File ] |
---|
68.65.122.142 - - [14/Nov/2024:07:25:39 -0500] "POST /wp-cron.php?doing_wp_cron=1731587139.1005780696868896484375 HTTP/1.1" 403 1242 "-" "WordPress/6.2.1; https://glenbowcollege.ca"
66.249.68.33 - - [14/Nov/2024:07:25:37 -0500] "GET / HTTP/1.1" 301 0 "-" "Mozilla/5.0 (compatible; Googlebot/2.1; +http://www.google.com/bot.html)"
68.65.122.142 - - [14/Nov/2024:07:13:07 -0500] "POST /wp-cron.php?doing_wp_cron=1731586387.1115360260009765625000 HTTP/1.1" 403 1242 "-" "WordPress/6.2.1; https://glenbowcollege.ca"
66.249.68.33 - - [14/Nov/2024:07:13:06 -0500] "GET / HTTP/1.1" 301 0 "-" "Mozilla/5.0 (compatible; Googlebot/2.1; +http://www.google.com/bot.html)"
68.65.122.142 - - [14/Nov/2024:07:23:15 -0500] "POST /wp-cron.php?doing_wp_cron=1731586995.1218810081481933593750 HTTP/1.1" 403 1242 "-" "WordPress/6.2.1; https://glenbowcollege.ca"
74.125.150.34 - - [14/Nov/2024:07:23:14 -0500] "GET / HTTP/1.1" 301 0 "-" "Google-Edu"
216.244.66.247 - - [14/Nov/2024:08:06:21 -0500] "GET /current-student/ HTTP/1.1" 301 0 "-" "Mozilla/5.0 (compatible; DotBot/1.2; +https://opensiteexplorer.org/dotbot; help@moz.com)"
216.244.66.247 - - [14/Nov/2024:07:59:23 -0500] "GET /robots.txt HTTP/1.1" 200 841 "-" "Mozilla/5.0 (compatible; DotBot/1.2; +https://opensiteexplorer.org/dotbot; help@moz.com)"
68.65.122.142 - - [14/Nov/2024:08:06:22 -0500] "POST /wp-cron.php?doing_wp_cron=1731589582.7980599403381347656250 HTTP/1.1" 403 1242 "-" "WordPress/6.2.1; https://glenbowcollege.ca"
216.244.66.247 - - [14/Nov/2024:08:10:32 -0500] "GET /programs/english-as-a-second-language/ HTTP/1.1" 301 0 "-" "Mozilla/5.0 (compatible; DotBot/1.2; +https://opensiteexplorer.org/dotbot; help@moz.com)"
199.244.88.221 - - [14/Nov/2024:08:29:47 -0500] "GET / HTTP/1.1" 301 0 "http://glenbowcollege.com" "Mozilla/5.0 (X11; Linux x86_64) AppleWebKit/537.36 (KHTML, like Gecko) Chrome/105.0.0.0 Safari/537.36"
68.65.122.142 - - [14/Nov/2024:08:29:48 -0500] "POST /wp-cron.php?doing_wp_cron=1731590988.6693789958953857421875 HTTP/1.1" 403 1242 "-" "WordPress/6.2.1; https://glenbowcollege.ca"
35.187.111.154 - - [14/Nov/2024:08:44:11 -0500] "GET / HTTP/1.1" 301 0 "-" "Mozilla/5.0 (Windows NT 10.0; Win64; x64) AppleWebKit/537.36 (KHTML, like Gecko) Chrome/84.0.4147.105 Safari/537.36"
68.65.122.142 - - [14/Nov/2024:08:44:12 -0500] "POST /wp-cron.php?doing_wp_cron=1731591852.6503720283508300781250 HTTP/1.1" 403 1242 "-" "WordPress/6.2.1; https://glenbowcollege.ca"
35.187.111.154 - - [14/Nov/2024:08:44:32 -0500] "GET / HTTP/1.1" 301 0 "-" "Mozilla/5.0 (Windows NT 10.0; Win64; x64) AppleWebKit/537.36 (KHTML, like Gecko) Chrome/84.0.4147.105 Safari/537.36"
35.187.111.154 - - [14/Nov/2024:08:44:49 -0500] "GET / HTTP/1.1" 301 0 "-" "Mozilla/5.0 (Windows NT 10.0; Win64; x64) AppleWebKit/537.36 (KHTML, like Gecko) Chrome/84.0.4147.105 Safari/537.36"
216.244.66.247 - - [14/Nov/2024:08:46:23 -0500] "GET /robots.txt HTTP/1.1" 200 841 "-" "Mozilla/5.0 (compatible; DotBot/1.2; +https://opensiteexplorer.org/dotbot; help@moz.com)"
43.156.46.203 - - [14/Nov/2024:08:48:05 -0500] "GET /wp-content/uploads/2020/02/cropped-logo6.png HTTP/1.1" 200 11781 "http://www.glenbowcollege.ca/" "Mozilla/5.0 (Macintosh; Intel Mac OS X 11_6) AppleWebKit/537.36 (KHTML, like Gecko) Chrome/113.0.5672.64 Safari/537.36"
68.65.122.142 - - [14/Nov/2024:08:56:33 -0500] "POST /wp-cron.php?doing_wp_cron=1731592593.6824729442596435546875 HTTP/1.1" 403 1242 "-" "WordPress/6.2.1; https://glenbowcollege.ca"
216.244.66.247 - - [14/Nov/2024:08:56:32 -0500] "GET /programs/administrative-assistant-diploma/ HTTP/1.1" 301 0 "-" "Mozilla/5.0 (compatible; DotBot/1.2; +https://opensiteexplorer.org/dotbot; help@moz.com)"
216.244.66.247 - - [14/Nov/2024:08:56:59 -0500] "GET /international/prospective-international-students/how-to-apply/ HTTP/1.1" 301 0 "-" "Mozilla/5.0 (compatible; DotBot/1.2; +https://opensiteexplorer.org/dotbot; help@moz.com)"
68.65.122.142 - - [14/Nov/2024:09:16:31 -0500] "POST /wp-cron.php?doing_wp_cron=1731593791.0094020366668701171875 HTTP/1.1" 403 1242 "-" "WordPress/6.2.1; https://glenbowcollege.ca"
217.69.7.96 - - [14/Nov/2024:09:16:30 -0500] "GET /wp-content/plugins/wp-automatic/css/wp-automatic.css HTTP/1.1" 301 0 "-" "Mozilla/5.0 (iPhone; CPU iPhone OS 17_2 like Mac OS X) AppleWebKit/605.1.15 (KHTML, like Gecko) Version/17.2 Mobile/15E148 Safari/604.1"
217.69.7.96 - - [14/Nov/2024:09:16:36 -0500] "GET /wp-content/plugins/wp-automatic/css/wp-automatic.css HTTP/1.1" 301 0 "-" "Mozilla/5.0 (iPhone; CPU iPhone OS 17_2 like Mac OS X) AppleWebKit/605.1.15 (KHTML, like Gecko) Version/17.2 Mobile/15E148 Safari/604.1"
114.119.146.141 - - [14/Nov/2024:09:17:20 -0500] "GET /robots.txt HTTP/1.1" 200 242 "-" "Mozilla/5.0 (compatible;PetalBot;+https://webmaster.petalsearch.com/site/petalbot)"
216.244.66.247 - - [14/Nov/2024:09:41:53 -0500] "GET /international/international-current-students/student-resources/ HTTP/1.1" 301 0 "-" "Mozilla/5.0 (compatible; DotBot/1.2; +https://opensiteexplorer.org/dotbot; help@moz.com)"
216.244.66.247 - - [14/Nov/2024:09:34:24 -0500] "GET /robots.txt HTTP/1.1" 200 841 "-" "Mozilla/5.0 (compatible; DotBot/1.2; +https://opensiteexplorer.org/dotbot; help@moz.com)"
216.244.66.247 - - [14/Nov/2024:10:21:02 -0500] "GET /robots.txt HTTP/1.1" 200 841 "-" "Mozilla/5.0 (compatible; DotBot/1.2; +https://opensiteexplorer.org/dotbot; help@moz.com)"
216.244.66.247 - - [14/Nov/2024:10:27:13 -0500] "GET /international/work-with-pipa/ HTTP/1.1" 301 0 "-" "Mozilla/5.0 (compatible; DotBot/1.2; +https://opensiteexplorer.org/dotbot; help@moz.com)"
216.244.66.247 - - [14/Nov/2024:10:27:18 -0500] "GET /international/international-programs/education-assistant-diploma-program/ HTTP/1.1" 301 0 "-" "Mozilla/5.0 (compatible; DotBot/1.2; +https://opensiteexplorer.org/dotbot; help@moz.com)"
68.65.122.142 - - [14/Nov/2024:10:27:14 -0500] "POST /wp-cron.php?doing_wp_cron=1731598034.0054230690002441406250 HTTP/1.1" 403 1242 "-" "WordPress/6.2.1; https://glenbowcollege.ca"
68.65.122.142 - - [14/Nov/2024:10:55:00 -0500] "POST /wp-cron.php?doing_wp_cron=1731599700.1756069660186767578125 HTTP/1.1" 403 1242 "-" "WordPress/6.2.1; https://glenbowcollege.ca"
178.20.45.37 - - [14/Nov/2024:10:54:59 -0500] "GET /about/contact-us/ HTTP/1.0" 301 0 "http://glenbowcollege.ca/about/contact-us/" "Mozilla/5.0 (Windows NT 6.3; Win64; x64) AppleWebKit/537.36 (KHTML, like Gecko) Chrome/103.0.5060.53 Safari/537.36"
216.244.66.247 - - [14/Nov/2024:11:08:04 -0500] "GET /robots.txt HTTP/1.1" 200 841 "-" "Mozilla/5.0 (compatible; DotBot/1.2; +https://opensiteexplorer.org/dotbot; help@moz.com)"
216.244.66.247 - - [14/Nov/2024:11:14:34 -0500] "GET /programs/medical-office-administration-diploma/ HTTP/1.1" 301 0 "-" "Mozilla/5.0 (compatible; DotBot/1.2; +https://opensiteexplorer.org/dotbot; help@moz.com)"
216.244.66.247 - - [14/Nov/2024:11:14:40 -0500] "GET /tag/education-assistant/ HTTP/1.1" 301 0 "-" "Mozilla/5.0 (compatible; DotBot/1.2; +https://opensiteexplorer.org/dotbot; help@moz.com)"
146.70.189.43 - - [14/Nov/2024:11:24:26 -0500] "GET /wp-content/themes/wplms/style.css HTTP/1.1" 301 0 "-" "Mozilla/5.0 (iPhone; CPU iPhone OS 17_2 like Mac OS X) AppleWebKit/605.1.15 (KHTML, like Gecko) Version/17.2 Mobile/15E148 Safari/604.1"
146.70.189.43 - - [14/Nov/2024:11:24:30 -0500] "GET /wp-content/plugins/wp-jobsearch/admin/css/admin.css HTTP/1.1" 301 0 "-" "Mozilla/5.0 (iPhone; CPU iPhone OS 17_2 like Mac OS X) AppleWebKit/605.1.15 (KHTML, like Gecko) Version/17.2 Mobile/15E148 Safari/604.1"
146.70.189.43 - - [14/Nov/2024:11:24:36 -0500] "GET /wp-content/plugins/Ultimate_AI/assets/css/style.css HTTP/1.1" 301 0 "-" "Mozilla/5.0 (iPhone; CPU iPhone OS 17_2 like Mac OS X) AppleWebKit/605.1.15 (KHTML, like Gecko) Version/17.2 Mobile/15E148 Safari/604.1"
146.70.189.43 - - [14/Nov/2024:11:24:40 -0500] "GET /wp-content/plugins/latepoint/readme.txt HTTP/1.1" 301 0 "-" "Mozilla/5.0 (iPhone; CPU iPhone OS 17_2 like Mac OS X) AppleWebKit/605.1.15 (KHTML, like Gecko) Version/17.2 Mobile/15E148 Safari/604.1"
146.70.189.43 - - [14/Nov/2024:11:24:48 -0500] "GET /wp-content/plugins/rss-feed-post-generator-echo/readme.txt HTTP/1.1" 301 0 "-" "Mozilla/5.0 (iPhone; CPU iPhone OS 17_2 like Mac OS X) AppleWebKit/605.1.15 (KHTML, like Gecko) Version/17.2 Mobile/15E148 Safari/604.1"
146.70.189.43 - - [14/Nov/2024:11:24:58 -0500] "GET /wp-content/plugins/charitable/CHANGELOG.md HTTP/1.1" 301 0 "-" "Mozilla/5.0 (iPhone; CPU iPhone OS 17_2 like Mac OS X) AppleWebKit/605.1.15 (KHTML, like Gecko) Version/17.2 Mobile/15E148 Safari/604.1"
146.70.189.43 - - [14/Nov/2024:11:25:04 -0500] "GET /wp-content/plugins/wp-job-portal/readme.txt HTTP/1.1" 301 0 "-" "Mozilla/5.0 (iPhone; CPU iPhone OS 17_2 like Mac OS X) AppleWebKit/605.1.15 (KHTML, like Gecko) Version/17.2 Mobile/15E148 Safari/604.1"
146.70.189.43 - - [14/Nov/2024:11:25:20 -0500] "GET /wp-content/plugins/zm-ajax-login-register/readme.txt HTTP/1.1" 301 0 "-" "Mozilla/5.0 (iPhone; CPU iPhone OS 17_2 like Mac OS X) AppleWebKit/605.1.15 (KHTML, like Gecko) Version/17.2 Mobile/15E148 Safari/604.1"
146.70.189.43 - - [14/Nov/2024:11:25:26 -0500] "GET /wp-content/plugins/instawp-connect/readme.txt HTTP/1.1" 301 0 "-" "Mozilla/5.0 (iPhone; CPU iPhone OS 17_2 like Mac OS X) AppleWebKit/605.1.15 (KHTML, like Gecko) Version/17.2 Mobile/15E148 Safari/604.1"
146.70.189.43 - - [14/Nov/2024:11:25:34 -0500] "GET / HTTP/1.1" 301 0 "-" "Mozilla/5.0 (iPhone; CPU iPhone OS 17_2 like Mac OS X) AppleWebKit/605.1.15 (KHTML, like Gecko) Version/17.2 Mobile/15E148 Safari/604.1"
146.70.189.43 - - [14/Nov/2024:11:25:42 -0500] "GET /wp-content/plugins/keydatas/readme.txt HTTP/1.1" 301 0 "-" "Mozilla/5.0 (iPhone; CPU iPhone OS 17_2 like Mac OS X) AppleWebKit/605.1.15 (KHTML, like Gecko) Version/17.2 Mobile/15E148 Safari/604.1"
146.70.189.43 - - [14/Nov/2024:11:25:47 -0500] "GET /wp-content/plugins/wp-time-capsule/readme.txt HTTP/1.1" 301 0 "-" "Mozilla/5.0 (iPhone; CPU iPhone OS 17_2 like Mac OS X) AppleWebKit/605.1.15 (KHTML, like Gecko) Version/17.2 Mobile/15E148 Safari/604.1"
146.70.189.43 - - [14/Nov/2024:11:25:51 -0500] "GET /wp-content/plugins/wp-mlm/readme.txt HTTP/1.1" 301 0 "-" "Mozilla/5.0 (iPhone; CPU iPhone OS 17_2 like Mac OS X) AppleWebKit/605.1.15 (KHTML, like Gecko) Version/17.2 Mobile/15E148 Safari/604.1"
146.70.189.43 - - [14/Nov/2024:11:26:00 -0500] "GET /wp-content/plugins/chatbot-chatgpt/readme.txt HTTP/1.1" 301 0 "-" "Mozilla/5.0 (iPhone; CPU iPhone OS 17_2 like Mac OS X) AppleWebKit/605.1.15 (KHTML, like Gecko) Version/17.2 Mobile/15E148 Safari/604.1"
68.65.122.142 - - [14/Nov/2024:11:14:35 -0500] "POST /wp-cron.php?doing_wp_cron=1731600875.9060709476470947265625 HTTP/1.1" 403 1242 "-" "WordPress/6.2.1; https://glenbowcollege.ca"
68.65.122.142 - - [14/Nov/2024:11:24:27 -0500] "POST /wp-cron.php?doing_wp_cron=1731601467.0614089965820312500000 HTTP/1.1" 403 1242 "-" "WordPress/6.2.1; https://glenbowcollege.ca"
146.70.189.43 - - [14/Nov/2024:11:24:33 -0500] "GET /wp-content/plugins/wp-wc-affiliate-program/languages/rtwwwap-wp-wc-affiliate-program.pot HTTP/1.1" 301 0 "-" "Mozilla/5.0 (iPhone; CPU iPhone OS 17_2 like Mac OS X) AppleWebKit/605.1.15 (KHTML, like Gecko) Version/17.2 Mobile/15E148 Safari/604.1"
146.70.189.43 - - [14/Nov/2024:11:24:45 -0500] "GET /wp-content/plugins/gutenkit-blocks-addon/readme.txt HTTP/1.1" 301 0 "-" "Mozilla/5.0 (iPhone; CPU iPhone OS 17_2 like Mac OS X) AppleWebKit/605.1.15 (KHTML, like Gecko) Version/17.2 Mobile/15E148 Safari/604.1"
146.70.189.43 - - [14/Nov/2024:11:24:53 -0500] "GET /wp-content/plugins/json-api-user/readme.txt HTTP/1.1" 301 0 "-" "Mozilla/5.0 (iPhone; CPU iPhone OS 17_2 like Mac OS X) AppleWebKit/605.1.15 (KHTML, like Gecko) Version/17.2 Mobile/15E148 Safari/604.1"
146.70.189.43 - - [14/Nov/2024:11:25:07 -0500] "GET /wp-content/plugins/js-support-ticket/readme.txt HTTP/1.1" 301 0 "-" "Mozilla/5.0 (iPhone; CPU iPhone OS 17_2 like Mac OS X) AppleWebKit/605.1.15 (KHTML, like Gecko) Version/17.2 Mobile/15E148 Safari/604.1"
146.70.189.43 - - [14/Nov/2024:11:25:11 -0500] "GET /wp-content/plugins/give/readme.txt HTTP/1.1" 301 0 "-" "Mozilla/5.0 (iPhone; CPU iPhone OS 17_2 like Mac OS X) AppleWebKit/605.1.15 (KHTML, like Gecko) Version/17.2 Mobile/15E148 Safari/604.1"
146.70.189.43 - - [14/Nov/2024:11:25:16 -0500] "GET /wp-content/debug.log HTTP/1.1" 301 0 "-" "Mozilla/5.0 (iPhone; CPU iPhone OS 17_2 like Mac OS X) AppleWebKit/605.1.15 (KHTML, like Gecko) Version/17.2 Mobile/15E148 Safari/604.1"
146.70.189.43 - - [14/Nov/2024:11:25:29 -0500] "GET /wp-content/plugins/instawp-connect/readme.txt HTTP/1.1" 301 0 "-" "Mozilla/5.0 (iPhone; CPU iPhone OS 17_2 like Mac OS X) AppleWebKit/605.1.15 (KHTML, like Gecko) Version/17.2 Mobile/15E148 Safari/604.1"
146.70.189.43 - - [14/Nov/2024:11:25:38 -0500] "GET /wp-content/plugins/wp-seopress/readme.txt HTTP/1.1" 301 0 "-" "Mozilla/5.0 (iPhone; CPU iPhone OS 17_2 like Mac OS X) AppleWebKit/605.1.15 (KHTML, like Gecko) Version/17.2 Mobile/15E148 Safari/604.1"
146.70.189.43 - - [14/Nov/2024:11:25:56 -0500] "GET /wp-content/plugins/userpro/changelog.txt HTTP/1.1" 301 0 "-" "Mozilla/5.0 (iPhone; CPU iPhone OS 17_2 like Mac OS X) AppleWebKit/605.1.15 (KHTML, like Gecko) Version/17.2 Mobile/15E148 Safari/604.1"
146.70.189.43 - - [14/Nov/2024:11:26:05 -0500] "GET /wp-content/plugins/wp-automatic/css/wp-automatic.css HTTP/1.1" 301 0 "-" "Mozilla/5.0 (iPhone; CPU iPhone OS 17_2 like Mac OS X) AppleWebKit/605.1.15 (KHTML, like Gecko) Version/17.2 Mobile/15E148 Safari/604.1"
146.70.189.43 - - [14/Nov/2024:11:26:11 -0500] "GET /wp-content/plugins/wp-photo-album-plus/changelog.txt HTTP/1.1" 301 0 "-" "Mozilla/5.0 (iPhone; CPU iPhone OS 17_2 like Mac OS X) AppleWebKit/605.1.15 (KHTML, like Gecko) Version/17.2 Mobile/15E148 Safari/604.1"
146.70.189.43 - - [14/Nov/2024:11:26:25 -0500] "GET /wp-content/plugins/learning-management-system/readme.txt HTTP/1.1" 301 0 "-" "Mozilla/5.0 (iPhone; CPU iPhone OS 17_2 like Mac OS X) AppleWebKit/605.1.15 (KHTML, like Gecko) Version/17.2 Mobile/15E148 Safari/604.1"
146.70.189.43 - - [14/Nov/2024:11:26:39 -0500] "GET /wp-content/plugins/miniorange-malware-protection/readme.txt HTTP/1.1" 301 0 "-" "Mozilla/5.0 (iPhone; CPU iPhone OS 17_2 like Mac OS X) AppleWebKit/605.1.15 (KHTML, like Gecko) Version/17.2 Mobile/15E148 Safari/604.1"
146.70.189.43 - - [14/Nov/2024:11:26:46 -0500] "GET /wp-content/plugins/masterstudy-lms-learning-management-system/readme.txt HTTP/1.1" 301 0 "-" "Mozilla/5.0 (iPhone; CPU iPhone OS 17_2 like Mac OS X) AppleWebKit/605.1.15 (KHTML, like Gecko) Version/17.2 Mobile/15E148 Safari/604.1"
146.70.189.43 - - [14/Nov/2024:11:26:08 -0500] "GET /wp-content/plugins/wp-automatic/changelog HTTP/1.1" 301 0 "-" "Mozilla/5.0 (iPhone; CPU iPhone OS 17_2 like Mac OS X) AppleWebKit/605.1.15 (KHTML, like Gecko) Version/17.2 Mobile/15E148 Safari/604.1"
146.70.189.43 - - [14/Nov/2024:11:26:15 -0500] "GET /wp-content/plugins/startklar-elmentor-forms-extwidgets/readme.txt HTTP/1.1" 301 0 "-" "Mozilla/5.0 (iPhone; CPU iPhone OS 17_2 like Mac OS X) AppleWebKit/605.1.15 (KHTML, like Gecko) Version/17.2 Mobile/15E148 Safari/604.1"
146.70.189.43 - - [14/Nov/2024:11:26:19 -0500] "GET /wp-content/plugins/edwiser-bridge/readme.txt HTTP/1.1" 301 0 "-" "Mozilla/5.0 (iPhone; CPU iPhone OS 17_2 like Mac OS X) AppleWebKit/605.1.15 (KHTML, like Gecko) Version/17.2 Mobile/15E148 Safari/604.1"
146.70.189.43 - - [14/Nov/2024:11:26:30 -0500] "GET /wp-content/plugins/woocommerce-simple-registration/readme.txt HTTP/1.1" 301 0 "-" "Mozilla/5.0 (iPhone; CPU iPhone OS 17_2 like Mac OS X) AppleWebKit/605.1.15 (KHTML, like Gecko) Version/17.2 Mobile/15E148 Safari/604.1"
146.70.189.43 - - [14/Nov/2024:11:26:34 -0500] "GET /wp-content/plugins/miniorange-2-factor-authentication/readme.txt HTTP/1.1" 301 0 "-" "Mozilla/5.0 (iPhone; CPU iPhone OS 17_2 like Mac OS X) AppleWebKit/605.1.15 (KHTML, like Gecko) Version/17.2 Mobile/15E148 Safari/604.1"
146.70.189.43 - - [14/Nov/2024:11:26:43 -0500] "GET /wp-content/plugins/instawp-connect/readme.txt HTTP/1.1" 301 0 "-" "Mozilla/5.0 (iPhone; CPU iPhone OS 17_2 like Mac OS X) AppleWebKit/605.1.15 (KHTML, like Gecko) Version/17.2 Mobile/15E148 Safari/604.1"
146.70.189.43 - - [14/Nov/2024:11:26:51 -0500] "GET /wp-content/plugins/activedemand/readme.txt HTTP/1.1" 301 0 "-" "Mozilla/5.0 (iPhone; CPU iPhone OS 17_2 like Mac OS X) AppleWebKit/605.1.15 (KHTML, like Gecko) Version/17.2 Mobile/15E148 Safari/604.1"
146.70.189.43 - - [14/Nov/2024:11:27:00 -0500] "GET / HTTP/1.1" 301 0 "-" "Mozilla/5.0 (iPhone; CPU iPhone OS 17_2 like Mac OS X) AppleWebKit/605.1.15 (KHTML, like Gecko) Version/17.2 Mobile/15E148 Safari/604.1"
146.70.189.43 - - [14/Nov/2024:11:27:17 -0500] "GET /wp-content/plugins/post-smtp/readme.txt HTTP/1.1" 301 0 "-" "Mozilla/5.0 (iPhone; CPU iPhone OS 17_2 like Mac OS X) AppleWebKit/605.1.15 (KHTML, like Gecko) Version/17.2 Mobile/15E148 Safari/604.1"
146.70.189.43 - - [14/Nov/2024:11:27:27 -0500] "GET /wp-content/plugins/userpro/changelog.txt HTTP/1.1" 301 0 "-" "Mozilla/5.0 (iPhone; CPU iPhone OS 17_2 like Mac OS X) AppleWebKit/605.1.15 (KHTML, like Gecko) Version/17.2 Mobile/15E148 Safari/604.1"
146.70.189.43 - - [14/Nov/2024:11:27:32 -0500] "GET /wp-content/plugins/backup-backup/readme.txt HTTP/1.1" 301 0 "-" "Mozilla/5.0 (iPhone; CPU iPhone OS 17_2 like Mac OS X) AppleWebKit/605.1.15 (KHTML, like Gecko) Version/17.2 Mobile/15E148 Safari/604.1"
146.70.189.43 - - [14/Nov/2024:11:27:36 -0500] "GET /wp-content/plugins/royal-elementor-addons/readme.txt HTTP/1.1" 301 0 "-" "Mozilla/5.0 (iPhone; CPU iPhone OS 17_2 like Mac OS X) AppleWebKit/605.1.15 (KHTML, like Gecko) Version/17.2 Mobile/15E148 Safari/604.1"
146.70.189.43 - - [14/Nov/2024:11:27:49 -0500] "GET /wp-content/plugins/jupiterx-core/readme.txt HTTP/1.1" 301 0 "-" "Mozilla/5.0 (iPhone; CPU iPhone OS 17_2 like Mac OS X) AppleWebKit/605.1.15 (KHTML, like Gecko) Version/17.2 Mobile/15E148 Safari/604.1"
146.70.189.43 - - [14/Nov/2024:11:27:55 -0500] "GET /wp-content/plugins/forminator/readme.txt HTTP/1.1" 301 0 "-" "Mozilla/5.0 (iPhone; CPU iPhone OS 17_2 like Mac OS X) AppleWebKit/605.1.15 (KHTML, like Gecko) Version/17.2 Mobile/15E148 Safari/604.1"
146.70.189.43 - - [14/Nov/2024:11:28:03 -0500] "GET /wp-content/plugins/wp-post-author/readme.txt HTTP/1.1" 301 0 "-" "Mozilla/5.0 (iPhone; CPU iPhone OS 17_2 like Mac OS X) AppleWebKit/605.1.15 (KHTML, like Gecko) Version/17.2 Mobile/15E148 Safari/604.1"
146.70.189.43 - - [14/Nov/2024:11:28:07 -0500] "GET /wp-content/plugins/mstore-api/readme.txt HTTP/1.1" 301 0 "-" "Mozilla/5.0 (iPhone; CPU iPhone OS 17_2 like Mac OS X) AppleWebKit/605.1.15 (KHTML, like Gecko) Version/17.2 Mobile/15E148 Safari/604.1"
146.70.189.43 - - [14/Nov/2024:11:26:56 -0500] "GET /wp-content/plugins/phppoet-checkout-fields/readme.txt HTTP/1.1" 301 0 "-" "Mozilla/5.0 (iPhone; CPU iPhone OS 17_2 like Mac OS X) AppleWebKit/605.1.15 (KHTML, like Gecko) Version/17.2 Mobile/15E148 Safari/604.1"
146.70.189.43 - - [14/Nov/2024:11:27:04 -0500] "GET /wp-content/plugins/bertha-ai-free/readme.txt HTTP/1.1" 301 0 "-" "Mozilla/5.0 (iPhone; CPU iPhone OS 17_2 like Mac OS X) AppleWebKit/605.1.15 (KHTML, like Gecko) Version/17.2 Mobile/15E148 Safari/604.1"
146.70.189.43 - - [14/Nov/2024:11:27:08 -0500] "GET /wp-content/plugins/rencontre/readme.txt HTTP/1.1" 301 0 "-" "Mozilla/5.0 (iPhone; CPU iPhone OS 17_2 like Mac OS X) AppleWebKit/605.1.15 (KHTML, like Gecko) Version/17.2 Mobile/15E148 Safari/604.1"
146.70.189.43 - - [14/Nov/2024:11:27:14 -0500] "GET /wp-content/plugins/login-as-customer-or-user/readme.txt HTTP/1.1" 301 0 "-" "Mozilla/5.0 (iPhone; CPU iPhone OS 17_2 like Mac OS X) AppleWebKit/605.1.15 (KHTML, like Gecko) Version/17.2 Mobile/15E148 Safari/604.1"
146.70.189.43 - - [14/Nov/2024:11:27:22 -0500] "GET /wp-content/plugins/ai-engine/readme.txt HTTP/1.1" 301 0 "-" "Mozilla/5.0 (iPhone; CPU iPhone OS 17_2 like Mac OS X) AppleWebKit/605.1.15 (KHTML, like Gecko) Version/17.2 Mobile/15E148 Safari/604.1"
68.65.122.142 - - [14/Nov/2024:11:27:29 -0500] "POST /wp-cron.php?doing_wp_cron=1731601649.2410330772399902343750 HTTP/1.1" 403 1242 "-" "WordPress/6.2.1; https://glenbowcollege.ca"
146.70.189.43 - - [14/Nov/2024:11:27:41 -0500] "GET /wp-content/plugins/import-xml-feed/readme.txt HTTP/1.1" 301 0 "-" "Mozilla/5.0 (iPhone; CPU iPhone OS 17_2 like Mac OS X) AppleWebKit/605.1.15 (KHTML, like Gecko) Version/17.2 Mobile/15E148 Safari/604.1"
146.70.189.43 - - [14/Nov/2024:11:27:44 -0500] "GET /wp-content/plugins/kadence-blocks/readme.txt HTTP/1.1" 301 0 "-" "Mozilla/5.0 (iPhone; CPU iPhone OS 17_2 like Mac OS X) AppleWebKit/605.1.15 (KHTML, like Gecko) Version/17.2 Mobile/15E148 Safari/604.1"
146.70.189.43 - - [14/Nov/2024:11:27:59 -0500] "GET /wp-content/plugins/ht-mega-for-elementor/readme.txt HTTP/1.1" 301 0 "-" "Mozilla/5.0 (iPhone; CPU iPhone OS 17_2 like Mac OS X) AppleWebKit/605.1.15 (KHTML, like Gecko) Version/17.2 Mobile/15E148 Safari/604.1"
146.70.189.43 - - [14/Nov/2024:11:28:11 -0500] "GET /wp-content/plugins/ultimate-member/readme.txt HTTP/1.1" 301 0 "-" "Mozilla/5.0 (iPhone; CPU iPhone OS 17_2 like Mac OS X) AppleWebKit/605.1.15 (KHTML, like Gecko) Version/17.2 Mobile/15E148 Safari/604.1"
146.70.189.43 - - [14/Nov/2024:11:28:15 -0500] "GET /wp-content/plugins/essential-addons-for-elementor-lite/readme.txt HTTP/1.1" 301 0 "-" "Mozilla/5.0 (iPhone; CPU iPhone OS 17_2 like Mac OS X) AppleWebKit/605.1.15 (KHTML, like Gecko) Version/17.2 Mobile/15E148 Safari/604.1"
146.70.189.43 - - [14/Nov/2024:11:28:24 -0500] "GET /wp-content/plugins/woocommerce-payments/readme.txt HTTP/1.1" 301 0 "-" "Mozilla/5.0 (iPhone; CPU iPhone OS 17_2 like Mac OS X) AppleWebKit/605.1.15 (KHTML, like Gecko) Version/17.2 Mobile/15E148 Safari/604.1"
68.65.122.142 - - [14/Nov/2024:11:28:30 -0500] "POST /wp-cron.php?doing_wp_cron=1731601710.6069169044494628906250 HTTP/1.1" 403 1242 "-" "WordPress/6.2.1; https://glenbowcollege.ca"
146.70.189.43 - - [14/Nov/2024:11:28:52 -0500] "GET /wp-content/plugins/js-support-ticket/readme.txt HTTP/1.1" 301 0 "-" "Mozilla/5.0 (iPhone; CPU iPhone OS 17_2 like Mac OS X) AppleWebKit/605.1.15 (KHTML, like Gecko) Version/17.2 Mobile/15E148 Safari/604.1"
146.70.189.43 - - [14/Nov/2024:11:29:00 -0500] "GET /wp-content/themes/churchlife/include/lang_upload.php HTTP/1.1" 403 1242 "-" "Mozilla/5.0 (iPhone; CPU iPhone OS 17_2 like Mac OS X) AppleWebKit/605.1.15 (KHTML, like Gecko) Version/17.2 Mobile/15E148 Safari/604.1"
146.70.189.43 - - [14/Nov/2024:11:29:01 -0500] "GET /wp-content/themes/onelife/include/lang_upload.php HTTP/1.1" 403 1242 "-" "Mozilla/5.0 (iPhone; CPU iPhone OS 17_2 like Mac OS X) AppleWebKit/605.1.15 (KHTML, like Gecko) Version/17.2 Mobile/15E148 Safari/604.1"
146.70.189.43 - - [14/Nov/2024:11:28:20 -0500] "GET /wp-content/plugins/easy-digital-downloads/readme.txt HTTP/1.1" 301 0 "-" "Mozilla/5.0 (iPhone; CPU iPhone OS 17_2 like Mac OS X) AppleWebKit/605.1.15 (KHTML, like Gecko) Version/17.2 Mobile/15E148 Safari/604.1"
146.70.189.43 - - [14/Nov/2024:11:28:28 -0500] "GET /wp-content/plugins/zendrop-dropshipping-and-fulfillment/readme.txt HTTP/1.1" 301 0 "-" "Mozilla/5.0 (iPhone; CPU iPhone OS 17_2 like Mac OS X) AppleWebKit/605.1.15 (KHTML, like Gecko) Version/17.2 Mobile/15E148 Safari/604.1"
146.70.189.43 - - [14/Nov/2024:11:28:33 -0500] "GET /complete-order/?selected_package=1 HTTP/1.1" 301 0 "-" "Mozilla/5.0 (iPhone; CPU iPhone OS 17_2 like Mac OS X) AppleWebKit/605.1.15 (KHTML, like Gecko) Version/17.2 Mobile/15E148 Safari/604.1"
146.70.189.43 - - [14/Nov/2024:11:28:37 -0500] "GET / HTTP/1.1" 301 0 "-" "Mozilla/5.0 (iPhone; CPU iPhone OS 17_2 like Mac OS X) AppleWebKit/605.1.15 (KHTML, like Gecko) Version/17.2 Mobile/15E148 Safari/604.1"
146.70.189.43 - - [14/Nov/2024:11:28:42 -0500] "GET /wp-content/plugins/n-media-woocommerce-checkout-fields/readme.txt HTTP/1.1" 301 0 "-" "Mozilla/5.0 (iPhone; CPU iPhone OS 17_2 like Mac OS X) AppleWebKit/605.1.15 (KHTML, like Gecko) Version/17.2 Mobile/15E148 Safari/604.1"
146.70.189.43 - - [14/Nov/2024:11:28:47 -0500] "GET /wp-content/plugins/videowhisper-live-streaming-integration/readme.txt HTTP/1.1" 301 0 "-" "Mozilla/5.0 (iPhone; CPU iPhone OS 17_2 like Mac OS X) AppleWebKit/605.1.15 (KHTML, like Gecko) Version/17.2 Mobile/15E148 Safari/604.1"
146.70.189.43 - - [14/Nov/2024:11:28:58 -0500] "GET /wp-content/themes/statfort-new/include/lang_upload.php HTTP/1.1" 403 1242 "-" "Mozilla/5.0 (iPhone; CPU iPhone OS 17_2 like Mac OS X) AppleWebKit/605.1.15 (KHTML, like Gecko) Version/17.2 Mobile/15E148 Safari/604.1"
146.70.189.43 - - [14/Nov/2024:11:28:59 -0500] "GET /wp-content/themes/faith-theme/include/lang_upload.php HTTP/1.1" 403 1242 "-" "Mozilla/5.0 (iPhone; CPU iPhone OS 17_2 like Mac OS X) AppleWebKit/605.1.15 (KHTML, like Gecko) Version/17.2 Mobile/15E148 Safari/604.1"
146.70.189.43 - - [14/Nov/2024:11:29:00 -0500] "GET /wp-content/themes/soccer-theme/include/lang_upload.php HTTP/1.1" 403 1242 "-" "Mozilla/5.0 (iPhone; CPU iPhone OS 17_2 like Mac OS X) AppleWebKit/605.1.15 (KHTML, like Gecko) Version/17.2 Mobile/15E148 Safari/604.1"
146.70.189.43 - - [14/Nov/2024:11:29:04 -0500] "GET /wp-content/themes/bolster-theme/include/lang_upload.php HTTP/1.1" 403 1242 "-" "Mozilla/5.0 (iPhone; CPU iPhone OS 17_2 like Mac OS X) AppleWebKit/605.1.15 (KHTML, like Gecko) Version/17.2 Mobile/15E148 Safari/604.1"
146.70.189.43 - - [14/Nov/2024:11:29:06 -0500] "GET /wp-content/themes/spikes-black/include/lang_upload.php HTTP/1.1" 403 1242 "-" "Mozilla/5.0 (iPhone; CPU iPhone OS 17_2 like Mac OS X) AppleWebKit/605.1.15 (KHTML, like Gecko) Version/17.2 Mobile/15E148 Safari/604.1"
146.70.189.43 - - [14/Nov/2024:11:29:10 -0500] "GET /wp-content/themes/statfort/include/lang_upload.php HTTP/1.1" 403 1242 "-" "Mozilla/5.0 (iPhone; CPU iPhone OS 17_2 like Mac OS X) AppleWebKit/605.1.15 (KHTML, like Gecko) Version/17.2 Mobile/15E148 Safari/604.1"
146.70.189.43 - - [14/Nov/2024:11:29:12 -0500] "GET /wp-content/themes/westand/include/lang_upload.php HTTP/1.1" 403 1242 "-" "Mozilla/5.0 (iPhone; CPU iPhone OS 17_2 like Mac OS X) AppleWebKit/605.1.15 (KHTML, like Gecko) Version/17.2 Mobile/15E148 Safari/604.1"
146.70.189.43 - - [14/Nov/2024:11:29:13 -0500] "GET /wp-content/plugins/dsp_dating/wpdating-gallery/lib/server/php/index.php HTTP/1.1" 403 1242 "-" "Mozilla/5.0 (iPhone; CPU iPhone OS 17_2 like Mac OS X) AppleWebKit/605.1.15 (KHTML, like Gecko) Version/17.2 Mobile/15E148 Safari/604.1"
146.70.189.43 - - [14/Nov/2024:11:29:14 -0500] "GET /wp-content/plugins/yith-woocommerce-gift-cards-premium/readme.txt HTTP/1.1" 301 0 "-" "Mozilla/5.0 (iPhone; CPU iPhone OS 17_2 like Mac OS X) AppleWebKit/605.1.15 (KHTML, like Gecko) Version/17.2 Mobile/15E148 Safari/604.1"
146.70.189.43 - - [14/Nov/2024:11:29:02 -0500] "GET /wp-content/themes/snapture/include/lang_upload.php HTTP/1.1" 403 1242 "-" "Mozilla/5.0 (iPhone; CPU iPhone OS 17_2 like Mac OS X) AppleWebKit/605.1.15 (KHTML, like Gecko) Version/17.2 Mobile/15E148 Safari/604.1"
146.70.189.43 - - [14/Nov/2024:11:29:03 -0500] "GET /wp-content/themes/theme-deejay/include/lang_upload.php HTTP/1.1" 403 1242 "-" "Mozilla/5.0 (iPhone; CPU iPhone OS 17_2 like Mac OS X) AppleWebKit/605.1.15 (KHTML, like Gecko) Version/17.2 Mobile/15E148 Safari/604.1"
146.70.189.43 - - [14/Nov/2024:11:29:04 -0500] "GET /wp-content/themes/rocky-theme/include/lang_upload.php HTTP/1.1" 403 1242 "-" "Mozilla/5.0 (iPhone; CPU iPhone OS 17_2 like Mac OS X) AppleWebKit/605.1.15 (KHTML, like Gecko) Version/17.2 Mobile/15E148 Safari/604.1"
146.70.189.43 - - [14/Nov/2024:11:29:05 -0500] "GET /wp-content/themes/bolster/include/lang_upload.php HTTP/1.1" 403 1242 "-" "Mozilla/5.0 (iPhone; CPU iPhone OS 17_2 like Mac OS X) AppleWebKit/605.1.15 (KHTML, like Gecko) Version/17.2 Mobile/15E148 Safari/604.1"
146.70.189.43 - - [14/Nov/2024:11:29:06 -0500] "GET /wp-content/themes/soundblast/include/lang_upload.php HTTP/1.1" 403 1242 "-" "Mozilla/5.0 (iPhone; CPU iPhone OS 17_2 like Mac OS X) AppleWebKit/605.1.15 (KHTML, like Gecko) Version/17.2 Mobile/15E148 Safari/604.1"
146.70.189.43 - - [14/Nov/2024:11:29:07 -0500] "GET /wp-content/themes/spikes/include/lang_upload.php HTTP/1.1" 403 1242 "-" "Mozilla/5.0 (iPhone; CPU iPhone OS 17_2 like Mac OS X) AppleWebKit/605.1.15 (KHTML, like Gecko) Version/17.2 Mobile/15E148 Safari/604.1"
146.70.189.43 - - [14/Nov/2024:11:29:08 -0500] "GET /wp-content/themes/kingclub-theme/include/lang_upload.php HTTP/1.1" 403 1242 "-" "Mozilla/5.0 (iPhone; CPU iPhone OS 17_2 like Mac OS X) AppleWebKit/605.1.15 (KHTML, like Gecko) Version/17.2 Mobile/15E148 Safari/604.1"
146.70.189.43 - - [14/Nov/2024:11:29:09 -0500] "GET /wp-content/themes/club-theme/include/lang_upload.php HTTP/1.1" 403 1242 "-" "Mozilla/5.0 (iPhone; CPU iPhone OS 17_2 like Mac OS X) AppleWebKit/605.1.15 (KHTML, like Gecko) Version/17.2 Mobile/15E148 Safari/604.1"
146.70.189.43 - - [14/Nov/2024:11:29:10 -0500] "GET /wp-content/themes/aidreform/include/lang_upload.php HTTP/1.1" 403 1242 "-" "Mozilla/5.0 (iPhone; CPU iPhone OS 17_2 like Mac OS X) AppleWebKit/605.1.15 (KHTML, like Gecko) Version/17.2 Mobile/15E148 Safari/604.1"
146.70.189.43 - - [14/Nov/2024:11:29:12 -0500] "GET /wp-content/themes/footysquare/include/lang_upload.php HTTP/1.1" 403 1242 "-" "Mozilla/5.0 (iPhone; CPU iPhone OS 17_2 like Mac OS X) AppleWebKit/605.1.15 (KHTML, like Gecko) Version/17.2 Mobile/15E148 Safari/604.1"
146.70.189.43 - - [14/Nov/2024:11:29:23 -0500] "GET /wp-content/plugins/wp-upg/readme.txt HTTP/1.1" 301 0 "-" "Mozilla/5.0 (iPhone; CPU iPhone OS 17_2 like Mac OS X) AppleWebKit/605.1.15 (KHTML, like Gecko) Version/17.2 Mobile/15E148 Safari/604.1"
146.70.189.43 - - [14/Nov/2024:11:29:29 -0500] "GET /wp-content/plugins/user-verification/readme.txt HTTP/1.1" 301 0 "-" "Mozilla/5.0 (iPhone; CPU iPhone OS 17_2 like Mac OS X) AppleWebKit/605.1.15 (KHTML, like Gecko) Version/17.2 Mobile/15E148 Safari/604.1"
146.70.189.43 - - [14/Nov/2024:11:29:37 -0500] "GET /wp-content/plugins/woo-refund-and-exchange-lite/readme.txt HTTP/1.1" 301 0 "-" "Mozilla/5.0 (iPhone; CPU iPhone OS 17_2 like Mac OS X) AppleWebKit/605.1.15 (KHTML, like Gecko) Version/17.2 Mobile/15E148 Safari/604.1"
146.70.189.43 - - [14/Nov/2024:11:29:45 -0500] "GET /wp-content/plugins/armember/documentation/index.html HTTP/1.1" 301 0 "-" "Mozilla/5.0 (iPhone; CPU iPhone OS 17_2 like Mac OS X) AppleWebKit/605.1.15 (KHTML, like Gecko) Version/17.2 Mobile/15E148 Safari/604.1"
146.70.189.43 - - [14/Nov/2024:11:29:53 -0500] "GET /wp-content/themes/listingo/readme.txt HTTP/1.1" 301 0 "-" "Mozilla/5.0 (iPhone; CPU iPhone OS 17_2 like Mac OS X) AppleWebKit/605.1.15 (KHTML, like Gecko) Version/17.2 Mobile/15E148 Safari/604.1"
146.70.189.43 - - [14/Nov/2024:11:30:13 -0500] "GET /wp-content/plugins/scripts-organizer/plugins/meta-box/readme.txt HTTP/1.1" 301 0 "-" "Mozilla/5.0 (iPhone; CPU iPhone OS 17_2 like Mac OS X) AppleWebKit/605.1.15 (KHTML, like Gecko) Version/17.2 Mobile/15E148 Safari/604.1"
146.70.189.43 - - [14/Nov/2024:11:30:26 -0500] "GET /wp-content/plugins/ultimate-member/readme.txt HTTP/1.1" 301 0 "-" "Mozilla/5.0 (iPhone; CPU iPhone OS 17_2 like Mac OS X) AppleWebKit/605.1.15 (KHTML, like Gecko) Version/17.2 Mobile/15E148 Safari/604.1"
146.70.189.43 - - [14/Nov/2024:11:30:30 -0500] "GET /wp-content/plugins/ninja-forms/readme.txt HTTP/1.1" 301 0 "-" "Mozilla/5.0 (iPhone; CPU iPhone OS 17_2 like Mac OS X) AppleWebKit/605.1.15 (KHTML, like Gecko) Version/17.2 Mobile/15E148 Safari/604.1"
146.70.189.43 - - [14/Nov/2024:11:30:35 -0500] "GET /wp-content/plugins/armember-membership/readme.txt HTTP/1.1" 301 0 "-" "Mozilla/5.0 (iPhone; CPU iPhone OS 17_2 like Mac OS X) AppleWebKit/605.1.15 (KHTML, like Gecko) Version/17.2 Mobile/15E148 Safari/604.1"
146.70.189.43 - - [14/Nov/2024:11:29:19 -0500] "GET /wp-content/plugins/membership-for-woocommerce/readme.txt HTTP/1.1" 301 0 "-" "Mozilla/5.0 (iPhone; CPU iPhone OS 17_2 like Mac OS X) AppleWebKit/605.1.15 (KHTML, like Gecko) Version/17.2 Mobile/15E148 Safari/604.1"
146.70.189.43 - - [14/Nov/2024:11:29:33 -0500] "GET /wp-content/plugins/booking-calendar/readme.txt HTTP/1.1" 301 0 "-" "Mozilla/5.0 (iPhone; CPU iPhone OS 17_2 like Mac OS X) AppleWebKit/605.1.15 (KHTML, like Gecko) Version/17.2 Mobile/15E148 Safari/604.1"
146.70.189.43 - - [14/Nov/2024:11:29:41 -0500] "GET /wp-content/plugins/armember/js/arm_widgets_js.js HTTP/1.1" 301 0 "-" "Mozilla/5.0 (iPhone; CPU iPhone OS 17_2 like Mac OS X) AppleWebKit/605.1.15 (KHTML, like Gecko) Version/17.2 Mobile/15E148 Safari/604.1"
146.70.189.43 - - [14/Nov/2024:11:29:49 -0500] "GET /wp-content/plugins/jobboardwp/readme.txt HTTP/1.1" 301 0 "-" "Mozilla/5.0 (iPhone; CPU iPhone OS 17_2 like Mac OS X) AppleWebKit/605.1.15 (KHTML, like Gecko) Version/17.2 Mobile/15E148 Safari/604.1"
146.70.189.43 - - [14/Nov/2024:11:29:58 -0500] "GET /wp-content/themes/listingo/js/listingo_callbacks.js HTTP/1.1" 301 0 "-" "Mozilla/5.0 (iPhone; CPU iPhone OS 17_2 like Mac OS X) AppleWebKit/605.1.15 (KHTML, like Gecko) Version/17.2 Mobile/15E148 Safari/604.1"
146.70.189.43 - - [14/Nov/2024:11:30:03 -0500] "GET /wp-content/themes/greyd_suite/style.css HTTP/1.1" 301 0 "-" "Mozilla/5.0 (iPhone; CPU iPhone OS 17_2 like Mac OS X) AppleWebKit/605.1.15 (KHTML, like Gecko) Version/17.2 Mobile/15E148 Safari/604.1"
146.70.189.43 - - [14/Nov/2024:11:30:07 -0500] "GET /wp-content/plugins/alphabetic-pagination/readme.txt HTTP/1.1" 301 0 "-" "Mozilla/5.0 (iPhone; CPU iPhone OS 17_2 like Mac OS X) AppleWebKit/605.1.15 (KHTML, like Gecko) Version/17.2 Mobile/15E148 Safari/604.1"
146.70.189.43 - - [14/Nov/2024:11:30:17 -0500] "GET /wp-content/themes/workreap/style.css HTTP/1.1" 301 0 "-" "Mozilla/5.0 (iPhone; CPU iPhone OS 17_2 like Mac OS X) AppleWebKit/605.1.15 (KHTML, like Gecko) Version/17.2 Mobile/15E148 Safari/604.1"
146.70.189.43 - - [14/Nov/2024:11:30:22 -0500] "GET /wp-content/plugins/wpgateway/css/style.css HTTP/1.1" 301 0 "-" "Mozilla/5.0 (iPhone; CPU iPhone OS 17_2 like Mac OS X) AppleWebKit/605.1.15 (KHTML, like Gecko) Version/17.2 Mobile/15E148 Safari/604.1"
146.70.189.43 - - [14/Nov/2024:11:30:43 -0500] "GET /wp-content/plugins/quiz-master-next/readme.txt HTTP/1.1" 301 0 "-" "Mozilla/5.0 (iPhone; CPU iPhone OS 17_2 like Mac OS X) AppleWebKit/605.1.15 (KHTML, like Gecko) Version/17.2 Mobile/15E148 Safari/604.1"
146.70.189.43 - - [14/Nov/2024:11:30:47 -0500] "GET / HTTP/1.1" 301 0 "-" "Mozilla/5.0 (iPhone; CPU iPhone OS 17_2 like Mac OS X) AppleWebKit/605.1.15 (KHTML, like Gecko) Version/17.2 Mobile/15E148 Safari/604.1"
146.70.189.43 - - [14/Nov/2024:11:30:51 -0500] "GET /wp-content/plugins/wp-user-avatar/changelog.txt HTTP/1.1" 301 0 "-" "Mozilla/5.0 (iPhone; CPU iPhone OS 17_2 like Mac OS X) AppleWebKit/605.1.15 (KHTML, like Gecko) Version/17.2 Mobile/15E148 Safari/604.1"
146.70.189.43 - - [14/Nov/2024:11:30:55 -0500] "GET /wp-content/plugins/sitemap-by-click5/readme.txt HTTP/1.1" 301 0 "-" "Mozilla/5.0 (iPhone; CPU iPhone OS 17_2 like Mac OS X) AppleWebKit/605.1.15 (KHTML, like Gecko) Version/17.2 Mobile/15E148 Safari/604.1"
146.70.189.43 - - [14/Nov/2024:11:31:03 -0500] "GET /wp-content/plugins/nd-donations/readme.txt HTTP/1.1" 301 0 "-" "Mozilla/5.0 (iPhone; CPU iPhone OS 17_2 like Mac OS X) AppleWebKit/605.1.15 (KHTML, like Gecko) Version/17.2 Mobile/15E148 Safari/604.1"
146.70.189.43 - - [14/Nov/2024:11:31:07 -0500] "GET /wp-content/plugins/nd-booking/readme.txt HTTP/1.1" 301 0 "-" "Mozilla/5.0 (iPhone; CPU iPhone OS 17_2 like Mac OS X) AppleWebKit/605.1.15 (KHTML, like Gecko) Version/17.2 Mobile/15E148 Safari/604.1"
146.70.189.43 - - [14/Nov/2024:11:31:15 -0500] "GET /wp-content/plugins/nd-learning/readme.txt HTTP/1.1" 301 0 "-" "Mozilla/5.0 (iPhone; CPU iPhone OS 17_2 like Mac OS X) AppleWebKit/605.1.15 (KHTML, like Gecko) Version/17.2 Mobile/15E148 Safari/604.1"
146.70.189.43 - - [14/Nov/2024:11:31:24 -0500] "GET /wp-content/plugins/woo-product-table/readme.txt HTTP/1.1" 301 0 "-" "Mozilla/5.0 (iPhone; CPU iPhone OS 17_2 like Mac OS X) AppleWebKit/605.1.15 (KHTML, like Gecko) Version/17.2 Mobile/15E148 Safari/604.1"
146.70.189.43 - - [14/Nov/2024:11:31:27 -0500] "GET /wp-content/plugins/tatsu/changelog.md HTTP/1.1" 301 0 "-" "Mozilla/5.0 (iPhone; CPU iPhone OS 17_2 like Mac OS X) AppleWebKit/605.1.15 (KHTML, like Gecko) Version/17.2 Mobile/15E148 Safari/604.1"
146.70.189.43 - - [14/Nov/2024:11:31:35 -0500] "GET /wp-content/plugins/wp-file-manager/readme.txt HTTP/1.1" 301 0 "-" "Mozilla/5.0 (iPhone; CPU iPhone OS 17_2 like Mac OS X) AppleWebKit/605.1.15 (KHTML, like Gecko) Version/17.2 Mobile/15E148 Safari/604.1"
146.70.189.43 - - [14/Nov/2024:11:31:39 -0500] "GET /wp-content/plugins/vc-tabs/readme.txt HTTP/1.1" 301 0 "-" "Mozilla/5.0 (iPhone; CPU iPhone OS 17_2 like Mac OS X) AppleWebKit/605.1.15 (KHTML, like Gecko) Version/17.2 Mobile/15E148 Safari/604.1"
146.70.189.43 - - [14/Nov/2024:11:31:44 -0500] "GET /wp-content/plugins/shortcode-addons/readme.txt HTTP/1.1" 301 0 "-" "Mozilla/5.0 (iPhone; CPU iPhone OS 17_2 like Mac OS X) AppleWebKit/605.1.15 (KHTML, like Gecko) Version/17.2 Mobile/15E148 Safari/604.1"
146.70.189.43 - - [14/Nov/2024:11:31:48 -0500] "GET /wp-content/plugins/dzs-zoomsounds/admin/admin.css HTTP/1.1" 301 0 "-" "Mozilla/5.0 (iPhone; CPU iPhone OS 17_2 like Mac OS X) AppleWebKit/605.1.15 (KHTML, like Gecko) Version/17.2 Mobile/15E148 Safari/604.1"
146.70.189.43 - - [14/Nov/2024:11:31:56 -0500] "GET /wp-content/plugins/superlogoshowcase-wp/css/sls-wp-admin.css HTTP/1.1" 301 0 "-" "Mozilla/5.0 (iPhone; CPU iPhone OS 17_2 like Mac OS X) AppleWebKit/605.1.15 (KHTML, like Gecko) Version/17.2 Mobile/15E148 Safari/604.1"
146.70.189.43 - - [14/Nov/2024:11:32:05 -0500] "GET /wp-content/plugins/superstorefinder-wp/css/ssf-wp-admin.css HTTP/1.1" 301 0 "-" "Mozilla/5.0 (iPhone; CPU iPhone OS 17_2 like Mac OS X) AppleWebKit/605.1.15 (KHTML, like Gecko) Version/17.2 Mobile/15E148 Safari/604.1"
146.70.189.43 - - [14/Nov/2024:11:30:38 -0500] "GET /wp-content/plugins/wp-live-chat-support-pro/css/wplc_styles_pro.css HTTP/1.1" 301 0 "-" "Mozilla/5.0 (iPhone; CPU iPhone OS 17_2 like Mac OS X) AppleWebKit/605.1.15 (KHTML, like Gecko) Version/17.2 Mobile/15E148 Safari/604.1"
146.70.189.43 - - [14/Nov/2024:11:30:59 -0500] "GET /wp-content/plugins/nd-restaurant-reservations/readme.txt HTTP/1.1" 301 0 "-" "Mozilla/5.0 (iPhone; CPU iPhone OS 17_2 like Mac OS X) AppleWebKit/605.1.15 (KHTML, like Gecko) Version/17.2 Mobile/15E148 Safari/604.1"
146.70.189.43 - - [14/Nov/2024:11:31:11 -0500] "GET /wp-content/plugins/nd-shortcodes/readme.txt HTTP/1.1" 301 0 "-" "Mozilla/5.0 (iPhone; CPU iPhone OS 17_2 like Mac OS X) AppleWebKit/605.1.15 (KHTML, like Gecko) Version/17.2 Mobile/15E148 Safari/604.1"
146.70.189.43 - - [14/Nov/2024:11:31:19 -0500] "GET /wp-content/plugins/wpcargo/readme.txt HTTP/1.1" 301 0 "-" "Mozilla/5.0 (iPhone; CPU iPhone OS 17_2 like Mac OS X) AppleWebKit/605.1.15 (KHTML, like Gecko) Version/17.2 Mobile/15E148 Safari/604.1"
146.70.189.43 - - [14/Nov/2024:11:31:31 -0500] "GET /wp-content/plugins/masterstudy-lms-learning-management-system/readme.txt HTTP/1.1" 301 0 "-" "Mozilla/5.0 (iPhone; CPU iPhone OS 17_2 like Mac OS X) AppleWebKit/605.1.15 (KHTML, like Gecko) Version/17.2 Mobile/15E148 Safari/604.1"
146.70.189.43 - - [14/Nov/2024:11:31:51 -0500] "GET /wp-content/plugins/mstore-api/readme.txt HTTP/1.1" 301 0 "-" "Mozilla/5.0 (iPhone; CPU iPhone OS 17_2 like Mac OS X) AppleWebKit/605.1.15 (KHTML, like Gecko) Version/17.2 Mobile/15E148 Safari/604.1"
75.152.250.172 - - [14/Nov/2024:11:31:54 -0500] "GET / HTTP/1.1" 301 0 "-" "Mozilla/5.0 (iPhone; CPU iPhone OS 18_0 like Mac OS X) AppleWebKit/605.1.15 (KHTML, like Gecko) Version/18.0 Mobile/15E148 Safari/604.1"
146.70.189.43 - - [14/Nov/2024:11:32:00 -0500] "GET /wp-content/plugins/super-interactive-maps/css/sim-wp-admin.css HTTP/1.1" 301 0 "-" "Mozilla/5.0 (iPhone; CPU iPhone OS 17_2 like Mac OS X) AppleWebKit/605.1.15 (KHTML, like Gecko) Version/17.2 Mobile/15E148 Safari/604.1"
146.70.189.43 - - [14/Nov/2024:11:32:12 -0500] "GET /wp-content/plugins/angwp/__%20UPDATES.txt HTTP/1.1" 301 0 "-" "Mozilla/5.0 (iPhone; CPU iPhone OS 17_2 like Mac OS X) AppleWebKit/605.1.15 (KHTML, like Gecko) Version/17.2 Mobile/15E148 Safari/604.1"
146.70.189.43 - - [14/Nov/2024:11:32:21 -0500] "GET /wp-content/plugins/image-hover-effects-ultimate/readme.txt HTTP/1.1" 301 0 "-" "Mozilla/5.0 (iPhone; CPU iPhone OS 17_2 like Mac OS X) AppleWebKit/605.1.15 (KHTML, like Gecko) Version/17.2 Mobile/15E148 Safari/604.1"
146.70.189.43 - - [14/Nov/2024:11:32:29 -0500] "GET /wp-content/plugins/wp-pinterest-automatic/changelog HTTP/1.1" 301 0 "-" "Mozilla/5.0 (iPhone; CPU iPhone OS 17_2 like Mac OS X) AppleWebKit/605.1.15 (KHTML, like Gecko) Version/17.2 Mobile/15E148 Safari/604.1"
146.70.189.43 - - [14/Nov/2024:11:32:33 -0500] "GET /wp-content/plugins/capabilities-pro/readme.txt HTTP/1.1" 301 0 "-" "Mozilla/5.0 (iPhone; CPU iPhone OS 17_2 like Mac OS X) AppleWebKit/605.1.15 (KHTML, like Gecko) Version/17.2 Mobile/15E148 Safari/604.1"
146.70.189.43 - - [14/Nov/2024:11:32:45 -0500] "GET /wp-content/plugins/wp-automatic/changelog HTTP/1.1" 301 0 "-" "Mozilla/5.0 (iPhone; CPU iPhone OS 17_2 like Mac OS X) AppleWebKit/605.1.15 (KHTML, like Gecko) Version/17.2 Mobile/15E148 Safari/604.1"
146.70.189.43 - - [14/Nov/2024:11:32:57 -0500] "GET /wp-content/plugins/emails-verification-for-woocommerce/readme.txt HTTP/1.1" 301 0 "-" "Mozilla/5.0 (iPhone; CPU iPhone OS 17_2 like Mac OS X) AppleWebKit/605.1.15 (KHTML, like Gecko) Version/17.2 Mobile/15E148 Safari/604.1"
146.70.189.43 - - [14/Nov/2024:11:33:04 -0500] "GET /wp-content/plugins/advanced-import/readme.txt HTTP/1.1" 301 0 "-" "Mozilla/5.0 (iPhone; CPU iPhone OS 17_2 like Mac OS X) AppleWebKit/605.1.15 (KHTML, like Gecko) Version/17.2 Mobile/15E148 Safari/604.1"